[INFO] fetching crate crate-race 1.1.2...
[INFO] testing crate-race-1.1.2 against nightly-2024-10-28 for randomize-layout
[INFO] extracting crate crate-race 1.1.2 into /workspace/builds/worker-0-tc1/source
[INFO] validating manifest of crates.io crate crate-race 1.1.2 on toolchain nightly-2024-10-28
[INFO] running `Command { std: CARGO_HOME="/workspace/cargo-home" RUSTUP_HOME="/workspace/rustup-home" "/workspace/cargo-home/bin/cargo" "+nightly-2024-10-28" "metadata" "--manifest-path" "Cargo.toml" "--no-deps", kill_on_drop: false }`
[INFO] started tweaking crates.io crate crate-race 1.1.2
[INFO] finished tweaking crates.io crate crate-race 1.1.2
[INFO] tweaked toml for crates.io crate crate-race 1.1.2 written to /workspace/builds/worker-0-tc1/source/Cargo.toml
[INFO] running `Command { std: CARGO_HOME="/workspace/cargo-home" RUSTUP_HOME="/workspace/rustup-home" "/workspace/cargo-home/bin/cargo" "+nightly-2024-10-28" "generate-lockfile" "--manifest-path" "Cargo.toml", kill_on_drop: false }`
[INFO] [stderr]     Updating crates.io index
[INFO] [stderr]      Locking 156 packages to latest compatible versions
[INFO] [stderr]       Adding cgmath v0.16.1 (available: v0.18.0)
[INFO] [stderr]       Adding cycle-sort v0.2.0 (available: v0.3.0)
[INFO] [stderr]       Adding jetscii v0.4.4 (available: v0.5.3)
[INFO] [stderr]       Adding json v0.11.15 (available: v0.12.4)
[INFO] [stderr]       Adding json5 v0.2.8 (available: v0.4.1)
[INFO] [stderr]       Adding md-5 v0.8.0 (available: v0.10.6)
[INFO] [stderr]       Adding md5 v0.6.1 (available: v0.7.0)
[INFO] [stderr]       Adding nalgebra v0.16.14 (available: v0.33.2)
[INFO] [stderr]       Adding ndarray v0.12.1 (available: v0.16.1)
[INFO] [stderr]       Adding num-bigint v0.2.6 (available: v0.4.6)
[INFO] [stderr]       Adding quick-xml v0.13.3 (available: v0.37.0)
[INFO] [stderr]       Adding rand v0.6.5 (available: v0.8.5)
[INFO] [stderr]       Adding rand_chacha v0.1.1 (available: v0.3.1)
[INFO] [stderr]       Adding rand_hc v0.1.0 (available: v0.3.2)
[INFO] [stderr]       Adding rand_isaac v0.1.1 (available: v0.3.0)
[INFO] [stderr]       Adding rand_pcg v0.1.2 (available: v0.3.1)
[INFO] [stderr]       Adding rand_xorshift v0.1.1 (available: v0.3.0)
[INFO] [stderr]       Adding roxmltree v0.4.1 (available: v0.20.0)
[INFO] [stderr]       Adding uint v0.5.0 (available: v0.10.0)
[INFO] [stderr]       Adding vek v0.9.12 (available: v0.17.1)
[INFO] [stderr]       Adding xmltree v0.8.0 (available: v0.11.0)
[INFO] running `Command { std: CARGO_HOME="/workspace/cargo-home" RUSTUP_HOME="/workspace/rustup-home" "/workspace/cargo-home/bin/cargo" "+nightly-2024-10-28" "fetch" "--manifest-path" "Cargo.toml", kill_on_drop: false }`
[INFO] [stderr]  Downloading crates ...
[INFO] [stderr]   Downloaded vek v0.9.12
[INFO] [stderr]   Downloaded xmltree v0.8.0
[INFO] [stderr]   Downloaded unchecked-index v0.2.2
[INFO] [stderr]   Downloaded uint v0.5.0
[INFO] [stderr]   Downloaded treexml v0.7.0
[INFO] [stderr]   Downloaded approx v0.1.1
[INFO] [stderr]   Downloaded static_assertions v0.2.5
[INFO] [stderr]   Downloaded twoway v0.2.2
[INFO] [stderr]   Downloaded defmac v0.1.3
[INFO] [stderr]   Downloaded afsort v0.3.1
[INFO] [stderr]   Downloaded md5 v0.6.1
[INFO] [stderr]   Downloaded galil-seiferas v0.1.5
[INFO] [stderr]   Downloaded json_in_type v1.1.1
[INFO] [stderr]   Downloaded xml-rs v0.7.0
[INFO] [stderr]   Downloaded bencher v0.1.5
[INFO] [stderr]   Downloaded json v0.11.15
[INFO] [stderr]   Downloaded cgmath v0.16.1
[INFO] [stderr]   Downloaded quick-xml v0.13.3
[INFO] [stderr]   Downloaded rulinalg v0.4.2
[INFO] [stderr]   Downloaded nalgebra v0.16.14
[INFO] [stderr]   Downloaded ndarray v0.12.1
[INFO] [stderr]   Downloaded quick-csv v0.1.6
[INFO] [stderr]   Downloaded ryu-ecmascript v0.1.1
[INFO] [stderr]   Downloaded xmlparser v0.8.1
[INFO] [stderr]   Downloaded roxmltree v0.4.1
[INFO] [stderr]   Downloaded subslice v0.2.3
[INFO] [stderr]   Downloaded dmsort v1.0.2
[INFO] [stderr]   Downloaded json5 v0.2.8
[INFO] [stderr]   Downloaded md-5 v0.8.0
[INFO] [stderr]   Downloaded alga v0.7.2
[INFO] [stderr]   Downloaded generic-array v0.11.2
[INFO] [stderr]   Downloaded ironsort v0.1.0
[INFO] [stderr]   Downloaded quick_sort v0.2.1
[INFO] [stderr]   Downloaded nv-xml v0.1.3
[INFO] [stderr]   Downloaded rust_quicksort v0.1.0
[INFO] [stderr]   Downloaded sortrs v0.0.5
[INFO] [stderr]   Downloaded cycle-sort v0.2.0
[INFO] [stderr]   Downloaded rdxsort v0.3.0
[INFO] [stderr]   Downloaded xml-rs v0.4.1
[INFO] [stderr]   Downloaded simple_csv v0.0.15
[INFO] [stderr]   Downloaded dummy_xml v0.1.6
[INFO] [stderr]   Downloaded jetscii v0.4.4
[INFO] running `Command { std: "docker" "create" "-v" "/var/lib/crater-agent-workspace/builds/worker-0-tc1/target:/opt/rustwide/target:rw,Z" "-v" "/var/lib/crater-agent-workspace/builds/worker-0-tc1/source:/opt/rustwide/workdir:ro,Z" "-v" "/var/lib/crater-agent-workspace/cargo-home:/opt/rustwide/cargo-home:ro,Z" "-v" "/var/lib/crater-agent-workspace/rustup-home:/opt/rustwide/rustup-home:ro,Z" "-e" "SOURCE_DIR=/opt/rustwide/workdir" "-e" "CARGO_TARGET_DIR=/opt/rustwide/target" "-e" "CARGO_HOME=/opt/rustwide/cargo-home" "-e" "RUSTUP_HOME=/opt/rustwide/rustup-home" "-w" "/opt/rustwide/workdir" "-m" "1610612736" "--user" "0:0" "--network" "none" "ghcr.io/rust-lang/crates-build-env/linux@sha256:4a844ea9eb2546a2d2c7022eacef16ef2e8229c7fbb2c7d4d55a9ceca922f72d" "/opt/rustwide/cargo-home/bin/cargo" "+nightly-2024-10-28" "metadata" "--no-deps" "--format-version=1", kill_on_drop: false }`
[INFO] [stdout] efe26b3369f6578693c0733ff8a7d60af72699341ff3d671411e7b1a51271cdb
[INFO] running `Command { std: "docker" "start" "-a" "efe26b3369f6578693c0733ff8a7d60af72699341ff3d671411e7b1a51271cdb", kill_on_drop: false }`
[INFO] running `Command { std: "docker" "inspect" "efe26b3369f6578693c0733ff8a7d60af72699341ff3d671411e7b1a51271cdb", kill_on_drop: false }`
[INFO] running `Command { std: "docker" "rm" "-f" "efe26b3369f6578693c0733ff8a7d60af72699341ff3d671411e7b1a51271cdb", kill_on_drop: false }`
[INFO] [stdout] efe26b3369f6578693c0733ff8a7d60af72699341ff3d671411e7b1a51271cdb
[INFO] running `Command { std: "docker" "create" "-v" "/var/lib/crater-agent-workspace/builds/worker-0-tc1/target:/opt/rustwide/target:rw,Z" "-v" "/var/lib/crater-agent-workspace/builds/worker-0-tc1/source:/opt/rustwide/workdir:ro,Z" "-v" "/var/lib/crater-agent-workspace/cargo-home:/opt/rustwide/cargo-home:ro,Z" "-v" "/var/lib/crater-agent-workspace/rustup-home:/opt/rustwide/rustup-home:ro,Z" "-e" "SOURCE_DIR=/opt/rustwide/workdir" "-e" "CARGO_TARGET_DIR=/opt/rustwide/target" "-e" "CARGO_INCREMENTAL=0" "-e" "RUST_BACKTRACE=full" "-e" "RUSTFLAGS=--cap-lints=forbid" "-e" "RUSTDOCFLAGS=--cap-lints=forbid" "-e" "CARGO_HOME=/opt/rustwide/cargo-home" "-e" "RUSTUP_HOME=/opt/rustwide/rustup-home" "-w" "/opt/rustwide/workdir" "-m" "1610612736" "--user" "0:0" "--network" "none" "ghcr.io/rust-lang/crates-build-env/linux@sha256:4a844ea9eb2546a2d2c7022eacef16ef2e8229c7fbb2c7d4d55a9ceca922f72d" "/opt/rustwide/cargo-home/bin/cargo" "+nightly-2024-10-28" "build" "--frozen" "--message-format=json", kill_on_drop: false }`
[INFO] [stdout] e7ef471af9bd498901d260db41f45eea0f1043a3b4eeef0b2ae04743dfe03d48
[INFO] running `Command { std: "docker" "start" "-a" "e7ef471af9bd498901d260db41f45eea0f1043a3b4eeef0b2ae04743dfe03d48", kill_on_drop: false }`
[INFO] [stderr]    Compiling proc-macro2 v1.0.89
[INFO] [stderr]    Compiling memchr v2.7.4
[INFO] [stderr]    Compiling syn v1.0.109
[INFO] [stderr]    Compiling rand_core v0.4.2
[INFO] [stderr]    Compiling thiserror v1.0.66
[INFO] [stderr]    Compiling autocfg v0.1.8
[INFO] [stderr]    Compiling rustc-serialize v0.3.25
[INFO] [stderr]    Compiling num-complex v0.2.4
[INFO] [stderr]    Compiling adler2 v2.0.0
[INFO] [stderr]    Compiling ucd-trie v0.1.7
[INFO] [stderr]    Compiling matrixmultiply v0.1.15
[INFO] [stderr]    Compiling gimli v0.31.1
[INFO] [stderr]    Compiling failure_derive v0.1.8
[INFO] [stderr]    Compiling serde v1.0.214
[INFO] [stderr]    Compiling unicode-xid v0.2.6
[INFO] [stderr]    Compiling libm v0.1.4
[INFO] [stderr]    Compiling rawpointer v0.1.0
[INFO] [stderr]    Compiling miniz_oxide v0.8.0
[INFO] [stderr]    Compiling once_cell v1.20.2
[INFO] [stderr]    Compiling rustc-demangle v0.1.24
[INFO] [stderr]    Compiling rand_core v0.3.1
[INFO] [stderr]    Compiling rand_pcg v0.1.2
[INFO] [stderr]    Compiling rand_chacha v0.1.1
[INFO] [stderr]    Compiling byte-tools v0.3.1
[INFO] [stderr]    Compiling crunchy v0.2.2
[INFO] [stderr]    Compiling byteorder v1.5.0
[INFO] [stderr]    Compiling ryu-ecmascript v0.1.1
[INFO] [stderr]    Compiling block-padding v0.1.5
[INFO] [stderr]    Compiling vek v0.9.12
[INFO] [stderr]    Compiling rand v0.6.5
[INFO] [stderr]    Compiling approx v0.3.2
[INFO] [stderr]    Compiling num-traits v0.1.43
[INFO] [stderr]    Compiling num-bigint v0.2.6
[INFO] [stderr]    Compiling cgmath v0.16.1
[INFO] [stderr]    Compiling either v1.13.0
[INFO] [stderr]    Compiling unchecked-index v0.2.2
[INFO] [stderr]    Compiling object v0.36.5
[INFO] [stderr]    Compiling aho-corasick v1.1.3
[INFO] [stderr]    Compiling jetscii v0.4.4
[INFO] [stderr]    Compiling approx v0.1.1
[INFO] [stderr]    Compiling ndarray v0.12.1
[INFO] [stderr]    Compiling regex-syntax v0.8.5
[INFO] [stderr]    Compiling xml-rs v0.7.0
[INFO] [stderr]    Compiling itertools v0.7.11
[INFO] [stderr]    Compiling xml-rs v0.4.1
[INFO] [stderr]    Compiling csv-core v0.1.11
[INFO] [stderr]    Compiling quote v1.0.37
[INFO] [stderr]    Compiling block-buffer v0.7.3
[INFO] [stderr]    Compiling syn v2.0.86
[INFO] [stderr]    Compiling alga v0.7.2
[INFO] [stderr]    Compiling digest v0.8.1
[INFO] [stderr]    Compiling rand_hc v0.1.0
[INFO] [stderr]    Compiling rand_xorshift v0.1.1
[INFO] [stderr]    Compiling rand v0.5.6
[INFO] [stderr]    Compiling rand_isaac v0.1.1
[INFO] [stderr]    Compiling rand_os v0.1.3
[INFO] [stderr]    Compiling rand_jitter v0.1.4
[INFO] [stderr]    Compiling generic-array v0.11.2
[INFO] [stderr]    Compiling encoding_rs v0.8.35
[INFO] [stderr]    Compiling static_assertions v0.2.5
[INFO] [stderr]    Compiling itoa v0.4.8
[INFO] [stderr]    Compiling rustc-hex v2.1.0
[INFO] [stderr]    Compiling xmlparser v0.8.1
[INFO] [stderr]    Compiling opaque-debug v0.2.3
[INFO] [stderr]    Compiling defmac v0.1.3
[INFO] [stderr]    Compiling xml-rs v0.8.22
[INFO] [stderr]    Compiling galil-seiferas v0.1.5
[INFO] [stderr]    Compiling md-5 v0.8.0
[INFO] [stderr]    Compiling num-bigint v0.1.44
[INFO] [stderr]    Compiling num-complex v0.1.43
[INFO] [stderr]    Compiling roxmltree v0.4.1
[INFO] [stderr]    Compiling quick-csv v0.1.6
[INFO] [stderr]    Compiling nalgebra v0.16.14
[INFO] [stderr]    Compiling json_in_type v1.1.1
[INFO] [stderr]    Compiling uint v0.5.0
[INFO] [stderr]    Compiling num-rational v0.1.42
[INFO] [stderr]    Compiling addr2line v0.24.2
[INFO] [stderr] error: could not compile `regex-syntax` (lib)
[INFO] [stderr] 
[INFO] [stderr] Caused by:
[INFO] [stderr]   process didn't exit successfully: `/opt/rustwide/rustup-home/toolchains/nightly-2024-10-28-x86_64-unknown-linux-gnu/bin/rustc --crate-name regex_syntax --edition=2021 /opt/rustwide/cargo-home/registry/src/index.crates.io-6f17d22bba15001f/regex-syntax-0.8.5/src/lib.rs --error-format=json --json=diagnostic-rendered-ansi,artifacts,future-incompat --crate-type lib --emit=dep-info,metadata,link -C embed-bitcode=no -C debuginfo=2 --cfg 'feature="default"' --cfg 'feature="std"' --cfg 'feature="unicode"' --cfg 'feature="unicode-age"' --cfg 'feature="unicode-bool"' --cfg 'feature="unicode-case"' --cfg 'feature="unicode-gencat"' --cfg 'feature="unicode-perl"' --cfg 'feature="unicode-script"' --cfg 'feature="unicode-segment"' --check-cfg 'cfg(docsrs)' --check-cfg 'cfg(feature, values("arbitrary", "default", "std", "unicode", "unicode-age", "unicode-bool", "unicode-case", "unicode-gencat", "unicode-perl", "unicode-script", "unicode-segment"))' -C metadata=eddb13b0f2ea78f9 -C extra-filename=-eddb13b0f2ea78f9 --out-dir /opt/rustwide/target/debug/deps -L dependency=/opt/rustwide/target/debug/deps --cap-lints allow --cap-lints=forbid` (signal: 9, SIGKILL: kill)
[INFO] [stderr] warning: build failed, waiting for other jobs to finish...
[INFO] [stdout] error[E0076]: SIMD vector's only field must be an array
[INFO] [stdout]     --> /opt/rustwide/cargo-home/registry/src/index.crates.io-6f17d22bba15001f/vek-0.9.12/src/vec.rs:2626:13
[INFO] [stdout]      |
[INFO] [stdout] 2626 |               pub struct Vec2<T> { pub x:T, pub y:T }
[INFO] [stdout]      |               ^^^^^^^^^^^^^^^^^^   ------- not an array
[INFO] [stdout] ...
[INFO] [stdout] 3059 | /     vec_impl_all_vecs!{
[INFO] [stdout] 3060 | |         simd
[INFO] [stdout] 3061 | |         #[repr(simd)]
[INFO] [stdout] 3062 | |     }
[INFO] [stdout]      | |_____- in this macro invocation
[INFO] [stdout]      |
[INFO] [stdout]      = note: this error originates in the macro `vec_impl_all_vecs` (in Nightly builds, run with -Z macro-backtrace for more info)
[INFO] [stdout] 
[INFO] [stdout] 
[INFO] [stdout] error[E0076]: SIMD vector's only field must be an array
[INFO] [stdout]     --> /opt/rustwide/cargo-home/registry/src/index.crates.io-6f17d22bba15001f/vek-0.9.12/src/vec.rs:2667:13
[INFO] [stdout]      |
[INFO] [stdout] 2667 |               pub struct Vec3<T> { pub x:T, pub y:T, pub z:T }
[INFO] [stdout]      |               ^^^^^^^^^^^^^^^^^^   ------- not an array
[INFO] [stdout] ...
[INFO] [stdout] 3059 | /     vec_impl_all_vecs!{
[INFO] [stdout] 3060 | |         simd
[INFO] [stdout] 3061 | |         #[repr(simd)]
[INFO] [stdout] 3062 | |     }
[INFO] [stdout]      | |_____- in this macro invocation
[INFO] [stdout]      |
[INFO] [stdout]      = note: this error originates in the macro `vec_impl_all_vecs` (in Nightly builds, run with -Z macro-backtrace for more info)
[INFO] [stdout] 
[INFO] [stdout] 
[INFO] [stdout] error[E0076]: SIMD vector's only field must be an array
[INFO] [stdout]     --> /opt/rustwide/cargo-home/registry/src/index.crates.io-6f17d22bba15001f/vek-0.9.12/src/vec.rs:2724:13
[INFO] [stdout]      |
[INFO] [stdout] 2724 |               pub struct Vec4<T> {
[INFO] [stdout]      |               ^^^^^^^^^^^^^^^^^^
[INFO] [stdout] 2725 |                   pub x:T, pub y:T, pub z:T,
[INFO] [stdout]      |                   ------- not an array
[INFO] [stdout] ...
[INFO] [stdout] 3059 | /     vec_impl_all_vecs!{
[INFO] [stdout] 3060 | |         simd
[INFO] [stdout] 3061 | |         #[repr(simd)]
[INFO] [stdout] 3062 | |     }
[INFO] [stdout]      | |_____- in this macro invocation
[INFO] [stdout]      |
[INFO] [stdout]      = note: this error originates in the macro `vec_impl_all_vecs` (in Nightly builds, run with -Z macro-backtrace for more info)
[INFO] [stdout] 
[INFO] [stdout] 
[INFO] [stdout] error[E0076]: SIMD vector's only field must be an array
[INFO] [stdout]     --> /opt/rustwide/cargo-home/registry/src/index.crates.io-6f17d22bba15001f/vek-0.9.12/src/vec.rs:2886:13
[INFO] [stdout]      |
[INFO] [stdout] 2886 |               pub struct Extent3<T> { pub w:T, pub h:T, pub d:T }
[INFO] [stdout]      |               ^^^^^^^^^^^^^^^^^^^^^   ------- not an array
[INFO] [stdout] ...
[INFO] [stdout] 3059 | /     vec_impl_all_vecs!{
[INFO] [stdout] 3060 | |         simd
[INFO] [stdout] 3061 | |         #[repr(simd)]
[INFO] [stdout] 3062 | |     }
[INFO] [stdout]      | |_____- in this macro invocation
[INFO] [stdout]      |
[INFO] [stdout]      = note: this error originates in the macro `vec_impl_all_vecs` (in Nightly builds, run with -Z macro-backtrace for more info)
[INFO] [stdout] 
[INFO] [stdout] 
[INFO] [stdout] error[E0076]: SIMD vector's only field must be an array
[INFO] [stdout]     --> /opt/rustwide/cargo-home/registry/src/index.crates.io-6f17d22bba15001f/vek-0.9.12/src/vec.rs:2913:13
[INFO] [stdout]      |
[INFO] [stdout] 2913 |               pub struct Extent2<T> { pub w:T, pub h:T }
[INFO] [stdout]      |               ^^^^^^^^^^^^^^^^^^^^^   ------- not an array
[INFO] [stdout] ...
[INFO] [stdout] 3059 | /     vec_impl_all_vecs!{
[INFO] [stdout] 3060 | |         simd
[INFO] [stdout] 3061 | |         #[repr(simd)]
[INFO] [stdout] 3062 | |     }
[INFO] [stdout]      | |_____- in this macro invocation
[INFO] [stdout]      |
[INFO] [stdout]      = note: this error originates in the macro `vec_impl_all_vecs` (in Nightly builds, run with -Z macro-backtrace for more info)
[INFO] [stdout] 
[INFO] [stdout] 
[INFO] [stdout] error[E0076]: SIMD vector's only field must be an array
[INFO] [stdout]     --> /opt/rustwide/cargo-home/registry/src/index.crates.io-6f17d22bba15001f/vek-0.9.12/src/vec.rs:2937:13
[INFO] [stdout]      |
[INFO] [stdout] 2937 |               pub struct Rgba<T> { pub r:T, pub g:T, pub b:T, pub a:T }
[INFO] [stdout]      |               ^^^^^^^^^^^^^^^^^^   ------- not an array
[INFO] [stdout] ...
[INFO] [stdout] 3059 | /     vec_impl_all_vecs!{
[INFO] [stdout] 3060 | |         simd
[INFO] [stdout] 3061 | |         #[repr(simd)]
[INFO] [stdout] 3062 | |     }
[INFO] [stdout]      | |_____- in this macro invocation
[INFO] [stdout]      |
[INFO] [stdout]      = note: this error originates in the macro `vec_impl_all_vecs` (in Nightly builds, run with -Z macro-backtrace for more info)
[INFO] [stdout] 
[INFO] [stdout] 
[INFO] [stdout] error[E0076]: SIMD vector's only field must be an array
[INFO] [stdout]     --> /opt/rustwide/cargo-home/registry/src/index.crates.io-6f17d22bba15001f/vek-0.9.12/src/vec.rs:2976:13
[INFO] [stdout]      |
[INFO] [stdout] 2976 |               pub struct Rgb<T> { pub r:T, pub g:T, pub b:T }
[INFO] [stdout]      |               ^^^^^^^^^^^^^^^^^   ------- not an array
[INFO] [stdout] ...
[INFO] [stdout] 3059 | /     vec_impl_all_vecs!{
[INFO] [stdout] 3060 | |         simd
[INFO] [stdout] 3061 | |         #[repr(simd)]
[INFO] [stdout] 3062 | |     }
[INFO] [stdout]      | |_____- in this macro invocation
[INFO] [stdout]      |
[INFO] [stdout]      = note: this error originates in the macro `vec_impl_all_vecs` (in Nightly builds, run with -Z macro-backtrace for more info)
[INFO] [stdout] 
[INFO] [stdout] 
[INFO] [stdout] error[E0076]: SIMD vector's only field must be an array
[INFO] [stdout]    --> /opt/rustwide/cargo-home/registry/src/index.crates.io-6f17d22bba15001f/vek-0.9.12/src/quaternion.rs:129:9
[INFO] [stdout]     |
[INFO] [stdout] 129 |         pub struct Quaternion<T> { pub x: T, pub y: T, pub z: T, pub w: T }
[INFO] [stdout]     |         ^^^^^^^^^^^^^^^^^^^^^^^^   -------- not an array
[INFO] [stdout] ...
[INFO] [stdout] 721 |     quaternion_complete_mod!(repr_simd #[repr(simd)]);
[INFO] [stdout]     |     ------------------------------------------------- in this macro invocation
[INFO] [stdout]     |
[INFO] [stdout]     = note: this error originates in the macro `quaternion_complete_mod` (in Nightly builds, run with -Z macro-backtrace for more info)
[INFO] [stdout] 
[INFO] [stdout] 
[INFO] [stdout] For more information about this error, try `rustc --explain E0076`.
[INFO] [stdout] 
[INFO] [stderr] error: could not compile `vek` (lib) due to 8 previous errors
[INFO] running `Command { std: "docker" "inspect" "e7ef471af9bd498901d260db41f45eea0f1043a3b4eeef0b2ae04743dfe03d48", kill_on_drop: false }`
[INFO] running `Command { std: "docker" "rm" "-f" "e7ef471af9bd498901d260db41f45eea0f1043a3b4eeef0b2ae04743dfe03d48", kill_on_drop: false }`
[INFO] [stdout] e7ef471af9bd498901d260db41f45eea0f1043a3b4eeef0b2ae04743dfe03d48
