[INFO] fetching crate crabsoup-mlua-analyze 0.1.0...
[INFO] testing crabsoup-mlua-analyze-0.1.0 against nightly-2024-10-28 for randomize-layout
[INFO] extracting crate crabsoup-mlua-analyze 0.1.0 into /workspace/builds/worker-4-tc1/source
[INFO] validating manifest of crates.io crate crabsoup-mlua-analyze 0.1.0 on toolchain nightly-2024-10-28
[INFO] running `Command { std: CARGO_HOME="/workspace/cargo-home" RUSTUP_HOME="/workspace/rustup-home" "/workspace/cargo-home/bin/cargo" "+nightly-2024-10-28" "metadata" "--manifest-path" "Cargo.toml" "--no-deps", kill_on_drop: false }`
[INFO] started tweaking crates.io crate crabsoup-mlua-analyze 0.1.0
[INFO] finished tweaking crates.io crate crabsoup-mlua-analyze 0.1.0
[INFO] tweaked toml for crates.io crate crabsoup-mlua-analyze 0.1.0 written to /workspace/builds/worker-4-tc1/source/Cargo.toml
[INFO] running `Command { std: CARGO_HOME="/workspace/cargo-home" RUSTUP_HOME="/workspace/rustup-home" "/workspace/cargo-home/bin/cargo" "+nightly-2024-10-28" "generate-lockfile" "--manifest-path" "Cargo.toml", kill_on_drop: false }`
[INFO] [stderr]     Updating crates.io index
[INFO] [stderr]     Blocking waiting for file lock on package cache
[INFO] [stderr]      Locking 29 packages to latest compatible versions
[INFO] [stderr]       Adding luau0-src v0.10.2+luau635 (available: v0.10.3+luau640)
[INFO] [stderr]       Adding mlua-sys v0.6.2 (available: v0.6.4)
[INFO] running `Command { std: CARGO_HOME="/workspace/cargo-home" RUSTUP_HOME="/workspace/rustup-home" "/workspace/cargo-home/bin/cargo" "+nightly-2024-10-28" "fetch" "--manifest-path" "Cargo.toml", kill_on_drop: false }`
[INFO] [stderr]  Downloading crates ...
[INFO] [stderr]   Downloaded mlua-sys v0.6.2
[INFO] [stderr]   Downloaded luau0-src v0.10.2+luau635
[INFO] [stderr]   Downloaded crabsoup-luau-sys v0.1.0
[INFO] running `Command { std: "docker" "create" "-v" "/var/lib/crater-agent-workspace/builds/worker-4-tc1/target:/opt/rustwide/target:rw,Z" "-v" "/var/lib/crater-agent-workspace/builds/worker-4-tc1/source:/opt/rustwide/workdir:ro,Z" "-v" "/var/lib/crater-agent-workspace/cargo-home:/opt/rustwide/cargo-home:ro,Z" "-v" "/var/lib/crater-agent-workspace/rustup-home:/opt/rustwide/rustup-home:ro,Z" "-e" "SOURCE_DIR=/opt/rustwide/workdir" "-e" "CARGO_TARGET_DIR=/opt/rustwide/target" "-e" "CARGO_HOME=/opt/rustwide/cargo-home" "-e" "RUSTUP_HOME=/opt/rustwide/rustup-home" "-w" "/opt/rustwide/workdir" "-m" "1610612736" "--user" "0:0" "--network" "none" "ghcr.io/rust-lang/crates-build-env/linux@sha256:4a844ea9eb2546a2d2c7022eacef16ef2e8229c7fbb2c7d4d55a9ceca922f72d" "/opt/rustwide/cargo-home/bin/cargo" "+nightly-2024-10-28" "metadata" "--no-deps" "--format-version=1", kill_on_drop: false }`
[INFO] [stdout] c7f7fee5048c2cf84a911f711716c8e2dbc45c0994427b733a3bf13529c7fa1c
[INFO] running `Command { std: "docker" "start" "-a" "c7f7fee5048c2cf84a911f711716c8e2dbc45c0994427b733a3bf13529c7fa1c", kill_on_drop: false }`
[INFO] running `Command { std: "docker" "inspect" "c7f7fee5048c2cf84a911f711716c8e2dbc45c0994427b733a3bf13529c7fa1c", kill_on_drop: false }`
[INFO] running `Command { std: "docker" "rm" "-f" "c7f7fee5048c2cf84a911f711716c8e2dbc45c0994427b733a3bf13529c7fa1c", kill_on_drop: false }`
[INFO] [stdout] c7f7fee5048c2cf84a911f711716c8e2dbc45c0994427b733a3bf13529c7fa1c
[INFO] running `Command { std: "docker" "create" "-v" "/var/lib/crater-agent-workspace/builds/worker-4-tc1/target:/opt/rustwide/target:rw,Z" "-v" "/var/lib/crater-agent-workspace/builds/worker-4-tc1/source:/opt/rustwide/workdir:ro,Z" "-v" "/var/lib/crater-agent-workspace/cargo-home:/opt/rustwide/cargo-home:ro,Z" "-v" "/var/lib/crater-agent-workspace/rustup-home:/opt/rustwide/rustup-home:ro,Z" "-e" "SOURCE_DIR=/opt/rustwide/workdir" "-e" "CARGO_TARGET_DIR=/opt/rustwide/target" "-e" "CARGO_INCREMENTAL=0" "-e" "RUST_BACKTRACE=full" "-e" "RUSTFLAGS=--cap-lints=forbid" "-e" "RUSTDOCFLAGS=--cap-lints=forbid" "-e" "CARGO_HOME=/opt/rustwide/cargo-home" "-e" "RUSTUP_HOME=/opt/rustwide/rustup-home" "-w" "/opt/rustwide/workdir" "-m" "1610612736" "--user" "0:0" "--network" "none" "ghcr.io/rust-lang/crates-build-env/linux@sha256:4a844ea9eb2546a2d2c7022eacef16ef2e8229c7fbb2c7d4d55a9ceca922f72d" "/opt/rustwide/cargo-home/bin/cargo" "+nightly-2024-10-28" "build" "--frozen" "--message-format=json", kill_on_drop: false }`
[INFO] [stdout] ba23573caef119a226ce1fa4f2990eb2adfd408f99f9259d63887fa890da6272
[INFO] running `Command { std: "docker" "start" "-a" "ba23573caef119a226ce1fa4f2990eb2adfd408f99f9259d63887fa890da6272", kill_on_drop: false }`
[INFO] [stderr]    Compiling libc v0.2.161
[INFO] [stderr]    Compiling rustix v0.38.38
[INFO] [stderr]    Compiling bitflags v2.6.0
[INFO] [stderr]    Compiling linux-raw-sys v0.4.14
[INFO] [stderr]    Compiling either v1.13.0
[INFO] [stderr]    Compiling home v0.5.9
[INFO] [stderr]    Compiling cfg-if v1.0.0
[INFO] [stderr]    Compiling cc v1.1.31
[INFO] [stderr]    Compiling jobserver v0.1.32
[INFO] [stderr]    Compiling luau0-src v0.10.2+luau635
[INFO] [stderr]    Compiling lua-src v547.0.0
[INFO] [stderr]    Compiling crabsoup-luau-sys v0.1.0
[INFO] [stderr]    Compiling crabsoup-mlua-analyze v0.1.0 (/opt/rustwide/workdir)
[INFO] [stderr]    Compiling which v6.0.3
[INFO] [stderr]    Compiling luajit-src v210.5.11+97813fb
[INFO] [stderr]    Compiling mlua-sys v0.6.2
[INFO] [stderr] The following warnings were emitted during compilation:
[INFO] [stderr] 
[INFO] [stderr] warning: crabsoup-luau-sys@0.1.0: c++: fatal error: Killed signal terminated program cc1plus
[INFO] [stderr] warning: crabsoup-luau-sys@0.1.0: compilation terminated.
[INFO] [stderr] warning: crabsoup-luau-sys@0.1.0: ToolExecError: Command "c++" "-O0" "-ffunction-sections" "-fdata-sections" "-fPIC" "-gdwarf-4" "-fno-omit-frame-pointer" "-m64" "-I" "/opt/rustwide/cargo-home/registry/src/index.crates.io-6f17d22bba15001f/crabsoup-luau-sys-0.1.0/luau/Analysis/include" "-I" "/opt/rustwide/cargo-home/registry/src/index.crates.io-6f17d22bba15001f/crabsoup-luau-sys-0.1.0/luau/Ast/include" "-I" "/opt/rustwide/cargo-home/registry/src/index.crates.io-6f17d22bba15001f/crabsoup-luau-sys-0.1.0/luau/Common/include" "-I" "/opt/rustwide/cargo-home/registry/src/index.crates.io-6f17d22bba15001f/crabsoup-luau-sys-0.1.0/luau/Config/include" "-std=c++17" "-o" "/opt/rustwide/target/debug/build/crabsoup-luau-sys-b9a0445fef258412/out/d29bf73da7d981de-DataFlowGraph.o" "-c" "/opt/rustwide/cargo-home/registry/src/index.crates.io-6f17d22bba15001f/crabsoup-luau-sys-0.1.0/luau/Analysis/src/DataFlowGraph.cpp" with args c++ did not execute successfully (status code exit status: 1).cargo:warning=c++: fatal error: Killed signal terminated program cc1plus
[INFO] [stderr] warning: crabsoup-luau-sys@0.1.0: compilation terminated.
[INFO] [stderr] warning: crabsoup-luau-sys@0.1.0: ToolExecError: Command "c++" "-O0" "-ffunction-sections" "-fdata-sections" "-fPIC" "-gdwarf-4" "-fno-omit-frame-pointer" "-m64" "-I" "/opt/rustwide/cargo-home/registry/src/index.crates.io-6f17d22bba15001f/crabsoup-luau-sys-0.1.0/luau/Analysis/include" "-I" "/opt/rustwide/cargo-home/registry/src/index.crates.io-6f17d22bba15001f/crabsoup-luau-sys-0.1.0/luau/Ast/include" "-I" "/opt/rustwide/cargo-home/registry/src/index.crates.io-6f17d22bba15001f/crabsoup-luau-sys-0.1.0/luau/Common/include" "-I" "/opt/rustwide/cargo-home/registry/src/index.crates.io-6f17d22bba15001f/crabsoup-luau-sys-0.1.0/luau/Config/include" "-std=c++17" "-o" "/opt/rustwide/target/debug/build/crabsoup-luau-sys-b9a0445fef258412/out/d29bf73da7d981de-ToDot.o" "-c" "/opt/rustwide/cargo-home/registry/src/index.crates.io-6f17d22bba15001f/crabsoup-luau-sys-0.1.0/luau/Analysis/src/ToDot.cpp" with args c++ did not execute successfully (status code exit status: 1).cargo:warning=c++: fatal error: Killed signal terminated program cc1plus
[INFO] [stderr] warning: crabsoup-luau-sys@0.1.0: compilation terminated.
[INFO] [stderr] warning: crabsoup-luau-sys@0.1.0: ToolExecError: Command "c++" "-O0" "-ffunction-sections" "-fdata-sections" "-fPIC" "-gdwarf-4" "-fno-omit-frame-pointer" "-m64" "-I" "/opt/rustwide/cargo-home/registry/src/index.crates.io-6f17d22bba15001f/crabsoup-luau-sys-0.1.0/luau/Analysis/include" "-I" "/opt/rustwide/cargo-home/registry/src/index.crates.io-6f17d22bba15001f/crabsoup-luau-sys-0.1.0/luau/Ast/include" "-I" "/opt/rustwide/cargo-home/registry/src/index.crates.io-6f17d22bba15001f/crabsoup-luau-sys-0.1.0/luau/Common/include" "-I" "/opt/rustwide/cargo-home/registry/src/index.crates.io-6f17d22bba15001f/crabsoup-luau-sys-0.1.0/luau/Config/include" "-std=c++17" "-o" "/opt/rustwide/target/debug/build/crabsoup-luau-sys-b9a0445fef258412/out/d29bf73da7d981de-Anyification.o" "-c" "/opt/rustwide/cargo-home/registry/src/index.crates.io-6f17d22bba15001f/crabsoup-luau-sys-0.1.0/luau/Analysis/src/Anyification.cpp" with args c++ did not execute successfully (status code exit status: 1).cargo:warning=c++: fatal error: Killed signal terminated program cc1plus
[INFO] [stderr] warning: crabsoup-luau-sys@0.1.0: compilation terminated.
[INFO] [stderr] warning: crabsoup-luau-sys@0.1.0: ToolExecError: Command "c++" "-O0" "-ffunction-sections" "-fdata-sections" "-fPIC" "-gdwarf-4" "-fno-omit-frame-pointer" "-m64" "-I" "/opt/rustwide/cargo-home/registry/src/index.crates.io-6f17d22bba15001f/crabsoup-luau-sys-0.1.0/luau/Analysis/include" "-I" "/opt/rustwide/cargo-home/registry/src/index.crates.io-6f17d22bba15001f/crabsoup-luau-sys-0.1.0/luau/Ast/include" "-I" "/opt/rustwide/cargo-home/registry/src/index.crates.io-6f17d22bba15001f/crabsoup-luau-sys-0.1.0/luau/Common/include" "-I" "/opt/rustwide/cargo-home/registry/src/index.crates.io-6f17d22bba15001f/crabsoup-luau-sys-0.1.0/luau/Config/include" "-std=c++17" "-o" "/opt/rustwide/target/debug/build/crabsoup-luau-sys-b9a0445fef258412/out/d29bf73da7d981de-ConstraintSolver.o" "-c" "/opt/rustwide/cargo-home/registry/src/index.crates.io-6f17d22bba15001f/crabsoup-luau-sys-0.1.0/luau/Analysis/src/ConstraintSolver.cpp" with args c++ did not execute successfully (status code exit status: 1).cargo:warning=c++: fatal error: Killed signal terminated program cc1plus
[INFO] [stderr] warning: crabsoup-luau-sys@0.1.0: compilation terminated.
[INFO] [stderr] warning: crabsoup-luau-sys@0.1.0: ToolExecError: Command "c++" "-O0" "-ffunction-sections" "-fdata-sections" "-fPIC" "-gdwarf-4" "-fno-omit-frame-pointer" "-m64" "-I" "/opt/rustwide/cargo-home/registry/src/index.crates.io-6f17d22bba15001f/crabsoup-luau-sys-0.1.0/luau/Analysis/include" "-I" "/opt/rustwide/cargo-home/registry/src/index.crates.io-6f17d22bba15001f/crabsoup-luau-sys-0.1.0/luau/Ast/include" "-I" "/opt/rustwide/cargo-home/registry/src/index.crates.io-6f17d22bba15001f/crabsoup-luau-sys-0.1.0/luau/Common/include" "-I" "/opt/rustwide/cargo-home/registry/src/index.crates.io-6f17d22bba15001f/crabsoup-luau-sys-0.1.0/luau/Config/include" "-std=c++17" "-o" "/opt/rustwide/target/debug/build/crabsoup-luau-sys-b9a0445fef258412/out/d29bf73da7d981de-TypeUtils.o" "-c" "/opt/rustwide/cargo-home/registry/src/index.crates.io-6f17d22bba15001f/crabsoup-luau-sys-0.1.0/luau/Analysis/src/TypeUtils.cpp" with args c++ did not execute successfully (status code exit status: 1).cargo:warning=c++: fatal error: Killed signal terminated program cc1plus
[INFO] [stderr] warning: crabsoup-luau-sys@0.1.0: compilation terminated.
[INFO] [stderr] warning: crabsoup-luau-sys@0.1.0: ToolExecError: Command "c++" "-O0" "-ffunction-sections" "-fdata-sections" "-fPIC" "-gdwarf-4" "-fno-omit-frame-pointer" "-m64" "-I" "/opt/rustwide/cargo-home/registry/src/index.crates.io-6f17d22bba15001f/crabsoup-luau-sys-0.1.0/luau/Analysis/include" "-I" "/opt/rustwide/cargo-home/registry/src/index.crates.io-6f17d22bba15001f/crabsoup-luau-sys-0.1.0/luau/Ast/include" "-I" "/opt/rustwide/cargo-home/registry/src/index.crates.io-6f17d22bba15001f/crabsoup-luau-sys-0.1.0/luau/Common/include" "-I" "/opt/rustwide/cargo-home/registry/src/index.crates.io-6f17d22bba15001f/crabsoup-luau-sys-0.1.0/luau/Config/include" "-std=c++17" "-o" "/opt/rustwide/target/debug/build/crabsoup-luau-sys-b9a0445fef258412/out/d29bf73da7d981de-OverloadResolution.o" "-c" "/opt/rustwide/cargo-home/registry/src/index.crates.io-6f17d22bba15001f/crabsoup-luau-sys-0.1.0/luau/Analysis/src/OverloadResolution.cpp" with args c++ did not execute successfully (status code exit status: 1).cargo:warning=c++: fatal error: Killed signal terminated program cc1plus
[INFO] [stderr] warning: crabsoup-luau-sys@0.1.0: compilation terminated.
[INFO] [stderr] warning: crabsoup-luau-sys@0.1.0: ToolExecError: Command "c++" "-O0" "-ffunction-sections" "-fdata-sections" "-fPIC" "-gdwarf-4" "-fno-omit-frame-pointer" "-m64" "-I" "/opt/rustwide/cargo-home/registry/src/index.crates.io-6f17d22bba15001f/crabsoup-luau-sys-0.1.0/luau/Analysis/include" "-I" "/opt/rustwide/cargo-home/registry/src/index.crates.io-6f17d22bba15001f/crabsoup-luau-sys-0.1.0/luau/Ast/include" "-I" "/opt/rustwide/cargo-home/registry/src/index.crates.io-6f17d22bba15001f/crabsoup-luau-sys-0.1.0/luau/Common/include" "-I" "/opt/rustwide/cargo-home/registry/src/index.crates.io-6f17d22bba15001f/crabsoup-luau-sys-0.1.0/luau/Config/include" "-std=c++17" "-o" "/opt/rustwide/target/debug/build/crabsoup-luau-sys-b9a0445fef258412/out/d29bf73da7d981de-AstQuery.o" "-c" "/opt/rustwide/cargo-home/registry/src/index.crates.io-6f17d22bba15001f/crabsoup-luau-sys-0.1.0/luau/Analysis/src/AstQuery.cpp" with args c++ did not execute successfully (status code exit status: 1).cargo:warning=c++: fatal error: Killed signal terminated program cc1plus
[INFO] [stderr] warning: crabsoup-luau-sys@0.1.0: compilation terminated.
[INFO] [stderr] warning: crabsoup-luau-sys@0.1.0: ToolExecError: Command "c++" "-O0" "-ffunction-sections" "-fdata-sections" "-fPIC" "-gdwarf-4" "-fno-omit-frame-pointer" "-m64" "-I" "/opt/rustwide/cargo-home/registry/src/index.crates.io-6f17d22bba15001f/crabsoup-luau-sys-0.1.0/luau/Analysis/include" "-I" "/opt/rustwide/cargo-home/registry/src/index.crates.io-6f17d22bba15001f/crabsoup-luau-sys-0.1.0/luau/Ast/include" "-I" "/opt/rustwide/cargo-home/registry/src/index.crates.io-6f17d22bba15001f/crabsoup-luau-sys-0.1.0/luau/Common/include" "-I" "/opt/rustwide/cargo-home/registry/src/index.crates.io-6f17d22bba15001f/crabsoup-luau-sys-0.1.0/luau/Config/include" "-std=c++17" "-o" "/opt/rustwide/target/debug/build/crabsoup-luau-sys-b9a0445fef258412/out/d29bf73da7d981de-TypeChecker2.o" "-c" "/opt/rustwide/cargo-home/registry/src/index.crates.io-6f17d22bba15001f/crabsoup-luau-sys-0.1.0/luau/Analysis/src/TypeChecker2.cpp" with args c++ did not execute successfully (status code exit status: 1).cargo:warning=c++: fatal error: Killed signal terminated program cc1plus
[INFO] [stderr] warning: crabsoup-luau-sys@0.1.0: compilation terminated.
[INFO] [stderr] warning: crabsoup-luau-sys@0.1.0: ToolExecError: Command "c++" "-O0" "-ffunction-sections" "-fdata-sections" "-fPIC" "-gdwarf-4" "-fno-omit-frame-pointer" "-m64" "-I" "/opt/rustwide/cargo-home/registry/src/index.crates.io-6f17d22bba15001f/crabsoup-luau-sys-0.1.0/luau/Analysis/include" "-I" "/opt/rustwide/cargo-home/registry/src/index.crates.io-6f17d22bba15001f/crabsoup-luau-sys-0.1.0/luau/Ast/include" "-I" "/opt/rustwide/cargo-home/registry/src/index.crates.io-6f17d22bba15001f/crabsoup-luau-sys-0.1.0/luau/Common/include" "-I" "/opt/rustwide/cargo-home/registry/src/index.crates.io-6f17d22bba15001f/crabsoup-luau-sys-0.1.0/luau/Config/include" "-std=c++17" "-o" "/opt/rustwide/target/debug/build/crabsoup-luau-sys-b9a0445fef258412/out/d29bf73da7d981de-Module.o" "-c" "/opt/rustwide/cargo-home/registry/src/index.crates.io-6f17d22bba15001f/crabsoup-luau-sys-0.1.0/luau/Analysis/src/Module.cpp" with args c++ did not execute successfully (status code exit status: 1).cargo:warning=c++: fatal error: Killed signal terminated program cc1plus
[INFO] [stderr] warning: crabsoup-luau-sys@0.1.0: compilation terminated.
[INFO] [stderr] warning: crabsoup-luau-sys@0.1.0: ToolExecError: Command "c++" "-O0" "-ffunction-sections" "-fdata-sections" "-fPIC" "-gdwarf-4" "-fno-omit-frame-pointer" "-m64" "-I" "/opt/rustwide/cargo-home/registry/src/index.crates.io-6f17d22bba15001f/crabsoup-luau-sys-0.1.0/luau/Analysis/include" "-I" "/opt/rustwide/cargo-home/registry/src/index.crates.io-6f17d22bba15001f/crabsoup-luau-sys-0.1.0/luau/Ast/include" "-I" "/opt/rustwide/cargo-home/registry/src/index.crates.io-6f17d22bba15001f/crabsoup-luau-sys-0.1.0/luau/Common/include" "-I" "/opt/rustwide/cargo-home/registry/src/index.crates.io-6f17d22bba15001f/crabsoup-luau-sys-0.1.0/luau/Config/include" "-std=c++17" "-o" "/opt/rustwide/target/debug/build/crabsoup-luau-sys-b9a0445fef258412/out/d29bf73da7d981de-NonStrictTypeChecker.o" "-c" "/opt/rustwide/cargo-home/registry/src/index.crates.io-6f17d22bba15001f/crabsoup-luau-sys-0.1.0/luau/Analysis/src/NonStrictTypeChecker.cpp" with args c++ did not execute successfully (status code exit status: 1).cargo:warning=c++: fatal error: Killed signal terminated program cc1plus
[INFO] [stderr] warning: crabsoup-luau-sys@0.1.0: compilation terminated.
[INFO] [stderr] warning: crabsoup-luau-sys@0.1.0: ToolExecError: Command "c++" "-O0" "-ffunction-sections" "-fdata-sections" "-fPIC" "-gdwarf-4" "-fno-omit-frame-pointer" "-m64" "-I" "/opt/rustwide/cargo-home/registry/src/index.crates.io-6f17d22bba15001f/crabsoup-luau-sys-0.1.0/luau/Analysis/include" "-I" "/opt/rustwide/cargo-home/registry/src/index.crates.io-6f17d22bba15001f/crabsoup-luau-sys-0.1.0/luau/Ast/include" "-I" "/opt/rustwide/cargo-home/registry/src/index.crates.io-6f17d22bba15001f/crabsoup-luau-sys-0.1.0/luau/Common/include" "-I" "/opt/rustwide/cargo-home/registry/src/index.crates.io-6f17d22bba15001f/crabsoup-luau-sys-0.1.0/luau/Config/include" "-std=c++17" "-o" "/opt/rustwide/target/debug/build/crabsoup-luau-sys-b9a0445fef258412/out/d29bf73da7d981de-Frontend.o" "-c" "/opt/rustwide/cargo-home/registry/src/index.crates.io-6f17d22bba15001f/crabsoup-luau-sys-0.1.0/luau/Analysis/src/Frontend.cpp" with args c++ did not execute successfully (status code exit status: 1).cargo:warning=c++: fatal error: Killed signal terminated program cc1plus
[INFO] [stderr] warning: crabsoup-luau-sys@0.1.0: compilation terminated.
[INFO] [stderr] warning: crabsoup-luau-sys@0.1.0: ToolExecError: Command "c++" "-O0" "-ffunction-sections" "-fdata-sections" "-fPIC" "-gdwarf-4" "-fno-omit-frame-pointer" "-m64" "-I" "/opt/rustwide/cargo-home/registry/src/index.crates.io-6f17d22bba15001f/crabsoup-luau-sys-0.1.0/luau/Analysis/include" "-I" "/opt/rustwide/cargo-home/registry/src/index.crates.io-6f17d22bba15001f/crabsoup-luau-sys-0.1.0/luau/Ast/include" "-I" "/opt/rustwide/cargo-home/registry/src/index.crates.io-6f17d22bba15001f/crabsoup-luau-sys-0.1.0/luau/Common/include" "-I" "/opt/rustwide/cargo-home/registry/src/index.crates.io-6f17d22bba15001f/crabsoup-luau-sys-0.1.0/luau/Config/include" "-std=c++17" "-o" "/opt/rustwide/target/debug/build/crabsoup-luau-sys-b9a0445fef258412/out/d29bf73da7d981de-Generalization.o" "-c" "/opt/rustwide/cargo-home/registry/src/index.crates.io-6f17d22bba15001f/crabsoup-luau-sys-0.1.0/luau/Analysis/src/Generalization.cpp" with args c++ did not execute successfully (status code exit status: 1).cargo:warning=c++: fatal error: Killed signal terminated program cc1plus
[INFO] [stderr] warning: crabsoup-luau-sys@0.1.0: compilation terminated.
[INFO] [stderr] warning: crabsoup-luau-sys@0.1.0: ToolExecError: Command "c++" "-O0" "-ffunction-sections" "-fdata-sections" "-fPIC" "-gdwarf-4" "-fno-omit-frame-pointer" "-m64" "-I" "/opt/rustwide/cargo-home/registry/src/index.crates.io-6f17d22bba15001f/crabsoup-luau-sys-0.1.0/luau/Analysis/include" "-I" "/opt/rustwide/cargo-home/registry/src/index.crates.io-6f17d22bba15001f/crabsoup-luau-sys-0.1.0/luau/Ast/include" "-I" "/opt/rustwide/cargo-home/registry/src/index.crates.io-6f17d22bba15001f/crabsoup-luau-sys-0.1.0/luau/Common/include" "-I" "/opt/rustwide/cargo-home/registry/src/index.crates.io-6f17d22bba15001f/crabsoup-luau-sys-0.1.0/luau/Config/include" "-std=c++17" "-o" "/opt/rustwide/target/debug/build/crabsoup-luau-sys-b9a0445fef258412/out/d29bf73da7d981de-Differ.o" "-c" "/opt/rustwide/cargo-home/registry/src/index.crates.io-6f17d22bba15001f/crabsoup-luau-sys-0.1.0/luau/Analysis/src/Differ.cpp" with args c++ did not execute successfully (status code exit status: 1).cargo:warning=c++: fatal error: Killed signal terminated program cc1plus
[INFO] [stderr] warning: crabsoup-luau-sys@0.1.0: compilation terminated.
[INFO] [stderr] warning: crabsoup-luau-sys@0.1.0: ToolExecError: Command "c++" "-O0" "-ffunction-sections" "-fdata-sections" "-fPIC" "-gdwarf-4" "-fno-omit-frame-pointer" "-m64" "-I" "/opt/rustwide/cargo-home/registry/src/index.crates.io-6f17d22bba15001f/crabsoup-luau-sys-0.1.0/luau/Analysis/include" "-I" "/opt/rustwide/cargo-home/registry/src/index.crates.io-6f17d22bba15001f/crabsoup-luau-sys-0.1.0/luau/Ast/include" "-I" "/opt/rustwide/cargo-home/registry/src/index.crates.io-6f17d22bba15001f/crabsoup-luau-sys-0.1.0/luau/Common/include" "-I" "/opt/rustwide/cargo-home/registry/src/index.crates.io-6f17d22bba15001f/crabsoup-luau-sys-0.1.0/luau/Config/include" "-std=c++17" "-o" "/opt/rustwide/target/debug/build/crabsoup-luau-sys-b9a0445fef258412/out/d29bf73da7d981de-TypeInfer.o" "-c" "/opt/rustwide/cargo-home/registry/src/index.crates.io-6f17d22bba15001f/crabsoup-luau-sys-0.1.0/luau/Analysis/src/TypeInfer.cpp" with args c++ did not execute successfully (status code exit status: 1).cargo:warning=c++: fatal error: Killed signal terminated program cc1plus
[INFO] [stderr] warning: crabsoup-luau-sys@0.1.0: compilation terminated.
[INFO] [stderr] warning: crabsoup-luau-sys@0.1.0: ToolExecError: Command "c++" "-O0" "-ffunction-sections" "-fdata-sections" "-fPIC" "-gdwarf-4" "-fno-omit-frame-pointer" "-m64" "-I" "/opt/rustwide/cargo-home/registry/src/index.crates.io-6f17d22bba15001f/crabsoup-luau-sys-0.1.0/luau/Analysis/include" "-I" "/opt/rustwide/cargo-home/registry/src/index.crates.io-6f17d22bba15001f/crabsoup-luau-sys-0.1.0/luau/Ast/include" "-I" "/opt/rustwide/cargo-home/registry/src/index.crates.io-6f17d22bba15001f/crabsoup-luau-sys-0.1.0/luau/Common/include" "-I" "/opt/rustwide/cargo-home/registry/src/index.crates.io-6f17d22bba15001f/crabsoup-luau-sys-0.1.0/luau/Config/include" "-std=c++17" "-o" "/opt/rustwide/target/debug/build/crabsoup-luau-sys-b9a0445fef258412/out/d29bf73da7d981de-TxnLog.o" "-c" "/opt/rustwide/cargo-home/registry/src/index.crates.io-6f17d22bba15001f/crabsoup-luau-sys-0.1.0/luau/Analysis/src/TxnLog.cpp" with args c++ did not execute successfully (status code exit status: 1).cargo:warning=c++: fatal error: Killed signal terminated program cc1plus
[INFO] [stderr] warning: crabsoup-luau-sys@0.1.0: compilation terminated.
[INFO] [stderr] warning: crabsoup-luau-sys@0.1.0: ToolExecError: Command "c++" "-O0" "-ffunction-sections" "-fdata-sections" "-fPIC" "-gdwarf-4" "-fno-omit-frame-pointer" "-m64" "-I" "/opt/rustwide/cargo-home/registry/src/index.crates.io-6f17d22bba15001f/crabsoup-luau-sys-0.1.0/luau/Analysis/include" "-I" "/opt/rustwide/cargo-home/registry/src/index.crates.io-6f17d22bba15001f/crabsoup-luau-sys-0.1.0/luau/Ast/include" "-I" "/opt/rustwide/cargo-home/registry/src/index.crates.io-6f17d22bba15001f/crabsoup-luau-sys-0.1.0/luau/Common/include" "-I" "/opt/rustwide/cargo-home/registry/src/index.crates.io-6f17d22bba15001f/crabsoup-luau-sys-0.1.0/luau/Config/include" "-std=c++17" "-o" "/opt/rustwide/target/debug/build/crabsoup-luau-sys-b9a0445fef258412/out/d29bf73da7d981de-Error.o" "-c" "/opt/rustwide/cargo-home/registry/src/index.crates.io-6f17d22bba15001f/crabsoup-luau-sys-0.1.0/luau/Analysis/src/Error.cpp" with args c++ did not execute successfully (status code exit status: 1).cargo:warning=c++: fatal error: Killed signal terminated program cc1plus
[INFO] [stderr] warning: crabsoup-luau-sys@0.1.0: compilation terminated.
[INFO] [stderr] warning: crabsoup-luau-sys@0.1.0: ToolExecError: Command "c++" "-O0" "-ffunction-sections" "-fdata-sections" "-fPIC" "-gdwarf-4" "-fno-omit-frame-pointer" "-m64" "-I" "/opt/rustwide/cargo-home/registry/src/index.crates.io-6f17d22bba15001f/crabsoup-luau-sys-0.1.0/luau/Analysis/include" "-I" "/opt/rustwide/cargo-home/registry/src/index.crates.io-6f17d22bba15001f/crabsoup-luau-sys-0.1.0/luau/Ast/include" "-I" "/opt/rustwide/cargo-home/registry/src/index.crates.io-6f17d22bba15001f/crabsoup-luau-sys-0.1.0/luau/Common/include" "-I" "/opt/rustwide/cargo-home/registry/src/index.crates.io-6f17d22bba15001f/crabsoup-luau-sys-0.1.0/luau/Config/include" "-std=c++17" "-o" "/opt/rustwide/target/debug/build/crabsoup-luau-sys-b9a0445fef258412/out/d29bf73da7d981de-Unifier2.o" "-c" "/opt/rustwide/cargo-home/registry/src/index.crates.io-6f17d22bba15001f/crabsoup-luau-sys-0.1.0/luau/Analysis/src/Unifier2.cpp" with args c++ did not execute successfully (status code exit status: 1).cargo:warning=c++: fatal error: Killed signal terminated program cc1plus
[INFO] [stderr] warning: crabsoup-luau-sys@0.1.0: compilation terminated.
[INFO] [stderr] warning: crabsoup-luau-sys@0.1.0: ToolExecError: Command "c++" "-O0" "-ffunction-sections" "-fdata-sections" "-fPIC" "-gdwarf-4" "-fno-omit-frame-pointer" "-m64" "-I" "/opt/rustwide/cargo-home/registry/src/index.crates.io-6f17d22bba15001f/crabsoup-luau-sys-0.1.0/luau/Analysis/include" "-I" "/opt/rustwide/cargo-home/registry/src/index.crates.io-6f17d22bba15001f/crabsoup-luau-sys-0.1.0/luau/Ast/include" "-I" "/opt/rustwide/cargo-home/registry/src/index.crates.io-6f17d22bba15001f/crabsoup-luau-sys-0.1.0/luau/Common/include" "-I" "/opt/rustwide/cargo-home/registry/src/index.crates.io-6f17d22bba15001f/crabsoup-luau-sys-0.1.0/luau/Config/include" "-std=c++17" "-o" "/opt/rustwide/target/debug/build/crabsoup-luau-sys-b9a0445fef258412/out/d29bf73da7d981de-Quantify.o" "-c" "/opt/rustwide/cargo-home/registry/src/index.crates.io-6f17d22bba15001f/crabsoup-luau-sys-0.1.0/luau/Analysis/src/Quantify.cpp" with args c++ did not execute successfully (status code exit status: 1).cargo:warning=c++: fatal error: Killed signal terminated program cc1plus
[INFO] [stderr] warning: crabsoup-luau-sys@0.1.0: compilation terminated.
[INFO] [stderr] warning: crabsoup-luau-sys@0.1.0: ToolExecError: Command "c++" "-O0" "-ffunction-sections" "-fdata-sections" "-fPIC" "-gdwarf-4" "-fno-omit-frame-pointer" "-m64" "-I" "/opt/rustwide/cargo-home/registry/src/index.crates.io-6f17d22bba15001f/crabsoup-luau-sys-0.1.0/luau/Analysis/include" "-I" "/opt/rustwide/cargo-home/registry/src/index.crates.io-6f17d22bba15001f/crabsoup-luau-sys-0.1.0/luau/Ast/include" "-I" "/opt/rustwide/cargo-home/registry/src/index.crates.io-6f17d22bba15001f/crabsoup-luau-sys-0.1.0/luau/Common/include" "-I" "/opt/rustwide/cargo-home/registry/src/index.crates.io-6f17d22bba15001f/crabsoup-luau-sys-0.1.0/luau/Config/include" "-std=c++17" "-o" "/opt/rustwide/target/debug/build/crabsoup-luau-sys-b9a0445fef258412/out/d29bf73da7d981de-TypeFunction.o" "-c" "/opt/rustwide/cargo-home/registry/src/index.crates.io-6f17d22bba15001f/crabsoup-luau-sys-0.1.0/luau/Analysis/src/TypeFunction.cpp" with args c++ did not execute successfully (status code exit status: 1).cargo:warning=c++: fatal error: Killed signal terminated program cc1plus
[INFO] [stderr] warning: crabsoup-luau-sys@0.1.0: compilation terminated.
[INFO] [stderr] warning: crabsoup-luau-sys@0.1.0: ToolExecError: Command "c++" "-O0" "-ffunction-sections" "-fdata-sections" "-fPIC" "-gdwarf-4" "-fno-omit-frame-pointer" "-m64" "-I" "/opt/rustwide/cargo-home/registry/src/index.crates.io-6f17d22bba15001f/crabsoup-luau-sys-0.1.0/luau/Analysis/include" "-I" "/opt/rustwide/cargo-home/registry/src/index.crates.io-6f17d22bba15001f/crabsoup-luau-sys-0.1.0/luau/Ast/include" "-I" "/opt/rustwide/cargo-home/registry/src/index.crates.io-6f17d22bba15001f/crabsoup-luau-sys-0.1.0/luau/Common/include" "-I" "/opt/rustwide/cargo-home/registry/src/index.crates.io-6f17d22bba15001f/crabsoup-luau-sys-0.1.0/luau/Config/include" "-std=c++17" "-o" "/opt/rustwide/target/debug/build/crabsoup-luau-sys-b9a0445fef258412/out/d29bf73da7d981de-BuiltinDefinitions.o" "-c" "/opt/rustwide/cargo-home/registry/src/index.crates.io-6f17d22bba15001f/crabsoup-luau-sys-0.1.0/luau/Analysis/src/BuiltinDefinitions.cpp" with args c++ did not execute successfully (status code exit status: 1).cargo:warning=c++: fatal error: Killed signal terminated program cc1plus
[INFO] [stderr] warning: crabsoup-luau-sys@0.1.0: compilation terminated.
[INFO] [stderr] warning: crabsoup-luau-sys@0.1.0: ToolExecError: Command "c++" "-O0" "-ffunction-sections" "-fdata-sections" "-fPIC" "-gdwarf-4" "-fno-omit-frame-pointer" "-m64" "-I" "/opt/rustwide/cargo-home/registry/src/index.crates.io-6f17d22bba15001f/crabsoup-luau-sys-0.1.0/luau/Analysis/include" "-I" "/opt/rustwide/cargo-home/registry/src/index.crates.io-6f17d22bba15001f/crabsoup-luau-sys-0.1.0/luau/Ast/include" "-I" "/opt/rustwide/cargo-home/registry/src/index.crates.io-6f17d22bba15001f/crabsoup-luau-sys-0.1.0/luau/Common/include" "-I" "/opt/rustwide/cargo-home/registry/src/index.crates.io-6f17d22bba15001f/crabsoup-luau-sys-0.1.0/luau/Config/include" "-std=c++17" "-o" "/opt/rustwide/target/debug/build/crabsoup-luau-sys-b9a0445fef258412/out/d29bf73da7d981de-Type.o" "-c" "/opt/rustwide/cargo-home/registry/src/index.crates.io-6f17d22bba15001f/crabsoup-luau-sys-0.1.0/luau/Analysis/src/Type.cpp" with args c++ did not execute successfully (status code exit status: 1).cargo:warning=c++: fatal error: Killed signal terminated program cc1plus
[INFO] [stderr] warning: crabsoup-luau-sys@0.1.0: compilation terminated.
[INFO] [stderr] warning: crabsoup-luau-sys@0.1.0: ToolExecError: Command "c++" "-O0" "-ffunction-sections" "-fdata-sections" "-fPIC" "-gdwarf-4" "-fno-omit-frame-pointer" "-m64" "-I" "/opt/rustwide/cargo-home/registry/src/index.crates.io-6f17d22bba15001f/crabsoup-luau-sys-0.1.0/luau/Analysis/include" "-I" "/opt/rustwide/cargo-home/registry/src/index.crates.io-6f17d22bba15001f/crabsoup-luau-sys-0.1.0/luau/Ast/include" "-I" "/opt/rustwide/cargo-home/registry/src/index.crates.io-6f17d22bba15001f/crabsoup-luau-sys-0.1.0/luau/Common/include" "-I" "/opt/rustwide/cargo-home/registry/src/index.crates.io-6f17d22bba15001f/crabsoup-luau-sys-0.1.0/luau/Config/include" "-std=c++17" "-o" "/opt/rustwide/target/debug/build/crabsoup-luau-sys-b9a0445fef258412/out/d29bf73da7d981de-RequireTracer.o" "-c" "/opt/rustwide/cargo-home/registry/src/index.crates.io-6f17d22bba15001f/crabsoup-luau-sys-0.1.0/luau/Analysis/src/RequireTracer.cpp" with args c++ did not execute successfully (status code exit status: 1).cargo:warning=c++: fatal error: Killed signal terminated program cc1plus
[INFO] [stderr] warning: crabsoup-luau-sys@0.1.0: compilation terminated.
[INFO] [stderr] warning: crabsoup-luau-sys@0.1.0: ToolExecError: Command "c++" "-O0" "-ffunction-sections" "-fdata-sections" "-fPIC" "-gdwarf-4" "-fno-omit-frame-pointer" "-m64" "-I" "/opt/rustwide/cargo-home/registry/src/index.crates.io-6f17d22bba15001f/crabsoup-luau-sys-0.1.0/luau/Analysis/include" "-I" "/opt/rustwide/cargo-home/registry/src/index.crates.io-6f17d22bba15001f/crabsoup-luau-sys-0.1.0/luau/Ast/include" "-I" "/opt/rustwide/cargo-home/registry/src/index.crates.io-6f17d22bba15001f/crabsoup-luau-sys-0.1.0/luau/Common/include" "-I" "/opt/rustwide/cargo-home/registry/src/index.crates.io-6f17d22bba15001f/crabsoup-luau-sys-0.1.0/luau/Config/include" "-std=c++17" "-o" "/opt/rustwide/target/debug/build/crabsoup-luau-sys-b9a0445fef258412/out/d29bf73da7d981de-TableLiteralInference.o" "-c" "/opt/rustwide/cargo-home/registry/src/index.crates.io-6f17d22bba15001f/crabsoup-luau-sys-0.1.0/luau/Analysis/src/TableLiteralInference.cpp" with args c++ did not execute successfully (status code exit status: 1).cargo:warning=c++: fatal error: Killed signal terminated program cc1plus
[INFO] [stderr] warning: crabsoup-luau-sys@0.1.0: compilation terminated.
[INFO] [stderr] warning: crabsoup-luau-sys@0.1.0: ToolExecError: Command "c++" "-O0" "-ffunction-sections" "-fdata-sections" "-fPIC" "-gdwarf-4" "-fno-omit-frame-pointer" "-m64" "-I" "/opt/rustwide/cargo-home/registry/src/index.crates.io-6f17d22bba15001f/crabsoup-luau-sys-0.1.0/luau/Analysis/include" "-I" "/opt/rustwide/cargo-home/registry/src/index.crates.io-6f17d22bba15001f/crabsoup-luau-sys-0.1.0/luau/Ast/include" "-I" "/opt/rustwide/cargo-home/registry/src/index.crates.io-6f17d22bba15001f/crabsoup-luau-sys-0.1.0/luau/Common/include" "-I" "/opt/rustwide/cargo-home/registry/src/index.crates.io-6f17d22bba15001f/crabsoup-luau-sys-0.1.0/luau/Config/include" "-std=c++17" "-o" "/opt/rustwide/target/debug/build/crabsoup-luau-sys-b9a0445fef258412/out/d29bf73da7d981de-Subtyping.o" "-c" "/opt/rustwide/cargo-home/registry/src/index.crates.io-6f17d22bba15001f/crabsoup-luau-sys-0.1.0/luau/Analysis/src/Subtyping.cpp" with args c++ did not execute successfully (status code exit status: 1).cargo:warning=c++: fatal error: Killed signal terminated program cc1plus
[INFO] [stderr] warning: crabsoup-luau-sys@0.1.0: compilation terminated.
[INFO] [stderr] warning: crabsoup-luau-sys@0.1.0: ToolExecError: Command "c++" "-O0" "-ffunction-sections" "-fdata-sections" "-fPIC" "-gdwarf-4" "-fno-omit-frame-pointer" "-m64" "-I" "/opt/rustwide/cargo-home/registry/src/index.crates.io-6f17d22bba15001f/crabsoup-luau-sys-0.1.0/luau/Analysis/include" "-I" "/opt/rustwide/cargo-home/registry/src/index.crates.io-6f17d22bba15001f/crabsoup-luau-sys-0.1.0/luau/Ast/include" "-I" "/opt/rustwide/cargo-home/registry/src/index.crates.io-6f17d22bba15001f/crabsoup-luau-sys-0.1.0/luau/Common/include" "-I" "/opt/rustwide/cargo-home/registry/src/index.crates.io-6f17d22bba15001f/crabsoup-luau-sys-0.1.0/luau/Config/include" "-std=c++17" "-o" "/opt/rustwide/target/debug/build/crabsoup-luau-sys-b9a0445fef258412/out/d29bf73da7d981de-Unifier.o" "-c" "/opt/rustwide/cargo-home/registry/src/index.crates.io-6f17d22bba15001f/crabsoup-luau-sys-0.1.0/luau/Analysis/src/Unifier.cpp" with args c++ did not execute successfully (status code exit status: 1).cargo:warning=c++: fatal error: Killed signal terminated program cc1plus
[INFO] [stderr] warning: crabsoup-luau-sys@0.1.0: compilation terminated.
[INFO] [stderr] warning: crabsoup-luau-sys@0.1.0: ToolExecError: Command "c++" "-O0" "-ffunction-sections" "-fdata-sections" "-fPIC" "-gdwarf-4" "-fno-omit-frame-pointer" "-m64" "-I" "/opt/rustwide/cargo-home/registry/src/index.crates.io-6f17d22bba15001f/crabsoup-luau-sys-0.1.0/luau/Analysis/include" "-I" "/opt/rustwide/cargo-home/registry/src/index.crates.io-6f17d22bba15001f/crabsoup-luau-sys-0.1.0/luau/Ast/include" "-I" "/opt/rustwide/cargo-home/registry/src/index.crates.io-6f17d22bba15001f/crabsoup-luau-sys-0.1.0/luau/Common/include" "-I" "/opt/rustwide/cargo-home/registry/src/index.crates.io-6f17d22bba15001f/crabsoup-luau-sys-0.1.0/luau/Config/include" "-std=c++17" "-o" "/opt/rustwide/target/debug/build/crabsoup-luau-sys-b9a0445fef258412/out/d29bf73da7d981de-Normalize.o" "-c" "/opt/rustwide/cargo-home/registry/src/index.crates.io-6f17d22bba15001f/crabsoup-luau-sys-0.1.0/luau/Analysis/src/Normalize.cpp" with args c++ did not execute successfully (status code exit status: 1).cargo:warning=c++: fatal error: Killed signal terminated program cc1plus
[INFO] [stderr] warning: crabsoup-luau-sys@0.1.0: compilation terminated.
[INFO] [stderr] warning: crabsoup-luau-sys@0.1.0: ToolExecError: Command "c++" "-O0" "-ffunction-sections" "-fdata-sections" "-fPIC" "-gdwarf-4" "-fno-omit-frame-pointer" "-m64" "-I" "/opt/rustwide/cargo-home/registry/src/index.crates.io-6f17d22bba15001f/crabsoup-luau-sys-0.1.0/luau/Analysis/include" "-I" "/opt/rustwide/cargo-home/registry/src/index.crates.io-6f17d22bba15001f/crabsoup-luau-sys-0.1.0/luau/Ast/include" "-I" "/opt/rustwide/cargo-home/registry/src/index.crates.io-6f17d22bba15001f/crabsoup-luau-sys-0.1.0/luau/Common/include" "-I" "/opt/rustwide/cargo-home/registry/src/index.crates.io-6f17d22bba15001f/crabsoup-luau-sys-0.1.0/luau/Config/include" "-std=c++17" "-o" "/opt/rustwide/target/debug/build/crabsoup-luau-sys-b9a0445fef258412/out/d29bf73da7d981de-TypeAttach.o" "-c" "/opt/rustwide/cargo-home/registry/src/index.crates.io-6f17d22bba15001f/crabsoup-luau-sys-0.1.0/luau/Analysis/src/TypeAttach.cpp" with args c++ did not execute successfully (status code exit status: 1).cargo:warning=c++: fatal error: Killed signal terminated program cc1plus
[INFO] [stderr] warning: crabsoup-luau-sys@0.1.0: compilation terminated.
[INFO] [stderr] warning: crabsoup-luau-sys@0.1.0: ToolExecError: Command "c++" "-O0" "-ffunction-sections" "-fdata-sections" "-fPIC" "-gdwarf-4" "-fno-omit-frame-pointer" "-m64" "-I" "/opt/rustwide/cargo-home/registry/src/index.crates.io-6f17d22bba15001f/crabsoup-luau-sys-0.1.0/luau/Analysis/include" "-I" "/opt/rustwide/cargo-home/registry/src/index.crates.io-6f17d22bba15001f/crabsoup-luau-sys-0.1.0/luau/Ast/include" "-I" "/opt/rustwide/cargo-home/registry/src/index.crates.io-6f17d22bba15001f/crabsoup-luau-sys-0.1.0/luau/Common/include" "-I" "/opt/rustwide/cargo-home/registry/src/index.crates.io-6f17d22bba15001f/crabsoup-luau-sys-0.1.0/luau/Config/include" "-std=c++17" "-o" "/opt/rustwide/target/debug/build/crabsoup-luau-sys-b9a0445fef258412/out/d29bf73da7d981de-Instantiation.o" "-c" "/opt/rustwide/cargo-home/registry/src/index.crates.io-6f17d22bba15001f/crabsoup-luau-sys-0.1.0/luau/Analysis/src/Instantiation.cpp" with args c++ did not execute successfully (status code exit status: 1).cargo:warning=c++: fatal error: Killed signal terminated program cc1plus
[INFO] [stderr] warning: crabsoup-luau-sys@0.1.0: compilation terminated.
[INFO] [stderr] warning: crabsoup-luau-sys@0.1.0: ToolExecError: Command "c++" "-O0" "-ffunction-sections" "-fdata-sections" "-fPIC" "-gdwarf-4" "-fno-omit-frame-pointer" "-m64" "-I" "/opt/rustwide/cargo-home/registry/src/index.crates.io-6f17d22bba15001f/crabsoup-luau-sys-0.1.0/luau/Analysis/include" "-I" "/opt/rustwide/cargo-home/registry/src/index.crates.io-6f17d22bba15001f/crabsoup-luau-sys-0.1.0/luau/Ast/include" "-I" "/opt/rustwide/cargo-home/registry/src/index.crates.io-6f17d22bba15001f/crabsoup-luau-sys-0.1.0/luau/Common/include" "-I" "/opt/rustwide/cargo-home/registry/src/index.crates.io-6f17d22bba15001f/crabsoup-luau-sys-0.1.0/luau/Config/include" "-std=c++17" "-o" "/opt/rustwide/target/debug/build/crabsoup-luau-sys-b9a0445fef258412/out/d29bf73da7d981de-ConstraintGenerator.o" "-c" "/opt/rustwide/cargo-home/registry/src/index.crates.io-6f17d22bba15001f/crabsoup-luau-sys-0.1.0/luau/Analysis/src/ConstraintGenerator.cpp" with args c++ did not execute successfully (status code exit status: 1).cargo:warning=c++: fatal error: Killed signal terminated program cc1plus
[INFO] [stderr] warning: crabsoup-luau-sys@0.1.0: compilation terminated.
[INFO] [stderr] warning: crabsoup-luau-sys@0.1.0: ToolExecError: Command "c++" "-O0" "-ffunction-sections" "-fdata-sections" "-fPIC" "-gdwarf-4" "-fno-omit-frame-pointer" "-m64" "-I" "/opt/rustwide/cargo-home/registry/src/index.crates.io-6f17d22bba15001f/crabsoup-luau-sys-0.1.0/luau/Analysis/include" "-I" "/opt/rustwide/cargo-home/registry/src/index.crates.io-6f17d22bba15001f/crabsoup-luau-sys-0.1.0/luau/Ast/include" "-I" "/opt/rustwide/cargo-home/registry/src/index.crates.io-6f17d22bba15001f/crabsoup-luau-sys-0.1.0/luau/Common/include" "-I" "/opt/rustwide/cargo-home/registry/src/index.crates.io-6f17d22bba15001f/crabsoup-luau-sys-0.1.0/luau/Config/include" "-std=c++17" "-o" "/opt/rustwide/target/debug/build/crabsoup-luau-sys-b9a0445fef258412/out/d29bf73da7d981de-ToString.o" "-c" "/opt/rustwide/cargo-home/registry/src/index.crates.io-6f17d22bba15001f/crabsoup-luau-sys-0.1.0/luau/Analysis/src/ToString.cpp" with args c++ did not execute successfully (status code exit status: 1).cargo:warning=c++: fatal error: Killed signal terminated program cc1plus
[INFO] [stderr] warning: crabsoup-luau-sys@0.1.0: compilation terminated.
[INFO] [stderr] warning: crabsoup-luau-sys@0.1.0: ToolExecError: Command "c++" "-O0" "-ffunction-sections" "-fdata-sections" "-fPIC" "-gdwarf-4" "-fno-omit-frame-pointer" "-m64" "-I" "/opt/rustwide/cargo-home/registry/src/index.crates.io-6f17d22bba15001f/crabsoup-luau-sys-0.1.0/luau/Analysis/include" "-I" "/opt/rustwide/cargo-home/registry/src/index.crates.io-6f17d22bba15001f/crabsoup-luau-sys-0.1.0/luau/Ast/include" "-I" "/opt/rustwide/cargo-home/registry/src/index.crates.io-6f17d22bba15001f/crabsoup-luau-sys-0.1.0/luau/Common/include" "-I" "/opt/rustwide/cargo-home/registry/src/index.crates.io-6f17d22bba15001f/crabsoup-luau-sys-0.1.0/luau/Config/include" "-std=c++17" "-o" "/opt/rustwide/target/debug/build/crabsoup-luau-sys-b9a0445fef258412/out/d29bf73da7d981de-Linter.o" "-c" "/opt/rustwide/cargo-home/registry/src/index.crates.io-6f17d22bba15001f/crabsoup-luau-sys-0.1.0/luau/Analysis/src/Linter.cpp" with args c++ did not execute successfully (status code exit status: 1).cargo:warning=c++: fatal error: Killed signal terminated program cc1plus
[INFO] [stderr] warning: crabsoup-luau-sys@0.1.0: compilation terminated.
[INFO] [stderr] warning: crabsoup-luau-sys@0.1.0: ToolExecError: Command "c++" "-O0" "-ffunction-sections" "-fdata-sections" "-fPIC" "-gdwarf-4" "-fno-omit-frame-pointer" "-m64" "-I" "/opt/rustwide/cargo-home/registry/src/index.crates.io-6f17d22bba15001f/crabsoup-luau-sys-0.1.0/luau/Analysis/include" "-I" "/opt/rustwide/cargo-home/registry/src/index.crates.io-6f17d22bba15001f/crabsoup-luau-sys-0.1.0/luau/Ast/include" "-I" "/opt/rustwide/cargo-home/registry/src/index.crates.io-6f17d22bba15001f/crabsoup-luau-sys-0.1.0/luau/Common/include" "-I" "/opt/rustwide/cargo-home/registry/src/index.crates.io-6f17d22bba15001f/crabsoup-luau-sys-0.1.0/luau/Config/include" "-std=c++17" "-o" "/opt/rustwide/target/debug/build/crabsoup-luau-sys-b9a0445fef258412/out/d29bf73da7d981de-TypeFunctionReductionGuesser.o" "-c" "/opt/rustwide/cargo-home/registry/src/index.crates.io-6f17d22bba15001f/crabsoup-luau-sys-0.1.0/luau/Analysis/src/TypeFunctionReductionGuesser.cpp" with args c++ did not execute successfully (status code exit status: 1).cargo:warning=c++: fatal error: Killed signal terminated program cc1plus
[INFO] [stderr] warning: crabsoup-luau-sys@0.1.0: compilation terminated.
[INFO] [stderr] warning: crabsoup-luau-sys@0.1.0: ToolExecError: Command "c++" "-O0" "-ffunction-sections" "-fdata-sections" "-fPIC" "-gdwarf-4" "-fno-omit-frame-pointer" "-m64" "-I" "/opt/rustwide/cargo-home/registry/src/index.crates.io-6f17d22bba15001f/crabsoup-luau-sys-0.1.0/luau/Analysis/include" "-I" "/opt/rustwide/cargo-home/registry/src/index.crates.io-6f17d22bba15001f/crabsoup-luau-sys-0.1.0/luau/Ast/include" "-I" "/opt/rustwide/cargo-home/registry/src/index.crates.io-6f17d22bba15001f/crabsoup-luau-sys-0.1.0/luau/Common/include" "-I" "/opt/rustwide/cargo-home/registry/src/index.crates.io-6f17d22bba15001f/crabsoup-luau-sys-0.1.0/luau/Config/include" "-std=c++17" "-o" "/opt/rustwide/target/debug/build/crabsoup-luau-sys-b9a0445fef258412/out/d29bf73da7d981de-DcrLogger.o" "-c" "/opt/rustwide/cargo-home/registry/src/index.crates.io-6f17d22bba15001f/crabsoup-luau-sys-0.1.0/luau/Analysis/src/DcrLogger.cpp" with args c++ did not execute successfully (status code exit status: 1).
[INFO] [stderr] 
[INFO] [stderr] error: failed to run custom build command for `crabsoup-luau-sys v0.1.0`
[INFO] [stderr] note: To improve backtraces for build dependencies, set the CARGO_PROFILE_DEV_BUILD_OVERRIDE_DEBUG=true environment variable to enable debug information generation.
[INFO] [stderr] 
[INFO] [stderr] Caused by:
[INFO] [stderr]   process didn't exit successfully: `/opt/rustwide/target/debug/build/crabsoup-luau-sys-2217fcf4b703f844/build-script-build` (exit status: 1)
[INFO] [stderr]   --- stdout
[INFO] [stderr]   OUT_DIR = Some(/opt/rustwide/target/debug/build/crabsoup-luau-sys-b9a0445fef258412/out)
[INFO] [stderr]   TARGET = Some(x86_64-unknown-linux-gnu)
[INFO] [stderr]   OPT_LEVEL = Some(0)
[INFO] [stderr]   HOST = Some(x86_64-unknown-linux-gnu)
[INFO] [stderr]   cargo:rerun-if-env-changed=CXX_x86_64-unknown-linux-gnu
[INFO] [stderr]   CXX_x86_64-unknown-linux-gnu = None
[INFO] [stderr]   cargo:rerun-if-env-changed=CXX_x86_64_unknown_linux_gnu
[INFO] [stderr]   CXX_x86_64_unknown_linux_gnu = None
[INFO] [stderr]   cargo:rerun-if-env-changed=HOST_CXX
[INFO] [stderr]   HOST_CXX = None
[INFO] [stderr]   cargo:rerun-if-env-changed=CXX
[INFO] [stderr]   CXX = None
[INFO] [stderr]   cargo:rerun-if-env-changed=CC_ENABLE_DEBUG_OUTPUT
[INFO] [stderr]   RUSTC_WRAPPER = None
[INFO] [stderr]   cargo:rerun-if-env-changed=CRATE_CC_NO_DEFAULTS
[INFO] [stderr]   CRATE_CC_NO_DEFAULTS = None
[INFO] [stderr]   DEBUG = Some(true)
[INFO] [stderr]   CARGO_CFG_TARGET_FEATURE = Some(fxsr,sse,sse2)
[INFO] [stderr]   cargo:rerun-if-env-changed=CXXFLAGS_x86_64-unknown-linux-gnu
[INFO] [stderr]   CXXFLAGS_x86_64-unknown-linux-gnu = None
[INFO] [stderr]   cargo:rerun-if-env-changed=CXXFLAGS_x86_64_unknown_linux_gnu
[INFO] [stderr]   CXXFLAGS_x86_64_unknown_linux_gnu = None
[INFO] [stderr]   cargo:rerun-if-env-changed=HOST_CXXFLAGS
[INFO] [stderr]   HOST_CXXFLAGS = None
[INFO] [stderr]   cargo:rerun-if-env-changed=CXXFLAGS
[INFO] [stderr]   CXXFLAGS = None
[INFO] [stderr]   OUT_DIR = Some(/opt/rustwide/target/debug/build/crabsoup-luau-sys-b9a0445fef258412/out)
[INFO] [stderr]   cargo:rerun-if-env-changed=CC_ENABLE_DEBUG_OUTPUT
[INFO] [stderr]   cargo:rerun-if-env-changed=CRATE_CC_NO_DEFAULTS
[INFO] [stderr]   CRATE_CC_NO_DEFAULTS = None
[INFO] [stderr]   CARGO_CFG_TARGET_FEATURE = Some(fxsr,sse,sse2)
[INFO] [stderr]   HOST = Some(x86_64-unknown-linux-gnu)
[INFO] [stderr]   cargo:rerun-if-env-changed=CXXFLAGS_x86_64-unknown-linux-gnu
[INFO] [stderr]   CXXFLAGS_x86_64-unknown-linux-gnu = None
[INFO] [stderr]   cargo:rerun-if-env-changed=CXXFLAGS_x86_64_unknown_linux_gnu
[INFO] [stderr]   CXXFLAGS_x86_64_unknown_linux_gnu = None
[INFO] [stderr]   cargo:rerun-if-env-changed=HOST_CXXFLAGS
[INFO] [stderr]   HOST_CXXFLAGS = None
[INFO] [stderr]   cargo:rerun-if-env-changed=CXXFLAGS
[INFO] [stderr]   CXXFLAGS = None
[INFO] [stderr]   cargo:warning=c++: fatal error: Killed signal terminated program cc1plus
[INFO] [stderr]   cargo:warning=compilation terminated.
[INFO] [stderr]   exit status: 1
[INFO] [stderr]   cargo:warning=ToolExecError: Command "c++" "-O0" "-ffunction-sections" "-fdata-sections" "-fPIC" "-gdwarf-4" "-fno-omit-frame-pointer" "-m64" "-I" "/opt/rustwide/cargo-home/registry/src/index.crates.io-6f17d22bba15001f/crabsoup-luau-sys-0.1.0/luau/Analysis/include" "-I" "/opt/rustwide/cargo-home/registry/src/index.crates.io-6f17d22bba15001f/crabsoup-luau-sys-0.1.0/luau/Ast/include" "-I" "/opt/rustwide/cargo-home/registry/src/index.crates.io-6f17d22bba15001f/crabsoup-luau-sys-0.1.0/luau/Common/include" "-I" "/opt/rustwide/cargo-home/registry/src/index.crates.io-6f17d22bba15001f/crabsoup-luau-sys-0.1.0/luau/Config/include" "-std=c++17" "-o" "/opt/rustwide/target/debug/build/crabsoup-luau-sys-b9a0445fef258412/out/d29bf73da7d981de-DataFlowGraph.o" "-c" "/opt/rustwide/cargo-home/registry/src/index.crates.io-6f17d22bba15001f/crabsoup-luau-sys-0.1.0/luau/Analysis/src/DataFlowGraph.cpp" with args c++ did not execute successfully (status code exit status: 1).cargo:warning=c++: fatal error: Killed signal terminated program cc1plus
[INFO] [stderr]   cargo:warning=compilation terminated.
[INFO] [stderr] 
[INFO] [stderr]   exit status: 1
[INFO] [stderr]   cargo:warning=ToolExecError: Command "c++" "-O0" "-ffunction-sections" "-fdata-sections" "-fPIC" "-gdwarf-4" "-fno-omit-frame-pointer" "-m64" "-I" "/opt/rustwide/cargo-home/registry/src/index.crates.io-6f17d22bba15001f/crabsoup-luau-sys-0.1.0/luau/Analysis/include" "-I" "/opt/rustwide/cargo-home/registry/src/index.crates.io-6f17d22bba15001f/crabsoup-luau-sys-0.1.0/luau/Ast/include" "-I" "/opt/rustwide/cargo-home/registry/src/index.crates.io-6f17d22bba15001f/crabsoup-luau-sys-0.1.0/luau/Common/include" "-I" "/opt/rustwide/cargo-home/registry/src/index.crates.io-6f17d22bba15001f/crabsoup-luau-sys-0.1.0/luau/Config/include" "-std=c++17" "-o" "/opt/rustwide/target/debug/build/crabsoup-luau-sys-b9a0445fef258412/out/d29bf73da7d981de-ToDot.o" "-c" "/opt/rustwide/cargo-home/registry/src/index.crates.io-6f17d22bba15001f/crabsoup-luau-sys-0.1.0/luau/Analysis/src/ToDot.cpp" with args c++ did not execute successfully (status code exit status: 1).cargo:warning=c++: fatal error: Killed signal terminated program cc1plus
[INFO] [stderr]   cargo:warning=compilation terminated.
[INFO] [stderr] 
[INFO] [stderr]   exit status: 1
[INFO] [stderr]   cargo:warning=ToolExecError: Command "c++" "-O0" "-ffunction-sections" "-fdata-sections" "-fPIC" "-gdwarf-4" "-fno-omit-frame-pointer" "-m64" "-I" "/opt/rustwide/cargo-home/registry/src/index.crates.io-6f17d22bba15001f/crabsoup-luau-sys-0.1.0/luau/Analysis/include" "-I" "/opt/rustwide/cargo-home/registry/src/index.crates.io-6f17d22bba15001f/crabsoup-luau-sys-0.1.0/luau/Ast/include" "-I" "/opt/rustwide/cargo-home/registry/src/index.crates.io-6f17d22bba15001f/crabsoup-luau-sys-0.1.0/luau/Common/include" "-I" "/opt/rustwide/cargo-home/registry/src/index.crates.io-6f17d22bba15001f/crabsoup-luau-sys-0.1.0/luau/Config/include" "-std=c++17" "-o" "/opt/rustwide/target/debug/build/crabsoup-luau-sys-b9a0445fef258412/out/d29bf73da7d981de-Anyification.o" "-c" "/opt/rustwide/cargo-home/registry/src/index.crates.io-6f17d22bba15001f/crabsoup-luau-sys-0.1.0/luau/Analysis/src/Anyification.cpp" with args c++ did not execute successfully (status code exit status: 1).cargo:warning=c++: fatal error: Killed signal terminated program cc1plus
[INFO] [stderr]   cargo:warning=compilation terminated.
[INFO] [stderr] 
[INFO] [stderr]   exit status: 1
[INFO] [stderr]   cargo:warning=ToolExecError: Command "c++" "-O0" "-ffunction-sections" "-fdata-sections" "-fPIC" "-gdwarf-4" "-fno-omit-frame-pointer" "-m64" "-I" "/opt/rustwide/cargo-home/registry/src/index.crates.io-6f17d22bba15001f/crabsoup-luau-sys-0.1.0/luau/Analysis/include" "-I" "/opt/rustwide/cargo-home/registry/src/index.crates.io-6f17d22bba15001f/crabsoup-luau-sys-0.1.0/luau/Ast/include" "-I" "/opt/rustwide/cargo-home/registry/src/index.crates.io-6f17d22bba15001f/crabsoup-luau-sys-0.1.0/luau/Common/include" "-I" "/opt/rustwide/cargo-home/registry/src/index.crates.io-6f17d22bba15001f/crabsoup-luau-sys-0.1.0/luau/Config/include" "-std=c++17" "-o" "/opt/rustwide/target/debug/build/crabsoup-luau-sys-b9a0445fef258412/out/d29bf73da7d981de-ConstraintSolver.o" "-c" "/opt/rustwide/cargo-home/registry/src/index.crates.io-6f17d22bba15001f/crabsoup-luau-sys-0.1.0/luau/Analysis/src/ConstraintSolver.cpp" with args c++ did not execute successfully (status code exit status: 1).cargo:warning=c++: fatal error: Killed signal terminated program cc1plus
[INFO] [stderr]   cargo:warning=compilation terminated.
[INFO] [stderr] 
[INFO] [stderr]   exit status: 1
[INFO] [stderr]   cargo:warning=ToolExecError: Command "c++" "-O0" "-ffunction-sections" "-fdata-sections" "-fPIC" "-gdwarf-4" "-fno-omit-frame-pointer" "-m64" "-I" "/opt/rustwide/cargo-home/registry/src/index.crates.io-6f17d22bba15001f/crabsoup-luau-sys-0.1.0/luau/Analysis/include" "-I" "/opt/rustwide/cargo-home/registry/src/index.crates.io-6f17d22bba15001f/crabsoup-luau-sys-0.1.0/luau/Ast/include" "-I" "/opt/rustwide/cargo-home/registry/src/index.crates.io-6f17d22bba15001f/crabsoup-luau-sys-0.1.0/luau/Common/include" "-I" "/opt/rustwide/cargo-home/registry/src/index.crates.io-6f17d22bba15001f/crabsoup-luau-sys-0.1.0/luau/Config/include" "-std=c++17" "-o" "/opt/rustwide/target/debug/build/crabsoup-luau-sys-b9a0445fef258412/out/d29bf73da7d981de-TypeUtils.o" "-c" "/opt/rustwide/cargo-home/registry/src/index.crates.io-6f17d22bba15001f/crabsoup-luau-sys-0.1.0/luau/Analysis/src/TypeUtils.cpp" with args c++ did not execute successfully (status code exit status: 1).cargo:warning=c++: fatal error: Killed signal terminated program cc1plus
[INFO] [stderr]   cargo:warning=compilation terminated.
[INFO] [stderr] 
[INFO] [stderr]   exit status: 1
[INFO] [stderr]   cargo:warning=ToolExecError: Command "c++" "-O0" "-ffunction-sections" "-fdata-sections" "-fPIC" "-gdwarf-4" "-fno-omit-frame-pointer" "-m64" "-I" "/opt/rustwide/cargo-home/registry/src/index.crates.io-6f17d22bba15001f/crabsoup-luau-sys-0.1.0/luau/Analysis/include" "-I" "/opt/rustwide/cargo-home/registry/src/index.crates.io-6f17d22bba15001f/crabsoup-luau-sys-0.1.0/luau/Ast/include" "-I" "/opt/rustwide/cargo-home/registry/src/index.crates.io-6f17d22bba15001f/crabsoup-luau-sys-0.1.0/luau/Common/include" "-I" "/opt/rustwide/cargo-home/registry/src/index.crates.io-6f17d22bba15001f/crabsoup-luau-sys-0.1.0/luau/Config/include" "-std=c++17" "-o" "/opt/rustwide/target/debug/build/crabsoup-luau-sys-b9a0445fef258412/out/d29bf73da7d981de-OverloadResolution.o" "-c" "/opt/rustwide/cargo-home/registry/src/index.crates.io-6f17d22bba15001f/crabsoup-luau-sys-0.1.0/luau/Analysis/src/OverloadResolution.cpp" with args c++ did not execute successfully (status code exit status: 1).cargo:warning=c++: fatal error: Killed signal terminated program cc1plus
[INFO] [stderr]   cargo:warning=compilation terminated.
[INFO] [stderr] 
[INFO] [stderr]   exit status: 1
[INFO] [stderr]   cargo:warning=ToolExecError: Command "c++" "-O0" "-ffunction-sections" "-fdata-sections" "-fPIC" "-gdwarf-4" "-fno-omit-frame-pointer" "-m64" "-I" "/opt/rustwide/cargo-home/registry/src/index.crates.io-6f17d22bba15001f/crabsoup-luau-sys-0.1.0/luau/Analysis/include" "-I" "/opt/rustwide/cargo-home/registry/src/index.crates.io-6f17d22bba15001f/crabsoup-luau-sys-0.1.0/luau/Ast/include" "-I" "/opt/rustwide/cargo-home/registry/src/index.crates.io-6f17d22bba15001f/crabsoup-luau-sys-0.1.0/luau/Common/include" "-I" "/opt/rustwide/cargo-home/registry/src/index.crates.io-6f17d22bba15001f/crabsoup-luau-sys-0.1.0/luau/Config/include" "-std=c++17" "-o" "/opt/rustwide/target/debug/build/crabsoup-luau-sys-b9a0445fef258412/out/d29bf73da7d981de-AstQuery.o" "-c" "/opt/rustwide/cargo-home/registry/src/index.crates.io-6f17d22bba15001f/crabsoup-luau-sys-0.1.0/luau/Analysis/src/AstQuery.cpp" with args c++ did not execute successfully (status code exit status: 1).cargo:warning=c++: fatal error: Killed signal terminated program cc1plus
[INFO] [stderr]   cargo:warning=compilation terminated.
[INFO] [stderr] 
[INFO] [stderr]   exit status: 1
[INFO] [stderr]   cargo:warning=ToolExecError: Command "c++" "-O0" "-ffunction-sections" "-fdata-sections" "-fPIC" "-gdwarf-4" "-fno-omit-frame-pointer" "-m64" "-I" "/opt/rustwide/cargo-home/registry/src/index.crates.io-6f17d22bba15001f/crabsoup-luau-sys-0.1.0/luau/Analysis/include" "-I" "/opt/rustwide/cargo-home/registry/src/index.crates.io-6f17d22bba15001f/crabsoup-luau-sys-0.1.0/luau/Ast/include" "-I" "/opt/rustwide/cargo-home/registry/src/index.crates.io-6f17d22bba15001f/crabsoup-luau-sys-0.1.0/luau/Common/include" "-I" "/opt/rustwide/cargo-home/registry/src/index.crates.io-6f17d22bba15001f/crabsoup-luau-sys-0.1.0/luau/Config/include" "-std=c++17" "-o" "/opt/rustwide/target/debug/build/crabsoup-luau-sys-b9a0445fef258412/out/d29bf73da7d981de-TypeChecker2.o" "-c" "/opt/rustwide/cargo-home/registry/src/index.crates.io-6f17d22bba15001f/crabsoup-luau-sys-0.1.0/luau/Analysis/src/TypeChecker2.cpp" with args c++ did not execute successfully (status code exit status: 1).cargo:warning=c++: fatal error: Killed signal terminated program cc1plus
[INFO] [stderr]   cargo:warning=compilation terminated.
[INFO] [stderr] 
[INFO] [stderr]   exit status: 1
[INFO] [stderr]   cargo:warning=ToolExecError: Command "c++" "-O0" "-ffunction-sections" "-fdata-sections" "-fPIC" "-gdwarf-4" "-fno-omit-frame-pointer" "-m64" "-I" "/opt/rustwide/cargo-home/registry/src/index.crates.io-6f17d22bba15001f/crabsoup-luau-sys-0.1.0/luau/Analysis/include" "-I" "/opt/rustwide/cargo-home/registry/src/index.crates.io-6f17d22bba15001f/crabsoup-luau-sys-0.1.0/luau/Ast/include" "-I" "/opt/rustwide/cargo-home/registry/src/index.crates.io-6f17d22bba15001f/crabsoup-luau-sys-0.1.0/luau/Common/include" "-I" "/opt/rustwide/cargo-home/registry/src/index.crates.io-6f17d22bba15001f/crabsoup-luau-sys-0.1.0/luau/Config/include" "-std=c++17" "-o" "/opt/rustwide/target/debug/build/crabsoup-luau-sys-b9a0445fef258412/out/d29bf73da7d981de-Module.o" "-c" "/opt/rustwide/cargo-home/registry/src/index.crates.io-6f17d22bba15001f/crabsoup-luau-sys-0.1.0/luau/Analysis/src/Module.cpp" with args c++ did not execute successfully (status code exit status: 1).cargo:warning=c++: fatal error: Killed signal terminated program cc1plus
[INFO] [stderr]   cargo:warning=compilation terminated.
[INFO] [stderr] 
[INFO] [stderr]   exit status: 0
[INFO] [stderr]   exit status: 1
[INFO] [stderr]   cargo:warning=ToolExecError: Command "c++" "-O0" "-ffunction-sections" "-fdata-sections" "-fPIC" "-gdwarf-4" "-fno-omit-frame-pointer" "-m64" "-I" "/opt/rustwide/cargo-home/registry/src/index.crates.io-6f17d22bba15001f/crabsoup-luau-sys-0.1.0/luau/Analysis/include" "-I" "/opt/rustwide/cargo-home/registry/src/index.crates.io-6f17d22bba15001f/crabsoup-luau-sys-0.1.0/luau/Ast/include" "-I" "/opt/rustwide/cargo-home/registry/src/index.crates.io-6f17d22bba15001f/crabsoup-luau-sys-0.1.0/luau/Common/include" "-I" "/opt/rustwide/cargo-home/registry/src/index.crates.io-6f17d22bba15001f/crabsoup-luau-sys-0.1.0/luau/Config/include" "-std=c++17" "-o" "/opt/rustwide/target/debug/build/crabsoup-luau-sys-b9a0445fef258412/out/d29bf73da7d981de-NonStrictTypeChecker.o" "-c" "/opt/rustwide/cargo-home/registry/src/index.crates.io-6f17d22bba15001f/crabsoup-luau-sys-0.1.0/luau/Analysis/src/NonStrictTypeChecker.cpp" with args c++ did not execute successfully (status code exit status: 1).cargo:warning=c++: fatal error: Killed signal terminated program cc1plus
[INFO] [stderr]   cargo:warning=compilation terminated.
[INFO] [stderr] 
[INFO] [stderr]   exit status: 1
[INFO] [stderr]   cargo:warning=ToolExecError: Command "c++" "-O0" "-ffunction-sections" "-fdata-sections" "-fPIC" "-gdwarf-4" "-fno-omit-frame-pointer" "-m64" "-I" "/opt/rustwide/cargo-home/registry/src/index.crates.io-6f17d22bba15001f/crabsoup-luau-sys-0.1.0/luau/Analysis/include" "-I" "/opt/rustwide/cargo-home/registry/src/index.crates.io-6f17d22bba15001f/crabsoup-luau-sys-0.1.0/luau/Ast/include" "-I" "/opt/rustwide/cargo-home/registry/src/index.crates.io-6f17d22bba15001f/crabsoup-luau-sys-0.1.0/luau/Common/include" "-I" "/opt/rustwide/cargo-home/registry/src/index.crates.io-6f17d22bba15001f/crabsoup-luau-sys-0.1.0/luau/Config/include" "-std=c++17" "-o" "/opt/rustwide/target/debug/build/crabsoup-luau-sys-b9a0445fef258412/out/d29bf73da7d981de-Frontend.o" "-c" "/opt/rustwide/cargo-home/registry/src/index.crates.io-6f17d22bba15001f/crabsoup-luau-sys-0.1.0/luau/Analysis/src/Frontend.cpp" with args c++ did not execute successfully (status code exit status: 1).cargo:warning=c++: fatal error: Killed signal terminated program cc1plus
[INFO] [stderr]   cargo:warning=compilation terminated.
[INFO] [stderr] 
[INFO] [stderr]   exit status: 1
[INFO] [stderr]   cargo:warning=ToolExecError: Command "c++" "-O0" "-ffunction-sections" "-fdata-sections" "-fPIC" "-gdwarf-4" "-fno-omit-frame-pointer" "-m64" "-I" "/opt/rustwide/cargo-home/registry/src/index.crates.io-6f17d22bba15001f/crabsoup-luau-sys-0.1.0/luau/Analysis/include" "-I" "/opt/rustwide/cargo-home/registry/src/index.crates.io-6f17d22bba15001f/crabsoup-luau-sys-0.1.0/luau/Ast/include" "-I" "/opt/rustwide/cargo-home/registry/src/index.crates.io-6f17d22bba15001f/crabsoup-luau-sys-0.1.0/luau/Common/include" "-I" "/opt/rustwide/cargo-home/registry/src/index.crates.io-6f17d22bba15001f/crabsoup-luau-sys-0.1.0/luau/Config/include" "-std=c++17" "-o" "/opt/rustwide/target/debug/build/crabsoup-luau-sys-b9a0445fef258412/out/d29bf73da7d981de-Generalization.o" "-c" "/opt/rustwide/cargo-home/registry/src/index.crates.io-6f17d22bba15001f/crabsoup-luau-sys-0.1.0/luau/Analysis/src/Generalization.cpp" with args c++ did not execute successfully (status code exit status: 1).cargo:warning=c++: fatal error: Killed signal terminated program cc1plus
[INFO] [stderr]   cargo:warning=compilation terminated.
[INFO] [stderr] 
[INFO] [stderr]   exit status: 1
[INFO] [stderr]   cargo:warning=ToolExecError: Command "c++" "-O0" "-ffunction-sections" "-fdata-sections" "-fPIC" "-gdwarf-4" "-fno-omit-frame-pointer" "-m64" "-I" "/opt/rustwide/cargo-home/registry/src/index.crates.io-6f17d22bba15001f/crabsoup-luau-sys-0.1.0/luau/Analysis/include" "-I" "/opt/rustwide/cargo-home/registry/src/index.crates.io-6f17d22bba15001f/crabsoup-luau-sys-0.1.0/luau/Ast/include" "-I" "/opt/rustwide/cargo-home/registry/src/index.crates.io-6f17d22bba15001f/crabsoup-luau-sys-0.1.0/luau/Common/include" "-I" "/opt/rustwide/cargo-home/registry/src/index.crates.io-6f17d22bba15001f/crabsoup-luau-sys-0.1.0/luau/Config/include" "-std=c++17" "-o" "/opt/rustwide/target/debug/build/crabsoup-luau-sys-b9a0445fef258412/out/d29bf73da7d981de-Differ.o" "-c" "/opt/rustwide/cargo-home/registry/src/index.crates.io-6f17d22bba15001f/crabsoup-luau-sys-0.1.0/luau/Analysis/src/Differ.cpp" with args c++ did not execute successfully (status code exit status: 1).cargo:warning=c++: fatal error: Killed signal terminated program cc1plus
[INFO] [stderr]   cargo:warning=compilation terminated.
[INFO] [stderr] 
[INFO] [stderr]   exit status: 1
[INFO] [stderr]   cargo:warning=ToolExecError: Command "c++" "-O0" "-ffunction-sections" "-fdata-sections" "-fPIC" "-gdwarf-4" "-fno-omit-frame-pointer" "-m64" "-I" "/opt/rustwide/cargo-home/registry/src/index.crates.io-6f17d22bba15001f/crabsoup-luau-sys-0.1.0/luau/Analysis/include" "-I" "/opt/rustwide/cargo-home/registry/src/index.crates.io-6f17d22bba15001f/crabsoup-luau-sys-0.1.0/luau/Ast/include" "-I" "/opt/rustwide/cargo-home/registry/src/index.crates.io-6f17d22bba15001f/crabsoup-luau-sys-0.1.0/luau/Common/include" "-I" "/opt/rustwide/cargo-home/registry/src/index.crates.io-6f17d22bba15001f/crabsoup-luau-sys-0.1.0/luau/Config/include" "-std=c++17" "-o" "/opt/rustwide/target/debug/build/crabsoup-luau-sys-b9a0445fef258412/out/d29bf73da7d981de-TypeInfer.o" "-c" "/opt/rustwide/cargo-home/registry/src/index.crates.io-6f17d22bba15001f/crabsoup-luau-sys-0.1.0/luau/Analysis/src/TypeInfer.cpp" with args c++ did not execute successfully (status code exit status: 1).cargo:warning=c++: fatal error: Killed signal terminated program cc1plus
[INFO] [stderr]   cargo:warning=compilation terminated.
[INFO] [stderr] 
[INFO] [stderr]   exit status: 1
[INFO] [stderr]   cargo:warning=ToolExecError: Command "c++" "-O0" "-ffunction-sections" "-fdata-sections" "-fPIC" "-gdwarf-4" "-fno-omit-frame-pointer" "-m64" "-I" "/opt/rustwide/cargo-home/registry/src/index.crates.io-6f17d22bba15001f/crabsoup-luau-sys-0.1.0/luau/Analysis/include" "-I" "/opt/rustwide/cargo-home/registry/src/index.crates.io-6f17d22bba15001f/crabsoup-luau-sys-0.1.0/luau/Ast/include" "-I" "/opt/rustwide/cargo-home/registry/src/index.crates.io-6f17d22bba15001f/crabsoup-luau-sys-0.1.0/luau/Common/include" "-I" "/opt/rustwide/cargo-home/registry/src/index.crates.io-6f17d22bba15001f/crabsoup-luau-sys-0.1.0/luau/Config/include" "-std=c++17" "-o" "/opt/rustwide/target/debug/build/crabsoup-luau-sys-b9a0445fef258412/out/d29bf73da7d981de-TxnLog.o" "-c" "/opt/rustwide/cargo-home/registry/src/index.crates.io-6f17d22bba15001f/crabsoup-luau-sys-0.1.0/luau/Analysis/src/TxnLog.cpp" with args c++ did not execute successfully (status code exit status: 1).cargo:warning=c++: fatal error: Killed signal terminated program cc1plus
[INFO] [stderr]   cargo:warning=compilation terminated.
[INFO] [stderr] 
[INFO] [stderr]   exit status: 0
[INFO] [stderr]   exit status: 1
[INFO] [stderr]   cargo:warning=ToolExecError: Command "c++" "-O0" "-ffunction-sections" "-fdata-sections" "-fPIC" "-gdwarf-4" "-fno-omit-frame-pointer" "-m64" "-I" "/opt/rustwide/cargo-home/registry/src/index.crates.io-6f17d22bba15001f/crabsoup-luau-sys-0.1.0/luau/Analysis/include" "-I" "/opt/rustwide/cargo-home/registry/src/index.crates.io-6f17d22bba15001f/crabsoup-luau-sys-0.1.0/luau/Ast/include" "-I" "/opt/rustwide/cargo-home/registry/src/index.crates.io-6f17d22bba15001f/crabsoup-luau-sys-0.1.0/luau/Common/include" "-I" "/opt/rustwide/cargo-home/registry/src/index.crates.io-6f17d22bba15001f/crabsoup-luau-sys-0.1.0/luau/Config/include" "-std=c++17" "-o" "/opt/rustwide/target/debug/build/crabsoup-luau-sys-b9a0445fef258412/out/d29bf73da7d981de-Error.o" "-c" "/opt/rustwide/cargo-home/registry/src/index.crates.io-6f17d22bba15001f/crabsoup-luau-sys-0.1.0/luau/Analysis/src/Error.cpp" with args c++ did not execute successfully (status code exit status: 1).cargo:warning=c++: fatal error: Killed signal terminated program cc1plus
[INFO] [stderr]   cargo:warning=compilation terminated.
[INFO] [stderr] 
[INFO] [stderr]   exit status: 0
[INFO] [stderr]   exit status: 0
[INFO] [stderr]   exit status: 1
[INFO] [stderr]   cargo:warning=ToolExecError: Command "c++" "-O0" "-ffunction-sections" "-fdata-sections" "-fPIC" "-gdwarf-4" "-fno-omit-frame-pointer" "-m64" "-I" "/opt/rustwide/cargo-home/registry/src/index.crates.io-6f17d22bba15001f/crabsoup-luau-sys-0.1.0/luau/Analysis/include" "-I" "/opt/rustwide/cargo-home/registry/src/index.crates.io-6f17d22bba15001f/crabsoup-luau-sys-0.1.0/luau/Ast/include" "-I" "/opt/rustwide/cargo-home/registry/src/index.crates.io-6f17d22bba15001f/crabsoup-luau-sys-0.1.0/luau/Common/include" "-I" "/opt/rustwide/cargo-home/registry/src/index.crates.io-6f17d22bba15001f/crabsoup-luau-sys-0.1.0/luau/Config/include" "-std=c++17" "-o" "/opt/rustwide/target/debug/build/crabsoup-luau-sys-b9a0445fef258412/out/d29bf73da7d981de-Unifier2.o" "-c" "/opt/rustwide/cargo-home/registry/src/index.crates.io-6f17d22bba15001f/crabsoup-luau-sys-0.1.0/luau/Analysis/src/Unifier2.cpp" with args c++ did not execute successfully (status code exit status: 1).cargo:warning=c++: fatal error: Killed signal terminated program cc1plus
[INFO] [stderr]   cargo:warning=compilation terminated.
[INFO] [stderr] 
[INFO] [stderr]   exit status: 1
[INFO] [stderr]   cargo:warning=ToolExecError: Command "c++" "-O0" "-ffunction-sections" "-fdata-sections" "-fPIC" "-gdwarf-4" "-fno-omit-frame-pointer" "-m64" "-I" "/opt/rustwide/cargo-home/registry/src/index.crates.io-6f17d22bba15001f/crabsoup-luau-sys-0.1.0/luau/Analysis/include" "-I" "/opt/rustwide/cargo-home/registry/src/index.crates.io-6f17d22bba15001f/crabsoup-luau-sys-0.1.0/luau/Ast/include" "-I" "/opt/rustwide/cargo-home/registry/src/index.crates.io-6f17d22bba15001f/crabsoup-luau-sys-0.1.0/luau/Common/include" "-I" "/opt/rustwide/cargo-home/registry/src/index.crates.io-6f17d22bba15001f/crabsoup-luau-sys-0.1.0/luau/Config/include" "-std=c++17" "-o" "/opt/rustwide/target/debug/build/crabsoup-luau-sys-b9a0445fef258412/out/d29bf73da7d981de-Quantify.o" "-c" "/opt/rustwide/cargo-home/registry/src/index.crates.io-6f17d22bba15001f/crabsoup-luau-sys-0.1.0/luau/Analysis/src/Quantify.cpp" with args c++ did not execute successfully (status code exit status: 1).cargo:warning=c++: fatal error: Killed signal terminated program cc1plus
[INFO] [stderr]   cargo:warning=compilation terminated.
[INFO] [stderr] 
[INFO] [stderr]   exit status: 0
[INFO] [stderr]   exit status: 1
[INFO] [stderr]   cargo:warning=ToolExecError: Command "c++" "-O0" "-ffunction-sections" "-fdata-sections" "-fPIC" "-gdwarf-4" "-fno-omit-frame-pointer" "-m64" "-I" "/opt/rustwide/cargo-home/registry/src/index.crates.io-6f17d22bba15001f/crabsoup-luau-sys-0.1.0/luau/Analysis/include" "-I" "/opt/rustwide/cargo-home/registry/src/index.crates.io-6f17d22bba15001f/crabsoup-luau-sys-0.1.0/luau/Ast/include" "-I" "/opt/rustwide/cargo-home/registry/src/index.crates.io-6f17d22bba15001f/crabsoup-luau-sys-0.1.0/luau/Common/include" "-I" "/opt/rustwide/cargo-home/registry/src/index.crates.io-6f17d22bba15001f/crabsoup-luau-sys-0.1.0/luau/Config/include" "-std=c++17" "-o" "/opt/rustwide/target/debug/build/crabsoup-luau-sys-b9a0445fef258412/out/d29bf73da7d981de-TypeFunction.o" "-c" "/opt/rustwide/cargo-home/registry/src/index.crates.io-6f17d22bba15001f/crabsoup-luau-sys-0.1.0/luau/Analysis/src/TypeFunction.cpp" with args c++ did not execute successfully (status code exit status: 1).cargo:warning=c++: fatal error: Killed signal terminated program cc1plus
[INFO] [stderr]   cargo:warning=compilation terminated.
[INFO] [stderr] 
[INFO] [stderr]   exit status: 1
[INFO] [stderr]   cargo:warning=ToolExecError: Command "c++" "-O0" "-ffunction-sections" "-fdata-sections" "-fPIC" "-gdwarf-4" "-fno-omit-frame-pointer" "-m64" "-I" "/opt/rustwide/cargo-home/registry/src/index.crates.io-6f17d22bba15001f/crabsoup-luau-sys-0.1.0/luau/Analysis/include" "-I" "/opt/rustwide/cargo-home/registry/src/index.crates.io-6f17d22bba15001f/crabsoup-luau-sys-0.1.0/luau/Ast/include" "-I" "/opt/rustwide/cargo-home/registry/src/index.crates.io-6f17d22bba15001f/crabsoup-luau-sys-0.1.0/luau/Common/include" "-I" "/opt/rustwide/cargo-home/registry/src/index.crates.io-6f17d22bba15001f/crabsoup-luau-sys-0.1.0/luau/Config/include" "-std=c++17" "-o" "/opt/rustwide/target/debug/build/crabsoup-luau-sys-b9a0445fef258412/out/d29bf73da7d981de-BuiltinDefinitions.o" "-c" "/opt/rustwide/cargo-home/registry/src/index.crates.io-6f17d22bba15001f/crabsoup-luau-sys-0.1.0/luau/Analysis/src/BuiltinDefinitions.cpp" with args c++ did not execute successfully (status code exit status: 1).cargo:warning=c++: fatal error: Killed signal terminated program cc1plus
[INFO] [stderr]   cargo:warning=compilation terminated.
[INFO] [stderr] 
[INFO] [stderr]   exit status: 1
[INFO] [stderr]   cargo:warning=ToolExecError: Command "c++" "-O0" "-ffunction-sections" "-fdata-sections" "-fPIC" "-gdwarf-4" "-fno-omit-frame-pointer" "-m64" "-I" "/opt/rustwide/cargo-home/registry/src/index.crates.io-6f17d22bba15001f/crabsoup-luau-sys-0.1.0/luau/Analysis/include" "-I" "/opt/rustwide/cargo-home/registry/src/index.crates.io-6f17d22bba15001f/crabsoup-luau-sys-0.1.0/luau/Ast/include" "-I" "/opt/rustwide/cargo-home/registry/src/index.crates.io-6f17d22bba15001f/crabsoup-luau-sys-0.1.0/luau/Common/include" "-I" "/opt/rustwide/cargo-home/registry/src/index.crates.io-6f17d22bba15001f/crabsoup-luau-sys-0.1.0/luau/Config/include" "-std=c++17" "-o" "/opt/rustwide/target/debug/build/crabsoup-luau-sys-b9a0445fef258412/out/d29bf73da7d981de-Type.o" "-c" "/opt/rustwide/cargo-home/registry/src/index.crates.io-6f17d22bba15001f/crabsoup-luau-sys-0.1.0/luau/Analysis/src/Type.cpp" with args c++ did not execute successfully (status code exit status: 1).cargo:warning=c++: fatal error: Killed signal terminated program cc1plus
[INFO] [stderr]   cargo:warning=compilation terminated.
[INFO] [stderr] 
[INFO] [stderr]   exit status: 0
[INFO] [stderr]   exit status: 1
[INFO] [stderr]   cargo:warning=ToolExecError: Command "c++" "-O0" "-ffunction-sections" "-fdata-sections" "-fPIC" "-gdwarf-4" "-fno-omit-frame-pointer" "-m64" "-I" "/opt/rustwide/cargo-home/registry/src/index.crates.io-6f17d22bba15001f/crabsoup-luau-sys-0.1.0/luau/Analysis/include" "-I" "/opt/rustwide/cargo-home/registry/src/index.crates.io-6f17d22bba15001f/crabsoup-luau-sys-0.1.0/luau/Ast/include" "-I" "/opt/rustwide/cargo-home/registry/src/index.crates.io-6f17d22bba15001f/crabsoup-luau-sys-0.1.0/luau/Common/include" "-I" "/opt/rustwide/cargo-home/registry/src/index.crates.io-6f17d22bba15001f/crabsoup-luau-sys-0.1.0/luau/Config/include" "-std=c++17" "-o" "/opt/rustwide/target/debug/build/crabsoup-luau-sys-b9a0445fef258412/out/d29bf73da7d981de-RequireTracer.o" "-c" "/opt/rustwide/cargo-home/registry/src/index.crates.io-6f17d22bba15001f/crabsoup-luau-sys-0.1.0/luau/Analysis/src/RequireTracer.cpp" with args c++ did not execute successfully (status code exit status: 1).cargo:warning=c++: fatal error: Killed signal terminated program cc1plus
[INFO] [stderr]   cargo:warning=compilation terminated.
[INFO] [stderr] 
[INFO] [stderr]   exit status: 1
[INFO] [stderr]   cargo:warning=ToolExecError: Command "c++" "-O0" "-ffunction-sections" "-fdata-sections" "-fPIC" "-gdwarf-4" "-fno-omit-frame-pointer" "-m64" "-I" "/opt/rustwide/cargo-home/registry/src/index.crates.io-6f17d22bba15001f/crabsoup-luau-sys-0.1.0/luau/Analysis/include" "-I" "/opt/rustwide/cargo-home/registry/src/index.crates.io-6f17d22bba15001f/crabsoup-luau-sys-0.1.0/luau/Ast/include" "-I" "/opt/rustwide/cargo-home/registry/src/index.crates.io-6f17d22bba15001f/crabsoup-luau-sys-0.1.0/luau/Common/include" "-I" "/opt/rustwide/cargo-home/registry/src/index.crates.io-6f17d22bba15001f/crabsoup-luau-sys-0.1.0/luau/Config/include" "-std=c++17" "-o" "/opt/rustwide/target/debug/build/crabsoup-luau-sys-b9a0445fef258412/out/d29bf73da7d981de-TableLiteralInference.o" "-c" "/opt/rustwide/cargo-home/registry/src/index.crates.io-6f17d22bba15001f/crabsoup-luau-sys-0.1.0/luau/Analysis/src/TableLiteralInference.cpp" with args c++ did not execute successfully (status code exit status: 1).cargo:warning=c++: fatal error: Killed signal terminated program cc1plus
[INFO] [stderr]   cargo:warning=compilation terminated.
[INFO] [stderr] 
[INFO] [stderr]   exit status: 0
[INFO] [stderr]   exit status: 1
[INFO] [stderr]   cargo:warning=ToolExecError: Command "c++" "-O0" "-ffunction-sections" "-fdata-sections" "-fPIC" "-gdwarf-4" "-fno-omit-frame-pointer" "-m64" "-I" "/opt/rustwide/cargo-home/registry/src/index.crates.io-6f17d22bba15001f/crabsoup-luau-sys-0.1.0/luau/Analysis/include" "-I" "/opt/rustwide/cargo-home/registry/src/index.crates.io-6f17d22bba15001f/crabsoup-luau-sys-0.1.0/luau/Ast/include" "-I" "/opt/rustwide/cargo-home/registry/src/index.crates.io-6f17d22bba15001f/crabsoup-luau-sys-0.1.0/luau/Common/include" "-I" "/opt/rustwide/cargo-home/registry/src/index.crates.io-6f17d22bba15001f/crabsoup-luau-sys-0.1.0/luau/Config/include" "-std=c++17" "-o" "/opt/rustwide/target/debug/build/crabsoup-luau-sys-b9a0445fef258412/out/d29bf73da7d981de-Subtyping.o" "-c" "/opt/rustwide/cargo-home/registry/src/index.crates.io-6f17d22bba15001f/crabsoup-luau-sys-0.1.0/luau/Analysis/src/Subtyping.cpp" with args c++ did not execute successfully (status code exit status: 1).cargo:warning=c++: fatal error: Killed signal terminated program cc1plus
[INFO] [stderr]   cargo:warning=compilation terminated.
[INFO] [stderr] 
[INFO] [stderr]   exit status: 0
[INFO] [stderr]   exit status: 0
[INFO] [stderr]   exit status: 1
[INFO] [stderr]   cargo:warning=ToolExecError: Command "c++" "-O0" "-ffunction-sections" "-fdata-sections" "-fPIC" "-gdwarf-4" "-fno-omit-frame-pointer" "-m64" "-I" "/opt/rustwide/cargo-home/registry/src/index.crates.io-6f17d22bba15001f/crabsoup-luau-sys-0.1.0/luau/Analysis/include" "-I" "/opt/rustwide/cargo-home/registry/src/index.crates.io-6f17d22bba15001f/crabsoup-luau-sys-0.1.0/luau/Ast/include" "-I" "/opt/rustwide/cargo-home/registry/src/index.crates.io-6f17d22bba15001f/crabsoup-luau-sys-0.1.0/luau/Common/include" "-I" "/opt/rustwide/cargo-home/registry/src/index.crates.io-6f17d22bba15001f/crabsoup-luau-sys-0.1.0/luau/Config/include" "-std=c++17" "-o" "/opt/rustwide/target/debug/build/crabsoup-luau-sys-b9a0445fef258412/out/d29bf73da7d981de-Unifier.o" "-c" "/opt/rustwide/cargo-home/registry/src/index.crates.io-6f17d22bba15001f/crabsoup-luau-sys-0.1.0/luau/Analysis/src/Unifier.cpp" with args c++ did not execute successfully (status code exit status: 1).cargo:warning=c++: fatal error: Killed signal terminated program cc1plus
[INFO] [stderr]   cargo:warning=compilation terminated.
[INFO] [stderr] 
[INFO] [stderr]   exit status: 1
[INFO] [stderr]   cargo:warning=ToolExecError: Command "c++" "-O0" "-ffunction-sections" "-fdata-sections" "-fPIC" "-gdwarf-4" "-fno-omit-frame-pointer" "-m64" "-I" "/opt/rustwide/cargo-home/registry/src/index.crates.io-6f17d22bba15001f/crabsoup-luau-sys-0.1.0/luau/Analysis/include" "-I" "/opt/rustwide/cargo-home/registry/src/index.crates.io-6f17d22bba15001f/crabsoup-luau-sys-0.1.0/luau/Ast/include" "-I" "/opt/rustwide/cargo-home/registry/src/index.crates.io-6f17d22bba15001f/crabsoup-luau-sys-0.1.0/luau/Common/include" "-I" "/opt/rustwide/cargo-home/registry/src/index.crates.io-6f17d22bba15001f/crabsoup-luau-sys-0.1.0/luau/Config/include" "-std=c++17" "-o" "/opt/rustwide/target/debug/build/crabsoup-luau-sys-b9a0445fef258412/out/d29bf73da7d981de-Normalize.o" "-c" "/opt/rustwide/cargo-home/registry/src/index.crates.io-6f17d22bba15001f/crabsoup-luau-sys-0.1.0/luau/Analysis/src/Normalize.cpp" with args c++ did not execute successfully (status code exit status: 1).cargo:warning=c++: fatal error: Killed signal terminated program cc1plus
[INFO] [stderr]   cargo:warning=compilation terminated.
[INFO] [stderr] 
[INFO] [stderr]   exit status: 1
[INFO] [stderr]   cargo:warning=ToolExecError: Command "c++" "-O0" "-ffunction-sections" "-fdata-sections" "-fPIC" "-gdwarf-4" "-fno-omit-frame-pointer" "-m64" "-I" "/opt/rustwide/cargo-home/registry/src/index.crates.io-6f17d22bba15001f/crabsoup-luau-sys-0.1.0/luau/Analysis/include" "-I" "/opt/rustwide/cargo-home/registry/src/index.crates.io-6f17d22bba15001f/crabsoup-luau-sys-0.1.0/luau/Ast/include" "-I" "/opt/rustwide/cargo-home/registry/src/index.crates.io-6f17d22bba15001f/crabsoup-luau-sys-0.1.0/luau/Common/include" "-I" "/opt/rustwide/cargo-home/registry/src/index.crates.io-6f17d22bba15001f/crabsoup-luau-sys-0.1.0/luau/Config/include" "-std=c++17" "-o" "/opt/rustwide/target/debug/build/crabsoup-luau-sys-b9a0445fef258412/out/d29bf73da7d981de-TypeAttach.o" "-c" "/opt/rustwide/cargo-home/registry/src/index.crates.io-6f17d22bba15001f/crabsoup-luau-sys-0.1.0/luau/Analysis/src/TypeAttach.cpp" with args c++ did not execute successfully (status code exit status: 1).cargo:warning=c++: fatal error: Killed signal terminated program cc1plus
[INFO] [stderr]   cargo:warning=compilation terminated.
[INFO] [stderr] 
[INFO] [stderr]   exit status: 1
[INFO] [stderr]   cargo:warning=ToolExecError: Command "c++" "-O0" "-ffunction-sections" "-fdata-sections" "-fPIC" "-gdwarf-4" "-fno-omit-frame-pointer" "-m64" "-I" "/opt/rustwide/cargo-home/registry/src/index.crates.io-6f17d22bba15001f/crabsoup-luau-sys-0.1.0/luau/Analysis/include" "-I" "/opt/rustwide/cargo-home/registry/src/index.crates.io-6f17d22bba15001f/crabsoup-luau-sys-0.1.0/luau/Ast/include" "-I" "/opt/rustwide/cargo-home/registry/src/index.crates.io-6f17d22bba15001f/crabsoup-luau-sys-0.1.0/luau/Common/include" "-I" "/opt/rustwide/cargo-home/registry/src/index.crates.io-6f17d22bba15001f/crabsoup-luau-sys-0.1.0/luau/Config/include" "-std=c++17" "-o" "/opt/rustwide/target/debug/build/crabsoup-luau-sys-b9a0445fef258412/out/d29bf73da7d981de-Instantiation.o" "-c" "/opt/rustwide/cargo-home/registry/src/index.crates.io-6f17d22bba15001f/crabsoup-luau-sys-0.1.0/luau/Analysis/src/Instantiation.cpp" with args c++ did not execute successfully (status code exit status: 1).cargo:warning=c++: fatal error: Killed signal terminated program cc1plus
[INFO] [stderr]   cargo:warning=compilation terminated.
[INFO] [stderr] 
[INFO] [stderr]   exit status: 0
[INFO] [stderr]   exit status: 0
[INFO] [stderr]   exit status: 0
[INFO] [stderr]   exit status: 0
[INFO] [stderr]   exit status: 0
[INFO] [stderr]   exit status: 1
[INFO] [stderr]   cargo:warning=ToolExecError: Command "c++" "-O0" "-ffunction-sections" "-fdata-sections" "-fPIC" "-gdwarf-4" "-fno-omit-frame-pointer" "-m64" "-I" "/opt/rustwide/cargo-home/registry/src/index.crates.io-6f17d22bba15001f/crabsoup-luau-sys-0.1.0/luau/Analysis/include" "-I" "/opt/rustwide/cargo-home/registry/src/index.crates.io-6f17d22bba15001f/crabsoup-luau-sys-0.1.0/luau/Ast/include" "-I" "/opt/rustwide/cargo-home/registry/src/index.crates.io-6f17d22bba15001f/crabsoup-luau-sys-0.1.0/luau/Common/include" "-I" "/opt/rustwide/cargo-home/registry/src/index.crates.io-6f17d22bba15001f/crabsoup-luau-sys-0.1.0/luau/Config/include" "-std=c++17" "-o" "/opt/rustwide/target/debug/build/crabsoup-luau-sys-b9a0445fef258412/out/d29bf73da7d981de-ConstraintGenerator.o" "-c" "/opt/rustwide/cargo-home/registry/src/index.crates.io-6f17d22bba15001f/crabsoup-luau-sys-0.1.0/luau/Analysis/src/ConstraintGenerator.cpp" with args c++ did not execute successfully (status code exit status: 1).cargo:warning=c++: fatal error: Killed signal terminated program cc1plus
[INFO] [stderr]   cargo:warning=compilation terminated.
[INFO] [stderr] 
[INFO] [stderr]   exit status: 0
[INFO] [stderr]   exit status: 1
[INFO] [stderr]   cargo:warning=ToolExecError: Command "c++" "-O0" "-ffunction-sections" "-fdata-sections" "-fPIC" "-gdwarf-4" "-fno-omit-frame-pointer" "-m64" "-I" "/opt/rustwide/cargo-home/registry/src/index.crates.io-6f17d22bba15001f/crabsoup-luau-sys-0.1.0/luau/Analysis/include" "-I" "/opt/rustwide/cargo-home/registry/src/index.crates.io-6f17d22bba15001f/crabsoup-luau-sys-0.1.0/luau/Ast/include" "-I" "/opt/rustwide/cargo-home/registry/src/index.crates.io-6f17d22bba15001f/crabsoup-luau-sys-0.1.0/luau/Common/include" "-I" "/opt/rustwide/cargo-home/registry/src/index.crates.io-6f17d22bba15001f/crabsoup-luau-sys-0.1.0/luau/Config/include" "-std=c++17" "-o" "/opt/rustwide/target/debug/build/crabsoup-luau-sys-b9a0445fef258412/out/d29bf73da7d981de-ToString.o" "-c" "/opt/rustwide/cargo-home/registry/src/index.crates.io-6f17d22bba15001f/crabsoup-luau-sys-0.1.0/luau/Analysis/src/ToString.cpp" with args c++ did not execute successfully (status code exit status: 1).cargo:warning=c++: fatal error: Killed signal terminated program cc1plus
[INFO] [stderr]   cargo:warning=compilation terminated.
[INFO] [stderr] 
[INFO] [stderr]   exit status: 1
[INFO] [stderr]   cargo:warning=ToolExecError: Command "c++" "-O0" "-ffunction-sections" "-fdata-sections" "-fPIC" "-gdwarf-4" "-fno-omit-frame-pointer" "-m64" "-I" "/opt/rustwide/cargo-home/registry/src/index.crates.io-6f17d22bba15001f/crabsoup-luau-sys-0.1.0/luau/Analysis/include" "-I" "/opt/rustwide/cargo-home/registry/src/index.crates.io-6f17d22bba15001f/crabsoup-luau-sys-0.1.0/luau/Ast/include" "-I" "/opt/rustwide/cargo-home/registry/src/index.crates.io-6f17d22bba15001f/crabsoup-luau-sys-0.1.0/luau/Common/include" "-I" "/opt/rustwide/cargo-home/registry/src/index.crates.io-6f17d22bba15001f/crabsoup-luau-sys-0.1.0/luau/Config/include" "-std=c++17" "-o" "/opt/rustwide/target/debug/build/crabsoup-luau-sys-b9a0445fef258412/out/d29bf73da7d981de-Linter.o" "-c" "/opt/rustwide/cargo-home/registry/src/index.crates.io-6f17d22bba15001f/crabsoup-luau-sys-0.1.0/luau/Analysis/src/Linter.cpp" with args c++ did not execute successfully (status code exit status: 1).cargo:warning=c++: fatal error: Killed signal terminated program cc1plus
[INFO] [stderr]   cargo:warning=compilation terminated.
[INFO] [stderr] 
[INFO] [stderr]   exit status: 1
[INFO] [stderr]   cargo:warning=ToolExecError: Command "c++" "-O0" "-ffunction-sections" "-fdata-sections" "-fPIC" "-gdwarf-4" "-fno-omit-frame-pointer" "-m64" "-I" "/opt/rustwide/cargo-home/registry/src/index.crates.io-6f17d22bba15001f/crabsoup-luau-sys-0.1.0/luau/Analysis/include" "-I" "/opt/rustwide/cargo-home/registry/src/index.crates.io-6f17d22bba15001f/crabsoup-luau-sys-0.1.0/luau/Ast/include" "-I" "/opt/rustwide/cargo-home/registry/src/index.crates.io-6f17d22bba15001f/crabsoup-luau-sys-0.1.0/luau/Common/include" "-I" "/opt/rustwide/cargo-home/registry/src/index.crates.io-6f17d22bba15001f/crabsoup-luau-sys-0.1.0/luau/Config/include" "-std=c++17" "-o" "/opt/rustwide/target/debug/build/crabsoup-luau-sys-b9a0445fef258412/out/d29bf73da7d981de-TypeFunctionReductionGuesser.o" "-c" "/opt/rustwide/cargo-home/registry/src/index.crates.io-6f17d22bba15001f/crabsoup-luau-sys-0.1.0/luau/Analysis/src/TypeFunctionReductionGuesser.cpp" with args c++ did not execute successfully (status code exit status: 1).cargo:warning=c++: fatal error: Killed signal terminated program cc1plus
[INFO] [stderr]   cargo:warning=compilation terminated.
[INFO] [stderr] 
[INFO] [stderr]   exit status: 0
[INFO] [stderr]   exit status: 1
[INFO] [stderr]   cargo:warning=ToolExecError: Command "c++" "-O0" "-ffunction-sections" "-fdata-sections" "-fPIC" "-gdwarf-4" "-fno-omit-frame-pointer" "-m64" "-I" "/opt/rustwide/cargo-home/registry/src/index.crates.io-6f17d22bba15001f/crabsoup-luau-sys-0.1.0/luau/Analysis/include" "-I" "/opt/rustwide/cargo-home/registry/src/index.crates.io-6f17d22bba15001f/crabsoup-luau-sys-0.1.0/luau/Ast/include" "-I" "/opt/rustwide/cargo-home/registry/src/index.crates.io-6f17d22bba15001f/crabsoup-luau-sys-0.1.0/luau/Common/include" "-I" "/opt/rustwide/cargo-home/registry/src/index.crates.io-6f17d22bba15001f/crabsoup-luau-sys-0.1.0/luau/Config/include" "-std=c++17" "-o" "/opt/rustwide/target/debug/build/crabsoup-luau-sys-b9a0445fef258412/out/d29bf73da7d981de-DcrLogger.o" "-c" "/opt/rustwide/cargo-home/registry/src/index.crates.io-6f17d22bba15001f/crabsoup-luau-sys-0.1.0/luau/Analysis/src/DcrLogger.cpp" with args c++ did not execute successfully (status code exit status: 1).
[INFO] [stderr]   exit status: 0
[INFO] [stderr]   exit status: 0
[INFO] [stderr]   exit status: 0
[INFO] [stderr]   exit status: 0
[INFO] [stderr]   exit status: 0
[INFO] [stderr]   exit status: 0
[INFO] [stderr]   exit status: 0
[INFO] [stderr]   exit status: 0
[INFO] [stderr]   exit status: 0
[INFO] [stderr]   exit status: 0
[INFO] [stderr]   exit status: 0
[INFO] [stderr] 
[INFO] [stderr]   --- stderr
[INFO] [stderr] 
[INFO] [stderr] 
[INFO] [stderr]   error occurred: Command "c++" "-O0" "-ffunction-sections" "-fdata-sections" "-fPIC" "-gdwarf-4" "-fno-omit-frame-pointer" "-m64" "-I" "/opt/rustwide/cargo-home/registry/src/index.crates.io-6f17d22bba15001f/crabsoup-luau-sys-0.1.0/luau/Analysis/include" "-I" "/opt/rustwide/cargo-home/registry/src/index.crates.io-6f17d22bba15001f/crabsoup-luau-sys-0.1.0/luau/Ast/include" "-I" "/opt/rustwide/cargo-home/registry/src/index.crates.io-6f17d22bba15001f/crabsoup-luau-sys-0.1.0/luau/Common/include" "-I" "/opt/rustwide/cargo-home/registry/src/index.crates.io-6f17d22bba15001f/crabsoup-luau-sys-0.1.0/luau/Config/include" "-std=c++17" "-o" "/opt/rustwide/target/debug/build/crabsoup-luau-sys-b9a0445fef258412/out/d29bf73da7d981de-DcrLogger.o" "-c" "/opt/rustwide/cargo-home/registry/src/index.crates.io-6f17d22bba15001f/crabsoup-luau-sys-0.1.0/luau/Analysis/src/DcrLogger.cpp" with args c++ did not execute successfully (status code exit status: 1).
[INFO] [stderr] 
[INFO] [stderr] 
[INFO] running `Command { std: "docker" "inspect" "ba23573caef119a226ce1fa4f2990eb2adfd408f99f9259d63887fa890da6272", kill_on_drop: false }`
[INFO] running `Command { std: "docker" "rm" "-f" "ba23573caef119a226ce1fa4f2990eb2adfd408f99f9259d63887fa890da6272", kill_on_drop: false }`
[INFO] [stdout] ba23573caef119a226ce1fa4f2990eb2adfd408f99f9259d63887fa890da6272
