[INFO] fetching crate cpurender 0.1.0...
[INFO] testing cpurender-0.1.0 against nightly-2024-10-28+rustflags=-Zrandomize-layout for randomize-layout
[INFO] extracting crate cpurender 0.1.0 into /workspace/builds/worker-0-tc2/source
[INFO] validating manifest of crates.io crate cpurender 0.1.0 on toolchain nightly-2024-10-28
[INFO] running `Command { std: CARGO_HOME="/workspace/cargo-home" RUSTUP_HOME="/workspace/rustup-home" "/workspace/cargo-home/bin/cargo" "+nightly-2024-10-28" "metadata" "--manifest-path" "Cargo.toml" "--no-deps", kill_on_drop: false }`
[INFO] started tweaking crates.io crate cpurender 0.1.0
[INFO] finished tweaking crates.io crate cpurender 0.1.0
[INFO] tweaked toml for crates.io crate cpurender 0.1.0 written to /workspace/builds/worker-0-tc2/source/Cargo.toml
[INFO] running `Command { std: CARGO_HOME="/workspace/cargo-home" RUSTUP_HOME="/workspace/rustup-home" "/workspace/cargo-home/bin/cargo" "+nightly-2024-10-28" "generate-lockfile" "--manifest-path" "Cargo.toml", kill_on_drop: false }`
[INFO] [stderr]     Updating crates.io index
[INFO] [stderr]      Locking 153 packages to latest compatible versions
[INFO] [stderr]       Adding crossbeam v0.7.3 (available: v0.8.4)
[INFO] [stderr]       Adding glium v0.25.1 (available: v0.36.0)
[INFO] [stderr]       Adding image v0.22.5 (available: v0.25.4)
[INFO] [stderr]       Adding rand v0.7.3 (available: v0.8.5)
[INFO] [stderr]       Adding vek v0.9.12 (available: v0.17.1)
[INFO] running `Command { std: CARGO_HOME="/workspace/cargo-home" RUSTUP_HOME="/workspace/rustup-home" "/workspace/cargo-home/bin/cargo" "+nightly-2024-10-28" "fetch" "--manifest-path" "Cargo.toml", kill_on_drop: false }`
[INFO] running `Command { std: "docker" "create" "-v" "/var/lib/crater-agent-workspace/builds/worker-0-tc2/target:/opt/rustwide/target:rw,Z" "-v" "/var/lib/crater-agent-workspace/builds/worker-0-tc2/source:/opt/rustwide/workdir:ro,Z" "-v" "/var/lib/crater-agent-workspace/cargo-home:/opt/rustwide/cargo-home:ro,Z" "-v" "/var/lib/crater-agent-workspace/rustup-home:/opt/rustwide/rustup-home:ro,Z" "-e" "SOURCE_DIR=/opt/rustwide/workdir" "-e" "CARGO_TARGET_DIR=/opt/rustwide/target" "-e" "CARGO_HOME=/opt/rustwide/cargo-home" "-e" "RUSTUP_HOME=/opt/rustwide/rustup-home" "-w" "/opt/rustwide/workdir" "-m" "1610612736" "--user" "0:0" "--network" "none" "ghcr.io/rust-lang/crates-build-env/linux@sha256:4a844ea9eb2546a2d2c7022eacef16ef2e8229c7fbb2c7d4d55a9ceca922f72d" "/opt/rustwide/cargo-home/bin/cargo" "+nightly-2024-10-28" "metadata" "--no-deps" "--format-version=1", kill_on_drop: false }`
[INFO] [stdout] 59e118258f4c8e063851abafe0e134fa70a83b725036d120103ac44970862d10
[INFO] running `Command { std: "docker" "start" "-a" "59e118258f4c8e063851abafe0e134fa70a83b725036d120103ac44970862d10", kill_on_drop: false }`
[INFO] running `Command { std: "docker" "inspect" "59e118258f4c8e063851abafe0e134fa70a83b725036d120103ac44970862d10", kill_on_drop: false }`
[INFO] running `Command { std: "docker" "rm" "-f" "59e118258f4c8e063851abafe0e134fa70a83b725036d120103ac44970862d10", kill_on_drop: false }`
[INFO] [stdout] 59e118258f4c8e063851abafe0e134fa70a83b725036d120103ac44970862d10
[INFO] running `Command { std: "docker" "create" "-v" "/var/lib/crater-agent-workspace/builds/worker-0-tc2/target:/opt/rustwide/target:rw,Z" "-v" "/var/lib/crater-agent-workspace/builds/worker-0-tc2/source:/opt/rustwide/workdir:ro,Z" "-v" "/var/lib/crater-agent-workspace/cargo-home:/opt/rustwide/cargo-home:ro,Z" "-v" "/var/lib/crater-agent-workspace/rustup-home:/opt/rustwide/rustup-home:ro,Z" "-e" "SOURCE_DIR=/opt/rustwide/workdir" "-e" "CARGO_TARGET_DIR=/opt/rustwide/target" "-e" "CARGO_INCREMENTAL=0" "-e" "RUST_BACKTRACE=full" "-e" "RUSTFLAGS=--cap-lints=forbid -Zrandomize-layout" "-e" "RUSTDOCFLAGS=--cap-lints=forbid" "-e" "CARGO_HOME=/opt/rustwide/cargo-home" "-e" "RUSTUP_HOME=/opt/rustwide/rustup-home" "-w" "/opt/rustwide/workdir" "-m" "1610612736" "--user" "0:0" "--network" "none" "ghcr.io/rust-lang/crates-build-env/linux@sha256:4a844ea9eb2546a2d2c7022eacef16ef2e8229c7fbb2c7d4d55a9ceca922f72d" "/opt/rustwide/cargo-home/bin/cargo" "+nightly-2024-10-28" "build" "--frozen" "--message-format=json", kill_on_drop: false }`
[INFO] [stdout] 02171dbe5cdfcd0e92a5805892493ba185f225067cb2efad36ac5ab0e68422cf
[INFO] running `Command { std: "docker" "start" "-a" "02171dbe5cdfcd0e92a5805892493ba185f225067cb2efad36ac5ab0e68422cf", kill_on_drop: false }`
[INFO] [stderr]    Compiling xml-rs v0.8.22
[INFO] [stderr]    Compiling proc-macro2 v0.4.30
[INFO] [stderr]    Compiling unicode-xid v0.1.0
[INFO] [stderr]    Compiling cfg-if v0.1.10
[INFO] [stderr]    Compiling semver-parser v0.7.0
[INFO] [stderr]    Compiling khronos_api v3.1.0
[INFO] [stderr]    Compiling log v0.4.22
[INFO] [stderr]    Compiling maybe-uninit v2.0.0
[INFO] [stderr]    Compiling bitflags v1.3.2
[INFO] [stderr]    Compiling libloading v0.6.7
[INFO] [stderr]    Compiling nix v0.14.1
[INFO] [stderr]    Compiling void v1.0.2
[INFO] [stderr]    Compiling scopeguard v1.2.0
[INFO] [stderr]    Compiling ordered-float v1.1.1
[INFO] [stderr]    Compiling approx v0.3.2
[INFO] [stderr]    Compiling stb_truetype v0.3.1
[INFO] [stderr]    Compiling crossbeam-utils v0.7.2
[INFO] [stderr]    Compiling pkg-config v0.3.31
[INFO] [stderr]    Compiling downcast-rs v1.2.1
[INFO] [stderr]    Compiling same-file v1.0.6
[INFO] [stderr]    Compiling syn v2.0.86
[INFO] [stderr]    Compiling line_drawing v0.7.0
[INFO] [stderr]    Compiling memoffset v0.5.6
[INFO] [stderr]    Compiling dlib v0.4.2
[INFO] [stderr]    Compiling semver v0.9.0
[INFO] [stderr]    Compiling wayland-sys v0.21.13
[INFO] [stderr]    Compiling walkdir v2.5.0
[INFO] [stderr]    Compiling cty v0.2.2
[INFO] [stderr]    Compiling xdg v2.5.2
[INFO] [stderr]    Compiling syn v0.15.44
[INFO] [stderr]    Compiling rusttype v0.8.3
[INFO] [stderr]    Compiling once_cell v1.20.2
[INFO] [stderr]    Compiling smallvec v0.6.14
[INFO] [stderr]    Compiling raw-window-handle v0.4.3
[INFO] [stderr]    Compiling rustc_version v0.2.3
[INFO] [stderr]    Compiling libloading v0.5.2
[INFO] [stderr]    Compiling lock_api v0.3.4
[INFO] [stderr]    Compiling num-integer v0.1.46
[INFO] [stderr]    Compiling memmap v0.7.0
[INFO] [stderr]    Compiling crossbeam-epoch v0.8.2
[INFO] [stderr]    Compiling parking_lot_core v0.6.3
[INFO] [stderr]    Compiling parking_lot v0.9.0
[INFO] [stderr]    Compiling rusttype v0.7.9
[INFO] [stderr]    Compiling quote v0.6.13
[INFO] [stderr]    Compiling gl_generator v0.14.0
[INFO] [stderr]    Compiling andrew v0.2.1
[INFO] [stderr]    Compiling num-derive v0.2.5
[INFO] [stderr]    Compiling adler32 v1.2.0
[INFO] [stderr]    Compiling x11-dl v2.21.0
[INFO] [stderr]    Compiling gl_generator v0.11.0
[INFO] [stderr]    Compiling wayland-scanner v0.21.13
[INFO] [stderr]    Compiling getrandom v0.1.16
[INFO] [stderr]    Compiling raw-window-handle v0.3.4
[INFO] [stderr]    Compiling shared_library v0.1.9
[INFO] [stderr]    Compiling num-rational v0.2.4
[INFO] [stderr]    Compiling percent-encoding v2.3.1
[INFO] [stderr]    Compiling either v1.13.0
[INFO] [stderr]    Compiling lzw v0.10.0
[INFO] [stderr]    Compiling memchr v2.7.4
[INFO] [stderr]    Compiling adler2 v2.0.0
[INFO] [stderr]    Compiling gimli v0.31.1
[INFO] [stderr]    Compiling rayon v1.10.0
[INFO] [stderr]    Compiling miniz_oxide v0.8.0
[INFO] [stderr]    Compiling osmesa-sys v0.1.2
[INFO] [stderr]    Compiling rand_core v0.5.1
[INFO] [stderr]    Compiling deflate v0.7.20
[INFO] [stderr]    Compiling inflate v0.4.5
[INFO] [stderr]    Compiling vek v0.9.12
[INFO] [stderr]    Compiling object v0.36.5
[INFO] [stderr]    Compiling rustc-demangle v0.1.24
[INFO] [stderr]    Compiling color_quant v1.1.0
[INFO] [stderr]    Compiling crossbeam-deque v0.7.4
[INFO] [stderr]    Compiling glutin_glx_sys v0.1.8
[INFO] [stderr]    Compiling glutin_egl_sys v0.1.6
[INFO] [stderr]    Compiling glium v0.25.1
[INFO] [stderr]    Compiling png v0.15.3
[INFO] [stderr]    Compiling gif v0.10.3
[INFO] [stderr]    Compiling num-iter v0.1.45
[INFO] [stderr]    Compiling crossbeam-channel v0.4.4
[INFO] [stderr]    Compiling crossbeam-queue v0.2.3
[INFO] [stderr]    Compiling wayland-client v0.21.13
[INFO] [stderr]    Compiling wayland-protocols v0.21.13
[INFO] [stderr]    Compiling num-traits v0.1.43
[INFO] [stderr]    Compiling takeable-option v0.4.0
[INFO] [stderr]    Compiling approx v0.1.1
[INFO] [stderr]    Compiling fnv v1.0.7
[INFO] [stderr]    Compiling scoped_threadpool v0.1.9
[INFO] [stderr]    Compiling static_assertions v0.2.5
[INFO] [stderr]    Compiling crossbeam v0.7.3
[INFO] [stderr]    Compiling wayland-commons v0.21.13
[INFO] [stderr]    Compiling zerocopy-derive v0.7.35
[INFO] [stderr]    Compiling jpeg-decoder v0.1.22
[INFO] [stderr]    Compiling addr2line v0.24.2
[INFO] [stderr]    Compiling zerocopy v0.7.35
[INFO] [stdout] error[E0076]: SIMD vector's only field must be an array
[INFO] [stdout]     --> /opt/rustwide/cargo-home/registry/src/index.crates.io-6f17d22bba15001f/vek-0.9.12/src/vec.rs:2626:13
[INFO] [stdout]      |
[INFO] [stdout] 2626 |               pub struct Vec2<T> { pub x:T, pub y:T }
[INFO] [stdout]      |               ^^^^^^^^^^^^^^^^^^   ------- not an array
[INFO] [stdout] ...
[INFO] [stdout] 3059 | /     vec_impl_all_vecs!{
[INFO] [stdout] 3060 | |         simd
[INFO] [stdout] 3061 | |         #[repr(simd)]
[INFO] [stdout] 3062 | |     }
[INFO] [stdout]      | |_____- in this macro invocation
[INFO] [stdout]      |
[INFO] [stdout]      = note: this error originates in the macro `vec_impl_all_vecs` (in Nightly builds, run with -Z macro-backtrace for more info)
[INFO] [stdout] 
[INFO] [stdout] 
[INFO] [stdout] error[E0076]: SIMD vector's only field must be an array
[INFO] [stdout]     --> /opt/rustwide/cargo-home/registry/src/index.crates.io-6f17d22bba15001f/vek-0.9.12/src/vec.rs:2667:13
[INFO] [stdout]      |
[INFO] [stdout] 2667 |               pub struct Vec3<T> { pub x:T, pub y:T, pub z:T }
[INFO] [stdout]      |               ^^^^^^^^^^^^^^^^^^   ------- not an array
[INFO] [stdout] ...
[INFO] [stdout] 3059 | /     vec_impl_all_vecs!{
[INFO] [stdout] 3060 | |         simd
[INFO] [stdout] 3061 | |         #[repr(simd)]
[INFO] [stdout] 3062 | |     }
[INFO] [stdout]      | |_____- in this macro invocation
[INFO] [stdout]      |
[INFO] [stdout]      = note: this error originates in the macro `vec_impl_all_vecs` (in Nightly builds, run with -Z macro-backtrace for more info)
[INFO] [stdout] 
[INFO] [stdout] 
[INFO] [stdout] error[E0076]: SIMD vector's only field must be an array
[INFO] [stdout]     --> /opt/rustwide/cargo-home/registry/src/index.crates.io-6f17d22bba15001f/vek-0.9.12/src/vec.rs:2724:13
[INFO] [stdout]      |
[INFO] [stdout] 2724 |               pub struct Vec4<T> {
[INFO] [stdout]      |               ^^^^^^^^^^^^^^^^^^
[INFO] [stdout] 2725 |                   pub x:T, pub y:T, pub z:T,
[INFO] [stdout]      |                   ------- not an array
[INFO] [stdout] ...
[INFO] [stdout] 3059 | /     vec_impl_all_vecs!{
[INFO] [stdout] 3060 | |         simd
[INFO] [stdout] 3061 | |         #[repr(simd)]
[INFO] [stdout] 3062 | |     }
[INFO] [stdout]      | |_____- in this macro invocation
[INFO] [stdout]      |
[INFO] [stdout]      = note: this error originates in the macro `vec_impl_all_vecs` (in Nightly builds, run with -Z macro-backtrace for more info)
[INFO] [stdout] 
[INFO] [stdout] 
[INFO] [stdout] error[E0076]: SIMD vector's only field must be an array
[INFO] [stdout]     --> /opt/rustwide/cargo-home/registry/src/index.crates.io-6f17d22bba15001f/vek-0.9.12/src/vec.rs:2886:13
[INFO] [stdout]      |
[INFO] [stdout] 2886 |               pub struct Extent3<T> { pub w:T, pub h:T, pub d:T }
[INFO] [stdout]      |               ^^^^^^^^^^^^^^^^^^^^^   ------- not an array
[INFO] [stdout] ...
[INFO] [stdout] 3059 | /     vec_impl_all_vecs!{
[INFO] [stdout] 3060 | |         simd
[INFO] [stdout] 3061 | |         #[repr(simd)]
[INFO] [stdout] 3062 | |     }
[INFO] [stdout]      | |_____- in this macro invocation
[INFO] [stdout]      |
[INFO] [stdout]      = note: this error originates in the macro `vec_impl_all_vecs` (in Nightly builds, run with -Z macro-backtrace for more info)
[INFO] [stdout] 
[INFO] [stdout] 
[INFO] [stdout] error[E0076]: SIMD vector's only field must be an array
[INFO] [stdout]     --> /opt/rustwide/cargo-home/registry/src/index.crates.io-6f17d22bba15001f/vek-0.9.12/src/vec.rs:2913:13
[INFO] [stdout]      |
[INFO] [stdout] 2913 |               pub struct Extent2<T> { pub w:T, pub h:T }
[INFO] [stdout]      |               ^^^^^^^^^^^^^^^^^^^^^   ------- not an array
[INFO] [stdout] ...
[INFO] [stdout] 3059 | /     vec_impl_all_vecs!{
[INFO] [stdout] 3060 | |         simd
[INFO] [stdout] 3061 | |         #[repr(simd)]
[INFO] [stdout] 3062 | |     }
[INFO] [stdout]      | |_____- in this macro invocation
[INFO] [stdout]      |
[INFO] [stdout]      = note: this error originates in the macro `vec_impl_all_vecs` (in Nightly builds, run with -Z macro-backtrace for more info)
[INFO] [stdout] 
[INFO] [stdout] 
[INFO] [stdout] error[E0076]: SIMD vector's only field must be an array
[INFO] [stdout]     --> /opt/rustwide/cargo-home/registry/src/index.crates.io-6f17d22bba15001f/vek-0.9.12/src/vec.rs:2937:13
[INFO] [stdout]      |
[INFO] [stdout] 2937 |               pub struct Rgba<T> { pub r:T, pub g:T, pub b:T, pub a:T }
[INFO] [stdout]      |               ^^^^^^^^^^^^^^^^^^   ------- not an array
[INFO] [stdout] ...
[INFO] [stdout] 3059 | /     vec_impl_all_vecs!{
[INFO] [stdout] 3060 | |         simd
[INFO] [stdout] 3061 | |         #[repr(simd)]
[INFO] [stdout] 3062 | |     }
[INFO] [stdout]      | |_____- in this macro invocation
[INFO] [stdout]      |
[INFO] [stdout]      = note: this error originates in the macro `vec_impl_all_vecs` (in Nightly builds, run with -Z macro-backtrace for more info)
[INFO] [stdout] 
[INFO] [stdout] 
[INFO] [stdout] error[E0076]: SIMD vector's only field must be an array
[INFO] [stdout]     --> /opt/rustwide/cargo-home/registry/src/index.crates.io-6f17d22bba15001f/vek-0.9.12/src/vec.rs:2976:13
[INFO] [stdout]      |
[INFO] [stdout] 2976 |               pub struct Rgb<T> { pub r:T, pub g:T, pub b:T }
[INFO] [stdout]      |               ^^^^^^^^^^^^^^^^^   ------- not an array
[INFO] [stdout] ...
[INFO] [stdout] 3059 | /     vec_impl_all_vecs!{
[INFO] [stdout] 3060 | |         simd
[INFO] [stdout] 3061 | |         #[repr(simd)]
[INFO] [stdout] 3062 | |     }
[INFO] [stdout]      | |_____- in this macro invocation
[INFO] [stdout]      |
[INFO] [stdout]      = note: this error originates in the macro `vec_impl_all_vecs` (in Nightly builds, run with -Z macro-backtrace for more info)
[INFO] [stdout] 
[INFO] [stdout] 
[INFO] [stderr]    Compiling tiff v0.3.1
[INFO] [stdout] error[E0076]: SIMD vector's only field must be an array
[INFO] [stdout]    --> /opt/rustwide/cargo-home/registry/src/index.crates.io-6f17d22bba15001f/vek-0.9.12/src/quaternion.rs:129:9
[INFO] [stdout]     |
[INFO] [stdout] 129 |         pub struct Quaternion<T> { pub x: T, pub y: T, pub z: T, pub w: T }
[INFO] [stdout]     |         ^^^^^^^^^^^^^^^^^^^^^^^^   -------- not an array
[INFO] [stdout] ...
[INFO] [stdout] 721 |     quaternion_complete_mod!(repr_simd #[repr(simd)]);
[INFO] [stdout]     |     ------------------------------------------------- in this macro invocation
[INFO] [stdout]     |
[INFO] [stdout]     = note: this error originates in the macro `quaternion_complete_mod` (in Nightly builds, run with -Z macro-backtrace for more info)
[INFO] [stdout] 
[INFO] [stdout] 
[INFO] [stderr]    Compiling ppv-lite86 v0.2.20
[INFO] [stderr]    Compiling image v0.22.5
[INFO] [stderr]    Compiling rand_chacha v0.2.2
[INFO] [stderr]    Compiling rand v0.7.3
[INFO] [stderr]    Compiling backtrace v0.3.74
[INFO] [stdout] For more information about this error, try `rustc --explain E0076`.
[INFO] [stdout] 
[INFO] [stderr] error: could not compile `vek` (lib) due to 8 previous errors
[INFO] [stderr] warning: build failed, waiting for other jobs to finish...
[INFO] running `Command { std: "docker" "inspect" "02171dbe5cdfcd0e92a5805892493ba185f225067cb2efad36ac5ab0e68422cf", kill_on_drop: false }`
[INFO] running `Command { std: "docker" "rm" "-f" "02171dbe5cdfcd0e92a5805892493ba185f225067cb2efad36ac5ab0e68422cf", kill_on_drop: false }`
[INFO] [stdout] 02171dbe5cdfcd0e92a5805892493ba185f225067cb2efad36ac5ab0e68422cf
