[INFO] fetching crate cosmic-cli 0.3.6...
[INFO] testing cosmic-cli-0.3.6 against nightly-2024-10-28 for randomize-layout
[INFO] extracting crate cosmic-cli 0.3.6 into /workspace/builds/worker-0-tc1/source
[INFO] validating manifest of crates.io crate cosmic-cli 0.3.6 on toolchain nightly-2024-10-28
[INFO] running `Command { std: CARGO_HOME="/workspace/cargo-home" RUSTUP_HOME="/workspace/rustup-home" "/workspace/cargo-home/bin/cargo" "+nightly-2024-10-28" "metadata" "--manifest-path" "Cargo.toml" "--no-deps", kill_on_drop: false }`
[INFO] started tweaking crates.io crate cosmic-cli 0.3.6
[INFO] finished tweaking crates.io crate cosmic-cli 0.3.6
[INFO] tweaked toml for crates.io crate cosmic-cli 0.3.6 written to /workspace/builds/worker-0-tc1/source/Cargo.toml
[INFO] crate crates.io crate cosmic-cli 0.3.6 already has a lockfile, it will not be regenerated
[INFO] running `Command { std: CARGO_HOME="/workspace/cargo-home" RUSTUP_HOME="/workspace/rustup-home" "/workspace/cargo-home/bin/cargo" "+nightly-2024-10-28" "fetch" "--manifest-path" "Cargo.toml", kill_on_drop: false }`
[INFO] [stderr]     Updating crates.io index
[INFO] [stderr]  Downloading crates ...
[INFO] [stderr]   Downloaded enum-ordinalize v3.1.12
[INFO] [stderr]   Downloaded cosmic-macros-primitive v0.3.6
[INFO] [stderr]   Downloaded bytecheck v0.6.9
[INFO] [stderr]   Downloaded cosmic-macros v0.3.6
[INFO] [stderr]   Downloaded cosmic-nom v0.3.6
[INFO] [stderr]   Downloaded test-cert-gen v0.9.0
[INFO] [stderr]   Downloaded cosmic-hyperlane-tcp v0.3.6
[INFO] [stderr]   Downloaded bytecheck_derive v0.6.9
[INFO] [stderr]   Downloaded strum v0.21.0
[INFO] [stderr]   Downloaded tls-api-test v0.9.0
[INFO] [stderr]   Downloaded cosmic-hyperlane v0.3.6
[INFO] [stderr]   Downloaded nom_locate v4.0.0
[INFO] [stderr]   Downloaded validator v0.15.0
[INFO] [stderr]   Downloaded cdchunking v1.0.1
[INFO] [stderr]   Downloaded tls-api-rustls v0.9.0
[INFO] [stderr]   Downloaded tls-api v0.9.0
[INFO] [stderr]   Downloaded cosmic-space v0.3.6
[INFO] [stderr]   Downloaded rmp v0.8.11
[INFO] [stderr]   Downloaded crossbeam-epoch v0.9.12
[INFO] [stderr]   Downloaded cosmic-hyperspace v0.3.6
[INFO] [stderr]   Downloaded wast v49.0.0
[INFO] [stderr]   Downloaded blake3 v1.3.2
[INFO] [stderr]   Downloaded rayon v1.6.0
[INFO] [stderr]   Downloaded acid-store v0.12.1
[INFO] [stderr]   Downloaded dynasm v1.2.3
[INFO] [stderr]   Downloaded wasmer-compiler-singlepass v2.3.0
[INFO] [stderr]   Downloaded crossbeam-utils v0.8.13
[INFO] [stderr]   Downloaded zip v0.6.3
[INFO] [stderr]   Downloaded strum_macros v0.21.1
[INFO] [stderr]   Downloaded wasm-encoder v0.19.1
[INFO] [stderr]   Downloaded wat v1.0.51
[INFO] [stderr]   Downloaded dynasmrt v1.2.3
[INFO] [stderr]   Downloaded target-lexicon v0.12.5
[INFO] [stderr]   Downloaded constant_time_eq v0.2.4
[INFO] [stderr]   Downloaded weak-table v0.2.4
[INFO] [stderr]   Downloaded ctrlc v3.2.3
[INFO] [stderr]   Downloaded mechtron-host v0.3.6
[INFO] running `Command { std: "docker" "create" "-v" "/var/lib/crater-agent-workspace/builds/worker-0-tc1/target:/opt/rustwide/target:rw,Z" "-v" "/var/lib/crater-agent-workspace/builds/worker-0-tc1/source:/opt/rustwide/workdir:ro,Z" "-v" "/var/lib/crater-agent-workspace/cargo-home:/opt/rustwide/cargo-home:ro,Z" "-v" "/var/lib/crater-agent-workspace/rustup-home:/opt/rustwide/rustup-home:ro,Z" "-e" "SOURCE_DIR=/opt/rustwide/workdir" "-e" "CARGO_TARGET_DIR=/opt/rustwide/target" "-e" "CARGO_HOME=/opt/rustwide/cargo-home" "-e" "RUSTUP_HOME=/opt/rustwide/rustup-home" "-w" "/opt/rustwide/workdir" "-m" "1610612736" "--user" "0:0" "--network" "none" "ghcr.io/rust-lang/crates-build-env/linux@sha256:4a844ea9eb2546a2d2c7022eacef16ef2e8229c7fbb2c7d4d55a9ceca922f72d" "/opt/rustwide/cargo-home/bin/cargo" "+nightly-2024-10-28" "metadata" "--no-deps" "--format-version=1", kill_on_drop: false }`
[INFO] [stdout] c5ffdde8691d7cfd1dc04a97f75816ca001bc988765131f9445ef54139f057a7
[INFO] running `Command { std: "docker" "start" "-a" "c5ffdde8691d7cfd1dc04a97f75816ca001bc988765131f9445ef54139f057a7", kill_on_drop: false }`
[INFO] running `Command { std: "docker" "inspect" "c5ffdde8691d7cfd1dc04a97f75816ca001bc988765131f9445ef54139f057a7", kill_on_drop: false }`
[INFO] running `Command { std: "docker" "rm" "-f" "c5ffdde8691d7cfd1dc04a97f75816ca001bc988765131f9445ef54139f057a7", kill_on_drop: false }`
[INFO] [stdout] c5ffdde8691d7cfd1dc04a97f75816ca001bc988765131f9445ef54139f057a7
[INFO] running `Command { std: "docker" "create" "-v" "/var/lib/crater-agent-workspace/builds/worker-0-tc1/target:/opt/rustwide/target:rw,Z" "-v" "/var/lib/crater-agent-workspace/builds/worker-0-tc1/source:/opt/rustwide/workdir:ro,Z" "-v" "/var/lib/crater-agent-workspace/cargo-home:/opt/rustwide/cargo-home:ro,Z" "-v" "/var/lib/crater-agent-workspace/rustup-home:/opt/rustwide/rustup-home:ro,Z" "-e" "SOURCE_DIR=/opt/rustwide/workdir" "-e" "CARGO_TARGET_DIR=/opt/rustwide/target" "-e" "CARGO_INCREMENTAL=0" "-e" "RUST_BACKTRACE=full" "-e" "RUSTFLAGS=--cap-lints=forbid" "-e" "RUSTDOCFLAGS=--cap-lints=forbid" "-e" "CARGO_HOME=/opt/rustwide/cargo-home" "-e" "RUSTUP_HOME=/opt/rustwide/rustup-home" "-w" "/opt/rustwide/workdir" "-m" "1610612736" "--user" "0:0" "--network" "none" "ghcr.io/rust-lang/crates-build-env/linux@sha256:4a844ea9eb2546a2d2c7022eacef16ef2e8229c7fbb2c7d4d55a9ceca922f72d" "/opt/rustwide/cargo-home/bin/cargo" "+nightly-2024-10-28" "build" "--frozen" "--message-format=json", kill_on_drop: false }`
[INFO] [stdout] 3def09e401473483b3aa3da72af281621a6db50f8dda52c4614decd2bf3ba022
[INFO] running `Command { std: "docker" "start" "-a" "3def09e401473483b3aa3da72af281621a6db50f8dda52c4614decd2bf3ba022", kill_on_drop: false }`
[INFO] [stderr]    Compiling libc v0.2.137
[INFO] [stderr]    Compiling proc-macro2 v1.0.47
[INFO] [stderr]    Compiling syn v1.0.103
[INFO] [stderr]    Compiling memchr v2.5.0
[INFO] [stderr]    Compiling serde_derive v1.0.147
[INFO] [stderr]    Compiling serde v1.0.147
[INFO] [stderr]    Compiling scopeguard v1.1.0
[INFO] [stderr]    Compiling ahash v0.7.6
[INFO] [stderr]    Compiling indexmap v1.9.2
[INFO] [stderr]    Compiling rustversion v1.0.9
[INFO] [stderr]    Compiling stable_deref_trait v1.2.0
[INFO] [stderr]    Compiling fallible-iterator v0.2.0
[INFO] [stderr]    Compiling fnv v1.0.7
[INFO] [stderr]    Compiling ident_case v1.0.1
[INFO] [stderr]    Compiling bytecheck v0.6.9
[INFO] [stderr]    Compiling miniz_oxide v0.5.4
[INFO] [stderr]    Compiling regex-syntax v0.6.28
[INFO] [stderr]    Compiling parking_lot_core v0.9.4
[INFO] [stderr]    Compiling rend v0.3.6
[INFO] [stderr]    Compiling target-lexicon v0.12.5
[INFO] [stderr]    Compiling rkyv v0.7.39
[INFO] [stderr]    Compiling typenum v1.15.0
[INFO] [stderr]    Compiling lock_api v0.4.9
[INFO] [stderr]    Compiling seahash v4.1.0
[INFO] [stderr]    Compiling rustc-demangle v0.1.21
[INFO] [stderr]    Compiling tokio v1.22.0
[INFO] [stderr]    Compiling more-asserts v0.2.2
[INFO] [stderr]    Compiling remove_dir_all v0.5.3
[INFO] [stderr]    Compiling bytes v1.2.1
[INFO] [stderr]    Compiling wasmparser v0.83.0
[INFO] [stderr]    Compiling spin v0.5.2
[INFO] [stdout] error[E0422]: cannot find struct, variant or union type `LineColumn` in crate `proc_macro`
[INFO] [stdout]    --> /opt/rustwide/cargo-home/registry/src/index.crates.io-6f17d22bba15001f/proc-macro2-1.0.47/src/wrapper.rs:479:33
[INFO] [stdout]     |
[INFO] [stdout] 479 |                 let proc_macro::LineColumn { line, column } = s.start();
[INFO] [stdout]     |                                 ^^^^^^^^^^ not found in `proc_macro`
[INFO] [stdout]     |
[INFO] [stdout] help: consider importing one of these structs
[INFO] [stdout]     |
[INFO] [stdout] 1   + use crate::LineColumn;
[INFO] [stdout]     |
[INFO] [stdout] 1   + use crate::fallback::LineColumn;
[INFO] [stdout]     |
[INFO] [stdout] help: if you import `LineColumn`, refer to it directly
[INFO] [stdout]     |
[INFO] [stdout] 479 -                 let proc_macro::LineColumn { line, column } = s.start();
[INFO] [stdout] 479 +                 let LineColumn { line, column } = s.start();
[INFO] [stdout]     |
[INFO] [stdout] 
[INFO] [stdout] 
[INFO] [stdout] error[E0422]: cannot find struct, variant or union type `LineColumn` in crate `proc_macro`
[INFO] [stdout]    --> /opt/rustwide/cargo-home/registry/src/index.crates.io-6f17d22bba15001f/proc-macro2-1.0.47/src/wrapper.rs:496:33
[INFO] [stdout]     |
[INFO] [stdout] 496 |                 let proc_macro::LineColumn { line, column } = s.end();
[INFO] [stdout]     |                                 ^^^^^^^^^^ not found in `proc_macro`
[INFO] [stdout]     |
[INFO] [stdout] help: consider importing one of these structs
[INFO] [stdout]     |
[INFO] [stdout] 1   + use crate::LineColumn;
[INFO] [stdout]     |
[INFO] [stdout] 1   + use crate::fallback::LineColumn;
[INFO] [stdout]     |
[INFO] [stdout] help: if you import `LineColumn`, refer to it directly
[INFO] [stdout]     |
[INFO] [stdout] 496 -                 let proc_macro::LineColumn { line, column } = s.end();
[INFO] [stdout] 496 +                 let LineColumn { line, column } = s.end();
[INFO] [stdout]     |
[INFO] [stdout] 
[INFO] [stdout] 
[INFO] [stderr]    Compiling untrusted v0.7.1
[INFO] [stdout] error[E0635]: unknown feature `proc_macro_span_shrink`
[INFO] [stdout]   --> /opt/rustwide/cargo-home/registry/src/index.crates.io-6f17d22bba15001f/proc-macro2-1.0.47/src/lib.rs:92:30
[INFO] [stdout]    |
[INFO] [stdout] 92 |     feature(proc_macro_span, proc_macro_span_shrink)
[INFO] [stdout]    |                              ^^^^^^^^^^^^^^^^^^^^^^
[INFO] [stdout] 
[INFO] [stdout] 
[INFO] [stderr]    Compiling fastrand v1.8.0
[INFO] [stderr]    Compiling crossbeam-utils v0.8.13
[INFO] [stderr]    Compiling num-integer v0.1.45
[INFO] [stderr]    Compiling memoffset v0.7.1
[INFO] [stderr]    Compiling arrayvec v0.7.2
[INFO] [stderr]    Compiling unicode-normalization v0.1.22
[INFO] [stderr]    Compiling aho-corasick v0.7.19
[INFO] [stdout] Some errors have detailed explanations: E0422, E0635.
[INFO] [stdout] 
[INFO] [stdout] For more information about an error, try `rustc --explain E0422`.
[INFO] [stdout] 
[INFO] [stderr]    Compiling object v0.29.0
[INFO] [stderr] error: could not compile `proc-macro2` (lib) due to 3 previous errors
[INFO] [stderr] warning: build failed, waiting for other jobs to finish...
[INFO] running `Command { std: "docker" "inspect" "3def09e401473483b3aa3da72af281621a6db50f8dda52c4614decd2bf3ba022", kill_on_drop: false }`
[INFO] running `Command { std: "docker" "rm" "-f" "3def09e401473483b3aa3da72af281621a6db50f8dda52c4614decd2bf3ba022", kill_on_drop: false }`
[INFO] [stdout] 3def09e401473483b3aa3da72af281621a6db50f8dda52c4614decd2bf3ba022
