[INFO] fetching crate conrod_prompt 0.4.1...
[INFO] testing conrod_prompt-0.4.1 against nightly-2024-10-28+rustflags=-Zrandomize-layout for randomize-layout
[INFO] extracting crate conrod_prompt 0.4.1 into /workspace/builds/worker-5-tc2/source
[INFO] validating manifest of crates.io crate conrod_prompt 0.4.1 on toolchain nightly-2024-10-28
[INFO] running `Command { std: CARGO_HOME="/workspace/cargo-home" RUSTUP_HOME="/workspace/rustup-home" "/workspace/cargo-home/bin/cargo" "+nightly-2024-10-28" "metadata" "--manifest-path" "Cargo.toml" "--no-deps", kill_on_drop: false }`
[INFO] started tweaking crates.io crate conrod_prompt 0.4.1
[INFO] finished tweaking crates.io crate conrod_prompt 0.4.1
[INFO] tweaked toml for crates.io crate conrod_prompt 0.4.1 written to /workspace/builds/worker-5-tc2/source/Cargo.toml
[INFO] crate crates.io crate conrod_prompt 0.4.1 already has a lockfile, it will not be regenerated
[INFO] running `Command { std: CARGO_HOME="/workspace/cargo-home" RUSTUP_HOME="/workspace/rustup-home" "/workspace/cargo-home/bin/cargo" "+nightly-2024-10-28" "fetch" "--manifest-path" "Cargo.toml", kill_on_drop: false }`
[INFO] running `Command { std: "docker" "create" "-v" "/var/lib/crater-agent-workspace/builds/worker-5-tc2/target:/opt/rustwide/target:rw,Z" "-v" "/var/lib/crater-agent-workspace/builds/worker-5-tc2/source:/opt/rustwide/workdir:ro,Z" "-v" "/var/lib/crater-agent-workspace/cargo-home:/opt/rustwide/cargo-home:ro,Z" "-v" "/var/lib/crater-agent-workspace/rustup-home:/opt/rustwide/rustup-home:ro,Z" "-e" "SOURCE_DIR=/opt/rustwide/workdir" "-e" "CARGO_TARGET_DIR=/opt/rustwide/target" "-e" "CARGO_HOME=/opt/rustwide/cargo-home" "-e" "RUSTUP_HOME=/opt/rustwide/rustup-home" "-w" "/opt/rustwide/workdir" "-m" "1610612736" "--user" "0:0" "--network" "none" "ghcr.io/rust-lang/crates-build-env/linux@sha256:4a844ea9eb2546a2d2c7022eacef16ef2e8229c7fbb2c7d4d55a9ceca922f72d" "/opt/rustwide/cargo-home/bin/cargo" "+nightly-2024-10-28" "metadata" "--no-deps" "--format-version=1", kill_on_drop: false }`
[INFO] [stdout] 078f0a0646a3e9f88593530a1de09430b1a6bf2aaaa6bad6774d9730962ff8dd
[INFO] running `Command { std: "docker" "start" "-a" "078f0a0646a3e9f88593530a1de09430b1a6bf2aaaa6bad6774d9730962ff8dd", kill_on_drop: false }`
[INFO] running `Command { std: "docker" "inspect" "078f0a0646a3e9f88593530a1de09430b1a6bf2aaaa6bad6774d9730962ff8dd", kill_on_drop: false }`
[INFO] running `Command { std: "docker" "rm" "-f" "078f0a0646a3e9f88593530a1de09430b1a6bf2aaaa6bad6774d9730962ff8dd", kill_on_drop: false }`
[INFO] [stdout] 078f0a0646a3e9f88593530a1de09430b1a6bf2aaaa6bad6774d9730962ff8dd
[INFO] running `Command { std: "docker" "create" "-v" "/var/lib/crater-agent-workspace/builds/worker-5-tc2/target:/opt/rustwide/target:rw,Z" "-v" "/var/lib/crater-agent-workspace/builds/worker-5-tc2/source:/opt/rustwide/workdir:ro,Z" "-v" "/var/lib/crater-agent-workspace/cargo-home:/opt/rustwide/cargo-home:ro,Z" "-v" "/var/lib/crater-agent-workspace/rustup-home:/opt/rustwide/rustup-home:ro,Z" "-e" "SOURCE_DIR=/opt/rustwide/workdir" "-e" "CARGO_TARGET_DIR=/opt/rustwide/target" "-e" "CARGO_INCREMENTAL=0" "-e" "RUST_BACKTRACE=full" "-e" "RUSTFLAGS=--cap-lints=forbid -Zrandomize-layout" "-e" "RUSTDOCFLAGS=--cap-lints=forbid" "-e" "CARGO_HOME=/opt/rustwide/cargo-home" "-e" "RUSTUP_HOME=/opt/rustwide/rustup-home" "-w" "/opt/rustwide/workdir" "-m" "1610612736" "--user" "0:0" "--network" "none" "ghcr.io/rust-lang/crates-build-env/linux@sha256:4a844ea9eb2546a2d2c7022eacef16ef2e8229c7fbb2c7d4d55a9ceca922f72d" "/opt/rustwide/cargo-home/bin/cargo" "+nightly-2024-10-28" "build" "--frozen" "--message-format=json", kill_on_drop: false }`
[INFO] [stdout] f76d6bd6cb8c756c1aa909dc889c783c108606b4ac07c14ecb4fd42f41a7c2fc
[INFO] running `Command { std: "docker" "start" "-a" "f76d6bd6cb8c756c1aa909dc889c783c108606b4ac07c14ecb4fd42f41a7c2fc", kill_on_drop: false }`
[INFO] [stderr]    Compiling autocfg v1.0.1
[INFO] [stderr]    Compiling libc v0.2.96
[INFO] [stderr]    Compiling cfg-if v0.1.10
[INFO] [stderr]    Compiling lazy_static v1.4.0
[INFO] [stderr]    Compiling proc-macro2 v0.4.30
[INFO] [stderr]    Compiling unicode-xid v0.1.0
[INFO] [stderr]    Compiling xml-rs v0.8.3
[INFO] [stderr]    Compiling bitflags v1.2.1
[INFO] [stderr]    Compiling maybe-uninit v2.0.0
[INFO] [stderr]    Compiling scopeguard v1.1.0
[INFO] [stderr]    Compiling nix v0.14.1
[INFO] [stderr]    Compiling void v1.0.2
[INFO] [stderr]    Compiling byteorder v1.4.3
[INFO] [stderr]    Compiling proc-macro2 v1.0.27
[INFO] [stderr]    Compiling linked-hash-map v0.5.4
[INFO] [stderr]    Compiling libloading v0.6.7
[INFO] [stderr]    Compiling rustc-hash v1.1.0
[INFO] [stderr]    Compiling unicode-xid v0.2.2
[INFO] [stderr]    Compiling syn v1.0.73
[INFO] [stderr]    Compiling log v0.4.14
[INFO] [stderr]    Compiling downcast-rs v1.2.0
[INFO] [stderr]    Compiling walkdir v2.3.2
[INFO] [stderr]    Compiling xdg v2.2.0
[INFO] [stderr]    Compiling dlib v0.4.2
[INFO] [stderr]    Compiling serde v1.0.126
[INFO] [stderr]    Compiling serde_derive v1.0.126
[INFO] [stderr]    Compiling wayland-sys v0.23.6
[INFO] [stderr]    Compiling fixedbitset v0.1.9
[INFO] [stderr]    Compiling stb_truetype v0.3.1
[INFO] [stderr]    Compiling piston-float v1.0.0
[INFO] [stderr]    Compiling instant v0.1.9
[INFO] [stderr]    Compiling piston-viewport v1.0.0
[INFO] [stderr]    Compiling petgraph v0.4.13
[INFO] [stderr]    Compiling num-traits v0.2.14
[INFO] [stderr]    Compiling crossbeam-utils v0.7.2
[INFO] [stderr]    Compiling memoffset v0.5.6
[INFO] [stderr]    Compiling crossbeam-epoch v0.8.2
[INFO] [stderr]    Compiling num-integer v0.1.44
[INFO] [stderr]    Compiling num-bigint v0.3.2
[INFO] [stderr]    Compiling num-rational v0.3.2
[INFO] [stderr]    Compiling num-iter v0.1.42
[INFO] [stderr]    Compiling quote v0.6.13
[INFO] [stderr]    Compiling quote v1.0.9
[INFO] [stderr]    Compiling wayland-scanner v0.23.6
[INFO] [stderr]    Compiling daggy v0.5.0
[INFO] [stderr]    Compiling crossbeam-deque v0.7.3
[INFO] [stderr]    Compiling approx v0.3.2
[INFO] [stderr]    Compiling ordered-float v1.1.1
[INFO] [stderr]    Compiling line_drawing v0.7.0
[INFO] [stderr]    Compiling num-complex v0.3.1
[INFO] [stderr]    Compiling num_cpus v1.13.0
[INFO] [stderr]    Compiling memmap v0.7.0
[INFO] [stderr]    Compiling xcb v0.9.0
[INFO] [stderr]    Compiling rusttype v0.8.3
[INFO] [stderr]    Compiling rusttype v0.7.9
[INFO] [stderr]    Compiling wayland-client v0.23.6
[INFO] [stderr]    Compiling wayland-protocols v0.23.6
[INFO] [stderr]    Compiling andrew v0.2.1
[INFO] [stdout] error[E0308]: mismatched types
[INFO] [stdout]   --> /opt/rustwide/cargo-home/registry/src/index.crates.io-6f17d22bba15001f/num-bigint-0.3.2/src/biguint/convert.rs:70:19
[INFO] [stdout]    |
[INFO] [stdout] 70 |         .div_ceil(&big_digit::BITS.into())
[INFO] [stdout]    |          -------- ^^^^^^^^^^^^^^^^^^^^^^^ expected `u64`, found `&_`
[INFO] [stdout]    |          |
[INFO] [stdout]    |          arguments to this method are incorrect
[INFO] [stdout]    |
[INFO] [stdout]    = note:   expected type `u64`
[INFO] [stdout]            found reference `&_`
[INFO] [stdout] note: method defined here
[INFO] [stdout]   --> /rustc/df4ca44d3fbc9301ee17f30f4d474e6ae4b05252/library/core/src/num/mod.rs:1230:5
[INFO] [stdout]    = note: this error originates in the macro `uint_impl` (in Nightly builds, run with -Z macro-backtrace for more info)
[INFO] [stdout] help: consider removing the borrow
[INFO] [stdout]    |
[INFO] [stdout] 70 -         .div_ceil(&big_digit::BITS.into())
[INFO] [stdout] 70 +         .div_ceil(big_digit::BITS.into())
[INFO] [stdout]    |
[INFO] [stdout] 
[INFO] [stdout] 
[INFO] [stdout] error[E0308]: mismatched types
[INFO] [stdout]    --> /opt/rustwide/cargo-home/registry/src/index.crates.io-6f17d22bba15001f/num-bigint-0.3.2/src/biguint/convert.rs:585:19
[INFO] [stdout]     |
[INFO] [stdout] 585 |         .div_ceil(&u64::from(bits))
[INFO] [stdout]     |          -------- ^^^^^^^^^^^^^^^^ expected `u64`, found `&u64`
[INFO] [stdout]     |          |
[INFO] [stdout]     |          arguments to this method are incorrect
[INFO] [stdout]     |
[INFO] [stdout] note: method defined here
[INFO] [stdout]    --> /rustc/df4ca44d3fbc9301ee17f30f4d474e6ae4b05252/library/core/src/num/mod.rs:1230:5
[INFO] [stdout]     = note: this error originates in the macro `uint_impl` (in Nightly builds, run with -Z macro-backtrace for more info)
[INFO] [stdout] help: consider removing the borrow
[INFO] [stdout]     |
[INFO] [stdout] 585 -         .div_ceil(&u64::from(bits))
[INFO] [stdout] 585 +         .div_ceil(u64::from(bits))
[INFO] [stdout]     |
[INFO] [stdout] 
[INFO] [stdout] 
[INFO] [stdout] error[E0308]: mismatched types
[INFO] [stdout]    --> /opt/rustwide/cargo-home/registry/src/index.crates.io-6f17d22bba15001f/num-bigint-0.3.2/src/biguint/convert.rs:613:19
[INFO] [stdout]     |
[INFO] [stdout] 613 |         .div_ceil(&u64::from(bits))
[INFO] [stdout]     |          -------- ^^^^^^^^^^^^^^^^ expected `u64`, found `&u64`
[INFO] [stdout]     |          |
[INFO] [stdout]     |          arguments to this method are incorrect
[INFO] [stdout]     |
[INFO] [stdout] note: method defined here
[INFO] [stdout]    --> /rustc/df4ca44d3fbc9301ee17f30f4d474e6ae4b05252/library/core/src/num/mod.rs:1230:5
[INFO] [stdout]     = note: this error originates in the macro `uint_impl` (in Nightly builds, run with -Z macro-backtrace for more info)
[INFO] [stdout] help: consider removing the borrow
[INFO] [stdout]     |
[INFO] [stdout] 613 -         .div_ceil(&u64::from(bits))
[INFO] [stdout] 613 +         .div_ceil(u64::from(bits))
[INFO] [stdout]     |
[INFO] [stdout] 
[INFO] [stdout] 
[INFO] [stdout] error[E0308]: mismatched types
[INFO] [stdout]    --> /opt/rustwide/cargo-home/registry/src/index.crates.io-6f17d22bba15001f/num-bigint-0.3.2/src/biguint.rs:393:54
[INFO] [stdout]     |
[INFO] [stdout] 393 |                 let root_scale = extra_bits.div_ceil(&n64);
[INFO] [stdout]     |                                             -------- ^^^^ expected `u64`, found `&u64`
[INFO] [stdout]     |                                             |
[INFO] [stdout]     |                                             arguments to this method are incorrect
[INFO] [stdout]     |
[INFO] [stdout] note: method defined here
[INFO] [stdout]    --> /rustc/df4ca44d3fbc9301ee17f30f4d474e6ae4b05252/library/core/src/num/mod.rs:1230:5
[INFO] [stdout]     = note: this error originates in the macro `uint_impl` (in Nightly builds, run with -Z macro-backtrace for more info)
[INFO] [stdout] help: consider removing the borrow
[INFO] [stdout]     |
[INFO] [stdout] 393 -                 let root_scale = extra_bits.div_ceil(&n64);
[INFO] [stdout] 393 +                 let root_scale = extra_bits.div_ceil(n64);
[INFO] [stdout]     |
[INFO] [stdout] 
[INFO] [stdout] 
[INFO] [stdout] For more information about this error, try `rustc --explain E0308`.
[INFO] [stdout] 
[INFO] [stderr] error: could not compile `num-bigint` (lib) due to 4 previous errors
[INFO] [stderr] warning: build failed, waiting for other jobs to finish...
[INFO] running `Command { std: "docker" "inspect" "f76d6bd6cb8c756c1aa909dc889c783c108606b4ac07c14ecb4fd42f41a7c2fc", kill_on_drop: false }`
[INFO] running `Command { std: "docker" "rm" "-f" "f76d6bd6cb8c756c1aa909dc889c783c108606b4ac07c14ecb4fd42f41a7c2fc", kill_on_drop: false }`
[INFO] [stdout] f76d6bd6cb8c756c1aa909dc889c783c108606b4ac07c14ecb4fd42f41a7c2fc
