[INFO] fetching crate compio-tls 0.3.1...
[INFO] testing compio-tls-0.3.1 against nightly-2024-10-28+rustflags=-Zrandomize-layout for randomize-layout
[INFO] extracting crate compio-tls 0.3.1 into /workspace/builds/worker-2-tc2/source
[INFO] validating manifest of crates.io crate compio-tls 0.3.1 on toolchain nightly-2024-10-28
[INFO] running `Command { std: CARGO_HOME="/workspace/cargo-home" RUSTUP_HOME="/workspace/rustup-home" "/workspace/cargo-home/bin/cargo" "+nightly-2024-10-28" "metadata" "--manifest-path" "Cargo.toml" "--no-deps", kill_on_drop: false }`
[INFO] started tweaking crates.io crate compio-tls 0.3.1
[INFO] removed 0 missing tests
[INFO] finished tweaking crates.io crate compio-tls 0.3.1
[INFO] tweaked toml for crates.io crate compio-tls 0.3.1 written to /workspace/builds/worker-2-tc2/source/Cargo.toml
[INFO] running `Command { std: CARGO_HOME="/workspace/cargo-home" RUSTUP_HOME="/workspace/rustup-home" "/workspace/cargo-home/bin/cargo" "+nightly-2024-10-28" "generate-lockfile" "--manifest-path" "Cargo.toml", kill_on_drop: false }`
[INFO] [stderr]     Updating crates.io index
[INFO] [stderr]      Locking 99 packages to latest compatible versions
[INFO] running `Command { std: CARGO_HOME="/workspace/cargo-home" RUSTUP_HOME="/workspace/rustup-home" "/workspace/cargo-home/bin/cargo" "+nightly-2024-10-28" "fetch" "--manifest-path" "Cargo.toml", kill_on_drop: false }`
[INFO] running `Command { std: "docker" "create" "-v" "/var/lib/crater-agent-workspace/builds/worker-2-tc2/target:/opt/rustwide/target:rw,Z" "-v" "/var/lib/crater-agent-workspace/builds/worker-2-tc2/source:/opt/rustwide/workdir:ro,Z" "-v" "/var/lib/crater-agent-workspace/cargo-home:/opt/rustwide/cargo-home:ro,Z" "-v" "/var/lib/crater-agent-workspace/rustup-home:/opt/rustwide/rustup-home:ro,Z" "-e" "SOURCE_DIR=/opt/rustwide/workdir" "-e" "CARGO_TARGET_DIR=/opt/rustwide/target" "-e" "CARGO_HOME=/opt/rustwide/cargo-home" "-e" "RUSTUP_HOME=/opt/rustwide/rustup-home" "-w" "/opt/rustwide/workdir" "-m" "1610612736" "--user" "0:0" "--network" "none" "ghcr.io/rust-lang/crates-build-env/linux@sha256:4a844ea9eb2546a2d2c7022eacef16ef2e8229c7fbb2c7d4d55a9ceca922f72d" "/opt/rustwide/cargo-home/bin/cargo" "+nightly-2024-10-28" "metadata" "--no-deps" "--format-version=1", kill_on_drop: false }`
[INFO] [stdout] 8806d3c843f56daf6c5ff37ef892ff4e1874d39346983692830ab868594bddd4
[INFO] running `Command { std: "docker" "start" "-a" "8806d3c843f56daf6c5ff37ef892ff4e1874d39346983692830ab868594bddd4", kill_on_drop: false }`
[INFO] running `Command { std: "docker" "inspect" "8806d3c843f56daf6c5ff37ef892ff4e1874d39346983692830ab868594bddd4", kill_on_drop: false }`
[INFO] running `Command { std: "docker" "rm" "-f" "8806d3c843f56daf6c5ff37ef892ff4e1874d39346983692830ab868594bddd4", kill_on_drop: false }`
[INFO] [stdout] 8806d3c843f56daf6c5ff37ef892ff4e1874d39346983692830ab868594bddd4
[INFO] running `Command { std: "docker" "create" "-v" "/var/lib/crater-agent-workspace/builds/worker-2-tc2/target:/opt/rustwide/target:rw,Z" "-v" "/var/lib/crater-agent-workspace/builds/worker-2-tc2/source:/opt/rustwide/workdir:ro,Z" "-v" "/var/lib/crater-agent-workspace/cargo-home:/opt/rustwide/cargo-home:ro,Z" "-v" "/var/lib/crater-agent-workspace/rustup-home:/opt/rustwide/rustup-home:ro,Z" "-e" "SOURCE_DIR=/opt/rustwide/workdir" "-e" "CARGO_TARGET_DIR=/opt/rustwide/target" "-e" "CARGO_INCREMENTAL=0" "-e" "RUST_BACKTRACE=full" "-e" "RUSTFLAGS=--cap-lints=forbid -Zrandomize-layout" "-e" "RUSTDOCFLAGS=--cap-lints=forbid" "-e" "CARGO_HOME=/opt/rustwide/cargo-home" "-e" "RUSTUP_HOME=/opt/rustwide/rustup-home" "-w" "/opt/rustwide/workdir" "-m" "1610612736" "--user" "0:0" "--network" "none" "ghcr.io/rust-lang/crates-build-env/linux@sha256:4a844ea9eb2546a2d2c7022eacef16ef2e8229c7fbb2c7d4d55a9ceca922f72d" "/opt/rustwide/cargo-home/bin/cargo" "+nightly-2024-10-28" "build" "--frozen" "--message-format=json", kill_on_drop: false }`
[INFO] [stdout] 47f4135dc6a484141c318a425c57244ea9fd9168d7cc22e7bbb7c2cc17fa6169
[INFO] running `Command { std: "docker" "start" "-a" "47f4135dc6a484141c318a425c57244ea9fd9168d7cc22e7bbb7c2cc17fa6169", kill_on_drop: false }`
[INFO] [stderr]    Compiling proc-macro2 v1.0.89
[INFO] [stderr]    Compiling unicode-ident v1.0.13
[INFO] [stderr]    Compiling shlex v1.3.0
[INFO] [stderr]    Compiling pkg-config v0.3.31
[INFO] [stderr]    Compiling vcpkg v0.2.15
[INFO] [stderr]    Compiling libc v0.2.161
[INFO] [stderr]    Compiling autocfg v1.4.0
[INFO] [stderr]    Compiling paste v1.0.15
[INFO] [stderr]    Compiling openssl v0.10.68
[INFO] [stderr]    Compiling foreign-types-shared v0.1.1
[INFO] [stderr]    Compiling arrayvec v0.7.6
[INFO] [stderr]    Compiling cfg-if v1.0.0
[INFO] [stderr]    Compiling futures-core v0.3.31
[INFO] [stderr]    Compiling bitflags v2.6.0
[INFO] [stderr]    Compiling futures-io v0.3.31
[INFO] [stderr]    Compiling once_cell v1.20.2
[INFO] [stderr]    Compiling foreign-types v0.3.2
[INFO] [stderr]    Compiling pin-project-lite v0.2.15
[INFO] [stderr]    Compiling native-tls v0.2.12
[INFO] [stderr]    Compiling cc v1.1.31
[INFO] [stderr]    Compiling pin-utils v0.1.0
[INFO] [stderr]    Compiling futures-task v0.3.31
[INFO] [stderr]    Compiling memchr v2.7.4
[INFO] [stderr]    Compiling openssl-probe v0.1.5
[INFO] [stderr]    Compiling log v0.4.22
[INFO] [stderr]    Compiling slab v0.4.9
[INFO] [stderr]    Compiling quote v1.0.37
[INFO] [stderr]    Compiling syn v2.0.86
[INFO] [stderr]    Compiling compio-buf v0.5.0
[INFO] [stderr]    Compiling openssl-sys v0.9.104
[INFO] [stderr]    Compiling openssl-macros v0.1.1
[INFO] [stderr]    Compiling futures-macro v0.3.31
[INFO] [stderr]    Compiling futures-util v0.3.31
[INFO] [stderr]    Compiling compio-io v0.4.1
[INFO] [stderr]    Compiling compio-tls v0.3.1 (/opt/rustwide/workdir)
[INFO] [stderr]     Finished `dev` profile [unoptimized + debuginfo] target(s) in 9.12s
[INFO] running `Command { std: "docker" "inspect" "47f4135dc6a484141c318a425c57244ea9fd9168d7cc22e7bbb7c2cc17fa6169", kill_on_drop: false }`
[INFO] running `Command { std: "docker" "rm" "-f" "47f4135dc6a484141c318a425c57244ea9fd9168d7cc22e7bbb7c2cc17fa6169", kill_on_drop: false }`
[INFO] [stdout] 47f4135dc6a484141c318a425c57244ea9fd9168d7cc22e7bbb7c2cc17fa6169
[INFO] running `Command { std: "docker" "create" "-v" "/var/lib/crater-agent-workspace/builds/worker-2-tc2/target:/opt/rustwide/target:rw,Z" "-v" "/var/lib/crater-agent-workspace/builds/worker-2-tc2/source:/opt/rustwide/workdir:ro,Z" "-v" "/var/lib/crater-agent-workspace/cargo-home:/opt/rustwide/cargo-home:ro,Z" "-v" "/var/lib/crater-agent-workspace/rustup-home:/opt/rustwide/rustup-home:ro,Z" "-e" "SOURCE_DIR=/opt/rustwide/workdir" "-e" "CARGO_TARGET_DIR=/opt/rustwide/target" "-e" "CARGO_INCREMENTAL=0" "-e" "RUST_BACKTRACE=full" "-e" "RUSTFLAGS=--cap-lints=forbid -Zrandomize-layout" "-e" "RUSTDOCFLAGS=--cap-lints=forbid" "-e" "CARGO_HOME=/opt/rustwide/cargo-home" "-e" "RUSTUP_HOME=/opt/rustwide/rustup-home" "-w" "/opt/rustwide/workdir" "-m" "1610612736" "--user" "0:0" "--network" "none" "ghcr.io/rust-lang/crates-build-env/linux@sha256:4a844ea9eb2546a2d2c7022eacef16ef2e8229c7fbb2c7d4d55a9ceca922f72d" "/opt/rustwide/cargo-home/bin/cargo" "+nightly-2024-10-28" "test" "--frozen" "--no-run" "--message-format=json", kill_on_drop: false }`
[INFO] [stdout] 101475647d0220a6b9f3c926e24923bd1ee222eb1539ba779c39f08f0eb96dfc
[INFO] running `Command { std: "docker" "start" "-a" "101475647d0220a6b9f3c926e24923bd1ee222eb1539ba779c39f08f0eb96dfc", kill_on_drop: false }`
[INFO] [stderr]    Compiling crossbeam-utils v0.8.20
[INFO] [stderr]    Compiling tracing-core v0.1.32
[INFO] [stderr]    Compiling equivalent v1.0.1
[INFO] [stderr]    Compiling rustls-pki-types v1.10.0
[INFO] [stderr]    Compiling hashbrown v0.15.0
[INFO] [stderr]    Compiling toml_datetime v0.6.8
[INFO] [stderr]    Compiling untrusted v0.9.0
[INFO] [stderr]    Compiling ring v0.17.8
[INFO] [stderr]    Compiling getrandom v0.2.15
[INFO] [stderr]    Compiling socket2 v0.5.7
[INFO] [stderr]    Compiling spin v0.9.8
[INFO] [stderr]    Compiling winnow v0.6.20
[INFO] [stderr]    Compiling os_pipe v1.2.1
[INFO] [stderr]    Compiling scoped-tls v1.0.1
[INFO] [stderr]    Compiling smallvec v1.13.2
[INFO] [stderr]    Compiling async-task v4.7.1
[INFO] [stderr]    Compiling rustls v0.23.16
[INFO] [stderr]    Compiling zeroize v1.8.1
[INFO] [stderr]    Compiling either v1.13.0
[INFO] [stderr]    Compiling subtle v2.6.1
[INFO] [stderr]    Compiling rustls-pemfile v2.2.0
[INFO] [stderr]    Compiling tracing v0.1.40
[INFO] [stderr]    Compiling rustls-native-certs v0.8.0
[INFO] [stderr]    Compiling compio-log v0.1.0
[INFO] [stderr]    Compiling indexmap v2.6.0
[INFO] [stderr]    Compiling crossbeam-channel v0.5.13
[INFO] [stderr]    Compiling crossbeam-queue v0.3.11
[INFO] [stderr]    Compiling compio-driver v0.5.1
[INFO] [stdout] error: You must choose at least one of these features: ["io-uring", "polling"]
[INFO] [stdout]   --> /opt/rustwide/cargo-home/registry/src/index.crates.io-6f17d22bba15001f/compio-driver-0.5.1/src/lib.rs:13:1
[INFO] [stdout]    |
[INFO] [stdout] 13 | compile_error!("You must choose at least one of these features: [\"io-uring\", \"polling\"]");
[INFO] [stdout]    | ^^^^^^^^^^^^^^^^^^^^^^^^^^^^^^^^^^^^^^^^^^^^^^^^^^^^^^^^^^^^^^^^^^^^^^^^^^^^^^^^^^^^^^^^^^^^^
[INFO] [stdout] 
[INFO] [stdout] 
[INFO] [stdout] error[E0432]: unresolved import `polling`
[INFO] [stdout]   --> /opt/rustwide/cargo-home/registry/src/index.crates.io-6f17d22bba15001f/compio-driver-0.5.1/src/poll/mod.rs:18:5
[INFO] [stdout]    |
[INFO] [stdout] 18 | use polling::{Event, Events, PollMode, Poller};
[INFO] [stdout]    |     ^^^^^^^ use of undeclared crate or module `polling`
[INFO] [stdout] 
[INFO] [stdout] 
[INFO] [stdout] error[E0432]: unresolved import `polling`
[INFO] [stdout]   --> /opt/rustwide/cargo-home/registry/src/index.crates.io-6f17d22bba15001f/compio-driver-0.5.1/src/poll/op.rs:14:5
[INFO] [stdout]    |
[INFO] [stdout] 14 | use polling::Event;
[INFO] [stdout]    |     ^^^^^^^ use of undeclared crate or module `polling`
[INFO] [stdout] 
[INFO] [stdout] 
[INFO] [stdout] error[E0433]: failed to resolve: use of undeclared crate or module `os_pipe`
[INFO] [stdout]    --> /opt/rustwide/cargo-home/registry/src/index.crates.io-6f17d22bba15001f/compio-driver-0.5.1/src/poll/mod.rs:334:46
[INFO] [stdout]     |
[INFO] [stdout] 334 |         let (notify_reader, notify_writer) = os_pipe::pipe()?;
[INFO] [stdout]     |                                              ^^^^^^^ use of undeclared crate or module `os_pipe`
[INFO] [stdout] 
[INFO] [stdout] 
[INFO] [stdout] error[E0433]: failed to resolve: use of undeclared crate or module `os_pipe`
[INFO] [stdout]    --> /opt/rustwide/cargo-home/registry/src/index.crates.io-6f17d22bba15001f/compio-driver-0.5.1/src/poll/mod.rs:328:20
[INFO] [stdout]     |
[INFO] [stdout] 328 |     notify_reader: os_pipe::PipeReader,
[INFO] [stdout]     |                    ^^^^^^^ use of undeclared crate or module `os_pipe`
[INFO] [stdout] 
[INFO] [stdout] 
[INFO] [stdout] error[E0433]: failed to resolve: use of undeclared crate or module `os_pipe`
[INFO] [stdout]    --> /opt/rustwide/cargo-home/registry/src/index.crates.io-6f17d22bba15001f/compio-driver-0.5.1/src/poll/mod.rs:329:24
[INFO] [stdout]     |
[INFO] [stdout] 329 |     notify_writer: Arc<os_pipe::PipeWriter>,
[INFO] [stdout]     |                        ^^^^^^^ use of undeclared crate or module `os_pipe`
[INFO] [stdout] 
[INFO] [stdout] 
[INFO] [stdout] error[E0433]: failed to resolve: use of undeclared crate or module `os_pipe`
[INFO] [stdout]    --> /opt/rustwide/cargo-home/registry/src/index.crates.io-6f17d22bba15001f/compio-driver-0.5.1/src/poll/mod.rs:374:24
[INFO] [stdout]     |
[INFO] [stdout] 374 |     fn new(sender: Arc<os_pipe::PipeWriter>) -> Self {
[INFO] [stdout]     |                        ^^^^^^^ use of undeclared crate or module `os_pipe`
[INFO] [stdout] 
[INFO] [stdout] 
[INFO] [stdout] error[E0433]: failed to resolve: use of undeclared crate or module `os_pipe`
[INFO] [stdout]    --> /opt/rustwide/cargo-home/registry/src/index.crates.io-6f17d22bba15001f/compio-driver-0.5.1/src/poll/mod.rs:370:17
[INFO] [stdout]     |
[INFO] [stdout] 370 |     sender: Arc<os_pipe::PipeWriter>,
[INFO] [stdout]     |                 ^^^^^^^ use of undeclared crate or module `os_pipe`
[INFO] [stdout] 
[INFO] [stdout] 
[INFO] [stdout] Some errors have detailed explanations: E0432, E0433.
[INFO] [stdout] 
[INFO] [stdout] For more information about an error, try `rustc --explain E0432`.
[INFO] [stdout] 
[INFO] [stderr] error: could not compile `compio-driver` (lib) due to 8 previous errors
[INFO] [stderr] warning: build failed, waiting for other jobs to finish...
[INFO] running `Command { std: "docker" "inspect" "101475647d0220a6b9f3c926e24923bd1ee222eb1539ba779c39f08f0eb96dfc", kill_on_drop: false }`
[INFO] running `Command { std: "docker" "rm" "-f" "101475647d0220a6b9f3c926e24923bd1ee222eb1539ba779c39f08f0eb96dfc", kill_on_drop: false }`
[INFO] [stdout] 101475647d0220a6b9f3c926e24923bd1ee222eb1539ba779c39f08f0eb96dfc
