[INFO] fetching crate common-crypto 0.3.0...
[INFO] testing common-crypto-0.3.0 against nightly-2024-10-28+rustflags=-Zrandomize-layout for randomize-layout
[INFO] extracting crate common-crypto 0.3.0 into /workspace/builds/worker-7-tc2/source
[INFO] validating manifest of crates.io crate common-crypto 0.3.0 on toolchain nightly-2024-10-28
[INFO] running `Command { std: CARGO_HOME="/workspace/cargo-home" RUSTUP_HOME="/workspace/rustup-home" "/workspace/cargo-home/bin/cargo" "+nightly-2024-10-28" "metadata" "--manifest-path" "Cargo.toml" "--no-deps", kill_on_drop: false }`
[INFO] started tweaking crates.io crate common-crypto 0.3.0
[INFO] finished tweaking crates.io crate common-crypto 0.3.0
[INFO] tweaked toml for crates.io crate common-crypto 0.3.0 written to /workspace/builds/worker-7-tc2/source/Cargo.toml
[INFO] running `Command { std: CARGO_HOME="/workspace/cargo-home" RUSTUP_HOME="/workspace/rustup-home" "/workspace/cargo-home/bin/cargo" "+nightly-2024-10-28" "generate-lockfile" "--manifest-path" "Cargo.toml", kill_on_drop: false }`
[INFO] [stderr]     Updating crates.io index
[INFO] [stderr]      Locking 1 package to latest compatible version
[INFO] running `Command { std: CARGO_HOME="/workspace/cargo-home" RUSTUP_HOME="/workspace/rustup-home" "/workspace/cargo-home/bin/cargo" "+nightly-2024-10-28" "fetch" "--manifest-path" "Cargo.toml", kill_on_drop: false }`
[INFO] [stderr]     Blocking waiting for file lock on package cache
[INFO] running `Command { std: "docker" "create" "-v" "/var/lib/crater-agent-workspace/builds/worker-7-tc2/target:/opt/rustwide/target:rw,Z" "-v" "/var/lib/crater-agent-workspace/builds/worker-7-tc2/source:/opt/rustwide/workdir:ro,Z" "-v" "/var/lib/crater-agent-workspace/cargo-home:/opt/rustwide/cargo-home:ro,Z" "-v" "/var/lib/crater-agent-workspace/rustup-home:/opt/rustwide/rustup-home:ro,Z" "-e" "SOURCE_DIR=/opt/rustwide/workdir" "-e" "CARGO_TARGET_DIR=/opt/rustwide/target" "-e" "CARGO_HOME=/opt/rustwide/cargo-home" "-e" "RUSTUP_HOME=/opt/rustwide/rustup-home" "-w" "/opt/rustwide/workdir" "-m" "1610612736" "--user" "0:0" "--network" "none" "ghcr.io/rust-lang/crates-build-env/linux@sha256:4a844ea9eb2546a2d2c7022eacef16ef2e8229c7fbb2c7d4d55a9ceca922f72d" "/opt/rustwide/cargo-home/bin/cargo" "+nightly-2024-10-28" "metadata" "--no-deps" "--format-version=1", kill_on_drop: false }`
[INFO] [stdout] d9b186218666b4bd1d7ac548e5bcfa2aa38caa6dd3e1b95cd072856906377092
[INFO] running `Command { std: "docker" "start" "-a" "d9b186218666b4bd1d7ac548e5bcfa2aa38caa6dd3e1b95cd072856906377092", kill_on_drop: false }`
[INFO] running `Command { std: "docker" "inspect" "d9b186218666b4bd1d7ac548e5bcfa2aa38caa6dd3e1b95cd072856906377092", kill_on_drop: false }`
[INFO] running `Command { std: "docker" "rm" "-f" "d9b186218666b4bd1d7ac548e5bcfa2aa38caa6dd3e1b95cd072856906377092", kill_on_drop: false }`
[INFO] [stdout] d9b186218666b4bd1d7ac548e5bcfa2aa38caa6dd3e1b95cd072856906377092
[INFO] running `Command { std: "docker" "create" "-v" "/var/lib/crater-agent-workspace/builds/worker-7-tc2/target:/opt/rustwide/target:rw,Z" "-v" "/var/lib/crater-agent-workspace/builds/worker-7-tc2/source:/opt/rustwide/workdir:ro,Z" "-v" "/var/lib/crater-agent-workspace/cargo-home:/opt/rustwide/cargo-home:ro,Z" "-v" "/var/lib/crater-agent-workspace/rustup-home:/opt/rustwide/rustup-home:ro,Z" "-e" "SOURCE_DIR=/opt/rustwide/workdir" "-e" "CARGO_TARGET_DIR=/opt/rustwide/target" "-e" "CARGO_INCREMENTAL=0" "-e" "RUST_BACKTRACE=full" "-e" "RUSTFLAGS=--cap-lints=forbid -Zrandomize-layout" "-e" "RUSTDOCFLAGS=--cap-lints=forbid" "-e" "CARGO_HOME=/opt/rustwide/cargo-home" "-e" "RUSTUP_HOME=/opt/rustwide/rustup-home" "-w" "/opt/rustwide/workdir" "-m" "1610612736" "--user" "0:0" "--network" "none" "ghcr.io/rust-lang/crates-build-env/linux@sha256:4a844ea9eb2546a2d2c7022eacef16ef2e8229c7fbb2c7d4d55a9ceca922f72d" "/opt/rustwide/cargo-home/bin/cargo" "+nightly-2024-10-28" "build" "--frozen" "--message-format=json", kill_on_drop: false }`
[INFO] [stdout] d785760f11be7c0c078e5b983f8ba1569b6b84b9a979d90de22bd76aae07cd5f
[INFO] running `Command { std: "docker" "start" "-a" "d785760f11be7c0c078e5b983f8ba1569b6b84b9a979d90de22bd76aae07cd5f", kill_on_drop: false }`
[INFO] [stderr]    Compiling common-crypto v0.3.0 (/opt/rustwide/workdir)
[INFO] [stderr]     Finished `dev` profile [unoptimized + debuginfo] target(s) in 0.22s
[INFO] running `Command { std: "docker" "inspect" "d785760f11be7c0c078e5b983f8ba1569b6b84b9a979d90de22bd76aae07cd5f", kill_on_drop: false }`
[INFO] running `Command { std: "docker" "rm" "-f" "d785760f11be7c0c078e5b983f8ba1569b6b84b9a979d90de22bd76aae07cd5f", kill_on_drop: false }`
[INFO] [stdout] d785760f11be7c0c078e5b983f8ba1569b6b84b9a979d90de22bd76aae07cd5f
[INFO] running `Command { std: "docker" "create" "-v" "/var/lib/crater-agent-workspace/builds/worker-7-tc2/target:/opt/rustwide/target:rw,Z" "-v" "/var/lib/crater-agent-workspace/builds/worker-7-tc2/source:/opt/rustwide/workdir:ro,Z" "-v" "/var/lib/crater-agent-workspace/cargo-home:/opt/rustwide/cargo-home:ro,Z" "-v" "/var/lib/crater-agent-workspace/rustup-home:/opt/rustwide/rustup-home:ro,Z" "-e" "SOURCE_DIR=/opt/rustwide/workdir" "-e" "CARGO_TARGET_DIR=/opt/rustwide/target" "-e" "CARGO_INCREMENTAL=0" "-e" "RUST_BACKTRACE=full" "-e" "RUSTFLAGS=--cap-lints=forbid -Zrandomize-layout" "-e" "RUSTDOCFLAGS=--cap-lints=forbid" "-e" "CARGO_HOME=/opt/rustwide/cargo-home" "-e" "RUSTUP_HOME=/opt/rustwide/rustup-home" "-w" "/opt/rustwide/workdir" "-m" "1610612736" "--user" "0:0" "--network" "none" "ghcr.io/rust-lang/crates-build-env/linux@sha256:4a844ea9eb2546a2d2c7022eacef16ef2e8229c7fbb2c7d4d55a9ceca922f72d" "/opt/rustwide/cargo-home/bin/cargo" "+nightly-2024-10-28" "test" "--frozen" "--no-run" "--message-format=json", kill_on_drop: false }`
[INFO] [stdout] bb19fbf12a918765e0b407aef7455e32a2233dadab43f53f579ca038b5af2dce
[INFO] running `Command { std: "docker" "start" "-a" "bb19fbf12a918765e0b407aef7455e32a2233dadab43f53f579ca038b5af2dce", kill_on_drop: false }`
[INFO] [stderr]    Compiling hex v0.4.3
[INFO] [stderr]    Compiling common-crypto v0.3.0 (/opt/rustwide/workdir)
[INFO] [stdout] error: linking with `cc` failed: exit status: 1
[INFO] [stdout]   |
[INFO] [stdout]   = note: LC_ALL="C" PATH="/opt/rustwide/rustup-home/toolchains/nightly-2024-10-28-x86_64-unknown-linux-gnu/lib/rustlib/x86_64-unknown-linux-gnu/bin:/opt/rustwide/rustup-home/toolchains/nightly-2024-10-28-x86_64-unknown-linux-gnu/lib/rustlib/x86_64-unknown-linux-gnu/bin/self-contained:/opt/rustwide/cargo-home/bin:/usr/local/sbin:/usr/local/bin:/usr/sbin:/usr/bin:/sbin:/bin" VSLANG="1033" "cc" "-m64" "/tmp/rustcP3lC0z/symbols.o" "/opt/rustwide/target/debug/deps/cryptor-3155c32d91577dd4.cryptor.d6ad116c45c5c58a-cgu.0.rcgu.o" "/opt/rustwide/target/debug/deps/cryptor-3155c32d91577dd4.5f6kfvk4kolnnksvkjeej3j5x.rcgu.o" "-Wl,--as-needed" "-Wl,-Bstatic" "/opt/rustwide/rustup-home/toolchains/nightly-2024-10-28-x86_64-unknown-linux-gnu/lib/rustlib/x86_64-unknown-linux-gnu/lib/libtest-a09fad3b5321e7d6.rlib" "/opt/rustwide/rustup-home/toolchains/nightly-2024-10-28-x86_64-unknown-linux-gnu/lib/rustlib/x86_64-unknown-linux-gnu/lib/libgetopts-f9c3dff41ad42661.rlib" "/opt/rustwide/rustup-home/toolchains/nightly-2024-10-28-x86_64-unknown-linux-gnu/lib/rustlib/x86_64-unknown-linux-gnu/lib/libunicode_width-ad2aef31af6addd3.rlib" "/opt/rustwide/rustup-home/toolchains/nightly-2024-10-28-x86_64-unknown-linux-gnu/lib/rustlib/x86_64-unknown-linux-gnu/lib/librustc_std_workspace_std-e3f907dc03deb913.rlib" "/opt/rustwide/target/debug/deps/libcommon_crypto-f252d7a859e86452.rlib" "/opt/rustwide/rustup-home/toolchains/nightly-2024-10-28-x86_64-unknown-linux-gnu/lib/rustlib/x86_64-unknown-linux-gnu/lib/libstd-fb8c387236db3c10.rlib" "/opt/rustwide/rustup-home/toolchains/nightly-2024-10-28-x86_64-unknown-linux-gnu/lib/rustlib/x86_64-unknown-linux-gnu/lib/libpanic_unwind-b251837809b2f64b.rlib" "/opt/rustwide/rustup-home/toolchains/nightly-2024-10-28-x86_64-unknown-linux-gnu/lib/rustlib/x86_64-unknown-linux-gnu/lib/libobject-cbef83eaa4e01f04.rlib" "/opt/rustwide/rustup-home/toolchains/nightly-2024-10-28-x86_64-unknown-linux-gnu/lib/rustlib/x86_64-unknown-linux-gnu/lib/libmemchr-12a772286de2fca7.rlib" "/opt/rustwide/rustup-home/toolchains/nightly-2024-10-28-x86_64-unknown-linux-gnu/lib/rustlib/x86_64-unknown-linux-gnu/lib/libaddr2line-023bbe5ada7abfc3.rlib" "/opt/rustwide/rustup-home/toolchains/nightly-2024-10-28-x86_64-unknown-linux-gnu/lib/rustlib/x86_64-unknown-linux-gnu/lib/libgimli-de2bcdf10ec69c2b.rlib" "/opt/rustwide/rustup-home/toolchains/nightly-2024-10-28-x86_64-unknown-linux-gnu/lib/rustlib/x86_64-unknown-linux-gnu/lib/librustc_demangle-8e1754df350800fd.rlib" "/opt/rustwide/rustup-home/toolchains/nightly-2024-10-28-x86_64-unknown-linux-gnu/lib/rustlib/x86_64-unknown-linux-gnu/lib/libstd_detect-06c2ab7b9c32e037.rlib" "/opt/rustwide/rustup-home/toolchains/nightly-2024-10-28-x86_64-unknown-linux-gnu/lib/rustlib/x86_64-unknown-linux-gnu/lib/libhashbrown-51d2621fc57a281b.rlib" "/opt/rustwide/rustup-home/toolchains/nightly-2024-10-28-x86_64-unknown-linux-gnu/lib/rustlib/x86_64-unknown-linux-gnu/lib/librustc_std_workspace_alloc-54a930408793772f.rlib" "/opt/rustwide/rustup-home/toolchains/nightly-2024-10-28-x86_64-unknown-linux-gnu/lib/rustlib/x86_64-unknown-linux-gnu/lib/libminiz_oxide-0c7d01cba400dcb2.rlib" "/opt/rustwide/rustup-home/toolchains/nightly-2024-10-28-x86_64-unknown-linux-gnu/lib/rustlib/x86_64-unknown-linux-gnu/lib/libadler-b9f84d69e331b75b.rlib" "/opt/rustwide/rustup-home/toolchains/nightly-2024-10-28-x86_64-unknown-linux-gnu/lib/rustlib/x86_64-unknown-linux-gnu/lib/libunwind-eec95493246aae39.rlib" "/opt/rustwide/rustup-home/toolchains/nightly-2024-10-28-x86_64-unknown-linux-gnu/lib/rustlib/x86_64-unknown-linux-gnu/lib/libcfg_if-6f6676c475e08ab0.rlib" "/opt/rustwide/rustup-home/toolchains/nightly-2024-10-28-x86_64-unknown-linux-gnu/lib/rustlib/x86_64-unknown-linux-gnu/lib/liblibc-799d520624f8b2e0.rlib" "/opt/rustwide/rustup-home/toolchains/nightly-2024-10-28-x86_64-unknown-linux-gnu/lib/rustlib/x86_64-unknown-linux-gnu/lib/liballoc-fcf93d4842acd9a9.rlib" "/opt/rustwide/rustup-home/toolchains/nightly-2024-10-28-x86_64-unknown-linux-gnu/lib/rustlib/x86_64-unknown-linux-gnu/lib/librustc_std_workspace_core-395a38b8e0851c9b.rlib" "/opt/rustwide/rustup-home/toolchains/nightly-2024-10-28-x86_64-unknown-linux-gnu/lib/rustlib/x86_64-unknown-linux-gnu/lib/libcore-d453bab70303062c.rlib" "/opt/rustwide/rustup-home/toolchains/nightly-2024-10-28-x86_64-unknown-linux-gnu/lib/rustlib/x86_64-unknown-linux-gnu/lib/libcompiler_builtins-0e6386368b0a24e8.rlib" "-Wl,-Bdynamic" "-lgcc_s" "-lutil" "-lrt" "-lpthread" "-lm" "-ldl" "-lc" "-B/opt/rustwide/rustup-home/toolchains/nightly-2024-10-28-x86_64-unknown-linux-gnu/lib/rustlib/x86_64-unknown-linux-gnu/bin/gcc-ld" "-fuse-ld=lld" "-Wl,--eh-frame-hdr" "-Wl,-z,noexecstack" "-L" "/opt/rustwide/rustup-home/toolchains/nightly-2024-10-28-x86_64-unknown-linux-gnu/lib/rustlib/x86_64-unknown-linux-gnu/lib" "-o" "/opt/rustwide/target/debug/deps/cryptor-3155c32d91577dd4" "-Wl,--gc-sections" "-pie" "-Wl,-z,relro,-z,now" "-nodefaultlibs"
[INFO] [stdout]   = note: rust-lld: error: undefined symbol: CCCryptorRelease
[INFO] [stdout]           >>> referenced by cryptor.rs:321 (src/cryptor.rs:321)
[INFO] [stdout]           >>>               common_crypto-f252d7a859e86452.common_crypto.108938f146c4b087-cgu.0.rcgu.o:(_$LT$common_crypto..cryptor..Cryptor$u20$as$u20$core..ops..drop..Drop$GT$::drop::ha411a5d8a3018680) in archive /opt/rustwide/target/debug/deps/libcommon_crypto-f252d7a859e86452.rlib
[INFO] [stdout]           
[INFO] [stdout]           rust-lld: error: undefined symbol: CCCryptorCreateWithMode
[INFO] [stdout]           >>> referenced by cryptor.rs:331 (src/cryptor.rs:331)
[INFO] [stdout]           >>>               common_crypto-f252d7a859e86452.common_crypto.108938f146c4b087-cgu.0.rcgu.o:(common_crypto::cryptor::Cryptor::new::h8c513582f8988ff9) in archive /opt/rustwide/target/debug/deps/libcommon_crypto-f252d7a859e86452.rlib
[INFO] [stdout]           
[INFO] [stdout]           rust-lld: error: undefined symbol: CCCryptorGetOutputLength
[INFO] [stdout]           >>> referenced by cryptor.rs:374 (src/cryptor.rs:374)
[INFO] [stdout]           >>>               /opt/rustwide/target/debug/deps/cryptor-3155c32d91577dd4.cryptor.d6ad116c45c5c58a-cgu.0.rcgu.o:(common_crypto::cryptor::Cryptor::update::h0ea50fd1bcb1199e)
[INFO] [stdout]           >>> referenced by cryptor.rs:374 (src/cryptor.rs:374)
[INFO] [stdout]           >>>               /opt/rustwide/target/debug/deps/cryptor-3155c32d91577dd4.cryptor.d6ad116c45c5c58a-cgu.0.rcgu.o:(common_crypto::cryptor::Cryptor::update::h6fe8502284e3fd6f)
[INFO] [stdout]           >>> referenced by cryptor.rs:374 (src/cryptor.rs:374)
[INFO] [stdout]           >>>               /opt/rustwide/target/debug/deps/cryptor-3155c32d91577dd4.cryptor.d6ad116c45c5c58a-cgu.0.rcgu.o:(common_crypto::cryptor::Cryptor::update::ha06d0914cc32d292)
[INFO] [stdout]           
[INFO] [stdout]           rust-lld: error: undefined symbol: CCCryptorUpdate
[INFO] [stdout]           >>> referenced by cryptor.rs:379 (src/cryptor.rs:379)
[INFO] [stdout]           >>>               /opt/rustwide/target/debug/deps/cryptor-3155c32d91577dd4.cryptor.d6ad116c45c5c58a-cgu.0.rcgu.o:(common_crypto::cryptor::Cryptor::update::h0ea50fd1bcb1199e)
[INFO] [stdout]           >>> referenced by cryptor.rs:379 (src/cryptor.rs:379)
[INFO] [stdout]           >>>               /opt/rustwide/target/debug/deps/cryptor-3155c32d91577dd4.cryptor.d6ad116c45c5c58a-cgu.0.rcgu.o:(common_crypto::cryptor::Cryptor::update::h6fe8502284e3fd6f)
[INFO] [stdout]           >>> referenced by cryptor.rs:379 (src/cryptor.rs:379)
[INFO] [stdout]           >>>               /opt/rustwide/target/debug/deps/cryptor-3155c32d91577dd4.cryptor.d6ad116c45c5c58a-cgu.0.rcgu.o:(common_crypto::cryptor::Cryptor::update::ha06d0914cc32d292)
[INFO] [stdout]           collect2: error: ld returned 1 exit status
[INFO] [stdout]           
[INFO] [stdout] 
[INFO] [stdout] 
[INFO] [stderr] error: could not compile `common-crypto` (test "cryptor") due to 1 previous error
[INFO] [stderr] warning: build failed, waiting for other jobs to finish...
[INFO] [stdout] error: linking with `cc` failed: exit status: 1
[INFO] [stdout]   |
[INFO] [stdout]   = note: LC_ALL="C" PATH="/opt/rustwide/rustup-home/toolchains/nightly-2024-10-28-x86_64-unknown-linux-gnu/lib/rustlib/x86_64-unknown-linux-gnu/bin:/opt/rustwide/rustup-home/toolchains/nightly-2024-10-28-x86_64-unknown-linux-gnu/lib/rustlib/x86_64-unknown-linux-gnu/bin/self-contained:/opt/rustwide/cargo-home/bin:/usr/local/sbin:/usr/local/bin:/usr/sbin:/usr/bin:/sbin:/bin" VSLANG="1033" "cc" "-m64" "/tmp/rustcqPEHmN/symbols.o" "/opt/rustwide/target/debug/deps/hash-afa7c6d00371c70f.hash.207e02c2235d933f-cgu.0.rcgu.o" "/opt/rustwide/target/debug/deps/hash-afa7c6d00371c70f.5o3pyb9xg4r7i99vqggnf04nm.rcgu.o" "-Wl,--as-needed" "-Wl,-Bstatic" "/opt/rustwide/target/debug/deps/libhex-718b4f18bb2e7953.rlib" "/opt/rustwide/rustup-home/toolchains/nightly-2024-10-28-x86_64-unknown-linux-gnu/lib/rustlib/x86_64-unknown-linux-gnu/lib/libtest-a09fad3b5321e7d6.rlib" "/opt/rustwide/rustup-home/toolchains/nightly-2024-10-28-x86_64-unknown-linux-gnu/lib/rustlib/x86_64-unknown-linux-gnu/lib/libgetopts-f9c3dff41ad42661.rlib" "/opt/rustwide/rustup-home/toolchains/nightly-2024-10-28-x86_64-unknown-linux-gnu/lib/rustlib/x86_64-unknown-linux-gnu/lib/libunicode_width-ad2aef31af6addd3.rlib" "/opt/rustwide/rustup-home/toolchains/nightly-2024-10-28-x86_64-unknown-linux-gnu/lib/rustlib/x86_64-unknown-linux-gnu/lib/librustc_std_workspace_std-e3f907dc03deb913.rlib" "/opt/rustwide/target/debug/deps/libcommon_crypto-f252d7a859e86452.rlib" "/opt/rustwide/rustup-home/toolchains/nightly-2024-10-28-x86_64-unknown-linux-gnu/lib/rustlib/x86_64-unknown-linux-gnu/lib/libstd-fb8c387236db3c10.rlib" "/opt/rustwide/rustup-home/toolchains/nightly-2024-10-28-x86_64-unknown-linux-gnu/lib/rustlib/x86_64-unknown-linux-gnu/lib/libpanic_unwind-b251837809b2f64b.rlib" "/opt/rustwide/rustup-home/toolchains/nightly-2024-10-28-x86_64-unknown-linux-gnu/lib/rustlib/x86_64-unknown-linux-gnu/lib/libobject-cbef83eaa4e01f04.rlib" "/opt/rustwide/rustup-home/toolchains/nightly-2024-10-28-x86_64-unknown-linux-gnu/lib/rustlib/x86_64-unknown-linux-gnu/lib/libmemchr-12a772286de2fca7.rlib" "/opt/rustwide/rustup-home/toolchains/nightly-2024-10-28-x86_64-unknown-linux-gnu/lib/rustlib/x86_64-unknown-linux-gnu/lib/libaddr2line-023bbe5ada7abfc3.rlib" "/opt/rustwide/rustup-home/toolchains/nightly-2024-10-28-x86_64-unknown-linux-gnu/lib/rustlib/x86_64-unknown-linux-gnu/lib/libgimli-de2bcdf10ec69c2b.rlib" "/opt/rustwide/rustup-home/toolchains/nightly-2024-10-28-x86_64-unknown-linux-gnu/lib/rustlib/x86_64-unknown-linux-gnu/lib/librustc_demangle-8e1754df350800fd.rlib" "/opt/rustwide/rustup-home/toolchains/nightly-2024-10-28-x86_64-unknown-linux-gnu/lib/rustlib/x86_64-unknown-linux-gnu/lib/libstd_detect-06c2ab7b9c32e037.rlib" "/opt/rustwide/rustup-home/toolchains/nightly-2024-10-28-x86_64-unknown-linux-gnu/lib/rustlib/x86_64-unknown-linux-gnu/lib/libhashbrown-51d2621fc57a281b.rlib" "/opt/rustwide/rustup-home/toolchains/nightly-2024-10-28-x86_64-unknown-linux-gnu/lib/rustlib/x86_64-unknown-linux-gnu/lib/librustc_std_workspace_alloc-54a930408793772f.rlib" "/opt/rustwide/rustup-home/toolchains/nightly-2024-10-28-x86_64-unknown-linux-gnu/lib/rustlib/x86_64-unknown-linux-gnu/lib/libminiz_oxide-0c7d01cba400dcb2.rlib" "/opt/rustwide/rustup-home/toolchains/nightly-2024-10-28-x86_64-unknown-linux-gnu/lib/rustlib/x86_64-unknown-linux-gnu/lib/libadler-b9f84d69e331b75b.rlib" "/opt/rustwide/rustup-home/toolchains/nightly-2024-10-28-x86_64-unknown-linux-gnu/lib/rustlib/x86_64-unknown-linux-gnu/lib/libunwind-eec95493246aae39.rlib" "/opt/rustwide/rustup-home/toolchains/nightly-2024-10-28-x86_64-unknown-linux-gnu/lib/rustlib/x86_64-unknown-linux-gnu/lib/libcfg_if-6f6676c475e08ab0.rlib" "/opt/rustwide/rustup-home/toolchains/nightly-2024-10-28-x86_64-unknown-linux-gnu/lib/rustlib/x86_64-unknown-linux-gnu/lib/liblibc-799d520624f8b2e0.rlib" "/opt/rustwide/rustup-home/toolchains/nightly-2024-10-28-x86_64-unknown-linux-gnu/lib/rustlib/x86_64-unknown-linux-gnu/lib/liballoc-fcf93d4842acd9a9.rlib" "/opt/rustwide/rustup-home/toolchains/nightly-2024-10-28-x86_64-unknown-linux-gnu/lib/rustlib/x86_64-unknown-linux-gnu/lib/librustc_std_workspace_core-395a38b8e0851c9b.rlib" "/opt/rustwide/rustup-home/toolchains/nightly-2024-10-28-x86_64-unknown-linux-gnu/lib/rustlib/x86_64-unknown-linux-gnu/lib/libcore-d453bab70303062c.rlib" "/opt/rustwide/rustup-home/toolchains/nightly-2024-10-28-x86_64-unknown-linux-gnu/lib/rustlib/x86_64-unknown-linux-gnu/lib/libcompiler_builtins-0e6386368b0a24e8.rlib" "-Wl,-Bdynamic" "-lgcc_s" "-lutil" "-lrt" "-lpthread" "-lm" "-ldl" "-lc" "-B/opt/rustwide/rustup-home/toolchains/nightly-2024-10-28-x86_64-unknown-linux-gnu/lib/rustlib/x86_64-unknown-linux-gnu/bin/gcc-ld" "-fuse-ld=lld" "-Wl,--eh-frame-hdr" "-Wl,-z,noexecstack" "-L" "/opt/rustwide/rustup-home/toolchains/nightly-2024-10-28-x86_64-unknown-linux-gnu/lib/rustlib/x86_64-unknown-linux-gnu/lib" "-o" "/opt/rustwide/target/debug/deps/hash-afa7c6d00371c70f" "-Wl,--gc-sections" "-pie" "-Wl,-z,relro,-z,now" "-nodefaultlibs"
[INFO] [stdout]   = note: rust-lld: error: undefined symbol: CC_MD2
[INFO] [stdout]           >>> referenced by hash.rs:19 (src/hash.rs:19)
[INFO] [stdout]           >>>               /opt/rustwide/target/debug/deps/hash-afa7c6d00371c70f.hash.207e02c2235d933f-cgu.0.rcgu.o:(common_crypto::hash::Hash::md2::hfbfb5edcaab085f1)
[INFO] [stdout]           
[INFO] [stdout]           rust-lld: error: undefined symbol: CC_MD4
[INFO] [stdout]           >>> referenced by hash.rs:19 (src/hash.rs:19)
[INFO] [stdout]           >>>               /opt/rustwide/target/debug/deps/hash-afa7c6d00371c70f.hash.207e02c2235d933f-cgu.0.rcgu.o:(common_crypto::hash::Hash::md4::h22ff7a4586732508)
[INFO] [stdout]           
[INFO] [stdout]           rust-lld: error: undefined symbol: CC_MD5
[INFO] [stdout]           >>> referenced by hash.rs:19 (src/hash.rs:19)
[INFO] [stdout]           >>>               /opt/rustwide/target/debug/deps/hash-afa7c6d00371c70f.hash.207e02c2235d933f-cgu.0.rcgu.o:(common_crypto::hash::Hash::md5::he667e2859b0b7681)
[INFO] [stdout]           
[INFO] [stdout]           rust-lld: error: undefined symbol: CC_SHA1
[INFO] [stdout]           >>> referenced by hash.rs:19 (src/hash.rs:19)
[INFO] [stdout]           >>>               /opt/rustwide/target/debug/deps/hash-afa7c6d00371c70f.hash.207e02c2235d933f-cgu.0.rcgu.o:(common_crypto::hash::Hash::sha1::hb20af53d80134518)
[INFO] [stdout]           
[INFO] [stdout]           rust-lld: error: undefined symbol: CC_SHA224
[INFO] [stdout]           >>> referenced by hash.rs:19 (src/hash.rs:19)
[INFO] [stdout]           >>>               /opt/rustwide/target/debug/deps/hash-afa7c6d00371c70f.hash.207e02c2235d933f-cgu.0.rcgu.o:(common_crypto::hash::Hash::sha224::h24bd5f6fc2695063)
[INFO] [stdout]           
[INFO] [stdout]           rust-lld: error: undefined symbol: CC_SHA256
[INFO] [stdout]           >>> referenced by hash.rs:19 (src/hash.rs:19)
[INFO] [stdout]           >>>               /opt/rustwide/target/debug/deps/hash-afa7c6d00371c70f.hash.207e02c2235d933f-cgu.0.rcgu.o:(common_crypto::hash::Hash::sha256::hc6e4302a564fd0ae)
[INFO] [stdout]           
[INFO] [stdout]           rust-lld: error: undefined symbol: CC_SHA384
[INFO] [stdout]           >>> referenced by hash.rs:19 (src/hash.rs:19)
[INFO] [stdout]           >>>               /opt/rustwide/target/debug/deps/hash-afa7c6d00371c70f.hash.207e02c2235d933f-cgu.0.rcgu.o:(common_crypto::hash::Hash::sha384::heda73329f5b62eeb)
[INFO] [stdout]           
[INFO] [stdout]           rust-lld: error: undefined symbol: CC_SHA512
[INFO] [stdout]           >>> referenced by hash.rs:19 (src/hash.rs:19)
[INFO] [stdout]           >>>               /opt/rustwide/target/debug/deps/hash-afa7c6d00371c70f.hash.207e02c2235d933f-cgu.0.rcgu.o:(common_crypto::hash::Hash::sha512::hfb3f21af5b8d29a7)
[INFO] [stdout]           collect2: error: ld returned 1 exit status
[INFO] [stdout]           
[INFO] [stdout] 
[INFO] [stdout] 
[INFO] [stderr] error: could not compile `common-crypto` (test "hash") due to 1 previous error
[INFO] [stdout] error: linking with `cc` failed: exit status: 1
[INFO] [stdout]   |
[INFO] [stdout]   = note: LC_ALL="C" PATH="/opt/rustwide/rustup-home/toolchains/nightly-2024-10-28-x86_64-unknown-linux-gnu/lib/rustlib/x86_64-unknown-linux-gnu/bin:/opt/rustwide/rustup-home/toolchains/nightly-2024-10-28-x86_64-unknown-linux-gnu/lib/rustlib/x86_64-unknown-linux-gnu/bin/self-contained:/opt/rustwide/cargo-home/bin:/usr/local/sbin:/usr/local/bin:/usr/sbin:/usr/bin:/sbin:/bin" VSLANG="1033" "cc" "-m64" "/tmp/rustcec0uHG/symbols.o" "/opt/rustwide/target/debug/deps/hmac-fd9c56f2ab9d5333.hmac.199c6beb23a43fc0-cgu.0.rcgu.o" "/opt/rustwide/target/debug/deps/hmac-fd9c56f2ab9d5333.0sz5d08ahtbwcipoo6nnenagc.rcgu.o" "-Wl,--as-needed" "-Wl,-Bstatic" "/opt/rustwide/target/debug/deps/libhex-718b4f18bb2e7953.rlib" "/opt/rustwide/rustup-home/toolchains/nightly-2024-10-28-x86_64-unknown-linux-gnu/lib/rustlib/x86_64-unknown-linux-gnu/lib/libtest-a09fad3b5321e7d6.rlib" "/opt/rustwide/rustup-home/toolchains/nightly-2024-10-28-x86_64-unknown-linux-gnu/lib/rustlib/x86_64-unknown-linux-gnu/lib/libgetopts-f9c3dff41ad42661.rlib" "/opt/rustwide/rustup-home/toolchains/nightly-2024-10-28-x86_64-unknown-linux-gnu/lib/rustlib/x86_64-unknown-linux-gnu/lib/libunicode_width-ad2aef31af6addd3.rlib" "/opt/rustwide/rustup-home/toolchains/nightly-2024-10-28-x86_64-unknown-linux-gnu/lib/rustlib/x86_64-unknown-linux-gnu/lib/librustc_std_workspace_std-e3f907dc03deb913.rlib" "/opt/rustwide/target/debug/deps/libcommon_crypto-f252d7a859e86452.rlib" "/opt/rustwide/rustup-home/toolchains/nightly-2024-10-28-x86_64-unknown-linux-gnu/lib/rustlib/x86_64-unknown-linux-gnu/lib/libstd-fb8c387236db3c10.rlib" "/opt/rustwide/rustup-home/toolchains/nightly-2024-10-28-x86_64-unknown-linux-gnu/lib/rustlib/x86_64-unknown-linux-gnu/lib/libpanic_unwind-b251837809b2f64b.rlib" "/opt/rustwide/rustup-home/toolchains/nightly-2024-10-28-x86_64-unknown-linux-gnu/lib/rustlib/x86_64-unknown-linux-gnu/lib/libobject-cbef83eaa4e01f04.rlib" "/opt/rustwide/rustup-home/toolchains/nightly-2024-10-28-x86_64-unknown-linux-gnu/lib/rustlib/x86_64-unknown-linux-gnu/lib/libmemchr-12a772286de2fca7.rlib" "/opt/rustwide/rustup-home/toolchains/nightly-2024-10-28-x86_64-unknown-linux-gnu/lib/rustlib/x86_64-unknown-linux-gnu/lib/libaddr2line-023bbe5ada7abfc3.rlib" "/opt/rustwide/rustup-home/toolchains/nightly-2024-10-28-x86_64-unknown-linux-gnu/lib/rustlib/x86_64-unknown-linux-gnu/lib/libgimli-de2bcdf10ec69c2b.rlib" "/opt/rustwide/rustup-home/toolchains/nightly-2024-10-28-x86_64-unknown-linux-gnu/lib/rustlib/x86_64-unknown-linux-gnu/lib/librustc_demangle-8e1754df350800fd.rlib" "/opt/rustwide/rustup-home/toolchains/nightly-2024-10-28-x86_64-unknown-linux-gnu/lib/rustlib/x86_64-unknown-linux-gnu/lib/libstd_detect-06c2ab7b9c32e037.rlib" "/opt/rustwide/rustup-home/toolchains/nightly-2024-10-28-x86_64-unknown-linux-gnu/lib/rustlib/x86_64-unknown-linux-gnu/lib/libhashbrown-51d2621fc57a281b.rlib" "/opt/rustwide/rustup-home/toolchains/nightly-2024-10-28-x86_64-unknown-linux-gnu/lib/rustlib/x86_64-unknown-linux-gnu/lib/librustc_std_workspace_alloc-54a930408793772f.rlib" "/opt/rustwide/rustup-home/toolchains/nightly-2024-10-28-x86_64-unknown-linux-gnu/lib/rustlib/x86_64-unknown-linux-gnu/lib/libminiz_oxide-0c7d01cba400dcb2.rlib" "/opt/rustwide/rustup-home/toolchains/nightly-2024-10-28-x86_64-unknown-linux-gnu/lib/rustlib/x86_64-unknown-linux-gnu/lib/libadler-b9f84d69e331b75b.rlib" "/opt/rustwide/rustup-home/toolchains/nightly-2024-10-28-x86_64-unknown-linux-gnu/lib/rustlib/x86_64-unknown-linux-gnu/lib/libunwind-eec95493246aae39.rlib" "/opt/rustwide/rustup-home/toolchains/nightly-2024-10-28-x86_64-unknown-linux-gnu/lib/rustlib/x86_64-unknown-linux-gnu/lib/libcfg_if-6f6676c475e08ab0.rlib" "/opt/rustwide/rustup-home/toolchains/nightly-2024-10-28-x86_64-unknown-linux-gnu/lib/rustlib/x86_64-unknown-linux-gnu/lib/liblibc-799d520624f8b2e0.rlib" "/opt/rustwide/rustup-home/toolchains/nightly-2024-10-28-x86_64-unknown-linux-gnu/lib/rustlib/x86_64-unknown-linux-gnu/lib/liballoc-fcf93d4842acd9a9.rlib" "/opt/rustwide/rustup-home/toolchains/nightly-2024-10-28-x86_64-unknown-linux-gnu/lib/rustlib/x86_64-unknown-linux-gnu/lib/librustc_std_workspace_core-395a38b8e0851c9b.rlib" "/opt/rustwide/rustup-home/toolchains/nightly-2024-10-28-x86_64-unknown-linux-gnu/lib/rustlib/x86_64-unknown-linux-gnu/lib/libcore-d453bab70303062c.rlib" "/opt/rustwide/rustup-home/toolchains/nightly-2024-10-28-x86_64-unknown-linux-gnu/lib/rustlib/x86_64-unknown-linux-gnu/lib/libcompiler_builtins-0e6386368b0a24e8.rlib" "-Wl,-Bdynamic" "-lgcc_s" "-lutil" "-lrt" "-lpthread" "-lm" "-ldl" "-lc" "-B/opt/rustwide/rustup-home/toolchains/nightly-2024-10-28-x86_64-unknown-linux-gnu/lib/rustlib/x86_64-unknown-linux-gnu/bin/gcc-ld" "-fuse-ld=lld" "-Wl,--eh-frame-hdr" "-Wl,-z,noexecstack" "-L" "/opt/rustwide/rustup-home/toolchains/nightly-2024-10-28-x86_64-unknown-linux-gnu/lib/rustlib/x86_64-unknown-linux-gnu/lib" "-o" "/opt/rustwide/target/debug/deps/hmac-fd9c56f2ab9d5333" "-Wl,--gc-sections" "-pie" "-Wl,-z,relro,-z,now" "-nodefaultlibs"
[INFO] [stdout]   = note: rust-lld: error: undefined symbol: CCHmacInit
[INFO] [stdout]           >>> referenced by hmac.rs:84 (src/hmac.rs:84)
[INFO] [stdout]           >>>               /opt/rustwide/target/debug/deps/hmac-fd9c56f2ab9d5333.hmac.199c6beb23a43fc0-cgu.0.rcgu.o:(common_crypto::hmac::MD5::new::h7a86773ee5309c19)
[INFO] [stdout]           >>> referenced by hmac.rs:84 (src/hmac.rs:84)
[INFO] [stdout]           >>>               /opt/rustwide/target/debug/deps/hmac-fd9c56f2ab9d5333.hmac.199c6beb23a43fc0-cgu.0.rcgu.o:(common_crypto::hmac::SHA1::new::hb612c149f92387c5)
[INFO] [stdout]           >>> referenced by hmac.rs:84 (src/hmac.rs:84)
[INFO] [stdout]           >>>               /opt/rustwide/target/debug/deps/hmac-fd9c56f2ab9d5333.hmac.199c6beb23a43fc0-cgu.0.rcgu.o:(common_crypto::hmac::SHA224::new::h3c184342cb5a3d10)
[INFO] [stdout]           >>> referenced 3 more times
[INFO] [stdout]           
[INFO] [stdout]           rust-lld: error: undefined symbol: CCHmacUpdate
[INFO] [stdout]           >>> referenced by hmac.rs:97 (src/hmac.rs:97)
[INFO] [stdout]           >>>               /opt/rustwide/target/debug/deps/hmac-fd9c56f2ab9d5333.hmac.199c6beb23a43fc0-cgu.0.rcgu.o:(common_crypto::hmac::MD5::update::hdbc6d52b2bc08bba)
[INFO] [stdout]           >>> referenced by hmac.rs:97 (src/hmac.rs:97)
[INFO] [stdout]           >>>               /opt/rustwide/target/debug/deps/hmac-fd9c56f2ab9d5333.hmac.199c6beb23a43fc0-cgu.0.rcgu.o:(common_crypto::hmac::SHA1::update::h2e72670ec2e7109b)
[INFO] [stdout]           >>> referenced by hmac.rs:97 (src/hmac.rs:97)
[INFO] [stdout]           >>>               /opt/rustwide/target/debug/deps/hmac-fd9c56f2ab9d5333.hmac.199c6beb23a43fc0-cgu.0.rcgu.o:(common_crypto::hmac::SHA224::update::h0301a2f30cab7372)
[INFO] [stdout]           >>> referenced 3 more times
[INFO] [stdout]           
[INFO] [stdout]           rust-lld: error: undefined symbol: CCHmac
[INFO] [stdout]           >>> referenced by hmac.rs:46 (src/hmac.rs:46)
[INFO] [stdout]           >>>               common_crypto-f252d7a859e86452.common_crypto.108938f146c4b087-cgu.0.rcgu.o:(common_crypto::hmac::HMAC::generate::hd0d914756b4ccd21) in archive /opt/rustwide/target/debug/deps/libcommon_crypto-f252d7a859e86452.rlib
[INFO] [stdout]           
[INFO] [stdout]           rust-lld: error: undefined symbol: CCHmacFinal
[INFO] [stdout]           >>> referenced by hmac.rs:109 (src/hmac.rs:109)
[INFO] [stdout]           >>>               common_crypto-f252d7a859e86452.common_crypto.108938f146c4b087-cgu.0.rcgu.o:(common_crypto::hmac::MD5::finish::h4d280bd59a1d7886) in archive /opt/rustwide/target/debug/deps/libcommon_crypto-f252d7a859e86452.rlib
[INFO] [stdout]           >>> referenced by hmac.rs:109 (src/hmac.rs:109)
[INFO] [stdout]           >>>               common_crypto-f252d7a859e86452.common_crypto.108938f146c4b087-cgu.0.rcgu.o:(common_crypto::hmac::SHA1::finish::h31920d61938ae074) in archive /opt/rustwide/target/debug/deps/libcommon_crypto-f252d7a859e86452.rlib
[INFO] [stdout]           >>> referenced by hmac.rs:109 (src/hmac.rs:109)
[INFO] [stdout]           >>>               common_crypto-f252d7a859e86452.common_crypto.108938f146c4b087-cgu.0.rcgu.o:(common_crypto::hmac::SHA224::finish::h97dd8763aab78480) in archive /opt/rustwide/target/debug/deps/libcommon_crypto-f252d7a859e86452.rlib
[INFO] [stdout]           >>> referenced 3 more times
[INFO] [stdout]           collect2: error: ld returned 1 exit status
[INFO] [stdout]           
[INFO] [stdout] 
[INFO] [stdout] 
[INFO] [stderr] error: could not compile `common-crypto` (test "hmac") due to 1 previous error
[INFO] running `Command { std: "docker" "inspect" "bb19fbf12a918765e0b407aef7455e32a2233dadab43f53f579ca038b5af2dce", kill_on_drop: false }`
[INFO] running `Command { std: "docker" "rm" "-f" "bb19fbf12a918765e0b407aef7455e32a2233dadab43f53f579ca038b5af2dce", kill_on_drop: false }`
[INFO] [stdout] bb19fbf12a918765e0b407aef7455e32a2233dadab43f53f579ca038b5af2dce
