[INFO] fetching crate coinit 0.1.12...
[INFO] testing coinit-0.1.12 against nightly-2024-10-28+rustflags=-Zrandomize-layout for randomize-layout
[INFO] extracting crate coinit 0.1.12 into /workspace/builds/worker-4-tc2/source
[INFO] validating manifest of crates.io crate coinit 0.1.12 on toolchain nightly-2024-10-28
[INFO] running `Command { std: CARGO_HOME="/workspace/cargo-home" RUSTUP_HOME="/workspace/rustup-home" "/workspace/cargo-home/bin/cargo" "+nightly-2024-10-28" "metadata" "--manifest-path" "Cargo.toml" "--no-deps", kill_on_drop: false }`
[INFO] started tweaking crates.io crate coinit 0.1.12
[INFO] finished tweaking crates.io crate coinit 0.1.12
[INFO] tweaked toml for crates.io crate coinit 0.1.12 written to /workspace/builds/worker-4-tc2/source/Cargo.toml
[INFO] running `Command { std: CARGO_HOME="/workspace/cargo-home" RUSTUP_HOME="/workspace/rustup-home" "/workspace/cargo-home/bin/cargo" "+nightly-2024-10-28" "generate-lockfile" "--manifest-path" "Cargo.toml", kill_on_drop: false }`
[INFO] [stderr]     Updating crates.io index
[INFO] [stderr]      Locking 9 packages to latest compatible versions
[INFO] [stderr]       Adding windows v0.46.0 (available: v0.58.0)
[INFO] running `Command { std: CARGO_HOME="/workspace/cargo-home" RUSTUP_HOME="/workspace/rustup-home" "/workspace/cargo-home/bin/cargo" "+nightly-2024-10-28" "fetch" "--manifest-path" "Cargo.toml", kill_on_drop: false }`
[INFO] running `Command { std: "docker" "create" "-v" "/var/lib/crater-agent-workspace/builds/worker-4-tc2/target:/opt/rustwide/target:rw,Z" "-v" "/var/lib/crater-agent-workspace/builds/worker-4-tc2/source:/opt/rustwide/workdir:ro,Z" "-v" "/var/lib/crater-agent-workspace/cargo-home:/opt/rustwide/cargo-home:ro,Z" "-v" "/var/lib/crater-agent-workspace/rustup-home:/opt/rustwide/rustup-home:ro,Z" "-e" "SOURCE_DIR=/opt/rustwide/workdir" "-e" "CARGO_TARGET_DIR=/opt/rustwide/target" "-e" "CARGO_HOME=/opt/rustwide/cargo-home" "-e" "RUSTUP_HOME=/opt/rustwide/rustup-home" "-w" "/opt/rustwide/workdir" "-m" "1610612736" "--user" "0:0" "--network" "none" "ghcr.io/rust-lang/crates-build-env/linux@sha256:4a844ea9eb2546a2d2c7022eacef16ef2e8229c7fbb2c7d4d55a9ceca922f72d" "/opt/rustwide/cargo-home/bin/cargo" "+nightly-2024-10-28" "metadata" "--no-deps" "--format-version=1", kill_on_drop: false }`
[INFO] [stdout] 3b7abdec4f72c2f92541651d32aaf9c56cae96773dd12852d4a78dcfbf76be02
[INFO] running `Command { std: "docker" "start" "-a" "3b7abdec4f72c2f92541651d32aaf9c56cae96773dd12852d4a78dcfbf76be02", kill_on_drop: false }`
[INFO] running `Command { std: "docker" "inspect" "3b7abdec4f72c2f92541651d32aaf9c56cae96773dd12852d4a78dcfbf76be02", kill_on_drop: false }`
[INFO] running `Command { std: "docker" "rm" "-f" "3b7abdec4f72c2f92541651d32aaf9c56cae96773dd12852d4a78dcfbf76be02", kill_on_drop: false }`
[INFO] [stdout] 3b7abdec4f72c2f92541651d32aaf9c56cae96773dd12852d4a78dcfbf76be02
[INFO] running `Command { std: "docker" "create" "-v" "/var/lib/crater-agent-workspace/builds/worker-4-tc2/target:/opt/rustwide/target:rw,Z" "-v" "/var/lib/crater-agent-workspace/builds/worker-4-tc2/source:/opt/rustwide/workdir:ro,Z" "-v" "/var/lib/crater-agent-workspace/cargo-home:/opt/rustwide/cargo-home:ro,Z" "-v" "/var/lib/crater-agent-workspace/rustup-home:/opt/rustwide/rustup-home:ro,Z" "-e" "SOURCE_DIR=/opt/rustwide/workdir" "-e" "CARGO_TARGET_DIR=/opt/rustwide/target" "-e" "CARGO_INCREMENTAL=0" "-e" "RUST_BACKTRACE=full" "-e" "RUSTFLAGS=--cap-lints=forbid -Zrandomize-layout" "-e" "RUSTDOCFLAGS=--cap-lints=forbid" "-e" "CARGO_HOME=/opt/rustwide/cargo-home" "-e" "RUSTUP_HOME=/opt/rustwide/rustup-home" "-w" "/opt/rustwide/workdir" "-m" "1610612736" "--user" "0:0" "--network" "none" "ghcr.io/rust-lang/crates-build-env/linux@sha256:4a844ea9eb2546a2d2c7022eacef16ef2e8229c7fbb2c7d4d55a9ceca922f72d" "/opt/rustwide/cargo-home/bin/cargo" "+nightly-2024-10-28" "build" "--frozen" "--message-format=json", kill_on_drop: false }`
[INFO] [stdout] 2a09a9bf693a15123e0e5794cfc081264bbe6c0cd893dfad25e2772813d2ed74
[INFO] running `Command { std: "docker" "start" "-a" "2a09a9bf693a15123e0e5794cfc081264bbe6c0cd893dfad25e2772813d2ed74", kill_on_drop: false }`
[INFO] [stderr]    Compiling windows-targets v0.42.2
[INFO] [stderr]    Compiling windows v0.46.0
[INFO] [stderr]    Compiling coinit v0.1.12 (/opt/rustwide/workdir)
[INFO] [stderr]     Finished `dev` profile [unoptimized + debuginfo] target(s) in 2.02s
[INFO] running `Command { std: "docker" "inspect" "2a09a9bf693a15123e0e5794cfc081264bbe6c0cd893dfad25e2772813d2ed74", kill_on_drop: false }`
[INFO] running `Command { std: "docker" "rm" "-f" "2a09a9bf693a15123e0e5794cfc081264bbe6c0cd893dfad25e2772813d2ed74", kill_on_drop: false }`
[INFO] [stdout] 2a09a9bf693a15123e0e5794cfc081264bbe6c0cd893dfad25e2772813d2ed74
[INFO] running `Command { std: "docker" "create" "-v" "/var/lib/crater-agent-workspace/builds/worker-4-tc2/target:/opt/rustwide/target:rw,Z" "-v" "/var/lib/crater-agent-workspace/builds/worker-4-tc2/source:/opt/rustwide/workdir:ro,Z" "-v" "/var/lib/crater-agent-workspace/cargo-home:/opt/rustwide/cargo-home:ro,Z" "-v" "/var/lib/crater-agent-workspace/rustup-home:/opt/rustwide/rustup-home:ro,Z" "-e" "SOURCE_DIR=/opt/rustwide/workdir" "-e" "CARGO_TARGET_DIR=/opt/rustwide/target" "-e" "CARGO_INCREMENTAL=0" "-e" "RUST_BACKTRACE=full" "-e" "RUSTFLAGS=--cap-lints=forbid -Zrandomize-layout" "-e" "RUSTDOCFLAGS=--cap-lints=forbid" "-e" "CARGO_HOME=/opt/rustwide/cargo-home" "-e" "RUSTUP_HOME=/opt/rustwide/rustup-home" "-w" "/opt/rustwide/workdir" "-m" "1610612736" "--user" "0:0" "--network" "none" "ghcr.io/rust-lang/crates-build-env/linux@sha256:4a844ea9eb2546a2d2c7022eacef16ef2e8229c7fbb2c7d4d55a9ceca922f72d" "/opt/rustwide/cargo-home/bin/cargo" "+nightly-2024-10-28" "test" "--frozen" "--no-run" "--message-format=json", kill_on_drop: false }`
[INFO] [stdout] 7948ca0a37c028f4aeef706fb871645b61658567f00fbff8a97628e4a063c7a7
[INFO] running `Command { std: "docker" "start" "-a" "7948ca0a37c028f4aeef706fb871645b61658567f00fbff8a97628e4a063c7a7", kill_on_drop: false }`
[INFO] [stderr]    Compiling coinit v0.1.12 (/opt/rustwide/workdir)
[INFO] [stdout] error: linking with `cc` failed: exit status: 1
[INFO] [stdout]   |
[INFO] [stdout]   = note: LC_ALL="C" PATH="/opt/rustwide/rustup-home/toolchains/nightly-2024-10-28-x86_64-unknown-linux-gnu/lib/rustlib/x86_64-unknown-linux-gnu/bin:/opt/rustwide/rustup-home/toolchains/nightly-2024-10-28-x86_64-unknown-linux-gnu/lib/rustlib/x86_64-unknown-linux-gnu/bin/self-contained:/opt/rustwide/cargo-home/bin:/usr/local/sbin:/usr/local/bin:/usr/sbin:/usr/bin:/sbin:/bin" VSLANG="1033" "cc" "-m64" "/tmp/rustcp2UFy6/symbols.o" "/opt/rustwide/target/debug/deps/coinit-abbff1a7e0166b90.coinit.e759a4cd9629673e-cgu.0.rcgu.o" "/opt/rustwide/target/debug/deps/coinit-abbff1a7e0166b90.8ttb4t7mh0tequcubyluxf7jn.rcgu.o" "-Wl,--as-needed" "-Wl,-Bstatic" "/opt/rustwide/rustup-home/toolchains/nightly-2024-10-28-x86_64-unknown-linux-gnu/lib/rustlib/x86_64-unknown-linux-gnu/lib/libtest-a09fad3b5321e7d6.rlib" "/opt/rustwide/rustup-home/toolchains/nightly-2024-10-28-x86_64-unknown-linux-gnu/lib/rustlib/x86_64-unknown-linux-gnu/lib/libgetopts-f9c3dff41ad42661.rlib" "/opt/rustwide/rustup-home/toolchains/nightly-2024-10-28-x86_64-unknown-linux-gnu/lib/rustlib/x86_64-unknown-linux-gnu/lib/libunicode_width-ad2aef31af6addd3.rlib" "/opt/rustwide/rustup-home/toolchains/nightly-2024-10-28-x86_64-unknown-linux-gnu/lib/rustlib/x86_64-unknown-linux-gnu/lib/librustc_std_workspace_std-e3f907dc03deb913.rlib" "/opt/rustwide/target/debug/deps/libwindows-7e4ce10b2484ba92.rlib" "/opt/rustwide/rustup-home/toolchains/nightly-2024-10-28-x86_64-unknown-linux-gnu/lib/rustlib/x86_64-unknown-linux-gnu/lib/libstd-fb8c387236db3c10.rlib" "/opt/rustwide/rustup-home/toolchains/nightly-2024-10-28-x86_64-unknown-linux-gnu/lib/rustlib/x86_64-unknown-linux-gnu/lib/libpanic_unwind-b251837809b2f64b.rlib" "/opt/rustwide/rustup-home/toolchains/nightly-2024-10-28-x86_64-unknown-linux-gnu/lib/rustlib/x86_64-unknown-linux-gnu/lib/libobject-cbef83eaa4e01f04.rlib" "/opt/rustwide/rustup-home/toolchains/nightly-2024-10-28-x86_64-unknown-linux-gnu/lib/rustlib/x86_64-unknown-linux-gnu/lib/libmemchr-12a772286de2fca7.rlib" "/opt/rustwide/rustup-home/toolchains/nightly-2024-10-28-x86_64-unknown-linux-gnu/lib/rustlib/x86_64-unknown-linux-gnu/lib/libaddr2line-023bbe5ada7abfc3.rlib" "/opt/rustwide/rustup-home/toolchains/nightly-2024-10-28-x86_64-unknown-linux-gnu/lib/rustlib/x86_64-unknown-linux-gnu/lib/libgimli-de2bcdf10ec69c2b.rlib" "/opt/rustwide/rustup-home/toolchains/nightly-2024-10-28-x86_64-unknown-linux-gnu/lib/rustlib/x86_64-unknown-linux-gnu/lib/librustc_demangle-8e1754df350800fd.rlib" "/opt/rustwide/rustup-home/toolchains/nightly-2024-10-28-x86_64-unknown-linux-gnu/lib/rustlib/x86_64-unknown-linux-gnu/lib/libstd_detect-06c2ab7b9c32e037.rlib" "/opt/rustwide/rustup-home/toolchains/nightly-2024-10-28-x86_64-unknown-linux-gnu/lib/rustlib/x86_64-unknown-linux-gnu/lib/libhashbrown-51d2621fc57a281b.rlib" "/opt/rustwide/rustup-home/toolchains/nightly-2024-10-28-x86_64-unknown-linux-gnu/lib/rustlib/x86_64-unknown-linux-gnu/lib/librustc_std_workspace_alloc-54a930408793772f.rlib" "/opt/rustwide/rustup-home/toolchains/nightly-2024-10-28-x86_64-unknown-linux-gnu/lib/rustlib/x86_64-unknown-linux-gnu/lib/libminiz_oxide-0c7d01cba400dcb2.rlib" "/opt/rustwide/rustup-home/toolchains/nightly-2024-10-28-x86_64-unknown-linux-gnu/lib/rustlib/x86_64-unknown-linux-gnu/lib/libadler-b9f84d69e331b75b.rlib" "/opt/rustwide/rustup-home/toolchains/nightly-2024-10-28-x86_64-unknown-linux-gnu/lib/rustlib/x86_64-unknown-linux-gnu/lib/libunwind-eec95493246aae39.rlib" "/opt/rustwide/rustup-home/toolchains/nightly-2024-10-28-x86_64-unknown-linux-gnu/lib/rustlib/x86_64-unknown-linux-gnu/lib/libcfg_if-6f6676c475e08ab0.rlib" "/opt/rustwide/rustup-home/toolchains/nightly-2024-10-28-x86_64-unknown-linux-gnu/lib/rustlib/x86_64-unknown-linux-gnu/lib/liblibc-799d520624f8b2e0.rlib" "/opt/rustwide/rustup-home/toolchains/nightly-2024-10-28-x86_64-unknown-linux-gnu/lib/rustlib/x86_64-unknown-linux-gnu/lib/liballoc-fcf93d4842acd9a9.rlib" "/opt/rustwide/rustup-home/toolchains/nightly-2024-10-28-x86_64-unknown-linux-gnu/lib/rustlib/x86_64-unknown-linux-gnu/lib/librustc_std_workspace_core-395a38b8e0851c9b.rlib" "/opt/rustwide/rustup-home/toolchains/nightly-2024-10-28-x86_64-unknown-linux-gnu/lib/rustlib/x86_64-unknown-linux-gnu/lib/libcore-d453bab70303062c.rlib" "/opt/rustwide/rustup-home/toolchains/nightly-2024-10-28-x86_64-unknown-linux-gnu/lib/rustlib/x86_64-unknown-linux-gnu/lib/libcompiler_builtins-0e6386368b0a24e8.rlib" "-Wl,-Bdynamic" "-lgcc_s" "-lutil" "-lrt" "-lpthread" "-lm" "-ldl" "-lc" "-B/opt/rustwide/rustup-home/toolchains/nightly-2024-10-28-x86_64-unknown-linux-gnu/lib/rustlib/x86_64-unknown-linux-gnu/bin/gcc-ld" "-fuse-ld=lld" "-Wl,--eh-frame-hdr" "-Wl,-z,noexecstack" "-L" "/opt/rustwide/rustup-home/toolchains/nightly-2024-10-28-x86_64-unknown-linux-gnu/lib/rustlib/x86_64-unknown-linux-gnu/lib" "-o" "/opt/rustwide/target/debug/deps/coinit-abbff1a7e0166b90" "-Wl,--gc-sections" "-pie" "-Wl,-z,relro,-z,now" "-nodefaultlibs"
[INFO] [stdout]   = note: rust-lld: error: undefined symbol: CoInitializeEx
[INFO] [stdout]           >>> referenced by mod.rs:366 (/opt/rustwide/cargo-home/registry/src/index.crates.io-6f17d22bba15001f/windows-0.46.0/src/Windows/Win32/System/Com/mod.rs:366)
[INFO] [stdout]           >>>               /opt/rustwide/target/debug/deps/coinit-abbff1a7e0166b90.coinit.e759a4cd9629673e-cgu.0.rcgu.o:(windows::Windows::Win32::System::Com::CoInitializeEx::h63100f7cfde40b0d)
[INFO] [stdout]           
[INFO] [stdout]           rust-lld: error: undefined symbol: CoUninitialize
[INFO] [stdout]           >>> referenced by mod.rs:663 (/opt/rustwide/cargo-home/registry/src/index.crates.io-6f17d22bba15001f/windows-0.46.0/src/Windows/Win32/System/Com/mod.rs:663)
[INFO] [stdout]           >>>               /opt/rustwide/target/debug/deps/coinit-abbff1a7e0166b90.coinit.e759a4cd9629673e-cgu.0.rcgu.o:(windows::Windows::Win32::System::Com::CoUninitialize::h5d810189ac762f9e)
[INFO] [stdout]           
[INFO] [stdout]           rust-lld: error: undefined symbol: FormatMessageW
[INFO] [stdout]           >>> referenced by hresult.rs:89 (src/core/hresult.rs:89)
[INFO] [stdout]           >>>               windows-7e4ce10b2484ba92.windows.a6a152e6c04a5109-cgu.3.rcgu.o:(windows::core::hresult::HRESULT::message::h4081c299769a4ace) in archive /opt/rustwide/target/debug/deps/libwindows-7e4ce10b2484ba92.rlib
[INFO] [stdout]           
[INFO] [stdout]           rust-lld: error: undefined symbol: LoadLibraryA
[INFO] [stdout]           >>> referenced by delay_load.rs:11 (src/imp/delay_load.rs:11)
[INFO] [stdout]           >>>               windows-7e4ce10b2484ba92.windows.a6a152e6c04a5109-cgu.5.rcgu.o:(windows::imp::delay_load::delay_load::ha28423ae0b3091f1) in archive /opt/rustwide/target/debug/deps/libwindows-7e4ce10b2484ba92.rlib
[INFO] [stdout]           
[INFO] [stdout]           rust-lld: error: undefined symbol: GetProcAddress
[INFO] [stdout]           >>> referenced by delay_load.rs:17 (src/imp/delay_load.rs:17)
[INFO] [stdout]           >>>               windows-7e4ce10b2484ba92.windows.a6a152e6c04a5109-cgu.5.rcgu.o:(windows::imp::delay_load::delay_load::ha28423ae0b3091f1) in archive /opt/rustwide/target/debug/deps/libwindows-7e4ce10b2484ba92.rlib
[INFO] [stdout]           
[INFO] [stdout]           rust-lld: error: undefined symbol: FreeLibrary
[INFO] [stdout]           >>> referenced by delay_load.rs:23 (src/imp/delay_load.rs:23)
[INFO] [stdout]           >>>               windows-7e4ce10b2484ba92.windows.a6a152e6c04a5109-cgu.5.rcgu.o:(windows::imp::delay_load::delay_load::ha28423ae0b3091f1) in archive /opt/rustwide/target/debug/deps/libwindows-7e4ce10b2484ba92.rlib
[INFO] [stdout]           
[INFO] [stdout]           rust-lld: error: undefined symbol: GetErrorInfo
[INFO] [stdout]           >>> referenced by error.rs:154 (src/core/error.rs:154)
[INFO] [stdout]           >>>               windows-7e4ce10b2484ba92.windows.a6a152e6c04a5109-cgu.7.rcgu.o:(windows::core::error::GetErrorInfo::h23b2a301463aa9fc) in archive /opt/rustwide/target/debug/deps/libwindows-7e4ce10b2484ba92.rlib
[INFO] [stdout]           
[INFO] [stdout]           rust-lld: error: undefined symbol: GetProcessHeap
[INFO] [stdout]           >>> referenced by heap.rs:10 (src/imp/heap.rs:10)
[INFO] [stdout]           >>>               windows-7e4ce10b2484ba92.windows.a6a152e6c04a5109-cgu.7.rcgu.o:(windows::imp::heap::heap_alloc::h876647fe3a62f372) in archive /opt/rustwide/target/debug/deps/libwindows-7e4ce10b2484ba92.rlib
[INFO] [stdout]           >>> referenced by heap.rs:34 (src/imp/heap.rs:34)
[INFO] [stdout]           >>>               windows-7e4ce10b2484ba92.windows.a6a152e6c04a5109-cgu.7.rcgu.o:(windows::imp::heap::heap_free::he2f45ede30c15bb9) in archive /opt/rustwide/target/debug/deps/libwindows-7e4ce10b2484ba92.rlib
[INFO] [stdout]           
[INFO] [stdout]           rust-lld: error: undefined symbol: HeapAlloc
[INFO] [stdout]           >>> referenced by heap.rs:10 (src/imp/heap.rs:10)
[INFO] [stdout]           >>>               windows-7e4ce10b2484ba92.windows.a6a152e6c04a5109-cgu.7.rcgu.o:(windows::imp::heap::heap_alloc::h876647fe3a62f372) in archive /opt/rustwide/target/debug/deps/libwindows-7e4ce10b2484ba92.rlib
[INFO] [stdout]           
[INFO] [stdout]           rust-lld: error: undefined symbol: HeapFree
[INFO] [stdout]           >>> referenced by heap.rs:34 (src/imp/heap.rs:34)
[INFO] [stdout]           >>>               windows-7e4ce10b2484ba92.windows.a6a152e6c04a5109-cgu.7.rcgu.o:(windows::imp::heap::heap_free::he2f45ede30c15bb9) in archive /opt/rustwide/target/debug/deps/libwindows-7e4ce10b2484ba92.rlib
[INFO] [stdout]           
[INFO] [stdout]           rust-lld: error: undefined symbol: SysStringLen
[INFO] [stdout]           >>> referenced by bstr.rs:27 (src/core/strings/bstr.rs:27)
[INFO] [stdout]           >>>               windows-7e4ce10b2484ba92.windows.a6a152e6c04a5109-cgu.8.rcgu.o:(windows::core::strings::bstr::BSTR::len::hdc6ac2739cbf98c8) in archive /opt/rustwide/target/debug/deps/libwindows-7e4ce10b2484ba92.rlib
[INFO] [stdout]           
[INFO] [stdout]           rust-lld: error: undefined symbol: SysFreeString
[INFO] [stdout]           >>> referenced by bstr.rs:154 (src/core/strings/bstr.rs:154)
[INFO] [stdout]           >>>               windows-7e4ce10b2484ba92.windows.a6a152e6c04a5109-cgu.8.rcgu.o:(_$LT$windows..core..strings..bstr..BSTR$u20$as$u20$core..ops..drop..Drop$GT$::drop::hc27cee9d15cbbdb5) in archive /opt/rustwide/target/debug/deps/libwindows-7e4ce10b2484ba92.rlib
[INFO] [stdout]           collect2: error: ld returned 1 exit status
[INFO] [stdout]           
[INFO] [stdout] 
[INFO] [stdout] 
[INFO] [stderr] error: could not compile `coinit` (lib test) due to 1 previous error
[INFO] running `Command { std: "docker" "inspect" "7948ca0a37c028f4aeef706fb871645b61658567f00fbff8a97628e4a063c7a7", kill_on_drop: false }`
[INFO] running `Command { std: "docker" "rm" "-f" "7948ca0a37c028f4aeef706fb871645b61658567f00fbff8a97628e4a063c7a7", kill_on_drop: false }`
[INFO] [stdout] 7948ca0a37c028f4aeef706fb871645b61658567f00fbff8a97628e4a063c7a7
