[INFO] fetching crate cod-render 0.2.0...
[INFO] testing cod-render-0.2.0 against nightly-2024-10-28 for randomize-layout
[INFO] extracting crate cod-render 0.2.0 into /workspace/builds/worker-3-tc1/source
[INFO] validating manifest of crates.io crate cod-render 0.2.0 on toolchain nightly-2024-10-28
[INFO] running `Command { std: CARGO_HOME="/workspace/cargo-home" RUSTUP_HOME="/workspace/rustup-home" "/workspace/cargo-home/bin/cargo" "+nightly-2024-10-28" "metadata" "--manifest-path" "Cargo.toml" "--no-deps", kill_on_drop: false }`
[INFO] started tweaking crates.io crate cod-render 0.2.0
[INFO] finished tweaking crates.io crate cod-render 0.2.0
[INFO] tweaked toml for crates.io crate cod-render 0.2.0 written to /workspace/builds/worker-3-tc1/source/Cargo.toml
[INFO] running `Command { std: CARGO_HOME="/workspace/cargo-home" RUSTUP_HOME="/workspace/rustup-home" "/workspace/cargo-home/bin/cargo" "+nightly-2024-10-28" "generate-lockfile" "--manifest-path" "Cargo.toml", kill_on_drop: false }`
[INFO] [stderr]     Updating crates.io index
[INFO] [stderr]      Locking 103 packages to latest compatible versions
[INFO] [stderr]       Adding inquire v0.5.3 (available: v0.7.5)
[INFO] running `Command { std: CARGO_HOME="/workspace/cargo-home" RUSTUP_HOME="/workspace/rustup-home" "/workspace/cargo-home/bin/cargo" "+nightly-2024-10-28" "fetch" "--manifest-path" "Cargo.toml", kill_on_drop: false }`
[INFO] [stderr]  Downloading crates ...
[INFO] [stderr]   Downloaded inquire v0.5.3
[INFO] [stderr]   Downloaded signal-hook-mio v0.2.4
[INFO] [stderr]   Downloaded term-table v1.4.0
[INFO] running `Command { std: "docker" "create" "-v" "/var/lib/crater-agent-workspace/builds/worker-3-tc1/target:/opt/rustwide/target:rw,Z" "-v" "/var/lib/crater-agent-workspace/builds/worker-3-tc1/source:/opt/rustwide/workdir:ro,Z" "-v" "/var/lib/crater-agent-workspace/cargo-home:/opt/rustwide/cargo-home:ro,Z" "-v" "/var/lib/crater-agent-workspace/rustup-home:/opt/rustwide/rustup-home:ro,Z" "-e" "SOURCE_DIR=/opt/rustwide/workdir" "-e" "CARGO_TARGET_DIR=/opt/rustwide/target" "-e" "CARGO_HOME=/opt/rustwide/cargo-home" "-e" "RUSTUP_HOME=/opt/rustwide/rustup-home" "-w" "/opt/rustwide/workdir" "-m" "1610612736" "--user" "0:0" "--network" "none" "ghcr.io/rust-lang/crates-build-env/linux@sha256:4a844ea9eb2546a2d2c7022eacef16ef2e8229c7fbb2c7d4d55a9ceca922f72d" "/opt/rustwide/cargo-home/bin/cargo" "+nightly-2024-10-28" "metadata" "--no-deps" "--format-version=1", kill_on_drop: false }`
[INFO] [stdout] 35014285b6bcfeec3cf5393311fddd4c5ce1b6d1ca5ed9287cbe064ad5b331a0
[INFO] running `Command { std: "docker" "start" "-a" "35014285b6bcfeec3cf5393311fddd4c5ce1b6d1ca5ed9287cbe064ad5b331a0", kill_on_drop: false }`
[INFO] running `Command { std: "docker" "inspect" "35014285b6bcfeec3cf5393311fddd4c5ce1b6d1ca5ed9287cbe064ad5b331a0", kill_on_drop: false }`
[INFO] running `Command { std: "docker" "rm" "-f" "35014285b6bcfeec3cf5393311fddd4c5ce1b6d1ca5ed9287cbe064ad5b331a0", kill_on_drop: false }`
[INFO] [stdout] 35014285b6bcfeec3cf5393311fddd4c5ce1b6d1ca5ed9287cbe064ad5b331a0
[INFO] running `Command { std: "docker" "create" "-v" "/var/lib/crater-agent-workspace/builds/worker-3-tc1/target:/opt/rustwide/target:rw,Z" "-v" "/var/lib/crater-agent-workspace/builds/worker-3-tc1/source:/opt/rustwide/workdir:ro,Z" "-v" "/var/lib/crater-agent-workspace/cargo-home:/opt/rustwide/cargo-home:ro,Z" "-v" "/var/lib/crater-agent-workspace/rustup-home:/opt/rustwide/rustup-home:ro,Z" "-e" "SOURCE_DIR=/opt/rustwide/workdir" "-e" "CARGO_TARGET_DIR=/opt/rustwide/target" "-e" "CARGO_INCREMENTAL=0" "-e" "RUST_BACKTRACE=full" "-e" "RUSTFLAGS=--cap-lints=forbid" "-e" "RUSTDOCFLAGS=--cap-lints=forbid" "-e" "CARGO_HOME=/opt/rustwide/cargo-home" "-e" "RUSTUP_HOME=/opt/rustwide/rustup-home" "-w" "/opt/rustwide/workdir" "-m" "1610612736" "--user" "0:0" "--network" "none" "ghcr.io/rust-lang/crates-build-env/linux@sha256:4a844ea9eb2546a2d2c7022eacef16ef2e8229c7fbb2c7d4d55a9ceca922f72d" "/opt/rustwide/cargo-home/bin/cargo" "+nightly-2024-10-28" "build" "--frozen" "--message-format=json", kill_on_drop: false }`
[INFO] [stdout] 61b2c566c381d3fd5e0fe7046c5ee0ca25ae44543f2519095bf2380174ee3695
[INFO] running `Command { std: "docker" "start" "-a" "61b2c566c381d3fd5e0fe7046c5ee0ca25ae44543f2519095bf2380174ee3695", kill_on_drop: false }`
[INFO] [stderr]    Compiling signal-hook v0.3.17
[INFO] [stderr]    Compiling rustix v0.38.38
[INFO] [stderr]    Compiling regex-syntax v0.8.5
[INFO] [stderr]    Compiling portable-atomic v1.9.0
[INFO] [stderr]    Compiling lock_api v0.4.12
[INFO] [stderr]    Compiling num-traits v0.2.19
[INFO] [stderr]    Compiling linux-raw-sys v0.4.14
[INFO] [stderr]    Compiling bitflags v2.6.0
[INFO] [stderr]    Compiling signal-hook-registry v1.4.2
[INFO] [stderr]    Compiling mio v0.8.11
[INFO] [stderr]    Compiling fastrand v2.1.1
[INFO] [stderr]    Compiling once_cell v1.20.2
[INFO] [stderr]    Compiling newline-converter v0.2.2
[INFO] [stderr]    Compiling console v0.15.8
[INFO] [stderr]    Compiling thiserror-impl v1.0.66
[INFO] [stderr]    Compiling tokio-macros v2.4.0
[INFO] [stderr]    Compiling number_prefix v0.4.0
[INFO] [stderr]    Compiling smawk v0.3.2
[INFO] [stderr]    Compiling textwrap v0.16.1
[INFO] [stderr]    Compiling parking_lot v0.12.3
[INFO] [stderr]    Compiling signal-hook-mio v0.2.4
[INFO] [stderr]    Compiling crossterm v0.25.0
[INFO] [stderr]    Compiling tokio v1.41.0
[INFO] [stderr]    Compiling thiserror v1.0.66
[INFO] [stderr]    Compiling chrono v0.4.38
[INFO] [stderr]    Compiling indicatif v0.17.8
[INFO] [stderr]    Compiling regex-automata v0.4.8
[INFO] [stderr]    Compiling tempfile v3.13.0
[INFO] [stderr]    Compiling inquire v0.5.3
[INFO] [stderr]    Compiling regex v1.11.1
[INFO] [stderr]    Compiling term-table v1.4.0
[INFO] [stderr]    Compiling cod-render v0.2.0 (/opt/rustwide/workdir)
[INFO] [stdout] error[E0107]: struct takes 0 lifetime arguments but 1 lifetime argument was supplied
[INFO] [stdout]   --> src/table/builder.rs:12:26
[INFO] [stdout]    |
[INFO] [stdout] 12 |     pub(crate) rows: Vec<Row<'a>>,
[INFO] [stdout]    |                          ^^^---- help: remove the unnecessary generics
[INFO] [stdout]    |                          |
[INFO] [stdout]    |                          expected 0 lifetime arguments
[INFO] [stdout]    |
[INFO] [stdout] note: struct defined here, with 0 lifetime parameters
[INFO] [stdout]   --> /opt/rustwide/cargo-home/registry/src/index.crates.io-6f17d22bba15001f/term-table-1.4.0/src/row.rs:8:12
[INFO] [stdout]    |
[INFO] [stdout] 8  | pub struct Row {
[INFO] [stdout]    |            ^^^
[INFO] [stdout] 
[INFO] [stdout] 
[INFO] [stdout] error[E0107]: struct takes 0 lifetime arguments but 1 lifetime argument was supplied
[INFO] [stdout]    --> src/table/def.rs:9:23
[INFO] [stdout]     |
[INFO] [stdout] 9   |     pub(crate) table: Table<'a>,
[INFO] [stdout]     |                       ^^^^^---- help: remove the unnecessary generics
[INFO] [stdout]     |                       |
[INFO] [stdout]     |                       expected 0 lifetime arguments
[INFO] [stdout]     |
[INFO] [stdout] note: struct defined here, with 0 lifetime parameters
[INFO] [stdout]    --> /opt/rustwide/cargo-home/registry/src/index.crates.io-6f17d22bba15001f/term-table-1.4.0/src/lib.rs:398:12
[INFO] [stdout]     |
[INFO] [stdout] 398 | pub struct Table {
[INFO] [stdout]     |            ^^^^^
[INFO] [stdout] 
[INFO] [stdout] 
[INFO] [stdout] error[E0107]: struct takes 0 lifetime arguments but 1 lifetime argument was supplied
[INFO] [stdout]   --> src/table/builder.rs:30:31
[INFO] [stdout]    |
[INFO] [stdout] 30 |     pub fn add_row(self, row: Row<'a>) -> Self {
[INFO] [stdout]    |                               ^^^---- help: remove the unnecessary generics
[INFO] [stdout]    |                               |
[INFO] [stdout]    |                               expected 0 lifetime arguments
[INFO] [stdout]    |
[INFO] [stdout] note: struct defined here, with 0 lifetime parameters
[INFO] [stdout]   --> /opt/rustwide/cargo-home/registry/src/index.crates.io-6f17d22bba15001f/term-table-1.4.0/src/row.rs:8:12
[INFO] [stdout]    |
[INFO] [stdout] 8  | pub struct Row {
[INFO] [stdout]    |            ^^^
[INFO] [stdout] 
[INFO] [stdout] 
[INFO] [stdout] error[E0107]: struct takes 0 lifetime arguments but 1 lifetime argument was supplied
[INFO] [stdout]   --> src/table/builder.rs:45:33
[INFO] [stdout]    |
[INFO] [stdout] 45 |         RI: IntoIterator<Item = Row<'a>>,
[INFO] [stdout]    |                                 ^^^---- help: remove the unnecessary generics
[INFO] [stdout]    |                                 |
[INFO] [stdout]    |                                 expected 0 lifetime arguments
[INFO] [stdout]    |
[INFO] [stdout] note: struct defined here, with 0 lifetime parameters
[INFO] [stdout]   --> /opt/rustwide/cargo-home/registry/src/index.crates.io-6f17d22bba15001f/term-table-1.4.0/src/row.rs:8:12
[INFO] [stdout]    |
[INFO] [stdout] 8  | pub struct Row {
[INFO] [stdout]    |            ^^^
[INFO] [stdout] 
[INFO] [stdout] 
[INFO] [stdout] error[E0107]: struct takes 0 lifetime arguments but 1 lifetime argument was supplied
[INFO] [stdout]    --> src/table/def.rs:13:19
[INFO] [stdout]     |
[INFO] [stdout] 13  |     type Target = Table<'a>;
[INFO] [stdout]     |                   ^^^^^---- help: remove the unnecessary generics
[INFO] [stdout]     |                   |
[INFO] [stdout]     |                   expected 0 lifetime arguments
[INFO] [stdout]     |
[INFO] [stdout] note: struct defined here, with 0 lifetime parameters
[INFO] [stdout]    --> /opt/rustwide/cargo-home/registry/src/index.crates.io-6f17d22bba15001f/term-table-1.4.0/src/lib.rs:398:12
[INFO] [stdout]     |
[INFO] [stdout] 398 | pub struct Table {
[INFO] [stdout]     |            ^^^^^
[INFO] [stdout] 
[INFO] [stdout] 
[INFO] [stdout] warning: use of deprecated associated function `chrono::DateTime::<Tz>::from_utc`: Use TimeZone::from_utc_datetime() or DateTime::from_naive_utc_and_offset instead
[INFO] [stdout]   --> src/datetime.rs:25:18
[INFO] [stdout]    |
[INFO] [stdout] 25 |     Ok(DateTime::from_utc(naive_datetime, Utc))
[INFO] [stdout]    |                  ^^^^^^^^
[INFO] [stdout]    |
[INFO] [stdout]    = note: `#[warn(deprecated)]` on by default
[INFO] [stdout] 
[INFO] [stdout] 
[INFO] [stdout] For more information about this error, try `rustc --explain E0107`.
[INFO] [stdout] 
[INFO] [stderr] error: could not compile `cod-render` (lib) due to 5 previous errors; 1 warning emitted
[INFO] [stderr] warning: build failed, waiting for other jobs to finish...
[INFO] running `Command { std: "docker" "inspect" "61b2c566c381d3fd5e0fe7046c5ee0ca25ae44543f2519095bf2380174ee3695", kill_on_drop: false }`
[INFO] running `Command { std: "docker" "rm" "-f" "61b2c566c381d3fd5e0fe7046c5ee0ca25ae44543f2519095bf2380174ee3695", kill_on_drop: false }`
[INFO] [stdout] 61b2c566c381d3fd5e0fe7046c5ee0ca25ae44543f2519095bf2380174ee3695
