[INFO] fetching crate cod-actions 0.2.0...
[INFO] testing cod-actions-0.2.0 against nightly-2024-10-28+rustflags=-Zrandomize-layout for randomize-layout
[INFO] extracting crate cod-actions 0.2.0 into /workspace/builds/worker-4-tc2/source
[INFO] validating manifest of crates.io crate cod-actions 0.2.0 on toolchain nightly-2024-10-28
[INFO] running `Command { std: CARGO_HOME="/workspace/cargo-home" RUSTUP_HOME="/workspace/rustup-home" "/workspace/cargo-home/bin/cargo" "+nightly-2024-10-28" "metadata" "--manifest-path" "Cargo.toml" "--no-deps", kill_on_drop: false }`
[INFO] started tweaking crates.io crate cod-actions 0.2.0
[INFO] finished tweaking crates.io crate cod-actions 0.2.0
[INFO] tweaked toml for crates.io crate cod-actions 0.2.0 written to /workspace/builds/worker-4-tc2/source/Cargo.toml
[INFO] running `Command { std: CARGO_HOME="/workspace/cargo-home" RUSTUP_HOME="/workspace/rustup-home" "/workspace/cargo-home/bin/cargo" "+nightly-2024-10-28" "generate-lockfile" "--manifest-path" "Cargo.toml", kill_on_drop: false }`
[INFO] [stderr]     Updating crates.io index
[INFO] [stderr]     Blocking waiting for file lock on package cache
[INFO] [stderr]      Locking 227 packages to latest compatible versions
[INFO] [stderr]       Adding inquire v0.5.3 (available: v0.7.5)
[INFO] [stderr]       Adding reqwest v0.11.27 (available: v0.12.9)
[INFO] [stderr]       Adding strum v0.24.1 (available: v0.26.3)
[INFO] [stderr]       Adding webbrowser v0.8.15 (available: v1.0.2)
[INFO] running `Command { std: CARGO_HOME="/workspace/cargo-home" RUSTUP_HOME="/workspace/rustup-home" "/workspace/cargo-home/bin/cargo" "+nightly-2024-10-28" "fetch" "--manifest-path" "Cargo.toml", kill_on_drop: false }`
[INFO] [stderr]     Blocking waiting for file lock on package cache
[INFO] [stderr]     Blocking waiting for file lock on package cache
[INFO] running `Command { std: "docker" "create" "-v" "/var/lib/crater-agent-workspace/builds/worker-4-tc2/target:/opt/rustwide/target:rw,Z" "-v" "/var/lib/crater-agent-workspace/builds/worker-4-tc2/source:/opt/rustwide/workdir:ro,Z" "-v" "/var/lib/crater-agent-workspace/cargo-home:/opt/rustwide/cargo-home:ro,Z" "-v" "/var/lib/crater-agent-workspace/rustup-home:/opt/rustwide/rustup-home:ro,Z" "-e" "SOURCE_DIR=/opt/rustwide/workdir" "-e" "CARGO_TARGET_DIR=/opt/rustwide/target" "-e" "CARGO_HOME=/opt/rustwide/cargo-home" "-e" "RUSTUP_HOME=/opt/rustwide/rustup-home" "-w" "/opt/rustwide/workdir" "-m" "1610612736" "--user" "0:0" "--network" "none" "ghcr.io/rust-lang/crates-build-env/linux@sha256:4a844ea9eb2546a2d2c7022eacef16ef2e8229c7fbb2c7d4d55a9ceca922f72d" "/opt/rustwide/cargo-home/bin/cargo" "+nightly-2024-10-28" "metadata" "--no-deps" "--format-version=1", kill_on_drop: false }`
[INFO] [stdout] 9b577198176d9099ea897bebcbb4697f9ebf6e497df9191787f40fcc74a4d3ed
[INFO] running `Command { std: "docker" "start" "-a" "9b577198176d9099ea897bebcbb4697f9ebf6e497df9191787f40fcc74a4d3ed", kill_on_drop: false }`
[INFO] running `Command { std: "docker" "inspect" "9b577198176d9099ea897bebcbb4697f9ebf6e497df9191787f40fcc74a4d3ed", kill_on_drop: false }`
[INFO] running `Command { std: "docker" "rm" "-f" "9b577198176d9099ea897bebcbb4697f9ebf6e497df9191787f40fcc74a4d3ed", kill_on_drop: false }`
[INFO] [stdout] 9b577198176d9099ea897bebcbb4697f9ebf6e497df9191787f40fcc74a4d3ed
[INFO] running `Command { std: "docker" "create" "-v" "/var/lib/crater-agent-workspace/builds/worker-4-tc2/target:/opt/rustwide/target:rw,Z" "-v" "/var/lib/crater-agent-workspace/builds/worker-4-tc2/source:/opt/rustwide/workdir:ro,Z" "-v" "/var/lib/crater-agent-workspace/cargo-home:/opt/rustwide/cargo-home:ro,Z" "-v" "/var/lib/crater-agent-workspace/rustup-home:/opt/rustwide/rustup-home:ro,Z" "-e" "SOURCE_DIR=/opt/rustwide/workdir" "-e" "CARGO_TARGET_DIR=/opt/rustwide/target" "-e" "CARGO_INCREMENTAL=0" "-e" "RUST_BACKTRACE=full" "-e" "RUSTFLAGS=--cap-lints=forbid -Zrandomize-layout" "-e" "RUSTDOCFLAGS=--cap-lints=forbid" "-e" "CARGO_HOME=/opt/rustwide/cargo-home" "-e" "RUSTUP_HOME=/opt/rustwide/rustup-home" "-w" "/opt/rustwide/workdir" "-m" "1610612736" "--user" "0:0" "--network" "none" "ghcr.io/rust-lang/crates-build-env/linux@sha256:4a844ea9eb2546a2d2c7022eacef16ef2e8229c7fbb2c7d4d55a9ceca922f72d" "/opt/rustwide/cargo-home/bin/cargo" "+nightly-2024-10-28" "build" "--frozen" "--message-format=json", kill_on_drop: false }`
[INFO] [stdout] e39f18e1eebc1fd61f56c10841ce8105c0358c60ed39fe9e8e7dc14dde8d89f0
[INFO] running `Command { std: "docker" "start" "-a" "e39f18e1eebc1fd61f56c10841ce8105c0358c60ed39fe9e8e7dc14dde8d89f0", kill_on_drop: false }`
[INFO] [stderr]    Compiling vcpkg v0.2.15
[INFO] [stderr]    Compiling pkg-config v0.3.31
[INFO] [stderr]    Compiling bitflags v2.6.0
[INFO] [stderr]    Compiling futures-core v0.3.31
[INFO] [stderr]    Compiling openssl v0.10.68
[INFO] [stderr]    Compiling foreign-types-shared v0.1.1
[INFO] [stderr]    Compiling native-tls v0.2.12
[INFO] [stderr]    Compiling tinyvec v1.8.0
[INFO] [stderr]    Compiling hashbrown v0.15.0
[INFO] [stderr]    Compiling futures-sink v0.3.31
[INFO] [stderr]    Compiling anyhow v1.0.92
[INFO] [stderr]    Compiling serde_derive v1.0.214
[INFO] [stderr]    Compiling openssl-macros v0.1.1
[INFO] [stderr]    Compiling tokio v1.41.0
[INFO] [stderr]    Compiling num-traits v0.2.19
[INFO] [stderr]    Compiling utf8parse v0.2.2
[INFO] [stderr]    Compiling foreign-types v0.3.2
[INFO] [stderr]    Compiling unicode-bidi v0.3.17
[INFO] [stderr]    Compiling futures-util v0.3.31
[INFO] [stderr]    Compiling syn v1.0.109
[INFO] [stderr]    Compiling futures-channel v0.3.31
[INFO] [stderr]    Compiling anstyle-parse v0.2.6
[INFO] [stderr]    Compiling anstyle v1.0.9
[INFO] [stderr]    Compiling rustversion v1.0.18
[INFO] [stderr]    Compiling anstyle-query v1.1.2
[INFO] [stderr]    Compiling colorchoice v1.0.3
[INFO] [stderr]    Compiling is_terminal_polyfill v1.70.1
[INFO] [stderr]    Compiling heck v0.5.0
[INFO] [stderr]    Compiling anstream v0.6.17
[INFO] [stderr]    Compiling clap_lex v0.7.2
[INFO] [stderr]    Compiling iana-time-zone v0.1.61
[INFO] [stderr]    Compiling indexmap v2.6.0
[INFO] [stderr]    Compiling strsim v0.11.1
[INFO] [stderr]    Compiling signal-hook v0.3.17
[INFO] [stderr]    Compiling clap_derive v4.5.18
[INFO] [stderr]    Compiling dirs-sys v0.3.7
[INFO] [stderr]    Compiling encoding_rs v0.8.35
[INFO] [stderr]    Compiling clap_builder v4.5.20
[INFO] [stderr]    Compiling openssl-sys v0.9.104
[INFO] [stderr]    Compiling unicode-normalization v0.1.24
[INFO] [stderr]    Compiling rustix v0.38.38
[INFO] [stderr]    Compiling sync_wrapper v0.1.2
[INFO] [stderr]    Compiling ipnet v2.10.1
[INFO] [stderr]    Compiling dirs v4.0.0
[INFO] [stderr]    Compiling mio v0.8.11
[INFO] [stderr]    Compiling aho-corasick v1.1.3
[INFO] [stderr]    Compiling portable-atomic v1.9.0
[INFO] [stderr]    Compiling regex-syntax v0.8.5
[INFO] [stderr]    Compiling idna v0.5.0
[INFO] [stderr]    Compiling linux-raw-sys v0.4.14
[INFO] [stderr]    Compiling signal-hook-mio v0.2.4
[INFO] [stderr]    Compiling cod-paths v0.2.0
[INFO] [stderr]    Compiling unicode-segmentation v1.12.0
[INFO] [stderr]    Compiling fastrand v2.1.1
[INFO] [stderr]    Compiling crossterm v0.25.0
[INFO] [stderr]    Compiling url v2.5.2
[INFO] [stderr]    Compiling console v0.15.8
[INFO] [stderr]    Compiling newline-converter v0.2.2
[INFO] [stderr]    Compiling cod-git-info v0.2.0
[INFO] [stderr]    Compiling number_prefix v0.4.0
[INFO] [stderr]    Compiling unicode-linebreak v0.1.5
[INFO] [stderr]    Compiling dyn-clone v1.0.17
[INFO] [stderr]    Compiling smawk v0.3.2
[INFO] [stderr]    Compiling home v0.5.9
[INFO] [stderr]    Compiling textwrap v0.16.1
[INFO] [stderr]    Compiling indicatif v0.17.8
[INFO] [stderr]    Compiling webbrowser v0.8.15
[INFO] [stderr]    Compiling strum_macros v0.24.3
[INFO] [stderr]    Compiling derive-new v0.5.9
[INFO] [stderr]    Compiling clap v4.5.20
[INFO] [stderr]    Compiling serde v1.0.214
[INFO] [stderr]    Compiling clap_complete v4.5.36
[INFO] [stderr]    Compiling regex-automata v0.4.8
[INFO] [stderr]    Compiling tempfile v3.13.0
[INFO] [stderr]    Compiling tokio-util v0.7.12
[INFO] [stderr]    Compiling strum v0.24.1
[INFO] [stderr]    Compiling h2 v0.3.26
[INFO] [stderr]    Compiling regex v1.11.1
[INFO] [stderr]    Compiling term-table v1.4.0
[INFO] [stderr]    Compiling serde_urlencoded v0.7.1
[INFO] [stderr]    Compiling chrono v0.4.38
[INFO] [stderr]    Compiling tokio-native-tls v0.3.1
[INFO] [stderr]    Compiling serde_json v1.0.132
[INFO] [stderr]    Compiling hyper v0.14.31
[INFO] [stderr]    Compiling inquire v0.5.3
[INFO] [stderr]    Compiling cod-render v0.2.0
[INFO] [stdout] error[E0107]: struct takes 0 lifetime arguments but 1 lifetime argument was supplied
[INFO] [stdout]   --> /opt/rustwide/cargo-home/registry/src/index.crates.io-6f17d22bba15001f/cod-render-0.2.0/src/table/builder.rs:12:26
[INFO] [stdout]    |
[INFO] [stdout] 12 |     pub(crate) rows: Vec<Row<'a>>,
[INFO] [stdout]    |                          ^^^---- help: remove the unnecessary generics
[INFO] [stdout]    |                          |
[INFO] [stdout]    |                          expected 0 lifetime arguments
[INFO] [stdout]    |
[INFO] [stdout] note: struct defined here, with 0 lifetime parameters
[INFO] [stdout]   --> /opt/rustwide/cargo-home/registry/src/index.crates.io-6f17d22bba15001f/term-table-1.4.0/src/row.rs:8:12
[INFO] [stdout]    |
[INFO] [stdout] 8  | pub struct Row {
[INFO] [stdout]    |            ^^^
[INFO] [stdout] 
[INFO] [stdout] 
[INFO] [stdout] error[E0107]: struct takes 0 lifetime arguments but 1 lifetime argument was supplied
[INFO] [stdout]    --> /opt/rustwide/cargo-home/registry/src/index.crates.io-6f17d22bba15001f/cod-render-0.2.0/src/table/def.rs:9:23
[INFO] [stdout]     |
[INFO] [stdout] 9   |     pub(crate) table: Table<'a>,
[INFO] [stdout]     |                       ^^^^^---- help: remove the unnecessary generics
[INFO] [stdout]     |                       |
[INFO] [stdout]     |                       expected 0 lifetime arguments
[INFO] [stdout]     |
[INFO] [stdout] note: struct defined here, with 0 lifetime parameters
[INFO] [stdout]    --> /opt/rustwide/cargo-home/registry/src/index.crates.io-6f17d22bba15001f/term-table-1.4.0/src/lib.rs:398:12
[INFO] [stdout]     |
[INFO] [stdout] 398 | pub struct Table {
[INFO] [stdout]     |            ^^^^^
[INFO] [stdout] 
[INFO] [stdout] 
[INFO] [stdout] error[E0107]: struct takes 0 lifetime arguments but 1 lifetime argument was supplied
[INFO] [stdout]   --> /opt/rustwide/cargo-home/registry/src/index.crates.io-6f17d22bba15001f/cod-render-0.2.0/src/table/builder.rs:30:31
[INFO] [stdout]    |
[INFO] [stdout] 30 |     pub fn add_row(self, row: Row<'a>) -> Self {
[INFO] [stdout]    |                               ^^^---- help: remove the unnecessary generics
[INFO] [stdout]    |                               |
[INFO] [stdout]    |                               expected 0 lifetime arguments
[INFO] [stdout]    |
[INFO] [stdout] note: struct defined here, with 0 lifetime parameters
[INFO] [stdout]   --> /opt/rustwide/cargo-home/registry/src/index.crates.io-6f17d22bba15001f/term-table-1.4.0/src/row.rs:8:12
[INFO] [stdout]    |
[INFO] [stdout] 8  | pub struct Row {
[INFO] [stdout]    |            ^^^
[INFO] [stdout] 
[INFO] [stdout] 
[INFO] [stdout] error[E0107]: struct takes 0 lifetime arguments but 1 lifetime argument was supplied
[INFO] [stdout]   --> /opt/rustwide/cargo-home/registry/src/index.crates.io-6f17d22bba15001f/cod-render-0.2.0/src/table/builder.rs:45:33
[INFO] [stdout]    |
[INFO] [stdout] 45 |         RI: IntoIterator<Item = Row<'a>>,
[INFO] [stdout]    |                                 ^^^---- help: remove the unnecessary generics
[INFO] [stdout]    |                                 |
[INFO] [stdout]    |                                 expected 0 lifetime arguments
[INFO] [stdout]    |
[INFO] [stdout] note: struct defined here, with 0 lifetime parameters
[INFO] [stdout]   --> /opt/rustwide/cargo-home/registry/src/index.crates.io-6f17d22bba15001f/term-table-1.4.0/src/row.rs:8:12
[INFO] [stdout]    |
[INFO] [stdout] 8  | pub struct Row {
[INFO] [stdout]    |            ^^^
[INFO] [stdout] 
[INFO] [stdout] 
[INFO] [stdout] error[E0107]: struct takes 0 lifetime arguments but 1 lifetime argument was supplied
[INFO] [stdout]    --> /opt/rustwide/cargo-home/registry/src/index.crates.io-6f17d22bba15001f/cod-render-0.2.0/src/table/def.rs:13:19
[INFO] [stdout]     |
[INFO] [stdout] 13  |     type Target = Table<'a>;
[INFO] [stdout]     |                   ^^^^^---- help: remove the unnecessary generics
[INFO] [stdout]     |                   |
[INFO] [stdout]     |                   expected 0 lifetime arguments
[INFO] [stdout]     |
[INFO] [stdout] note: struct defined here, with 0 lifetime parameters
[INFO] [stdout]    --> /opt/rustwide/cargo-home/registry/src/index.crates.io-6f17d22bba15001f/term-table-1.4.0/src/lib.rs:398:12
[INFO] [stdout]     |
[INFO] [stdout] 398 | pub struct Table {
[INFO] [stdout]     |            ^^^^^
[INFO] [stdout] 
[INFO] [stdout] 
[INFO] [stdout] For more information about this error, try `rustc --explain E0107`.
[INFO] [stdout] 
[INFO] [stderr] error: could not compile `cod-render` (lib) due to 5 previous errors
[INFO] [stderr] warning: build failed, waiting for other jobs to finish...
[INFO] running `Command { std: "docker" "inspect" "e39f18e1eebc1fd61f56c10841ce8105c0358c60ed39fe9e8e7dc14dde8d89f0", kill_on_drop: false }`
[INFO] running `Command { std: "docker" "rm" "-f" "e39f18e1eebc1fd61f56c10841ce8105c0358c60ed39fe9e8e7dc14dde8d89f0", kill_on_drop: false }`
[INFO] [stdout] e39f18e1eebc1fd61f56c10841ce8105c0358c60ed39fe9e8e7dc14dde8d89f0
