[INFO] fetching crate coap-message-utils 0.3.6...
[INFO] testing coap-message-utils-0.3.6 against nightly-2024-10-28+rustflags=-Zrandomize-layout for randomize-layout
[INFO] extracting crate coap-message-utils 0.3.6 into /workspace/builds/worker-4-tc2/source
[INFO] validating manifest of crates.io crate coap-message-utils 0.3.6 on toolchain nightly-2024-10-28
[INFO] running `Command { std: CARGO_HOME="/workspace/cargo-home" RUSTUP_HOME="/workspace/rustup-home" "/workspace/cargo-home/bin/cargo" "+nightly-2024-10-28" "metadata" "--manifest-path" "Cargo.toml" "--no-deps", kill_on_drop: false }`
[INFO] started tweaking crates.io crate coap-message-utils 0.3.6
[INFO] removed 0 missing tests
[INFO] finished tweaking crates.io crate coap-message-utils 0.3.6
[INFO] tweaked toml for crates.io crate coap-message-utils 0.3.6 written to /workspace/builds/worker-4-tc2/source/Cargo.toml
[INFO] running `Command { std: CARGO_HOME="/workspace/cargo-home" RUSTUP_HOME="/workspace/rustup-home" "/workspace/cargo-home/bin/cargo" "+nightly-2024-10-28" "generate-lockfile" "--manifest-path" "Cargo.toml", kill_on_drop: false }`
[INFO] [stderr]     Updating crates.io index
[INFO] [stderr]      Locking 30 packages to latest compatible versions
[INFO] [stderr]       Adding minicbor v0.19.1 (available: v0.25.1)
[INFO] running `Command { std: CARGO_HOME="/workspace/cargo-home" RUSTUP_HOME="/workspace/rustup-home" "/workspace/cargo-home/bin/cargo" "+nightly-2024-10-28" "fetch" "--manifest-path" "Cargo.toml", kill_on_drop: false }`
[INFO] running `Command { std: "docker" "create" "-v" "/var/lib/crater-agent-workspace/builds/worker-4-tc2/target:/opt/rustwide/target:rw,Z" "-v" "/var/lib/crater-agent-workspace/builds/worker-4-tc2/source:/opt/rustwide/workdir:ro,Z" "-v" "/var/lib/crater-agent-workspace/cargo-home:/opt/rustwide/cargo-home:ro,Z" "-v" "/var/lib/crater-agent-workspace/rustup-home:/opt/rustwide/rustup-home:ro,Z" "-e" "SOURCE_DIR=/opt/rustwide/workdir" "-e" "CARGO_TARGET_DIR=/opt/rustwide/target" "-e" "CARGO_HOME=/opt/rustwide/cargo-home" "-e" "RUSTUP_HOME=/opt/rustwide/rustup-home" "-w" "/opt/rustwide/workdir" "-m" "1610612736" "--user" "0:0" "--network" "none" "ghcr.io/rust-lang/crates-build-env/linux@sha256:4a844ea9eb2546a2d2c7022eacef16ef2e8229c7fbb2c7d4d55a9ceca922f72d" "/opt/rustwide/cargo-home/bin/cargo" "+nightly-2024-10-28" "metadata" "--no-deps" "--format-version=1", kill_on_drop: false }`
[INFO] [stdout] 4c683efedec328e3edaebe4aab21b6304bb22dc8a14cf671d3a56f580c8ff607
[INFO] running `Command { std: "docker" "start" "-a" "4c683efedec328e3edaebe4aab21b6304bb22dc8a14cf671d3a56f580c8ff607", kill_on_drop: false }`
[INFO] running `Command { std: "docker" "inspect" "4c683efedec328e3edaebe4aab21b6304bb22dc8a14cf671d3a56f580c8ff607", kill_on_drop: false }`
[INFO] running `Command { std: "docker" "rm" "-f" "4c683efedec328e3edaebe4aab21b6304bb22dc8a14cf671d3a56f580c8ff607", kill_on_drop: false }`
[INFO] [stdout] 4c683efedec328e3edaebe4aab21b6304bb22dc8a14cf671d3a56f580c8ff607
[INFO] running `Command { std: "docker" "create" "-v" "/var/lib/crater-agent-workspace/builds/worker-4-tc2/target:/opt/rustwide/target:rw,Z" "-v" "/var/lib/crater-agent-workspace/builds/worker-4-tc2/source:/opt/rustwide/workdir:ro,Z" "-v" "/var/lib/crater-agent-workspace/cargo-home:/opt/rustwide/cargo-home:ro,Z" "-v" "/var/lib/crater-agent-workspace/rustup-home:/opt/rustwide/rustup-home:ro,Z" "-e" "SOURCE_DIR=/opt/rustwide/workdir" "-e" "CARGO_TARGET_DIR=/opt/rustwide/target" "-e" "CARGO_INCREMENTAL=0" "-e" "RUST_BACKTRACE=full" "-e" "RUSTFLAGS=--cap-lints=forbid -Zrandomize-layout" "-e" "RUSTDOCFLAGS=--cap-lints=forbid" "-e" "CARGO_HOME=/opt/rustwide/cargo-home" "-e" "RUSTUP_HOME=/opt/rustwide/rustup-home" "-w" "/opt/rustwide/workdir" "-m" "1610612736" "--user" "0:0" "--network" "none" "ghcr.io/rust-lang/crates-build-env/linux@sha256:4a844ea9eb2546a2d2c7022eacef16ef2e8229c7fbb2c7d4d55a9ceca922f72d" "/opt/rustwide/cargo-home/bin/cargo" "+nightly-2024-10-28" "build" "--frozen" "--message-format=json", kill_on_drop: false }`
[INFO] [stdout] eacc4918b34911e231e1b7b8beaed0b5e902480d904718e806a28a056b694d9f
[INFO] running `Command { std: "docker" "start" "-a" "eacc4918b34911e231e1b7b8beaed0b5e902480d904718e806a28a056b694d9f", kill_on_drop: false }`
[INFO] [stderr]    Compiling autocfg v1.4.0
[INFO] [stderr]    Compiling minicbor v0.19.1
[INFO] [stderr]    Compiling litrs v0.4.1
[INFO] [stderr]    Compiling coap-numbers v0.2.4
[INFO] [stderr]    Compiling num-traits v0.2.19
[INFO] [stderr]    Compiling document-features v0.2.10
[INFO] [stderr]    Compiling coap-message v0.3.4
[INFO] [stderr]    Compiling coap-message-utils v0.3.6 (/opt/rustwide/workdir)
[INFO] [stderr]     Finished `dev` profile [unoptimized + debuginfo] target(s) in 1.72s
[INFO] running `Command { std: "docker" "inspect" "eacc4918b34911e231e1b7b8beaed0b5e902480d904718e806a28a056b694d9f", kill_on_drop: false }`
[INFO] running `Command { std: "docker" "rm" "-f" "eacc4918b34911e231e1b7b8beaed0b5e902480d904718e806a28a056b694d9f", kill_on_drop: false }`
[INFO] [stdout] eacc4918b34911e231e1b7b8beaed0b5e902480d904718e806a28a056b694d9f
[INFO] running `Command { std: "docker" "create" "-v" "/var/lib/crater-agent-workspace/builds/worker-4-tc2/target:/opt/rustwide/target:rw,Z" "-v" "/var/lib/crater-agent-workspace/builds/worker-4-tc2/source:/opt/rustwide/workdir:ro,Z" "-v" "/var/lib/crater-agent-workspace/cargo-home:/opt/rustwide/cargo-home:ro,Z" "-v" "/var/lib/crater-agent-workspace/rustup-home:/opt/rustwide/rustup-home:ro,Z" "-e" "SOURCE_DIR=/opt/rustwide/workdir" "-e" "CARGO_TARGET_DIR=/opt/rustwide/target" "-e" "CARGO_INCREMENTAL=0" "-e" "RUST_BACKTRACE=full" "-e" "RUSTFLAGS=--cap-lints=forbid -Zrandomize-layout" "-e" "RUSTDOCFLAGS=--cap-lints=forbid" "-e" "CARGO_HOME=/opt/rustwide/cargo-home" "-e" "RUSTUP_HOME=/opt/rustwide/rustup-home" "-w" "/opt/rustwide/workdir" "-m" "1610612736" "--user" "0:0" "--network" "none" "ghcr.io/rust-lang/crates-build-env/linux@sha256:4a844ea9eb2546a2d2c7022eacef16ef2e8229c7fbb2c7d4d55a9ceca922f72d" "/opt/rustwide/cargo-home/bin/cargo" "+nightly-2024-10-28" "test" "--frozen" "--no-run" "--message-format=json", kill_on_drop: false }`
[INFO] [stdout] 900294878ff5c554420ab1c74b1147e7fd6cf841942878c956a29a478caeab62
[INFO] running `Command { std: "docker" "start" "-a" "900294878ff5c554420ab1c74b1147e7fd6cf841942878c956a29a478caeab62", kill_on_drop: false }`
[INFO] [stderr]    Compiling num-traits v0.2.19
[INFO] [stderr]    Compiling tinyvec_macros v0.1.1
[INFO] [stderr]    Compiling percent-encoding v2.3.1
[INFO] [stderr]    Compiling unicode-bidi v0.3.17
[INFO] [stderr]    Compiling minimal-lexical v0.2.1
[INFO] [stderr]    Compiling cfg-if v1.0.0
[INFO] [stderr]    Compiling separator v0.4.1
[INFO] [stderr]    Compiling data-encoding v2.6.0
[INFO] [stderr]    Compiling uuid v1.11.0
[INFO] [stderr]    Compiling bs58 v0.5.1
[INFO] [stderr]    Compiling half v2.4.1
[INFO] [stderr]    Compiling tinyvec v1.8.0
[INFO] [stderr]    Compiling form_urlencoded v1.2.1
[INFO] [stderr]    Compiling nom v7.1.3
[INFO] [stderr]    Compiling unicode-normalization v0.1.24
[INFO] [stderr]    Compiling num-integer v0.1.46
[INFO] [stderr]    Compiling chrono v0.4.38
[INFO] [stderr]    Compiling coap-message v0.3.4
[INFO] [stderr]    Compiling coap-message-utils v0.3.6 (/opt/rustwide/workdir)
[INFO] [stderr]    Compiling num-bigint v0.4.6
[INFO] [stderr]    Compiling idna v0.5.0
[INFO] [stderr]    Compiling url v2.5.2
[INFO] [stderr]    Compiling num-rational v0.4.2
[INFO] [stderr]    Compiling cbor-diag v0.1.12
[INFO] [stdout] error[E0433]: failed to resolve: use of undeclared crate or module `coap_message_implementations`
[INFO] [stdout]  --> tests/error.rs:7:26
[INFO] [stdout]   |
[INFO] [stdout] 7 | fn assert_just_code(msg: coap_message_implementations::inmemory_write::Message, code: u8) {
[INFO] [stdout]   |                          ^^^^^^^^^^^^^^^^^^^^^^^^^^^^ use of undeclared crate or module `coap_message_implementations`
[INFO] [stdout] 
[INFO] [stdout] 
[INFO] [stdout] error[E0433]: failed to resolve: use of undeclared crate or module `coap_message_implementations`
[INFO] [stdout]   --> tests/error.rs:23:10
[INFO] [stdout]    |
[INFO] [stdout] 23 |     msg: coap_message_implementations::inmemory_write::Message,
[INFO] [stdout]    |          ^^^^^^^^^^^^^^^^^^^^^^^^^^^^ use of undeclared crate or module `coap_message_implementations`
[INFO] [stdout] 
[INFO] [stdout] 
[INFO] [stdout] error[E0433]: failed to resolve: use of undeclared crate or module `coap_message_implementations`
[INFO] [stdout]   --> tests/error.rs:56:9
[INFO] [stdout]    |
[INFO] [stdout] 56 |         coap_message_implementations::inmemory_write::Message::new(&mut code, tail.as_mut());
[INFO] [stdout]    |         ^^^^^^^^^^^^^^^^^^^^^^^^^^^^ use of undeclared crate or module `coap_message_implementations`
[INFO] [stdout] 
[INFO] [stdout] 
[INFO] [stdout] error[E0433]: failed to resolve: use of undeclared crate or module `coap_message_implementations`
[INFO] [stdout]   --> tests/error.rs:69:9
[INFO] [stdout]    |
[INFO] [stdout] 69 |         coap_message_implementations::inmemory_write::Message::new(&mut code, tail.as_mut());
[INFO] [stdout]    |         ^^^^^^^^^^^^^^^^^^^^^^^^^^^^ use of undeclared crate or module `coap_message_implementations`
[INFO] [stdout] 
[INFO] [stdout] 
[INFO] [stdout] error[E0433]: failed to resolve: use of undeclared crate or module `coap_message_implementations`
[INFO] [stdout]   --> tests/error.rs:87:9
[INFO] [stdout]    |
[INFO] [stdout] 87 |         coap_message_implementations::inmemory_write::Message::new(&mut code, tail.as_mut());
[INFO] [stdout]    |         ^^^^^^^^^^^^^^^^^^^^^^^^^^^^ use of undeclared crate or module `coap_message_implementations`
[INFO] [stdout] 
[INFO] [stdout] 
[INFO] [stdout] error[E0433]: failed to resolve: use of undeclared crate or module `coap_message_implementations`
[INFO] [stdout]    --> tests/error.rs:128:9
[INFO] [stdout]     |
[INFO] [stdout] 128 |         coap_message_implementations::inmemory_write::Message::new(&mut code, tail.as_mut());
[INFO] [stdout]     |         ^^^^^^^^^^^^^^^^^^^^^^^^^^^^ use of undeclared crate or module `coap_message_implementations`
[INFO] [stdout] 
[INFO] [stdout] 
[INFO] [stdout] For more information about this error, try `rustc --explain E0433`.
[INFO] [stdout] 
[INFO] [stderr] error: could not compile `coap-message-utils` (test "error") due to 6 previous errors
[INFO] [stderr] warning: build failed, waiting for other jobs to finish...
[INFO] running `Command { std: "docker" "inspect" "900294878ff5c554420ab1c74b1147e7fd6cf841942878c956a29a478caeab62", kill_on_drop: false }`
[INFO] running `Command { std: "docker" "rm" "-f" "900294878ff5c554420ab1c74b1147e7fd6cf841942878c956a29a478caeab62", kill_on_drop: false }`
[INFO] [stdout] 900294878ff5c554420ab1c74b1147e7fd6cf841942878c956a29a478caeab62
