[INFO] fetching crate clust_macros 0.9.0...
[INFO] testing clust_macros-0.9.0 against nightly-2024-10-28 for randomize-layout
[INFO] extracting crate clust_macros 0.9.0 into /workspace/builds/worker-3-tc1/source
[INFO] validating manifest of crates.io crate clust_macros 0.9.0 on toolchain nightly-2024-10-28
[INFO] running `Command { std: CARGO_HOME="/workspace/cargo-home" RUSTUP_HOME="/workspace/rustup-home" "/workspace/cargo-home/bin/cargo" "+nightly-2024-10-28" "metadata" "--manifest-path" "Cargo.toml" "--no-deps", kill_on_drop: false }`
[INFO] removed /workspace/builds/worker-3-tc1/source/rust-toolchain.toml
[INFO] started tweaking crates.io crate clust_macros 0.9.0
[INFO] finished tweaking crates.io crate clust_macros 0.9.0
[INFO] tweaked toml for crates.io crate clust_macros 0.9.0 written to /workspace/builds/worker-3-tc1/source/Cargo.toml
[INFO] running `Command { std: CARGO_HOME="/workspace/cargo-home" RUSTUP_HOME="/workspace/rustup-home" "/workspace/cargo-home/bin/cargo" "+nightly-2024-10-28" "generate-lockfile" "--manifest-path" "Cargo.toml", kill_on_drop: false }`
[INFO] [stderr]     Updating crates.io index
[INFO] [stderr]      Locking 86 packages to latest compatible versions
[INFO] running `Command { std: CARGO_HOME="/workspace/cargo-home" RUSTUP_HOME="/workspace/rustup-home" "/workspace/cargo-home/bin/cargo" "+nightly-2024-10-28" "fetch" "--manifest-path" "Cargo.toml", kill_on_drop: false }`
[INFO] [stderr]  Downloading crates ...
[INFO] [stderr]   Downloaded jsonway v2.0.0
[INFO] [stderr]   Downloaded uritemplate-next v0.2.0
[INFO] [stderr]   Downloaded json-pointer v0.3.4
[INFO] [stderr]   Downloaded valico v4.0.0
[INFO] [stderr]   Downloaded psl v2.1.55
[INFO] running `Command { std: "docker" "create" "-v" "/var/lib/crater-agent-workspace/builds/worker-3-tc1/target:/opt/rustwide/target:rw,Z" "-v" "/var/lib/crater-agent-workspace/builds/worker-3-tc1/source:/opt/rustwide/workdir:ro,Z" "-v" "/var/lib/crater-agent-workspace/cargo-home:/opt/rustwide/cargo-home:ro,Z" "-v" "/var/lib/crater-agent-workspace/rustup-home:/opt/rustwide/rustup-home:ro,Z" "-e" "SOURCE_DIR=/opt/rustwide/workdir" "-e" "CARGO_TARGET_DIR=/opt/rustwide/target" "-e" "CARGO_HOME=/opt/rustwide/cargo-home" "-e" "RUSTUP_HOME=/opt/rustwide/rustup-home" "-w" "/opt/rustwide/workdir" "-m" "1610612736" "--user" "0:0" "--network" "none" "ghcr.io/rust-lang/crates-build-env/linux@sha256:4a844ea9eb2546a2d2c7022eacef16ef2e8229c7fbb2c7d4d55a9ceca922f72d" "/opt/rustwide/cargo-home/bin/cargo" "+nightly-2024-10-28" "metadata" "--no-deps" "--format-version=1", kill_on_drop: false }`
[INFO] [stdout] 66f310b3ffda4527368b61f9e4cdb011abfb9d41791054d360e2a0c75aa4c871
[INFO] running `Command { std: "docker" "start" "-a" "66f310b3ffda4527368b61f9e4cdb011abfb9d41791054d360e2a0c75aa4c871", kill_on_drop: false }`
[INFO] running `Command { std: "docker" "inspect" "66f310b3ffda4527368b61f9e4cdb011abfb9d41791054d360e2a0c75aa4c871", kill_on_drop: false }`
[INFO] running `Command { std: "docker" "rm" "-f" "66f310b3ffda4527368b61f9e4cdb011abfb9d41791054d360e2a0c75aa4c871", kill_on_drop: false }`
[INFO] [stdout] 66f310b3ffda4527368b61f9e4cdb011abfb9d41791054d360e2a0c75aa4c871
[INFO] running `Command { std: "docker" "create" "-v" "/var/lib/crater-agent-workspace/builds/worker-3-tc1/target:/opt/rustwide/target:rw,Z" "-v" "/var/lib/crater-agent-workspace/builds/worker-3-tc1/source:/opt/rustwide/workdir:ro,Z" "-v" "/var/lib/crater-agent-workspace/cargo-home:/opt/rustwide/cargo-home:ro,Z" "-v" "/var/lib/crater-agent-workspace/rustup-home:/opt/rustwide/rustup-home:ro,Z" "-e" "SOURCE_DIR=/opt/rustwide/workdir" "-e" "CARGO_TARGET_DIR=/opt/rustwide/target" "-e" "CARGO_INCREMENTAL=0" "-e" "RUST_BACKTRACE=full" "-e" "RUSTFLAGS=--cap-lints=forbid" "-e" "RUSTDOCFLAGS=--cap-lints=forbid" "-e" "CARGO_HOME=/opt/rustwide/cargo-home" "-e" "RUSTUP_HOME=/opt/rustwide/rustup-home" "-w" "/opt/rustwide/workdir" "-m" "1610612736" "--user" "0:0" "--network" "none" "ghcr.io/rust-lang/crates-build-env/linux@sha256:4a844ea9eb2546a2d2c7022eacef16ef2e8229c7fbb2c7d4d55a9ceca922f72d" "/opt/rustwide/cargo-home/bin/cargo" "+nightly-2024-10-28" "build" "--frozen" "--message-format=json", kill_on_drop: false }`
[INFO] [stdout] 81081f561cc9bc42f3cb003041dc07d5b9e6f2f38ee99e6f871fdc4a38970a99
[INFO] running `Command { std: "docker" "start" "-a" "81081f561cc9bc42f3cb003041dc07d5b9e6f2f38ee99e6f871fdc4a38970a99", kill_on_drop: false }`
[INFO] [stderr]    Compiling memchr v2.7.4
[INFO] [stderr]    Compiling siphasher v0.3.11
[INFO] [stderr]    Compiling serde v1.0.214
[INFO] [stderr]    Compiling rand_core v0.6.4
[INFO] [stderr]    Compiling regex-syntax v0.8.5
[INFO] [stderr]    Compiling tinyvec_macros v0.1.1
[INFO] [stderr]    Compiling libc v0.2.161
[INFO] [stderr]    Compiling num-traits v0.2.19
[INFO] [stderr]    Compiling itoa v1.0.11
[INFO] [stderr]    Compiling ryu v1.0.18
[INFO] [stderr]    Compiling cfg-if v1.0.0
[INFO] [stderr]    Compiling unicode-bidi v0.3.17
[INFO] [stderr]    Compiling psl-types v2.0.11
[INFO] [stderr]    Compiling serde_json v1.0.132
[INFO] [stderr]    Compiling bit-vec v0.6.3
[INFO] [stderr]    Compiling percent-encoding v2.3.1
[INFO] [stderr]    Compiling iana-time-zone v0.1.61
[INFO] [stderr]    Compiling tinyvec v1.8.0
[INFO] [stderr]    Compiling downcast-rs v1.2.1
[INFO] [stderr]    Compiling psl v2.1.55
[INFO] [stderr]    Compiling rand v0.8.5
[INFO] [stderr]    Compiling base64 v0.21.7
[INFO] [stderr]    Compiling form_urlencoded v1.2.1
[INFO] [stderr]    Compiling phf_shared v0.11.2
[INFO] [stderr]    Compiling syn v2.0.86
[INFO] [stderr]    Compiling bit-set v0.5.3
[INFO] [stderr]    Compiling phf v0.11.2
[INFO] [stderr]    Compiling phf_generator v0.11.2
[INFO] [stderr]    Compiling aho-corasick v1.1.3
[INFO] [stderr]    Compiling phf_codegen v0.11.2
[INFO] [stderr]    Compiling valico v4.0.0
[INFO] [stderr]    Compiling unicode-normalization v0.1.24
[INFO] [stderr]    Compiling getrandom v0.2.15
[INFO] [stderr]    Compiling uuid v1.11.0
[INFO] [stderr]    Compiling chrono v0.4.38
[INFO] [stderr]    Compiling idna v0.5.0
[INFO] [stderr]    Compiling url v2.5.2
[INFO] [stderr]    Compiling regex-automata v0.4.8
[INFO] [stderr]    Compiling erased-serde v0.3.31
[INFO] [stderr]    Compiling addr v0.15.6
[INFO] [stderr]    Compiling jsonway v2.0.0
[INFO] [stderr]    Compiling json-pointer v0.3.4
[INFO] [stderr]    Compiling regex v1.11.1
[INFO] [stderr]    Compiling fancy-regex v0.11.0
[INFO] [stderr]    Compiling uritemplate-next v0.2.0
[INFO] [stderr]    Compiling clust_macros v0.9.0 (/opt/rustwide/workdir)
[INFO] [stderr]     Finished `dev` profile [unoptimized + debuginfo] target(s) in 8.26s
[INFO] running `Command { std: "docker" "inspect" "81081f561cc9bc42f3cb003041dc07d5b9e6f2f38ee99e6f871fdc4a38970a99", kill_on_drop: false }`
[INFO] running `Command { std: "docker" "rm" "-f" "81081f561cc9bc42f3cb003041dc07d5b9e6f2f38ee99e6f871fdc4a38970a99", kill_on_drop: false }`
[INFO] [stdout] 81081f561cc9bc42f3cb003041dc07d5b9e6f2f38ee99e6f871fdc4a38970a99
[INFO] running `Command { std: "docker" "create" "-v" "/var/lib/crater-agent-workspace/builds/worker-3-tc1/target:/opt/rustwide/target:rw,Z" "-v" "/var/lib/crater-agent-workspace/builds/worker-3-tc1/source:/opt/rustwide/workdir:ro,Z" "-v" "/var/lib/crater-agent-workspace/cargo-home:/opt/rustwide/cargo-home:ro,Z" "-v" "/var/lib/crater-agent-workspace/rustup-home:/opt/rustwide/rustup-home:ro,Z" "-e" "SOURCE_DIR=/opt/rustwide/workdir" "-e" "CARGO_TARGET_DIR=/opt/rustwide/target" "-e" "CARGO_INCREMENTAL=0" "-e" "RUST_BACKTRACE=full" "-e" "RUSTFLAGS=--cap-lints=forbid" "-e" "RUSTDOCFLAGS=--cap-lints=forbid" "-e" "CARGO_HOME=/opt/rustwide/cargo-home" "-e" "RUSTUP_HOME=/opt/rustwide/rustup-home" "-w" "/opt/rustwide/workdir" "-m" "1610612736" "--user" "0:0" "--network" "none" "ghcr.io/rust-lang/crates-build-env/linux@sha256:4a844ea9eb2546a2d2c7022eacef16ef2e8229c7fbb2c7d4d55a9ceca922f72d" "/opt/rustwide/cargo-home/bin/cargo" "+nightly-2024-10-28" "test" "--frozen" "--no-run" "--message-format=json", kill_on_drop: false }`
[INFO] [stdout] 7e1603a0a490266a335d3c72e843a597ce3f51c8617b5f5aee1185fb207b24b4
[INFO] running `Command { std: "docker" "start" "-a" "7e1603a0a490266a335d3c72e843a597ce3f51c8617b5f5aee1185fb207b24b4", kill_on_drop: false }`
[INFO] [stderr]    Compiling siphasher v0.3.11
[INFO] [stderr]    Compiling aho-corasick v1.1.3
[INFO] [stderr]    Compiling regex-syntax v0.8.5
[INFO] [stderr]    Compiling serde v1.0.214
[INFO] [stderr]    Compiling unicode-ident v1.0.13
[INFO] [stderr]    Compiling bit-vec v0.6.3
[INFO] [stderr]    Compiling proc-macro2 v1.0.89
[INFO] [stderr]    Compiling libc v0.2.161
[INFO] [stderr]    Compiling psl-types v2.0.11
[INFO] [stderr]    Compiling iana-time-zone v0.1.61
[INFO] [stderr]    Compiling downcast-rs v1.2.1
[INFO] [stderr]    Compiling num-traits v0.2.19
[INFO] [stderr]    Compiling psl v2.1.55
[INFO] [stderr]    Compiling phf_shared v0.11.2
[INFO] [stderr]    Compiling bit-set v0.5.3
[INFO] [stderr]    Compiling phf_generator v0.11.2
[INFO] [stderr]    Compiling phf v0.11.2
[INFO] [stderr]    Compiling phf_codegen v0.11.2
[INFO] [stderr]    Compiling valico v4.0.0
[INFO] [stderr]    Compiling quote v1.0.37
[INFO] [stderr]    Compiling syn v2.0.86
[INFO] [stderr]    Compiling getrandom v0.2.15
[INFO] [stderr]    Compiling uuid v1.11.0
[INFO] [stderr]    Compiling chrono v0.4.38
[INFO] [stderr]    Compiling regex-automata v0.4.8
[INFO] [stderr]    Compiling serde_json v1.0.132
[INFO] [stderr]    Compiling erased-serde v0.3.31
[INFO] [stderr]    Compiling json-pointer v0.3.4
[INFO] [stderr]    Compiling jsonway v2.0.0
[INFO] [stderr]    Compiling addr v0.15.6
[INFO] [stderr]    Compiling tokio-macros v2.4.0
[INFO] [stderr]    Compiling regex v1.11.1
[INFO] [stderr]    Compiling tokio v1.41.0
[INFO] [stderr]    Compiling fancy-regex v0.11.0
[INFO] [stderr]    Compiling uritemplate-next v0.2.0
[INFO] [stderr]    Compiling clust_macros v0.9.0 (/opt/rustwide/workdir)
[INFO] [stdout] warning: type alias `TestResult` is never used
[INFO] [stdout]   --> src/return_type.rs:71:10
[INFO] [stdout]    |
[INFO] [stdout] 71 |     type TestResult = Result<i32, String>;
[INFO] [stdout]    |          ^^^^^^^^^^
[INFO] [stdout]    |
[INFO] [stdout]    = note: `#[warn(dead_code)]` on by default
[INFO] [stdout] 
[INFO] [stdout] 
[INFO] [stdout] error[E0433]: failed to resolve: use of undeclared crate or module `clust`
[INFO] [stdout]  --> tests/tool.rs:1:5
[INFO] [stdout]   |
[INFO] [stdout] 1 | use clust::messages::{Tool, ToolUse};
[INFO] [stdout]   |     ^^^^^ use of undeclared crate or module `clust`
[INFO] [stdout] 
[INFO] [stdout] 
[INFO] [stdout] error[E0433]: failed to resolve: use of undeclared crate or module `clust`
[INFO] [stdout]  --> tests/tool_with_optional_arg.rs:1:5
[INFO] [stdout]   |
[INFO] [stdout] 1 | use clust::messages::{Tool, ToolUse};
[INFO] [stdout]   |     ^^^^^ use of undeclared crate or module `clust`
[INFO] [stdout] 
[INFO] [stdout] 
[INFO] [stdout] error[E0433]: failed to resolve: use of undeclared crate or module `clust`
[INFO] [stdout]  --> tests/tool_with_multi_args.rs:1:5
[INFO] [stdout]   |
[INFO] [stdout] 1 | use clust::messages::{Tool, ToolUse};
[INFO] [stdout]   |     ^^^^^ use of undeclared crate or module `clust`
[INFO] [stdout] 
[INFO] [stdout] 
[INFO] [stdout] error[E0433]: failed to resolve: use of undeclared crate or module `clust`
[INFO] [stdout]  --> tests/tool_with_array_arg.rs:1:5
[INFO] [stdout]   |
[INFO] [stdout] 1 | use clust::messages::{Tool, ToolUse};
[INFO] [stdout]   |     ^^^^^ use of undeclared crate or module `clust`
[INFO] [stdout] 
[INFO] [stdout] 
[INFO] [stdout] error[E0433]: failed to resolve: use of undeclared crate or module `clust`
[INFO] [stdout]  --> tests/tool_with_result.rs:1:5
[INFO] [stdout]   |
[INFO] [stdout] 1 | use clust::messages::{Tool, ToolUse};
[INFO] [stdout]   |     ^^^^^ use of undeclared crate or module `clust`
[INFO] [stdout] 
[INFO] [stdout] 
[INFO] [stdout] error: The #[tokio::test] macro requires rt or rt-multi-thread.
[INFO] [stdout]   --> tests/tool_async_with_result.rs:62:1
[INFO] [stdout]    |
[INFO] [stdout] 62 | #[tokio::test]
[INFO] [stdout]    | ^^^^^^^^^^^^^^
[INFO] [stdout]    |
[INFO] [stdout]    = note: this error originates in the attribute macro `tokio::test` (in Nightly builds, run with -Z macro-backtrace for more info)
[INFO] [stdout] 
[INFO] [stdout] 
[INFO] [stdout] error[E0433]: failed to resolve: use of undeclared crate or module `clust`
[INFO] [stdout]  --> tests/tool_async_with_result.rs:1:5
[INFO] [stdout]   |
[INFO] [stdout] 1 | use clust::messages::{AsyncTool, ToolUse};
[INFO] [stdout]   |     ^^^^^ use of undeclared crate or module `clust`
[INFO] [stdout] 
[INFO] [stdout] 
[INFO] [stdout] error[E0433]: failed to resolve: use of undeclared crate or module `clust`
[INFO] [stdout]  --> tests/tool_with_no_return_value.rs:1:5
[INFO] [stdout]   |
[INFO] [stdout] 1 | use clust::messages::{Tool, ToolUse};
[INFO] [stdout]   |     ^^^^^ use of undeclared crate or module `clust`
[INFO] [stdout] 
[INFO] [stdout] 
[INFO] [stdout] error: The #[tokio::test] macro requires rt or rt-multi-thread.
[INFO] [stdout]   --> tests/tool_async.rs:40:1
[INFO] [stdout]    |
[INFO] [stdout] 40 | #[tokio::test]
[INFO] [stdout]    | ^^^^^^^^^^^^^^
[INFO] [stdout]    |
[INFO] [stdout]    = note: this error originates in the attribute macro `tokio::test` (in Nightly builds, run with -Z macro-backtrace for more info)
[INFO] [stdout] 
[INFO] [stdout] 
[INFO] [stdout] error[E0433]: failed to resolve: use of undeclared crate or module `clust`
[INFO] [stdout]  --> tests/tool_async.rs:1:5
[INFO] [stdout]   |
[INFO] [stdout] 1 | use clust::messages::{AsyncTool, ToolUse};
[INFO] [stdout]   |     ^^^^^ use of undeclared crate or module `clust`
[INFO] [stdout] 
[INFO] [stdout] 
[INFO] [stdout] error[E0433]: failed to resolve: use of undeclared crate or module `clust`
[INFO] [stdout]   --> tests/tool_with_multi_args.rs:10:1
[INFO] [stdout]    |
[INFO] [stdout] 10 | #[clust_tool]
[INFO] [stdout]    | ^^^^^^^^^^^^^ use of undeclared crate or module `clust`
[INFO] [stdout]    |
[INFO] [stdout]    = note: this error originates in the attribute macro `clust_tool` (in Nightly builds, run with -Z macro-backtrace for more info)
[INFO] [stdout] 
[INFO] [stdout] 
[INFO] [stdout] error[E0433]: failed to resolve: use of undeclared crate or module `clust`
[INFO] [stdout]  --> tests/tool_with_optional_arg.rs:9:1
[INFO] [stdout]   |
[INFO] [stdout] 9 | #[clust_tool]
[INFO] [stdout]   | ^^^^^^^^^^^^^ use of undeclared crate or module `clust`
[INFO] [stdout]   |
[INFO] [stdout]   = note: this error originates in the attribute macro `clust_tool` (in Nightly builds, run with -Z macro-backtrace for more info)
[INFO] [stdout] 
[INFO] [stdout] 
[INFO] [stdout] error[E0433]: failed to resolve: use of undeclared crate or module `clust`
[INFO] [stdout]  --> tests/tool.rs:9:1
[INFO] [stdout]   |
[INFO] [stdout] 9 | #[clust_tool]
[INFO] [stdout]   | ^^^^^^^^^^^^^ use of undeclared crate or module `clust`
[INFO] [stdout]   |
[INFO] [stdout]   = note: this error originates in the attribute macro `clust_tool` (in Nightly builds, run with -Z macro-backtrace for more info)
[INFO] [stdout] 
[INFO] [stdout] 
[INFO] [stdout] error[E0433]: failed to resolve: use of undeclared crate or module `clust`
[INFO] [stdout]  --> tests/tool_with_array_arg.rs:9:1
[INFO] [stdout]   |
[INFO] [stdout] 9 | #[clust_tool]
[INFO] [stdout]   | ^^^^^^^^^^^^^ use of undeclared crate or module `clust`
[INFO] [stdout]   |
[INFO] [stdout]   = note: this error originates in the attribute macro `clust_tool` (in Nightly builds, run with -Z macro-backtrace for more info)
[INFO] [stdout] 
[INFO] [stdout] 
[INFO] [stdout] error[E0433]: failed to resolve: use of undeclared crate or module `clust`
[INFO] [stdout]   --> tests/tool_with_result.rs:11:1
[INFO] [stdout]    |
[INFO] [stdout] 11 | #[clust_tool]
[INFO] [stdout]    | ^^^^^^^^^^^^^ use of undeclared crate or module `clust`
[INFO] [stdout]    |
[INFO] [stdout]    = note: this error originates in the attribute macro `clust_tool` (in Nightly builds, run with -Z macro-backtrace for more info)
[INFO] [stdout] 
[INFO] [stdout] 
[INFO] [stdout] error[E0433]: failed to resolve: use of undeclared crate or module `clust`
[INFO] [stdout]   --> tests/tool_async_with_result.rs:11:1
[INFO] [stdout]    |
[INFO] [stdout] 11 | #[clust_tool]
[INFO] [stdout]    | ^^^^^^^^^^^^^ use of undeclared crate or module `clust`
[INFO] [stdout]    |
[INFO] [stdout]    = note: this error originates in the attribute macro `clust_tool` (in Nightly builds, run with -Z macro-backtrace for more info)
[INFO] [stdout] 
[INFO] [stdout] 
[INFO] [stdout] error[E0433]: failed to resolve: use of undeclared crate or module `clust`
[INFO] [stdout]  --> tests/tool_async.rs:9:1
[INFO] [stdout]   |
[INFO] [stdout] 9 | #[clust_tool]
[INFO] [stdout]   | ^^^^^^^^^^^^^ use of undeclared crate or module `clust`
[INFO] [stdout]   |
[INFO] [stdout]   = note: this error originates in the attribute macro `clust_tool` (in Nightly builds, run with -Z macro-backtrace for more info)
[INFO] [stdout] 
[INFO] [stdout] 
[INFO] [stdout] error[E0433]: failed to resolve: use of undeclared crate or module `clust`
[INFO] [stdout]  --> tests/tool_with_no_return_value.rs:9:1
[INFO] [stdout]   |
[INFO] [stdout] 9 | #[clust_tool]
[INFO] [stdout]   | ^^^^^^^^^^^^^ use of undeclared crate or module `clust`
[INFO] [stdout]   |
[INFO] [stdout]   = note: this error originates in the attribute macro `clust_tool` (in Nightly builds, run with -Z macro-backtrace for more info)
[INFO] [stdout] 
[INFO] [stdout] 
[INFO] [stdout] For more information about this error, try `rustc --explain E0433`.
[INFO] [stdout] 
[INFO] [stdout] For more information about this error, try `rustc --explain E0433`.
[INFO] [stdout] 
[INFO] [stderr] error: could not compile `clust_macros` (test "tool_with_optional_arg") due to 2 previous errors
[INFO] [stderr] warning: build failed, waiting for other jobs to finish...
[INFO] [stdout] For more information about this error, try `rustc --explain E0433`.
[INFO] [stdout] 
[INFO] [stderr] error: could not compile `clust_macros` (test "tool_with_multi_args") due to 2 previous errors
[INFO] [stdout] For more information about this error, try `rustc --explain E0433`.
[INFO] [stdout] 
[INFO] [stdout] For more information about this error, try `rustc --explain E0433`.
[INFO] [stdout] 
[INFO] [stderr] error: could not compile `clust_macros` (test "tool") due to 2 previous errors
[INFO] [stderr] error: could not compile `clust_macros` (test "tool_with_result") due to 2 previous errors
[INFO] [stdout] For more information about this error, try `rustc --explain E0433`.
[INFO] [stdout] 
[INFO] [stdout] For more information about this error, try `rustc --explain E0433`.
[INFO] [stdout] 
[INFO] [stderr] error: could not compile `clust_macros` (test "tool_async") due to 3 previous errors
[INFO] [stderr] error: could not compile `clust_macros` (test "tool_with_array_arg") due to 2 previous errors
[INFO] [stdout] For more information about this error, try `rustc --explain E0433`.
[INFO] [stdout] 
[INFO] [stderr] error: could not compile `clust_macros` (test "tool_async_with_result") due to 3 previous errors
[INFO] [stderr] error: could not compile `clust_macros` (test "tool_with_no_return_value") due to 2 previous errors
[INFO] running `Command { std: "docker" "inspect" "7e1603a0a490266a335d3c72e843a597ce3f51c8617b5f5aee1185fb207b24b4", kill_on_drop: false }`
[INFO] running `Command { std: "docker" "rm" "-f" "7e1603a0a490266a335d3c72e843a597ce3f51c8617b5f5aee1185fb207b24b4", kill_on_drop: false }`
[INFO] [stdout] 7e1603a0a490266a335d3c72e843a597ce3f51c8617b5f5aee1185fb207b24b4
