[INFO] fetching crate clroxide 1.1.1...
[INFO] testing clroxide-1.1.1 against nightly-2024-10-28 for randomize-layout
[INFO] extracting crate clroxide 1.1.1 into /workspace/builds/worker-6-tc1/source
[INFO] validating manifest of crates.io crate clroxide 1.1.1 on toolchain nightly-2024-10-28
[INFO] running `Command { std: CARGO_HOME="/workspace/cargo-home" RUSTUP_HOME="/workspace/rustup-home" "/workspace/cargo-home/bin/cargo" "+nightly-2024-10-28" "metadata" "--manifest-path" "Cargo.toml" "--no-deps", kill_on_drop: false }`
[INFO] started tweaking crates.io crate clroxide 1.1.1
[INFO] finished tweaking crates.io crate clroxide 1.1.1
[INFO] tweaked toml for crates.io crate clroxide 1.1.1 written to /workspace/builds/worker-6-tc1/source/Cargo.toml
[INFO] crate crates.io crate clroxide 1.1.1 already has a lockfile, it will not be regenerated
[INFO] running `Command { std: CARGO_HOME="/workspace/cargo-home" RUSTUP_HOME="/workspace/rustup-home" "/workspace/cargo-home/bin/cargo" "+nightly-2024-10-28" "fetch" "--manifest-path" "Cargo.toml", kill_on_drop: false }`
[INFO] running `Command { std: "docker" "create" "-v" "/var/lib/crater-agent-workspace/builds/worker-6-tc1/target:/opt/rustwide/target:rw,Z" "-v" "/var/lib/crater-agent-workspace/builds/worker-6-tc1/source:/opt/rustwide/workdir:ro,Z" "-v" "/var/lib/crater-agent-workspace/cargo-home:/opt/rustwide/cargo-home:ro,Z" "-v" "/var/lib/crater-agent-workspace/rustup-home:/opt/rustwide/rustup-home:ro,Z" "-e" "SOURCE_DIR=/opt/rustwide/workdir" "-e" "CARGO_TARGET_DIR=/opt/rustwide/target" "-e" "CARGO_HOME=/opt/rustwide/cargo-home" "-e" "RUSTUP_HOME=/opt/rustwide/rustup-home" "-w" "/opt/rustwide/workdir" "-m" "1610612736" "--user" "0:0" "--network" "none" "ghcr.io/rust-lang/crates-build-env/linux@sha256:4a844ea9eb2546a2d2c7022eacef16ef2e8229c7fbb2c7d4d55a9ceca922f72d" "/opt/rustwide/cargo-home/bin/cargo" "+nightly-2024-10-28" "metadata" "--no-deps" "--format-version=1", kill_on_drop: false }`
[INFO] [stdout] 1c116fd86f40a19e68d5e639a30dcbebc0a4745488f07cce4d00900d37d9000f
[INFO] running `Command { std: "docker" "start" "-a" "1c116fd86f40a19e68d5e639a30dcbebc0a4745488f07cce4d00900d37d9000f", kill_on_drop: false }`
[INFO] running `Command { std: "docker" "inspect" "1c116fd86f40a19e68d5e639a30dcbebc0a4745488f07cce4d00900d37d9000f", kill_on_drop: false }`
[INFO] running `Command { std: "docker" "rm" "-f" "1c116fd86f40a19e68d5e639a30dcbebc0a4745488f07cce4d00900d37d9000f", kill_on_drop: false }`
[INFO] [stdout] 1c116fd86f40a19e68d5e639a30dcbebc0a4745488f07cce4d00900d37d9000f
[INFO] running `Command { std: "docker" "create" "-v" "/var/lib/crater-agent-workspace/builds/worker-6-tc1/target:/opt/rustwide/target:rw,Z" "-v" "/var/lib/crater-agent-workspace/builds/worker-6-tc1/source:/opt/rustwide/workdir:ro,Z" "-v" "/var/lib/crater-agent-workspace/cargo-home:/opt/rustwide/cargo-home:ro,Z" "-v" "/var/lib/crater-agent-workspace/rustup-home:/opt/rustwide/rustup-home:ro,Z" "-e" "SOURCE_DIR=/opt/rustwide/workdir" "-e" "CARGO_TARGET_DIR=/opt/rustwide/target" "-e" "CARGO_INCREMENTAL=0" "-e" "RUST_BACKTRACE=full" "-e" "RUSTFLAGS=--cap-lints=forbid" "-e" "RUSTDOCFLAGS=--cap-lints=forbid" "-e" "CARGO_HOME=/opt/rustwide/cargo-home" "-e" "RUSTUP_HOME=/opt/rustwide/rustup-home" "-w" "/opt/rustwide/workdir" "-m" "1610612736" "--user" "0:0" "--network" "none" "ghcr.io/rust-lang/crates-build-env/linux@sha256:4a844ea9eb2546a2d2c7022eacef16ef2e8229c7fbb2c7d4d55a9ceca922f72d" "/opt/rustwide/cargo-home/bin/cargo" "+nightly-2024-10-28" "build" "--frozen" "--message-format=json", kill_on_drop: false }`
[INFO] [stdout] fbd8c67982fb89a61f7470f67072f62915b37a890496d63cfda2bc380ef48c10
[INFO] running `Command { std: "docker" "start" "-a" "fbd8c67982fb89a61f7470f67072f62915b37a890496d63cfda2bc380ef48c10", kill_on_drop: false }`
[INFO] [stderr]    Compiling windows-targets v0.42.2
[INFO] [stderr]    Compiling windows v0.46.0
[INFO] [stderr]    Compiling clroxide v1.1.1 (/opt/rustwide/workdir)
[INFO] [stderr]     Finished `dev` profile [unoptimized + debuginfo] target(s) in 2.71s
[INFO] running `Command { std: "docker" "inspect" "fbd8c67982fb89a61f7470f67072f62915b37a890496d63cfda2bc380ef48c10", kill_on_drop: false }`
[INFO] running `Command { std: "docker" "rm" "-f" "fbd8c67982fb89a61f7470f67072f62915b37a890496d63cfda2bc380ef48c10", kill_on_drop: false }`
[INFO] [stdout] fbd8c67982fb89a61f7470f67072f62915b37a890496d63cfda2bc380ef48c10
[INFO] running `Command { std: "docker" "create" "-v" "/var/lib/crater-agent-workspace/builds/worker-6-tc1/target:/opt/rustwide/target:rw,Z" "-v" "/var/lib/crater-agent-workspace/builds/worker-6-tc1/source:/opt/rustwide/workdir:ro,Z" "-v" "/var/lib/crater-agent-workspace/cargo-home:/opt/rustwide/cargo-home:ro,Z" "-v" "/var/lib/crater-agent-workspace/rustup-home:/opt/rustwide/rustup-home:ro,Z" "-e" "SOURCE_DIR=/opt/rustwide/workdir" "-e" "CARGO_TARGET_DIR=/opt/rustwide/target" "-e" "CARGO_INCREMENTAL=0" "-e" "RUST_BACKTRACE=full" "-e" "RUSTFLAGS=--cap-lints=forbid" "-e" "RUSTDOCFLAGS=--cap-lints=forbid" "-e" "CARGO_HOME=/opt/rustwide/cargo-home" "-e" "RUSTUP_HOME=/opt/rustwide/rustup-home" "-w" "/opt/rustwide/workdir" "-m" "1610612736" "--user" "0:0" "--network" "none" "ghcr.io/rust-lang/crates-build-env/linux@sha256:4a844ea9eb2546a2d2c7022eacef16ef2e8229c7fbb2c7d4d55a9ceca922f72d" "/opt/rustwide/cargo-home/bin/cargo" "+nightly-2024-10-28" "test" "--frozen" "--no-run" "--message-format=json", kill_on_drop: false }`
[INFO] [stdout] 20198b8b3d5b96ecd6a48c10cbb6dcc6d839b5cad740d3b1e6679c837ba5ffb9
[INFO] running `Command { std: "docker" "start" "-a" "20198b8b3d5b96ecd6a48c10cbb6dcc6d839b5cad740d3b1e6679c837ba5ffb9", kill_on_drop: false }`
[INFO] [stderr]    Compiling windows v0.46.0
[INFO] [stderr]    Compiling clroxide v1.1.1 (/opt/rustwide/workdir)
[INFO] [stdout] warning: unused imports: `mem::size_of` and `slice`
[INFO] [stdout]  --> examples/patch_exit.rs:2:33
[INFO] [stdout]   |
[INFO] [stdout] 2 | use std::{env, ffi::c_void, fs, mem::size_of, process::exit, ptr, slice};
[INFO] [stdout]   |                                 ^^^^^^^^^^^^                      ^^^^^
[INFO] [stdout]   |
[INFO] [stdout]   = note: `#[warn(unused_imports)]` on by default
[INFO] [stdout] 
[INFO] [stdout] 
[INFO] [stdout] warning: unused imports: `VARIANT_0_0_0` and `VARIANT`
[INFO] [stdout]  --> examples/patch_exit.rs:4:11
[INFO] [stdout]   |
[INFO] [stdout] 4 |     Com::{VARIANT, VARIANT_0_0_0},
[INFO] [stdout]   |           ^^^^^^^  ^^^^^^^^^^^^^
[INFO] [stdout] 
[INFO] [stdout] 
[INFO] [stdout] warning: unused doc comment
[INFO] [stdout]   --> examples/patch_exit.rs:25:5
[INFO] [stdout]    |
[INFO] [stdout] 25 |     /// Get the assemblies we need
[INFO] [stdout]    |     ^^^^^^^^^^^^^^^^^^^^^^^^^^^^^^
[INFO] [stdout] 26 |     let mut context = clr.get_context()?;
[INFO] [stdout]    |     ------------------------------------- rustdoc does not generate documentation for statements
[INFO] [stdout]    |
[INFO] [stdout]    = help: use `//` for a plain comment
[INFO] [stdout]    = note: `#[warn(unused_doc_comments)]` on by default
[INFO] [stdout] 
[INFO] [stdout] 
[INFO] [stdout] warning: unused doc comment
[INFO] [stdout]   --> examples/patch_exit.rs:30:5
[INFO] [stdout]    |
[INFO] [stdout] 30 |     /// Get all the necessary pieces to reach the function pointer for System.Environment.Exit
[INFO] [stdout]    |     ^^^^^^^^^^^^^^^^^^^^^^^^^^^^^^^^^^^^^^^^^^^^^^^^^^^^^^^^^^^^^^^^^^^^^^^^^^^^^^^^^^^^^^^^^^
[INFO] [stdout] 31 |     let environment = (*mscorlib).get_type("System.Environment")?;
[INFO] [stdout]    |     -------------------------------------------------------------- rustdoc does not generate documentation for statements
[INFO] [stdout]    |
[INFO] [stdout]    = help: use `//` for a plain comment
[INFO] [stdout] 
[INFO] [stdout] 
[INFO] [stdout] warning: unused doc comment
[INFO] [stdout]   --> examples/patch_exit.rs:41:5
[INFO] [stdout]    |
[INFO] [stdout] 41 |     /// Get the actual pointer value
[INFO] [stdout]    |     ^^^^^^^^^^^^^^^^^^^^^^^^^^^^^^^^
[INFO] [stdout] 42 |     let mut base_ptr = pointer_variant.Anonymous.Anonymous.Anonymous.byref;
[INFO] [stdout]    |     ----------------------------------------------------------------------- rustdoc does not generate documentation for statements
[INFO] [stdout]    |
[INFO] [stdout]    = help: use `//` for a plain comment
[INFO] [stdout] 
[INFO] [stdout] 
[INFO] [stdout] warning: variable does not need to be mutable
[INFO] [stdout]  --> examples/compose_clr.rs:9:9
[INFO] [stdout]   |
[INFO] [stdout] 9 |     let mut context = clr.get_context()?;
[INFO] [stdout]   |         ----^^^^^^^
[INFO] [stdout]   |         |
[INFO] [stdout]   |         help: remove this `mut`
[INFO] [stdout]   |
[INFO] [stdout]   = note: `#[warn(unused_mut)]` on by default
[INFO] [stdout] 
[INFO] [stdout] 
[INFO] [stdout] warning: variable does not need to be mutable
[INFO] [stdout]   --> examples/patch_exit.rs:26:9
[INFO] [stdout]    |
[INFO] [stdout] 26 |     let mut context = clr.get_context()?;
[INFO] [stdout]    |         ----^^^^^^^
[INFO] [stdout]    |         |
[INFO] [stdout]    |         help: remove this `mut`
[INFO] [stdout]    |
[INFO] [stdout]    = note: `#[warn(unused_mut)]` on by default
[INFO] [stdout] 
[INFO] [stdout] 
[INFO] [stdout] warning: variable does not need to be mutable
[INFO] [stdout]   --> examples/patch_exit.rs:42:9
[INFO] [stdout]    |
[INFO] [stdout] 42 |     let mut base_ptr = pointer_variant.Anonymous.Anonymous.Anonymous.byref;
[INFO] [stdout]    |         ----^^^^^^^^
[INFO] [stdout]    |         |
[INFO] [stdout]    |         help: remove this `mut`
[INFO] [stdout] 
[INFO] [stdout] 
[INFO] [stdout] warning: variable does not need to be mutable
[INFO] [stdout]   --> examples/patch_exit.rs:43:9
[INFO] [stdout]    |
[INFO] [stdout] 43 |     let mut exit_ptr = pointer_variant.Anonymous.Anonymous.Anonymous.byref;
[INFO] [stdout]    |         ----^^^^^^^^
[INFO] [stdout]    |         |
[INFO] [stdout]    |         help: remove this `mut`
[INFO] [stdout] 
[INFO] [stdout] 
[INFO] [stdout] warning: unnecessary `unsafe` block
[INFO] [stdout]   --> examples/streaming_output.rs:45:23
[INFO] [stdout]    |
[INFO] [stdout] 20 |     unsafe {
[INFO] [stdout]    |     ------ because it's nested under this `unsafe` block
[INFO] [stdout] ...
[INFO] [stdout] 45 |         let console = unsafe { (*mscorlib).get_type("System.Console")? };
[INFO] [stdout]    |                       ^^^^^^ unnecessary `unsafe` block
[INFO] [stdout]    |
[INFO] [stdout]    = note: `#[warn(unused_unsafe)]` on by default
[INFO] [stdout] 
[INFO] [stdout] 
[INFO] [stdout] warning: unnecessary `unsafe` block
[INFO] [stdout]   --> examples/streaming_output.rs:46:23
[INFO] [stdout]    |
[INFO] [stdout] 20 |     unsafe {
[INFO] [stdout]    |     ------ because it's nested under this `unsafe` block
[INFO] [stdout] ...
[INFO] [stdout] 46 |         let get_out = unsafe { (*console).get_method("get_Out")? };
[INFO] [stdout]    |                       ^^^^^^ unnecessary `unsafe` block
[INFO] [stdout] 
[INFO] [stdout] 
[INFO] [stdout] warning: unnecessary `unsafe` block
[INFO] [stdout]   --> examples/streaming_output.rs:47:23
[INFO] [stdout]    |
[INFO] [stdout] 20 |     unsafe {
[INFO] [stdout]    |     ------ because it's nested under this `unsafe` block
[INFO] [stdout] ...
[INFO] [stdout] 47 |         let set_out = unsafe { (*console).get_method("SetOut")? };
[INFO] [stdout]    |                       ^^^^^^ unnecessary `unsafe` block
[INFO] [stdout] 
[INFO] [stdout] 
[INFO] [stdout] warning: unnecessary `unsafe` block
[INFO] [stdout]   --> examples/streaming_output.rs:48:23
[INFO] [stdout]    |
[INFO] [stdout] 20 |     unsafe {
[INFO] [stdout]    |     ------ because it's nested under this `unsafe` block
[INFO] [stdout] ...
[INFO] [stdout] 48 |         let old_out = unsafe { (*get_out).invoke_without_args(None)? };
[INFO] [stdout]    |                       ^^^^^^ unnecessary `unsafe` block
[INFO] [stdout] 
[INFO] [stdout] 
[INFO] [stdout] warning: unnecessary `unsafe` block
[INFO] [stdout]   --> examples/streaming_output.rs:49:23
[INFO] [stdout]    |
[INFO] [stdout] 20 |     unsafe {
[INFO] [stdout]    |     ------ because it's nested under this `unsafe` block
[INFO] [stdout] ...
[INFO] [stdout] 49 |         let get_err = unsafe { (*console).get_method("get_Error")? };
[INFO] [stdout]    |                       ^^^^^^ unnecessary `unsafe` block
[INFO] [stdout] 
[INFO] [stdout] 
[INFO] [stdout] warning: unnecessary `unsafe` block
[INFO] [stdout]   --> examples/streaming_output.rs:50:23
[INFO] [stdout]    |
[INFO] [stdout] 20 |     unsafe {
[INFO] [stdout]    |     ------ because it's nested under this `unsafe` block
[INFO] [stdout] ...
[INFO] [stdout] 50 |         let set_err = unsafe { (*console).get_method("SetError")? };
[INFO] [stdout]    |                       ^^^^^^ unnecessary `unsafe` block
[INFO] [stdout] 
[INFO] [stdout] 
[INFO] [stdout] warning: unnecessary `unsafe` block
[INFO] [stdout]   --> examples/streaming_output.rs:51:23
[INFO] [stdout]    |
[INFO] [stdout] 20 |     unsafe {
[INFO] [stdout]    |     ------ because it's nested under this `unsafe` block
[INFO] [stdout] ...
[INFO] [stdout] 51 |         let old_err = unsafe { (*get_err).invoke_without_args(None)? };
[INFO] [stdout]    |                       ^^^^^^ unnecessary `unsafe` block
[INFO] [stdout] 
[INFO] [stdout] 
[INFO] [stdout] warning: unnecessary `unsafe` block
[INFO] [stdout]   --> examples/streaming_output.rs:55:9
[INFO] [stdout]    |
[INFO] [stdout] 20 |     unsafe {
[INFO] [stdout]    |     ------ because it's nested under this `unsafe` block
[INFO] [stdout] ...
[INFO] [stdout] 55 |         unsafe { (*set_out).invoke(method_args, None)? };
[INFO] [stdout]    |         ^^^^^^ unnecessary `unsafe` block
[INFO] [stdout] 
[INFO] [stdout] 
[INFO] [stdout] warning: unnecessary `unsafe` block
[INFO] [stdout]   --> examples/streaming_output.rs:56:9
[INFO] [stdout]    |
[INFO] [stdout] 20 |     unsafe {
[INFO] [stdout]    |     ------ because it's nested under this `unsafe` block
[INFO] [stdout] ...
[INFO] [stdout] 56 |         unsafe { (*set_err).invoke(method_args, None)? };
[INFO] [stdout]    |         ^^^^^^ unnecessary `unsafe` block
[INFO] [stdout] 
[INFO] [stdout] 
[INFO] [stdout] warning: unnecessary `unsafe` block
[INFO] [stdout]   --> examples/streaming_output.rs:58:18
[INFO] [stdout]    |
[INFO] [stdout] 20 |     unsafe {
[INFO] [stdout]    |     ------ because it's nested under this `unsafe` block
[INFO] [stdout] ...
[INFO] [stdout] 58 |         let ad = unsafe { &*app_domain };
[INFO] [stdout]    |                  ^^^^^^ unnecessary `unsafe` block
[INFO] [stdout] 
[INFO] [stdout] 
[INFO] [stdout] warning: unnecessary `unsafe` block
[INFO] [stdout]   --> examples/streaming_output.rs:61:34
[INFO] [stdout]    |
[INFO] [stdout] 61 |             let assembly = match unsafe { ad.load_assembly(&contents) } {
[INFO] [stdout]    |                                  ^^^^^^ unnecessary `unsafe` block
[INFO] [stdout] 
[INFO] [stdout] 
[INFO] [stdout] warning: unnecessary `unsafe` block
[INFO] [stdout]   --> examples/streaming_output.rs:66:21
[INFO] [stdout]    |
[INFO] [stdout] 20 |     unsafe {
[INFO] [stdout]    |     ------ because it's nested under this `unsafe` block
[INFO] [stdout] ...
[INFO] [stdout] 66 |             let _ = unsafe { (*assembly).run_entrypoint(&args) };
[INFO] [stdout]    |                     ^^^^^^ unnecessary `unsafe` block
[INFO] [stdout] 
[INFO] [stdout] 
[INFO] [stdout] warning: unnecessary `unsafe` block
[INFO] [stdout]   --> examples/streaming_output.rs:92:9
[INFO] [stdout]    |
[INFO] [stdout] 20 |     unsafe {
[INFO] [stdout]    |     ------ because it's nested under this `unsafe` block
[INFO] [stdout] ...
[INFO] [stdout] 92 |         unsafe { (*set_out).invoke(wrap_method_arguments(vec![old_out])?, None)? };
[INFO] [stdout]    |         ^^^^^^ unnecessary `unsafe` block
[INFO] [stdout] 
[INFO] [stdout] 
[INFO] [stdout] warning: unnecessary `unsafe` block
[INFO] [stdout]   --> examples/streaming_output.rs:93:9
[INFO] [stdout]    |
[INFO] [stdout] 20 |     unsafe {
[INFO] [stdout]    |     ------ because it's nested under this `unsafe` block
[INFO] [stdout] ...
[INFO] [stdout] 93 |         unsafe { (*set_err).invoke(wrap_method_arguments(vec![old_err])?, None)? };
[INFO] [stdout]    |         ^^^^^^ unnecessary `unsafe` block
[INFO] [stdout] 
[INFO] [stdout] 
[INFO] [stdout] warning: variable does not need to be mutable
[INFO] [stdout]   --> examples/streaming_output.rs:16:9
[INFO] [stdout]    |
[INFO] [stdout] 16 |     let mut context = clr.get_context()?;
[INFO] [stdout]    |         ----^^^^^^^
[INFO] [stdout]    |         |
[INFO] [stdout]    |         help: remove this `mut`
[INFO] [stdout]    |
[INFO] [stdout]    = note: `#[warn(unused_mut)]` on by default
[INFO] [stdout] 
[INFO] [stdout] 
[INFO] [stdout] error: linking with `cc` failed: exit status: 1
[INFO] [stdout]   |
[INFO] [stdout]   = note: LC_ALL="C" PATH="/opt/rustwide/rustup-home/toolchains/nightly-2024-10-28-x86_64-unknown-linux-gnu/lib/rustlib/x86_64-unknown-linux-gnu/bin:/opt/rustwide/rustup-home/toolchains/nightly-2024-10-28-x86_64-unknown-linux-gnu/lib/rustlib/x86_64-unknown-linux-gnu/bin/self-contained:/opt/rustwide/cargo-home/bin:/usr/local/sbin:/usr/local/bin:/usr/sbin:/usr/bin:/sbin:/bin" VSLANG="1033" "cc" "-m64" "/tmp/rustcn44zB6/symbols.o" "/opt/rustwide/target/debug/examples/compose_clr-78a6f2e69dea323f.compose_clr.ac34f7d0c3f907cd-cgu.0.rcgu.o" "/opt/rustwide/target/debug/examples/compose_clr-78a6f2e69dea323f.7pcwb1e5hpcewk9b6mdxv3t5i.rcgu.o" "-Wl,--as-needed" "-Wl,-Bstatic" "/opt/rustwide/target/debug/deps/libclroxide-4b275d9c457a3457.rlib" "/opt/rustwide/target/debug/deps/libwindows-13e3ea9cb2dabf8e.rlib" "/opt/rustwide/rustup-home/toolchains/nightly-2024-10-28-x86_64-unknown-linux-gnu/lib/rustlib/x86_64-unknown-linux-gnu/lib/libstd-fb8c387236db3c10.rlib" "/opt/rustwide/rustup-home/toolchains/nightly-2024-10-28-x86_64-unknown-linux-gnu/lib/rustlib/x86_64-unknown-linux-gnu/lib/libpanic_unwind-b251837809b2f64b.rlib" "/opt/rustwide/rustup-home/toolchains/nightly-2024-10-28-x86_64-unknown-linux-gnu/lib/rustlib/x86_64-unknown-linux-gnu/lib/libobject-cbef83eaa4e01f04.rlib" "/opt/rustwide/rustup-home/toolchains/nightly-2024-10-28-x86_64-unknown-linux-gnu/lib/rustlib/x86_64-unknown-linux-gnu/lib/libmemchr-12a772286de2fca7.rlib" "/opt/rustwide/rustup-home/toolchains/nightly-2024-10-28-x86_64-unknown-linux-gnu/lib/rustlib/x86_64-unknown-linux-gnu/lib/libaddr2line-023bbe5ada7abfc3.rlib" "/opt/rustwide/rustup-home/toolchains/nightly-2024-10-28-x86_64-unknown-linux-gnu/lib/rustlib/x86_64-unknown-linux-gnu/lib/libgimli-de2bcdf10ec69c2b.rlib" "/opt/rustwide/rustup-home/toolchains/nightly-2024-10-28-x86_64-unknown-linux-gnu/lib/rustlib/x86_64-unknown-linux-gnu/lib/librustc_demangle-8e1754df350800fd.rlib" "/opt/rustwide/rustup-home/toolchains/nightly-2024-10-28-x86_64-unknown-linux-gnu/lib/rustlib/x86_64-unknown-linux-gnu/lib/libstd_detect-06c2ab7b9c32e037.rlib" "/opt/rustwide/rustup-home/toolchains/nightly-2024-10-28-x86_64-unknown-linux-gnu/lib/rustlib/x86_64-unknown-linux-gnu/lib/libhashbrown-51d2621fc57a281b.rlib" "/opt/rustwide/rustup-home/toolchains/nightly-2024-10-28-x86_64-unknown-linux-gnu/lib/rustlib/x86_64-unknown-linux-gnu/lib/librustc_std_workspace_alloc-54a930408793772f.rlib" "/opt/rustwide/rustup-home/toolchains/nightly-2024-10-28-x86_64-unknown-linux-gnu/lib/rustlib/x86_64-unknown-linux-gnu/lib/libminiz_oxide-0c7d01cba400dcb2.rlib" "/opt/rustwide/rustup-home/toolchains/nightly-2024-10-28-x86_64-unknown-linux-gnu/lib/rustlib/x86_64-unknown-linux-gnu/lib/libadler-b9f84d69e331b75b.rlib" "/opt/rustwide/rustup-home/toolchains/nightly-2024-10-28-x86_64-unknown-linux-gnu/lib/rustlib/x86_64-unknown-linux-gnu/lib/libunwind-eec95493246aae39.rlib" "/opt/rustwide/rustup-home/toolchains/nightly-2024-10-28-x86_64-unknown-linux-gnu/lib/rustlib/x86_64-unknown-linux-gnu/lib/libcfg_if-6f6676c475e08ab0.rlib" "/opt/rustwide/rustup-home/toolchains/nightly-2024-10-28-x86_64-unknown-linux-gnu/lib/rustlib/x86_64-unknown-linux-gnu/lib/liblibc-799d520624f8b2e0.rlib" "/opt/rustwide/rustup-home/toolchains/nightly-2024-10-28-x86_64-unknown-linux-gnu/lib/rustlib/x86_64-unknown-linux-gnu/lib/liballoc-fcf93d4842acd9a9.rlib" "/opt/rustwide/rustup-home/toolchains/nightly-2024-10-28-x86_64-unknown-linux-gnu/lib/rustlib/x86_64-unknown-linux-gnu/lib/librustc_std_workspace_core-395a38b8e0851c9b.rlib" "/opt/rustwide/rustup-home/toolchains/nightly-2024-10-28-x86_64-unknown-linux-gnu/lib/rustlib/x86_64-unknown-linux-gnu/lib/libcore-d453bab70303062c.rlib" "/opt/rustwide/rustup-home/toolchains/nightly-2024-10-28-x86_64-unknown-linux-gnu/lib/rustlib/x86_64-unknown-linux-gnu/lib/libcompiler_builtins-0e6386368b0a24e8.rlib" "-Wl,-Bdynamic" "-lgcc_s" "-lutil" "-lrt" "-lpthread" "-lm" "-ldl" "-lc" "-B/opt/rustwide/rustup-home/toolchains/nightly-2024-10-28-x86_64-unknown-linux-gnu/lib/rustlib/x86_64-unknown-linux-gnu/bin/gcc-ld" "-fuse-ld=lld" "-Wl,--eh-frame-hdr" "-Wl,-z,noexecstack" "-L" "/opt/rustwide/rustup-home/toolchains/nightly-2024-10-28-x86_64-unknown-linux-gnu/lib/rustlib/x86_64-unknown-linux-gnu/lib" "-o" "/opt/rustwide/target/debug/examples/compose_clr-78a6f2e69dea323f" "-Wl,--gc-sections" "-pie" "-Wl,-z,relro,-z,now" "-nodefaultlibs"
[INFO] [stdout]   = note: rust-lld: error: undefined symbol: SafeArrayGetLBound
[INFO] [stdout]           >>> referenced by mod.rs:1305 (/opt/rustwide/cargo-home/registry/src/index.crates.io-6f17d22bba15001f/windows-0.46.0/src/Windows/Win32/System/Ole/mod.rs:1305)
[INFO] [stdout]           >>>               clroxide-4b275d9c457a3457.clroxide.4843faeefe68cd96-cgu.2.rcgu.o:(windows::Windows::Win32::System::Ole::SafeArrayGetLBound::hdeb8cb9b076393bd) in archive /opt/rustwide/target/debug/deps/libclroxide-4b275d9c457a3457.rlib
[INFO] [stdout]           
[INFO] [stdout]           rust-lld: error: undefined symbol: SafeArrayGetUBound
[INFO] [stdout]           >>> referenced by mod.rs:1321 (/opt/rustwide/cargo-home/registry/src/index.crates.io-6f17d22bba15001f/windows-0.46.0/src/Windows/Win32/System/Ole/mod.rs:1321)
[INFO] [stdout]           >>>               clroxide-4b275d9c457a3457.clroxide.4843faeefe68cd96-cgu.2.rcgu.o:(windows::Windows::Win32::System::Ole::SafeArrayGetUBound::h093d1c9978056e01) in archive /opt/rustwide/target/debug/deps/libclroxide-4b275d9c457a3457.rlib
[INFO] [stdout]           
[INFO] [stdout]           rust-lld: error: undefined symbol: SafeArrayGetElement
[INFO] [stdout]           >>> referenced by mod.rs:1282 (/opt/rustwide/cargo-home/registry/src/index.crates.io-6f17d22bba15001f/windows-0.46.0/src/Windows/Win32/System/Ole/mod.rs:1282)
[INFO] [stdout]           >>>               clroxide-4b275d9c457a3457.clroxide.4843faeefe68cd96-cgu.2.rcgu.o:(windows::Windows::Win32::System::Ole::SafeArrayGetElement::hcea29135f527ae72) in archive /opt/rustwide/target/debug/deps/libclroxide-4b275d9c457a3457.rlib
[INFO] [stdout]           
[INFO] [stdout]           rust-lld: error: undefined symbol: SafeArrayPutElement
[INFO] [stdout]           >>> referenced by mod.rs:1350 (/opt/rustwide/cargo-home/registry/src/index.crates.io-6f17d22bba15001f/windows-0.46.0/src/Windows/Win32/System/Ole/mod.rs:1350)
[INFO] [stdout]           >>>               clroxide-4b275d9c457a3457.clroxide.4843faeefe68cd96-cgu.2.rcgu.o:(windows::Windows::Win32::System::Ole::SafeArrayPutElement::h7298fde3397486ac) in archive /opt/rustwide/target/debug/deps/libclroxide-4b275d9c457a3457.rlib
[INFO] [stdout]           
[INFO] [stdout]           rust-lld: error: undefined symbol: SafeArrayCreateVector
[INFO] [stdout]           >>> referenced by mod.rs:1240 (/opt/rustwide/cargo-home/registry/src/index.crates.io-6f17d22bba15001f/windows-0.46.0/src/Windows/Win32/System/Ole/mod.rs:1240)
[INFO] [stdout]           >>>               clroxide-4b275d9c457a3457.clroxide.4843faeefe68cd96-cgu.2.rcgu.o:(windows::Windows::Win32::System::Ole::SafeArrayCreateVector::h9df488a3687ad424) in archive /opt/rustwide/target/debug/deps/libclroxide-4b275d9c457a3457.rlib
[INFO] [stdout]           
[INFO] [stdout]           rust-lld: error: undefined symbol: LoadLibraryA
[INFO] [stdout]           >>> referenced by mod.rs:371 (/opt/rustwide/cargo-home/registry/src/index.crates.io-6f17d22bba15001f/windows-0.46.0/src/Windows/Win32/System/LibraryLoader/mod.rs:371)
[INFO] [stdout]           >>>               clroxide-4b275d9c457a3457.clroxide.4843faeefe68cd96-cgu.3.rcgu.o:(windows::Windows::Win32::System::LibraryLoader::LoadLibraryA::h08d55e24d5486317) in archive /opt/rustwide/target/debug/deps/libclroxide-4b275d9c457a3457.rlib
[INFO] [stdout]           >>> referenced by delay_load.rs:11 (src/imp/delay_load.rs:11)
[INFO] [stdout]           >>>               windows-13e3ea9cb2dabf8e.windows.d0666395f68078ed-cgu.05.rcgu.o:(windows::imp::delay_load::delay_load::he8f81c8b59ce4b8f) in archive /opt/rustwide/target/debug/deps/libwindows-13e3ea9cb2dabf8e.rlib
[INFO] [stdout]           
[INFO] [stdout]           rust-lld: error: undefined symbol: GetProcAddress
[INFO] [stdout]           >>> referenced by mod.rs:361 (/opt/rustwide/cargo-home/registry/src/index.crates.io-6f17d22bba15001f/windows-0.46.0/src/Windows/Win32/System/LibraryLoader/mod.rs:361)
[INFO] [stdout]           >>>               clroxide-4b275d9c457a3457.clroxide.4843faeefe68cd96-cgu.3.rcgu.o:(windows::Windows::Win32::System::LibraryLoader::GetProcAddress::hb86e7d3e1eebd92c) in archive /opt/rustwide/target/debug/deps/libclroxide-4b275d9c457a3457.rlib
[INFO] [stdout]           >>> referenced by delay_load.rs:17 (src/imp/delay_load.rs:17)
[INFO] [stdout]           >>>               windows-13e3ea9cb2dabf8e.windows.d0666395f68078ed-cgu.05.rcgu.o:(windows::imp::delay_load::delay_load::he8f81c8b59ce4b8f) in archive /opt/rustwide/target/debug/deps/libwindows-13e3ea9cb2dabf8e.rlib
[INFO] [stdout]           
[INFO] [stdout]           rust-lld: error: undefined symbol: FreeLibrary
[INFO] [stdout]           >>> referenced by delay_load.rs:23 (src/imp/delay_load.rs:23)
[INFO] [stdout]           >>>               windows-13e3ea9cb2dabf8e.windows.d0666395f68078ed-cgu.05.rcgu.o:(windows::imp::delay_load::delay_load::he8f81c8b59ce4b8f) in archive /opt/rustwide/target/debug/deps/libwindows-13e3ea9cb2dabf8e.rlib
[INFO] [stdout]           
[INFO] [stdout]           rust-lld: error: undefined symbol: GetLastError
[INFO] [stdout]           >>> referenced by error.rs:28 (src/core/error.rs:28)
[INFO] [stdout]           >>>               windows-13e3ea9cb2dabf8e.windows.d0666395f68078ed-cgu.07.rcgu.o:(windows::core::error::Error::from_win32::hffac6e1792ade849) in archive /opt/rustwide/target/debug/deps/libwindows-13e3ea9cb2dabf8e.rlib
[INFO] [stdout]           
[INFO] [stdout]           rust-lld: error: undefined symbol: GetErrorInfo
[INFO] [stdout]           >>> referenced by error.rs:154 (src/core/error.rs:154)
[INFO] [stdout]           >>>               windows-13e3ea9cb2dabf8e.windows.d0666395f68078ed-cgu.07.rcgu.o:(windows::core::error::GetErrorInfo::h2ceef1a11daeb8e9) in archive /opt/rustwide/target/debug/deps/libwindows-13e3ea9cb2dabf8e.rlib
[INFO] [stdout]           
[INFO] [stdout]           rust-lld: error: undefined symbol: FormatMessageW
[INFO] [stdout]           >>> referenced by hresult.rs:89 (src/core/hresult.rs:89)
[INFO] [stdout]           >>>               windows-13e3ea9cb2dabf8e.windows.d0666395f68078ed-cgu.06.rcgu.o:(windows::core::hresult::HRESULT::message::h1087251d709acb64) in archive /opt/rustwide/target/debug/deps/libwindows-13e3ea9cb2dabf8e.rlib
[INFO] [stdout]           
[INFO] [stdout]           rust-lld: error: undefined symbol: SysStringLen
[INFO] [stdout]           >>> referenced by bstr.rs:27 (src/core/strings/bstr.rs:27)
[INFO] [stdout]           >>>               windows-13e3ea9cb2dabf8e.windows.d0666395f68078ed-cgu.06.rcgu.o:(windows::core::strings::bstr::BSTR::len::ha563d0985dde0907) in archive /opt/rustwide/target/debug/deps/libwindows-13e3ea9cb2dabf8e.rlib
[INFO] [stdout]           
[INFO] [stdout]           rust-lld: error: undefined symbol: SysAllocStringLen
[INFO] [stdout]           >>> referenced by bstr.rs:46 (src/core/strings/bstr.rs:46)
[INFO] [stdout]           >>>               windows-13e3ea9cb2dabf8e.windows.d0666395f68078ed-cgu.06.rcgu.o:(windows::core::strings::bstr::BSTR::from_wide::h415de67780e3be21) in archive /opt/rustwide/target/debug/deps/libwindows-13e3ea9cb2dabf8e.rlib
[INFO] [stdout]           
[INFO] [stdout]           rust-lld: error: undefined symbol: SysFreeString
[INFO] [stdout]           >>> referenced by bstr.rs:154 (src/core/strings/bstr.rs:154)
[INFO] [stdout]           >>>               windows-13e3ea9cb2dabf8e.windows.d0666395f68078ed-cgu.06.rcgu.o:(_$LT$windows..core..strings..bstr..BSTR$u20$as$u20$core..ops..drop..Drop$GT$::drop::h00c77ef4d645a197) in archive /opt/rustwide/target/debug/deps/libwindows-13e3ea9cb2dabf8e.rlib
[INFO] [stdout]           
[INFO] [stdout]           rust-lld: error: undefined symbol: GetProcessHeap
[INFO] [stdout]           >>> referenced by heap.rs:10 (src/imp/heap.rs:10)
[INFO] [stdout]           >>>               windows-13e3ea9cb2dabf8e.windows.d0666395f68078ed-cgu.06.rcgu.o:(windows::imp::heap::heap_alloc::h0d81bf1217eba09f) in archive /opt/rustwide/target/debug/deps/libwindows-13e3ea9cb2dabf8e.rlib
[INFO] [stdout]           >>> referenced by heap.rs:34 (src/imp/heap.rs:34)
[INFO] [stdout]           >>>               windows-13e3ea9cb2dabf8e.windows.d0666395f68078ed-cgu.06.rcgu.o:(windows::imp::heap::heap_free::ha85938c8bb45905a) in archive /opt/rustwide/target/debug/deps/libwindows-13e3ea9cb2dabf8e.rlib
[INFO] [stdout]           
[INFO] [stdout]           rust-lld: error: undefined symbol: HeapAlloc
[INFO] [stdout]           >>> referenced by heap.rs:10 (src/imp/heap.rs:10)
[INFO] [stdout]           >>>               windows-13e3ea9cb2dabf8e.windows.d0666395f68078ed-cgu.06.rcgu.o:(windows::imp::heap::heap_alloc::h0d81bf1217eba09f) in archive /opt/rustwide/target/debug/deps/libwindows-13e3ea9cb2dabf8e.rlib
[INFO] [stdout]           
[INFO] [stdout]           rust-lld: error: undefined symbol: HeapFree
[INFO] [stdout]           >>> referenced by heap.rs:34 (src/imp/heap.rs:34)
[INFO] [stdout]           >>>               windows-13e3ea9cb2dabf8e.windows.d0666395f68078ed-cgu.06.rcgu.o:(windows::imp::heap::heap_free::ha85938c8bb45905a) in archive /opt/rustwide/target/debug/deps/libwindows-13e3ea9cb2dabf8e.rlib
[INFO] [stdout]           collect2: error: ld returned 1 exit status
[INFO] [stdout]           
[INFO] [stdout] 
[INFO] [stdout] 
[INFO] [stdout] error: linking with `cc` failed: exit status: 1
[INFO] [stdout]   |
[INFO] [stdout]   = note: LC_ALL="C" PATH="/opt/rustwide/rustup-home/toolchains/nightly-2024-10-28-x86_64-unknown-linux-gnu/lib/rustlib/x86_64-unknown-linux-gnu/bin:/opt/rustwide/rustup-home/toolchains/nightly-2024-10-28-x86_64-unknown-linux-gnu/lib/rustlib/x86_64-unknown-linux-gnu/bin/self-contained:/opt/rustwide/cargo-home/bin:/usr/local/sbin:/usr/local/bin:/usr/sbin:/usr/bin:/sbin:/bin" VSLANG="1033" "cc" "-m64" "/tmp/rustcGsqCmw/symbols.o" "/opt/rustwide/target/debug/examples/execute_assembly-ae3b4d6a400c8d21.execute_assembly.64746c04ff350506-cgu.0.rcgu.o" "/opt/rustwide/target/debug/examples/execute_assembly-ae3b4d6a400c8d21.0spt4dqznllhkdqtpsclwothk.rcgu.o" "-Wl,--as-needed" "-Wl,-Bstatic" "/opt/rustwide/target/debug/deps/libclroxide-4b275d9c457a3457.rlib" "/opt/rustwide/target/debug/deps/libwindows-13e3ea9cb2dabf8e.rlib" "/opt/rustwide/rustup-home/toolchains/nightly-2024-10-28-x86_64-unknown-linux-gnu/lib/rustlib/x86_64-unknown-linux-gnu/lib/libstd-fb8c387236db3c10.rlib" "/opt/rustwide/rustup-home/toolchains/nightly-2024-10-28-x86_64-unknown-linux-gnu/lib/rustlib/x86_64-unknown-linux-gnu/lib/libpanic_unwind-b251837809b2f64b.rlib" "/opt/rustwide/rustup-home/toolchains/nightly-2024-10-28-x86_64-unknown-linux-gnu/lib/rustlib/x86_64-unknown-linux-gnu/lib/libobject-cbef83eaa4e01f04.rlib" "/opt/rustwide/rustup-home/toolchains/nightly-2024-10-28-x86_64-unknown-linux-gnu/lib/rustlib/x86_64-unknown-linux-gnu/lib/libmemchr-12a772286de2fca7.rlib" "/opt/rustwide/rustup-home/toolchains/nightly-2024-10-28-x86_64-unknown-linux-gnu/lib/rustlib/x86_64-unknown-linux-gnu/lib/libaddr2line-023bbe5ada7abfc3.rlib" "/opt/rustwide/rustup-home/toolchains/nightly-2024-10-28-x86_64-unknown-linux-gnu/lib/rustlib/x86_64-unknown-linux-gnu/lib/libgimli-de2bcdf10ec69c2b.rlib" "/opt/rustwide/rustup-home/toolchains/nightly-2024-10-28-x86_64-unknown-linux-gnu/lib/rustlib/x86_64-unknown-linux-gnu/lib/librustc_demangle-8e1754df350800fd.rlib" "/opt/rustwide/rustup-home/toolchains/nightly-2024-10-28-x86_64-unknown-linux-gnu/lib/rustlib/x86_64-unknown-linux-gnu/lib/libstd_detect-06c2ab7b9c32e037.rlib" "/opt/rustwide/rustup-home/toolchains/nightly-2024-10-28-x86_64-unknown-linux-gnu/lib/rustlib/x86_64-unknown-linux-gnu/lib/libhashbrown-51d2621fc57a281b.rlib" "/opt/rustwide/rustup-home/toolchains/nightly-2024-10-28-x86_64-unknown-linux-gnu/lib/rustlib/x86_64-unknown-linux-gnu/lib/librustc_std_workspace_alloc-54a930408793772f.rlib" "/opt/rustwide/rustup-home/toolchains/nightly-2024-10-28-x86_64-unknown-linux-gnu/lib/rustlib/x86_64-unknown-linux-gnu/lib/libminiz_oxide-0c7d01cba400dcb2.rlib" "/opt/rustwide/rustup-home/toolchains/nightly-2024-10-28-x86_64-unknown-linux-gnu/lib/rustlib/x86_64-unknown-linux-gnu/lib/libadler-b9f84d69e331b75b.rlib" "/opt/rustwide/rustup-home/toolchains/nightly-2024-10-28-x86_64-unknown-linux-gnu/lib/rustlib/x86_64-unknown-linux-gnu/lib/libunwind-eec95493246aae39.rlib" "/opt/rustwide/rustup-home/toolchains/nightly-2024-10-28-x86_64-unknown-linux-gnu/lib/rustlib/x86_64-unknown-linux-gnu/lib/libcfg_if-6f6676c475e08ab0.rlib" "/opt/rustwide/rustup-home/toolchains/nightly-2024-10-28-x86_64-unknown-linux-gnu/lib/rustlib/x86_64-unknown-linux-gnu/lib/liblibc-799d520624f8b2e0.rlib" "/opt/rustwide/rustup-home/toolchains/nightly-2024-10-28-x86_64-unknown-linux-gnu/lib/rustlib/x86_64-unknown-linux-gnu/lib/liballoc-fcf93d4842acd9a9.rlib" "/opt/rustwide/rustup-home/toolchains/nightly-2024-10-28-x86_64-unknown-linux-gnu/lib/rustlib/x86_64-unknown-linux-gnu/lib/librustc_std_workspace_core-395a38b8e0851c9b.rlib" "/opt/rustwide/rustup-home/toolchains/nightly-2024-10-28-x86_64-unknown-linux-gnu/lib/rustlib/x86_64-unknown-linux-gnu/lib/libcore-d453bab70303062c.rlib" "/opt/rustwide/rustup-home/toolchains/nightly-2024-10-28-x86_64-unknown-linux-gnu/lib/rustlib/x86_64-unknown-linux-gnu/lib/libcompiler_builtins-0e6386368b0a24e8.rlib" "-Wl,-Bdynamic" "-lgcc_s" "-lutil" "-lrt" "-lpthread" "-lm" "-ldl" "-lc" "-B/opt/rustwide/rustup-home/toolchains/nightly-2024-10-28-x86_64-unknown-linux-gnu/lib/rustlib/x86_64-unknown-linux-gnu/bin/gcc-ld" "-fuse-ld=lld" "-Wl,--eh-frame-hdr" "-Wl,-z,noexecstack" "-L" "/opt/rustwide/rustup-home/toolchains/nightly-2024-10-28-x86_64-unknown-linux-gnu/lib/rustlib/x86_64-unknown-linux-gnu/lib" "-o" "/opt/rustwide/target/debug/examples/execute_assembly-ae3b4d6a400c8d21" "-Wl,--gc-sections" "-pie" "-Wl,-z,relro,-z,now" "-nodefaultlibs"
[INFO] [stdout]   = note: rust-lld: error: undefined symbol: SafeArrayCreate
[INFO] [stdout]           >>> referenced by mod.rs:1226 (/opt/rustwide/cargo-home/registry/src/index.crates.io-6f17d22bba15001f/windows-0.46.0/src/Windows/Win32/System/Ole/mod.rs:1226)
[INFO] [stdout]           >>>               clroxide-4b275d9c457a3457.clroxide.4843faeefe68cd96-cgu.2.rcgu.o:(windows::Windows::Win32::System::Ole::SafeArrayCreate::h80dcd690ca5a43b8) in archive /opt/rustwide/target/debug/deps/libclroxide-4b275d9c457a3457.rlib
[INFO] [stdout]           
[INFO] [stdout]           rust-lld: error: undefined symbol: SafeArrayGetLBound
[INFO] [stdout]           >>> referenced by mod.rs:1305 (/opt/rustwide/cargo-home/registry/src/index.crates.io-6f17d22bba15001f/windows-0.46.0/src/Windows/Win32/System/Ole/mod.rs:1305)
[INFO] [stdout]           >>>               clroxide-4b275d9c457a3457.clroxide.4843faeefe68cd96-cgu.2.rcgu.o:(windows::Windows::Win32::System::Ole::SafeArrayGetLBound::hdeb8cb9b076393bd) in archive /opt/rustwide/target/debug/deps/libclroxide-4b275d9c457a3457.rlib
[INFO] [stdout]           
[INFO] [stdout]           rust-lld: error: undefined symbol: SafeArrayGetUBound
[INFO] [stdout]           >>> referenced by mod.rs:1321 (/opt/rustwide/cargo-home/registry/src/index.crates.io-6f17d22bba15001f/windows-0.46.0/src/Windows/Win32/System/Ole/mod.rs:1321)
[INFO] [stdout]           >>>               clroxide-4b275d9c457a3457.clroxide.4843faeefe68cd96-cgu.2.rcgu.o:(windows::Windows::Win32::System::Ole::SafeArrayGetUBound::h093d1c9978056e01) in archive /opt/rustwide/target/debug/deps/libclroxide-4b275d9c457a3457.rlib
[INFO] [stdout]           
[INFO] [stdout]           rust-lld: error: undefined symbol: SafeArrayAccessData
[INFO] [stdout]           >>> referenced by mod.rs:1174 (/opt/rustwide/cargo-home/registry/src/index.crates.io-6f17d22bba15001f/windows-0.46.0/src/Windows/Win32/System/Ole/mod.rs:1174)
[INFO] [stdout]           >>>               clroxide-4b275d9c457a3457.clroxide.4843faeefe68cd96-cgu.2.rcgu.o:(windows::Windows::Win32::System::Ole::SafeArrayAccessData::h87584fa3adc266e0) in archive /opt/rustwide/target/debug/deps/libclroxide-4b275d9c457a3457.rlib
[INFO] [stdout]           
[INFO] [stdout]           rust-lld: error: undefined symbol: SafeArrayPutElement
[INFO] [stdout]           >>> referenced by mod.rs:1350 (/opt/rustwide/cargo-home/registry/src/index.crates.io-6f17d22bba15001f/windows-0.46.0/src/Windows/Win32/System/Ole/mod.rs:1350)
[INFO] [stdout]           >>>               clroxide-4b275d9c457a3457.clroxide.4843faeefe68cd96-cgu.2.rcgu.o:(windows::Windows::Win32::System::Ole::SafeArrayPutElement::h7298fde3397486ac) in archive /opt/rustwide/target/debug/deps/libclroxide-4b275d9c457a3457.rlib
[INFO] [stdout]           
[INFO] [stdout]           rust-lld: error: undefined symbol: SafeArrayCreateVector
[INFO] [stdout]           >>> referenced by mod.rs:1240 (/opt/rustwide/cargo-home/registry/src/index.crates.io-6f17d22bba15001f/windows-0.46.0/src/Windows/Win32/System/Ole/mod.rs:1240)
[INFO] [stdout]           >>>               clroxide-4b275d9c457a3457.clroxide.4843faeefe68cd96-cgu.2.rcgu.o:(windows::Windows::Win32::System::Ole::SafeArrayCreateVector::h9df488a3687ad424) in archive /opt/rustwide/target/debug/deps/libclroxide-4b275d9c457a3457.rlib
[INFO] [stdout]           
[INFO] [stdout]           rust-lld: error: undefined symbol: SafeArrayUnaccessData
[INFO] [stdout]           >>> referenced by mod.rs:1394 (/opt/rustwide/cargo-home/registry/src/index.crates.io-6f17d22bba15001f/windows-0.46.0/src/Windows/Win32/System/Ole/mod.rs:1394)
[INFO] [stdout]           >>>               clroxide-4b275d9c457a3457.clroxide.4843faeefe68cd96-cgu.2.rcgu.o:(windows::Windows::Win32::System::Ole::SafeArrayUnaccessData::h40f9a7e277647a2c) in archive /opt/rustwide/target/debug/deps/libclroxide-4b275d9c457a3457.rlib
[INFO] [stdout]           
[INFO] [stdout]           rust-lld: error: undefined symbol: GetLastError
[INFO] [stdout]           >>> referenced by error.rs:28 (src/core/error.rs:28)
[INFO] [stdout]           >>>               windows-13e3ea9cb2dabf8e.windows.d0666395f68078ed-cgu.07.rcgu.o:(windows::core::error::Error::from_win32::hffac6e1792ade849) in archive /opt/rustwide/target/debug/deps/libwindows-13e3ea9cb2dabf8e.rlib
[INFO] [stdout]           
[INFO] [stdout]           rust-lld: error: undefined symbol: GetErrorInfo
[INFO] [stdout]           >>> referenced by error.rs:154 (src/core/error.rs:154)
[INFO] [stdout]           >>>               windows-13e3ea9cb2dabf8e.windows.d0666395f68078ed-cgu.07.rcgu.o:(windows::core::error::GetErrorInfo::h2ceef1a11daeb8e9) in archive /opt/rustwide/target/debug/deps/libwindows-13e3ea9cb2dabf8e.rlib
[INFO] [stdout]           
[INFO] [stdout]           rust-lld: error: undefined symbol: FormatMessageW
[INFO] [stdout]           >>> referenced by hresult.rs:89 (src/core/hresult.rs:89)
[INFO] [stdout]           >>>               windows-13e3ea9cb2dabf8e.windows.d0666395f68078ed-cgu.06.rcgu.o:(windows::core::hresult::HRESULT::message::h1087251d709acb64) in archive /opt/rustwide/target/debug/deps/libwindows-13e3ea9cb2dabf8e.rlib
[INFO] [stdout]           
[INFO] [stdout]           rust-lld: error: undefined symbol: SysStringLen
[INFO] [stdout]           >>> referenced by bstr.rs:27 (src/core/strings/bstr.rs:27)
[INFO] [stdout]           >>>               windows-13e3ea9cb2dabf8e.windows.d0666395f68078ed-cgu.06.rcgu.o:(windows::core::strings::bstr::BSTR::len::ha563d0985dde0907) in archive /opt/rustwide/target/debug/deps/libwindows-13e3ea9cb2dabf8e.rlib
[INFO] [stdout]           
[INFO] [stdout]           rust-lld: error: undefined symbol: SysAllocStringLen
[INFO] [stdout]           >>> referenced by bstr.rs:46 (src/core/strings/bstr.rs:46)
[INFO] [stdout]           >>>               windows-13e3ea9cb2dabf8e.windows.d0666395f68078ed-cgu.06.rcgu.o:(windows::core::strings::bstr::BSTR::from_wide::h415de67780e3be21) in archive /opt/rustwide/target/debug/deps/libwindows-13e3ea9cb2dabf8e.rlib
[INFO] [stdout]           
[INFO] [stdout]           rust-lld: error: undefined symbol: SysFreeString
[INFO] [stdout]           >>> referenced by bstr.rs:154 (src/core/strings/bstr.rs:154)
[INFO] [stdout]           >>>               windows-13e3ea9cb2dabf8e.windows.d0666395f68078ed-cgu.06.rcgu.o:(_$LT$windows..core..strings..bstr..BSTR$u20$as$u20$core..ops..drop..Drop$GT$::drop::h00c77ef4d645a197) in archive /opt/rustwide/target/debug/deps/libwindows-13e3ea9cb2dabf8e.rlib
[INFO] [stdout]           
[INFO] [stdout]           rust-lld: error: undefined symbol: GetProcessHeap
[INFO] [stdout]           >>> referenced by heap.rs:10 (src/imp/heap.rs:10)
[INFO] [stdout]           >>>               windows-13e3ea9cb2dabf8e.windows.d0666395f68078ed-cgu.06.rcgu.o:(windows::imp::heap::heap_alloc::h0d81bf1217eba09f) in archive /opt/rustwide/target/debug/deps/libwindows-13e3ea9cb2dabf8e.rlib
[INFO] [stdout]           >>> referenced by heap.rs:34 (src/imp/heap.rs:34)
[INFO] [stdout]           >>>               windows-13e3ea9cb2dabf8e.windows.d0666395f68078ed-cgu.06.rcgu.o:(windows::imp::heap::heap_free::ha85938c8bb45905a) in archive /opt/rustwide/target/debug/deps/libwindows-13e3ea9cb2dabf8e.rlib
[INFO] [stdout]           
[INFO] [stdout]           rust-lld: error: undefined symbol: HeapAlloc
[INFO] [stdout]           >>> referenced by heap.rs:10 (src/imp/heap.rs:10)
[INFO] [stdout]           >>>               windows-13e3ea9cb2dabf8e.windows.d0666395f68078ed-cgu.06.rcgu.o:(windows::imp::heap::heap_alloc::h0d81bf1217eba09f) in archive /opt/rustwide/target/debug/deps/libwindows-13e3ea9cb2dabf8e.rlib
[INFO] [stdout]           
[INFO] [stdout]           rust-lld: error: undefined symbol: HeapFree
[INFO] [stdout]           >>> referenced by heap.rs:34 (src/imp/heap.rs:34)
[INFO] [stdout]           >>>               windows-13e3ea9cb2dabf8e.windows.d0666395f68078ed-cgu.06.rcgu.o:(windows::imp::heap::heap_free::ha85938c8bb45905a) in archive /opt/rustwide/target/debug/deps/libwindows-13e3ea9cb2dabf8e.rlib
[INFO] [stdout]           
[INFO] [stdout]           rust-lld: error: undefined symbol: LoadLibraryA
[INFO] [stdout]           >>> referenced by delay_load.rs:11 (src/imp/delay_load.rs:11)
[INFO] [stdout]           >>>               windows-13e3ea9cb2dabf8e.windows.d0666395f68078ed-cgu.05.rcgu.o:(windows::imp::delay_load::delay_load::he8f81c8b59ce4b8f) in archive /opt/rustwide/target/debug/deps/libwindows-13e3ea9cb2dabf8e.rlib
[INFO] [stdout]           >>> referenced by mod.rs:371 (/opt/rustwide/cargo-home/registry/src/index.crates.io-6f17d22bba15001f/windows-0.46.0/src/Windows/Win32/System/LibraryLoader/mod.rs:371)
[INFO] [stdout]           >>>               clroxide-4b275d9c457a3457.clroxide.4843faeefe68cd96-cgu.3.rcgu.o:(windows::Windows::Win32::System::LibraryLoader::LoadLibraryA::h08d55e24d5486317) in archive /opt/rustwide/target/debug/deps/libclroxide-4b275d9c457a3457.rlib
[INFO] [stdout]           
[INFO] [stdout]           rust-lld: error: undefined symbol: GetProcAddress
[INFO] [stdout]           >>> referenced by delay_load.rs:17 (src/imp/delay_load.rs:17)
[INFO] [stdout]           >>>               windows-13e3ea9cb2dabf8e.windows.d0666395f68078ed-cgu.05.rcgu.o:(windows::imp::delay_load::delay_load::he8f81c8b59ce4b8f) in archive /opt/rustwide/target/debug/deps/libwindows-13e3ea9cb2dabf8e.rlib
[INFO] [stdout]           >>> referenced by mod.rs:361 (/opt/rustwide/cargo-home/registry/src/index.crates.io-6f17d22bba15001f/windows-0.46.0/src/Windows/Win32/System/LibraryLoader/mod.rs:361)
[INFO] [stdout]           >>>               clroxide-4b275d9c457a3457.clroxide.4843faeefe68cd96-cgu.3.rcgu.o:(windows::Windows::Win32::System::LibraryLoader::GetProcAddress::hb86e7d3e1eebd92c) in archive /opt/rustwide/target/debug/deps/libclroxide-4b275d9c457a3457.rlib
[INFO] [stdout]           
[INFO] [stdout]           rust-lld: error: undefined symbol: FreeLibrary
[INFO] [stdout]           >>> referenced by delay_load.rs:23 (src/imp/delay_load.rs:23)
[INFO] [stdout]           >>>               windows-13e3ea9cb2dabf8e.windows.d0666395f68078ed-cgu.05.rcgu.o:(windows::imp::delay_load::delay_load::he8f81c8b59ce4b8f) in archive /opt/rustwide/target/debug/deps/libwindows-13e3ea9cb2dabf8e.rlib
[INFO] [stdout]           collect2: error: ld returned 1 exit status
[INFO] [stdout]           
[INFO] [stdout] 
[INFO] [stdout] 
[INFO] [stdout] error: linking with `cc` failed: exit status: 1
[INFO] [stdout]   |
[INFO] [stdout]   = note: LC_ALL="C" PATH="/opt/rustwide/rustup-home/toolchains/nightly-2024-10-28-x86_64-unknown-linux-gnu/lib/rustlib/x86_64-unknown-linux-gnu/bin:/opt/rustwide/rustup-home/toolchains/nightly-2024-10-28-x86_64-unknown-linux-gnu/lib/rustlib/x86_64-unknown-linux-gnu/bin/self-contained:/opt/rustwide/cargo-home/bin:/usr/local/sbin:/usr/local/bin:/usr/sbin:/usr/bin:/sbin:/bin" VSLANG="1033" "cc" "-m64" "/tmp/rustcpV3iKV/symbols.o" "/opt/rustwide/target/debug/examples/custom_app_domain-5d6acc75d62f514b.custom_app_domain.e34ecdfff7d43879-cgu.0.rcgu.o" "/opt/rustwide/target/debug/examples/custom_app_domain-5d6acc75d62f514b.1x4wu6qgytjioq3pb62l5uhk4.rcgu.o" "-Wl,--as-needed" "-Wl,-Bstatic" "/opt/rustwide/target/debug/deps/libclroxide-4b275d9c457a3457.rlib" "/opt/rustwide/target/debug/deps/libwindows-13e3ea9cb2dabf8e.rlib" "/opt/rustwide/rustup-home/toolchains/nightly-2024-10-28-x86_64-unknown-linux-gnu/lib/rustlib/x86_64-unknown-linux-gnu/lib/libstd-fb8c387236db3c10.rlib" "/opt/rustwide/rustup-home/toolchains/nightly-2024-10-28-x86_64-unknown-linux-gnu/lib/rustlib/x86_64-unknown-linux-gnu/lib/libpanic_unwind-b251837809b2f64b.rlib" "/opt/rustwide/rustup-home/toolchains/nightly-2024-10-28-x86_64-unknown-linux-gnu/lib/rustlib/x86_64-unknown-linux-gnu/lib/libobject-cbef83eaa4e01f04.rlib" "/opt/rustwide/rustup-home/toolchains/nightly-2024-10-28-x86_64-unknown-linux-gnu/lib/rustlib/x86_64-unknown-linux-gnu/lib/libmemchr-12a772286de2fca7.rlib" "/opt/rustwide/rustup-home/toolchains/nightly-2024-10-28-x86_64-unknown-linux-gnu/lib/rustlib/x86_64-unknown-linux-gnu/lib/libaddr2line-023bbe5ada7abfc3.rlib" "/opt/rustwide/rustup-home/toolchains/nightly-2024-10-28-x86_64-unknown-linux-gnu/lib/rustlib/x86_64-unknown-linux-gnu/lib/libgimli-de2bcdf10ec69c2b.rlib" "/opt/rustwide/rustup-home/toolchains/nightly-2024-10-28-x86_64-unknown-linux-gnu/lib/rustlib/x86_64-unknown-linux-gnu/lib/librustc_demangle-8e1754df350800fd.rlib" "/opt/rustwide/rustup-home/toolchains/nightly-2024-10-28-x86_64-unknown-linux-gnu/lib/rustlib/x86_64-unknown-linux-gnu/lib/libstd_detect-06c2ab7b9c32e037.rlib" "/opt/rustwide/rustup-home/toolchains/nightly-2024-10-28-x86_64-unknown-linux-gnu/lib/rustlib/x86_64-unknown-linux-gnu/lib/libhashbrown-51d2621fc57a281b.rlib" "/opt/rustwide/rustup-home/toolchains/nightly-2024-10-28-x86_64-unknown-linux-gnu/lib/rustlib/x86_64-unknown-linux-gnu/lib/librustc_std_workspace_alloc-54a930408793772f.rlib" "/opt/rustwide/rustup-home/toolchains/nightly-2024-10-28-x86_64-unknown-linux-gnu/lib/rustlib/x86_64-unknown-linux-gnu/lib/libminiz_oxide-0c7d01cba400dcb2.rlib" "/opt/rustwide/rustup-home/toolchains/nightly-2024-10-28-x86_64-unknown-linux-gnu/lib/rustlib/x86_64-unknown-linux-gnu/lib/libadler-b9f84d69e331b75b.rlib" "/opt/rustwide/rustup-home/toolchains/nightly-2024-10-28-x86_64-unknown-linux-gnu/lib/rustlib/x86_64-unknown-linux-gnu/lib/libunwind-eec95493246aae39.rlib" "/opt/rustwide/rustup-home/toolchains/nightly-2024-10-28-x86_64-unknown-linux-gnu/lib/rustlib/x86_64-unknown-linux-gnu/lib/libcfg_if-6f6676c475e08ab0.rlib" "/opt/rustwide/rustup-home/toolchains/nightly-2024-10-28-x86_64-unknown-linux-gnu/lib/rustlib/x86_64-unknown-linux-gnu/lib/liblibc-799d520624f8b2e0.rlib" "/opt/rustwide/rustup-home/toolchains/nightly-2024-10-28-x86_64-unknown-linux-gnu/lib/rustlib/x86_64-unknown-linux-gnu/lib/liballoc-fcf93d4842acd9a9.rlib" "/opt/rustwide/rustup-home/toolchains/nightly-2024-10-28-x86_64-unknown-linux-gnu/lib/rustlib/x86_64-unknown-linux-gnu/lib/librustc_std_workspace_core-395a38b8e0851c9b.rlib" "/opt/rustwide/rustup-home/toolchains/nightly-2024-10-28-x86_64-unknown-linux-gnu/lib/rustlib/x86_64-unknown-linux-gnu/lib/libcore-d453bab70303062c.rlib" "/opt/rustwide/rustup-home/toolchains/nightly-2024-10-28-x86_64-unknown-linux-gnu/lib/rustlib/x86_64-unknown-linux-gnu/lib/libcompiler_builtins-0e6386368b0a24e8.rlib" "-Wl,-Bdynamic" "-lgcc_s" "-lutil" "-lrt" "-lpthread" "-lm" "-ldl" "-lc" "-B/opt/rustwide/rustup-home/toolchains/nightly-2024-10-28-x86_64-unknown-linux-gnu/lib/rustlib/x86_64-unknown-linux-gnu/bin/gcc-ld" "-fuse-ld=lld" "-Wl,--eh-frame-hdr" "-Wl,-z,noexecstack" "-L" "/opt/rustwide/rustup-home/toolchains/nightly-2024-10-28-x86_64-unknown-linux-gnu/lib/rustlib/x86_64-unknown-linux-gnu/lib" "-o" "/opt/rustwide/target/debug/examples/custom_app_domain-5d6acc75d62f514b" "-Wl,--gc-sections" "-pie" "-Wl,-z,relro,-z,now" "-nodefaultlibs"
[INFO] [stdout]   = note: rust-lld: error: undefined symbol: SafeArrayCreate
[INFO] [stdout]           >>> referenced by mod.rs:1226 (/opt/rustwide/cargo-home/registry/src/index.crates.io-6f17d22bba15001f/windows-0.46.0/src/Windows/Win32/System/Ole/mod.rs:1226)
[INFO] [stdout]           >>>               clroxide-4b275d9c457a3457.clroxide.4843faeefe68cd96-cgu.2.rcgu.o:(windows::Windows::Win32::System::Ole::SafeArrayCreate::h80dcd690ca5a43b8) in archive /opt/rustwide/target/debug/deps/libclroxide-4b275d9c457a3457.rlib
[INFO] [stdout]           
[INFO] [stdout]           rust-lld: error: undefined symbol: SafeArrayGetLBound
[INFO] [stdout]           >>> referenced by mod.rs:1305 (/opt/rustwide/cargo-home/registry/src/index.crates.io-6f17d22bba15001f/windows-0.46.0/src/Windows/Win32/System/Ole/mod.rs:1305)
[INFO] [stdout]           >>>               clroxide-4b275d9c457a3457.clroxide.4843faeefe68cd96-cgu.2.rcgu.o:(windows::Windows::Win32::System::Ole::SafeArrayGetLBound::hdeb8cb9b076393bd) in archive /opt/rustwide/target/debug/deps/libclroxide-4b275d9c457a3457.rlib
[INFO] [stdout]           
[INFO] [stdout]           rust-lld: error: undefined symbol: SafeArrayGetUBound
[INFO] [stdout]           >>> referenced by mod.rs:1321 (/opt/rustwide/cargo-home/registry/src/index.crates.io-6f17d22bba15001f/windows-0.46.0/src/Windows/Win32/System/Ole/mod.rs:1321)
[INFO] [stdout]           >>>               clroxide-4b275d9c457a3457.clroxide.4843faeefe68cd96-cgu.2.rcgu.o:(windows::Windows::Win32::System::Ole::SafeArrayGetUBound::h093d1c9978056e01) in archive /opt/rustwide/target/debug/deps/libclroxide-4b275d9c457a3457.rlib
[INFO] [stdout]           
[INFO] [stdout]           rust-lld: error: undefined symbol: SafeArrayAccessData
[INFO] [stdout]           >>> referenced by mod.rs:1174 (/opt/rustwide/cargo-home/registry/src/index.crates.io-6f17d22bba15001f/windows-0.46.0/src/Windows/Win32/System/Ole/mod.rs:1174)
[INFO] [stdout]           >>>               clroxide-4b275d9c457a3457.clroxide.4843faeefe68cd96-cgu.2.rcgu.o:(windows::Windows::Win32::System::Ole::SafeArrayAccessData::h87584fa3adc266e0) in archive /opt/rustwide/target/debug/deps/libclroxide-4b275d9c457a3457.rlib
[INFO] [stdout]           
[INFO] [stdout]           rust-lld: error: undefined symbol: SafeArrayPutElement
[INFO] [stdout]           >>> referenced by mod.rs:1350 (/opt/rustwide/cargo-home/registry/src/index.crates.io-6f17d22bba15001f/windows-0.46.0/src/Windows/Win32/System/Ole/mod.rs:1350)
[INFO] [stdout]           >>>               clroxide-4b275d9c457a3457.clroxide.4843faeefe68cd96-cgu.2.rcgu.o:(windows::Windows::Win32::System::Ole::SafeArrayPutElement::h7298fde3397486ac) in archive /opt/rustwide/target/debug/deps/libclroxide-4b275d9c457a3457.rlib
[INFO] [stdout]           
[INFO] [stdout]           rust-lld: error: undefined symbol: SafeArrayCreateVector
[INFO] [stdout]           >>> referenced by mod.rs:1240 (/opt/rustwide/cargo-home/registry/src/index.crates.io-6f17d22bba15001f/windows-0.46.0/src/Windows/Win32/System/Ole/mod.rs:1240)
[INFO] [stdout]           >>>               clroxide-4b275d9c457a3457.clroxide.4843faeefe68cd96-cgu.2.rcgu.o:(windows::Windows::Win32::System::Ole::SafeArrayCreateVector::h9df488a3687ad424) in archive /opt/rustwide/target/debug/deps/libclroxide-4b275d9c457a3457.rlib
[INFO] [stdout]           
[INFO] [stdout]           rust-lld: error: undefined symbol: SafeArrayUnaccessData
[INFO] [stdout]           >>> referenced by mod.rs:1394 (/opt/rustwide/cargo-home/registry/src/index.crates.io-6f17d22bba15001f/windows-0.46.0/src/Windows/Win32/System/Ole/mod.rs:1394)
[INFO] [stdout]           >>>               clroxide-4b275d9c457a3457.clroxide.4843faeefe68cd96-cgu.2.rcgu.o:(windows::Windows::Win32::System::Ole::SafeArrayUnaccessData::h40f9a7e277647a2c) in archive /opt/rustwide/target/debug/deps/libclroxide-4b275d9c457a3457.rlib
[INFO] [stdout]           
[INFO] [stdout]           rust-lld: error: undefined symbol: LoadLibraryA
[INFO] [stdout]           >>> referenced by mod.rs:371 (/opt/rustwide/cargo-home/registry/src/index.crates.io-6f17d22bba15001f/windows-0.46.0/src/Windows/Win32/System/LibraryLoader/mod.rs:371)
[INFO] [stdout]           >>>               clroxide-4b275d9c457a3457.clroxide.4843faeefe68cd96-cgu.3.rcgu.o:(windows::Windows::Win32::System::LibraryLoader::LoadLibraryA::h08d55e24d5486317) in archive /opt/rustwide/target/debug/deps/libclroxide-4b275d9c457a3457.rlib
[INFO] [stdout]           >>> referenced by delay_load.rs:11 (src/imp/delay_load.rs:11)
[INFO] [stdout]           >>>               windows-13e3ea9cb2dabf8e.windows.d0666395f68078ed-cgu.05.rcgu.o:(windows::imp::delay_load::delay_load::he8f81c8b59ce4b8f) in archive /opt/rustwide/target/debug/deps/libwindows-13e3ea9cb2dabf8e.rlib
[INFO] [stdout]           
[INFO] [stdout]           rust-lld: error: undefined symbol: GetProcAddress
[INFO] [stdout]           >>> referenced by mod.rs:361 (/opt/rustwide/cargo-home/registry/src/index.crates.io-6f17d22bba15001f/windows-0.46.0/src/Windows/Win32/System/LibraryLoader/mod.rs:361)
[INFO] [stdout]           >>>               clroxide-4b275d9c457a3457.clroxide.4843faeefe68cd96-cgu.3.rcgu.o:(windows::Windows::Win32::System::LibraryLoader::GetProcAddress::hb86e7d3e1eebd92c) in archive /opt/rustwide/target/debug/deps/libclroxide-4b275d9c457a3457.rlib
[INFO] [stdout]           >>> referenced by delay_load.rs:17 (src/imp/delay_load.rs:17)
[INFO] [stdout]           >>>               windows-13e3ea9cb2dabf8e.windows.d0666395f68078ed-cgu.05.rcgu.o:(windows::imp::delay_load::delay_load::he8f81c8b59ce4b8f) in archive /opt/rustwide/target/debug/deps/libwindows-13e3ea9cb2dabf8e.rlib
[INFO] [stdout]           
[INFO] [stdout]           rust-lld: error: undefined symbol: FreeLibrary
[INFO] [stdout]           >>> referenced by delay_load.rs:23 (src/imp/delay_load.rs:23)
[INFO] [stdout]           >>>               windows-13e3ea9cb2dabf8e.windows.d0666395f68078ed-cgu.05.rcgu.o:(windows::imp::delay_load::delay_load::he8f81c8b59ce4b8f) in archive /opt/rustwide/target/debug/deps/libwindows-13e3ea9cb2dabf8e.rlib
[INFO] [stdout]           
[INFO] [stdout]           rust-lld: error: undefined symbol: GetLastError
[INFO] [stdout]           >>> referenced by error.rs:28 (src/core/error.rs:28)
[INFO] [stdout]           >>>               windows-13e3ea9cb2dabf8e.windows.d0666395f68078ed-cgu.07.rcgu.o:(windows::core::error::Error::from_win32::hffac6e1792ade849) in archive /opt/rustwide/target/debug/deps/libwindows-13e3ea9cb2dabf8e.rlib
[INFO] [stdout]           
[INFO] [stdout]           rust-lld: error: undefined symbol: GetErrorInfo
[INFO] [stdout]           >>> referenced by error.rs:154 (src/core/error.rs:154)
[INFO] [stdout]           >>>               windows-13e3ea9cb2dabf8e.windows.d0666395f68078ed-cgu.07.rcgu.o:(windows::core::error::GetErrorInfo::h2ceef1a11daeb8e9) in archive /opt/rustwide/target/debug/deps/libwindows-13e3ea9cb2dabf8e.rlib
[INFO] [stdout]           
[INFO] [stdout]           rust-lld: error: undefined symbol: FormatMessageW
[INFO] [stdout]           >>> referenced by hresult.rs:89 (src/core/hresult.rs:89)
[INFO] [stdout]           >>>               windows-13e3ea9cb2dabf8e.windows.d0666395f68078ed-cgu.06.rcgu.o:(windows::core::hresult::HRESULT::message::h1087251d709acb64) in archive /opt/rustwide/target/debug/deps/libwindows-13e3ea9cb2dabf8e.rlib
[INFO] [stdout]           
[INFO] [stdout]           rust-lld: error: undefined symbol: SysStringLen
[INFO] [stdout]           >>> referenced by bstr.rs:27 (src/core/strings/bstr.rs:27)
[INFO] [stdout]           >>>               windows-13e3ea9cb2dabf8e.windows.d0666395f68078ed-cgu.06.rcgu.o:(windows::core::strings::bstr::BSTR::len::ha563d0985dde0907) in archive /opt/rustwide/target/debug/deps/libwindows-13e3ea9cb2dabf8e.rlib
[INFO] [stdout]           
[INFO] [stdout]           rust-lld: error: undefined symbol: SysAllocStringLen
[INFO] [stdout]           >>> referenced by bstr.rs:46 (src/core/strings/bstr.rs:46)
[INFO] [stdout]           >>>               windows-13e3ea9cb2dabf8e.windows.d0666395f68078ed-cgu.06.rcgu.o:(windows::core::strings::bstr::BSTR::from_wide::h415de67780e3be21) in archive /opt/rustwide/target/debug/deps/libwindows-13e3ea9cb2dabf8e.rlib
[INFO] [stdout]           
[INFO] [stdout]           rust-lld: error: undefined symbol: SysFreeString
[INFO] [stdout]           >>> referenced by bstr.rs:154 (src/core/strings/bstr.rs:154)
[INFO] [stdout]           >>>               windows-13e3ea9cb2dabf8e.windows.d0666395f68078ed-cgu.06.rcgu.o:(_$LT$windows..core..strings..bstr..BSTR$u20$as$u20$core..ops..drop..Drop$GT$::drop::h00c77ef4d645a197) in archive /opt/rustwide/target/debug/deps/libwindows-13e3ea9cb2dabf8e.rlib
[INFO] [stdout]           
[INFO] [stdout]           rust-lld: error: undefined symbol: GetProcessHeap
[INFO] [stdout]           >>> referenced by heap.rs:10 (src/imp/heap.rs:10)
[INFO] [stdout]           >>>               windows-13e3ea9cb2dabf8e.windows.d0666395f68078ed-cgu.06.rcgu.o:(windows::imp::heap::heap_alloc::h0d81bf1217eba09f) in archive /opt/rustwide/target/debug/deps/libwindows-13e3ea9cb2dabf8e.rlib
[INFO] [stdout]           >>> referenced by heap.rs:34 (src/imp/heap.rs:34)
[INFO] [stdout]           >>>               windows-13e3ea9cb2dabf8e.windows.d0666395f68078ed-cgu.06.rcgu.o:(windows::imp::heap::heap_free::ha85938c8bb45905a) in archive /opt/rustwide/target/debug/deps/libwindows-13e3ea9cb2dabf8e.rlib
[INFO] [stdout]           
[INFO] [stdout]           rust-lld: error: undefined symbol: HeapAlloc
[INFO] [stdout]           >>> referenced by heap.rs:10 (src/imp/heap.rs:10)
[INFO] [stdout]           >>>               windows-13e3ea9cb2dabf8e.windows.d0666395f68078ed-cgu.06.rcgu.o:(windows::imp::heap::heap_alloc::h0d81bf1217eba09f) in archive /opt/rustwide/target/debug/deps/libwindows-13e3ea9cb2dabf8e.rlib
[INFO] [stdout]           
[INFO] [stdout]           rust-lld: error: undefined symbol: HeapFree
[INFO] [stdout]           >>> referenced by heap.rs:34 (src/imp/heap.rs:34)
[INFO] [stdout]           >>>               windows-13e3ea9cb2dabf8e.windows.d0666395f68078ed-cgu.06.rcgu.o:(windows::imp::heap::heap_free::ha85938c8bb45905a) in archive /opt/rustwide/target/debug/deps/libwindows-13e3ea9cb2dabf8e.rlib
[INFO] [stdout]           collect2: error: ld returned 1 exit status
[INFO] [stdout]           
[INFO] [stdout] 
[INFO] [stdout] 
[INFO] [stderr] error: could not compile `clroxide` (example "compose_clr") due to 1 previous error; 1 warning emitted
[INFO] [stderr] warning: build failed, waiting for other jobs to finish...
[INFO] [stderr] error: could not compile `clroxide` (example "execute_assembly") due to 1 previous error
[INFO] [stderr] error: could not compile `clroxide` (example "custom_app_domain") due to 1 previous error
[INFO] [stdout] error: linking with `cc` failed: exit status: 1
[INFO] [stdout]   |
[INFO] [stdout]   = note: LC_ALL="C" PATH="/opt/rustwide/rustup-home/toolchains/nightly-2024-10-28-x86_64-unknown-linux-gnu/lib/rustlib/x86_64-unknown-linux-gnu/bin:/opt/rustwide/rustup-home/toolchains/nightly-2024-10-28-x86_64-unknown-linux-gnu/lib/rustlib/x86_64-unknown-linux-gnu/bin/self-contained:/opt/rustwide/cargo-home/bin:/usr/local/sbin:/usr/local/bin:/usr/sbin:/usr/bin:/sbin:/bin" VSLANG="1033" "cc" "-m64" "/tmp/rustc98wlwv/symbols.o" "/opt/rustwide/target/debug/examples/patch_exit-0d89dc1734c5d125.patch_exit.d1f68cc5231695bd-cgu.0.rcgu.o" "/opt/rustwide/target/debug/examples/patch_exit-0d89dc1734c5d125.dp1dt9elxeo14wqiyqboh715o.rcgu.o" "-Wl,--as-needed" "-Wl,-Bstatic" "/opt/rustwide/target/debug/deps/libclroxide-4b275d9c457a3457.rlib" "/opt/rustwide/target/debug/deps/libwindows-13e3ea9cb2dabf8e.rlib" "/opt/rustwide/rustup-home/toolchains/nightly-2024-10-28-x86_64-unknown-linux-gnu/lib/rustlib/x86_64-unknown-linux-gnu/lib/libstd-fb8c387236db3c10.rlib" "/opt/rustwide/rustup-home/toolchains/nightly-2024-10-28-x86_64-unknown-linux-gnu/lib/rustlib/x86_64-unknown-linux-gnu/lib/libpanic_unwind-b251837809b2f64b.rlib" "/opt/rustwide/rustup-home/toolchains/nightly-2024-10-28-x86_64-unknown-linux-gnu/lib/rustlib/x86_64-unknown-linux-gnu/lib/libobject-cbef83eaa4e01f04.rlib" "/opt/rustwide/rustup-home/toolchains/nightly-2024-10-28-x86_64-unknown-linux-gnu/lib/rustlib/x86_64-unknown-linux-gnu/lib/libmemchr-12a772286de2fca7.rlib" "/opt/rustwide/rustup-home/toolchains/nightly-2024-10-28-x86_64-unknown-linux-gnu/lib/rustlib/x86_64-unknown-linux-gnu/lib/libaddr2line-023bbe5ada7abfc3.rlib" "/opt/rustwide/rustup-home/toolchains/nightly-2024-10-28-x86_64-unknown-linux-gnu/lib/rustlib/x86_64-unknown-linux-gnu/lib/libgimli-de2bcdf10ec69c2b.rlib" "/opt/rustwide/rustup-home/toolchains/nightly-2024-10-28-x86_64-unknown-linux-gnu/lib/rustlib/x86_64-unknown-linux-gnu/lib/librustc_demangle-8e1754df350800fd.rlib" "/opt/rustwide/rustup-home/toolchains/nightly-2024-10-28-x86_64-unknown-linux-gnu/lib/rustlib/x86_64-unknown-linux-gnu/lib/libstd_detect-06c2ab7b9c32e037.rlib" "/opt/rustwide/rustup-home/toolchains/nightly-2024-10-28-x86_64-unknown-linux-gnu/lib/rustlib/x86_64-unknown-linux-gnu/lib/libhashbrown-51d2621fc57a281b.rlib" "/opt/rustwide/rustup-home/toolchains/nightly-2024-10-28-x86_64-unknown-linux-gnu/lib/rustlib/x86_64-unknown-linux-gnu/lib/librustc_std_workspace_alloc-54a930408793772f.rlib" "/opt/rustwide/rustup-home/toolchains/nightly-2024-10-28-x86_64-unknown-linux-gnu/lib/rustlib/x86_64-unknown-linux-gnu/lib/libminiz_oxide-0c7d01cba400dcb2.rlib" "/opt/rustwide/rustup-home/toolchains/nightly-2024-10-28-x86_64-unknown-linux-gnu/lib/rustlib/x86_64-unknown-linux-gnu/lib/libadler-b9f84d69e331b75b.rlib" "/opt/rustwide/rustup-home/toolchains/nightly-2024-10-28-x86_64-unknown-linux-gnu/lib/rustlib/x86_64-unknown-linux-gnu/lib/libunwind-eec95493246aae39.rlib" "/opt/rustwide/rustup-home/toolchains/nightly-2024-10-28-x86_64-unknown-linux-gnu/lib/rustlib/x86_64-unknown-linux-gnu/lib/libcfg_if-6f6676c475e08ab0.rlib" "/opt/rustwide/rustup-home/toolchains/nightly-2024-10-28-x86_64-unknown-linux-gnu/lib/rustlib/x86_64-unknown-linux-gnu/lib/liblibc-799d520624f8b2e0.rlib" "/opt/rustwide/rustup-home/toolchains/nightly-2024-10-28-x86_64-unknown-linux-gnu/lib/rustlib/x86_64-unknown-linux-gnu/lib/liballoc-fcf93d4842acd9a9.rlib" "/opt/rustwide/rustup-home/toolchains/nightly-2024-10-28-x86_64-unknown-linux-gnu/lib/rustlib/x86_64-unknown-linux-gnu/lib/librustc_std_workspace_core-395a38b8e0851c9b.rlib" "/opt/rustwide/rustup-home/toolchains/nightly-2024-10-28-x86_64-unknown-linux-gnu/lib/rustlib/x86_64-unknown-linux-gnu/lib/libcore-d453bab70303062c.rlib" "/opt/rustwide/rustup-home/toolchains/nightly-2024-10-28-x86_64-unknown-linux-gnu/lib/rustlib/x86_64-unknown-linux-gnu/lib/libcompiler_builtins-0e6386368b0a24e8.rlib" "-Wl,-Bdynamic" "-lgcc_s" "-lutil" "-lrt" "-lpthread" "-lm" "-ldl" "-lc" "-B/opt/rustwide/rustup-home/toolchains/nightly-2024-10-28-x86_64-unknown-linux-gnu/lib/rustlib/x86_64-unknown-linux-gnu/bin/gcc-ld" "-fuse-ld=lld" "-Wl,--eh-frame-hdr" "-Wl,-z,noexecstack" "-L" "/opt/rustwide/rustup-home/toolchains/nightly-2024-10-28-x86_64-unknown-linux-gnu/lib/rustlib/x86_64-unknown-linux-gnu/lib" "-o" "/opt/rustwide/target/debug/examples/patch_exit-0d89dc1734c5d125" "-Wl,--gc-sections" "-pie" "-Wl,-z,relro,-z,now" "-nodefaultlibs"
[INFO] [stdout]   = note: rust-lld: error: undefined symbol: GetLastError
[INFO] [stdout]           >>> referenced by error.rs:28 (src/core/error.rs:28)
[INFO] [stdout]           >>>               windows-13e3ea9cb2dabf8e.windows.d0666395f68078ed-cgu.07.rcgu.o:(windows::core::error::Error::from_win32::hffac6e1792ade849) in archive /opt/rustwide/target/debug/deps/libwindows-13e3ea9cb2dabf8e.rlib
[INFO] [stdout]           
[INFO] [stdout]           rust-lld: error: undefined symbol: GetErrorInfo
[INFO] [stdout]           >>> referenced by error.rs:154 (src/core/error.rs:154)
[INFO] [stdout]           >>>               windows-13e3ea9cb2dabf8e.windows.d0666395f68078ed-cgu.07.rcgu.o:(windows::core::error::GetErrorInfo::h2ceef1a11daeb8e9) in archive /opt/rustwide/target/debug/deps/libwindows-13e3ea9cb2dabf8e.rlib
[INFO] [stdout]           
[INFO] [stdout]           rust-lld: error: undefined symbol: FormatMessageW
[INFO] [stdout]           >>> referenced by hresult.rs:89 (src/core/hresult.rs:89)
[INFO] [stdout]           >>>               windows-13e3ea9cb2dabf8e.windows.d0666395f68078ed-cgu.06.rcgu.o:(windows::core::hresult::HRESULT::message::h1087251d709acb64) in archive /opt/rustwide/target/debug/deps/libwindows-13e3ea9cb2dabf8e.rlib
[INFO] [stdout]           
[INFO] [stdout]           rust-lld: error: undefined symbol: SysStringLen
[INFO] [stdout]           >>> referenced by bstr.rs:27 (src/core/strings/bstr.rs:27)
[INFO] [stdout]           >>>               windows-13e3ea9cb2dabf8e.windows.d0666395f68078ed-cgu.06.rcgu.o:(windows::core::strings::bstr::BSTR::len::ha563d0985dde0907) in archive /opt/rustwide/target/debug/deps/libwindows-13e3ea9cb2dabf8e.rlib
[INFO] [stdout]           
[INFO] [stdout]           rust-lld: error: undefined symbol: SysAllocStringLen
[INFO] [stdout]           >>> referenced by bstr.rs:46 (src/core/strings/bstr.rs:46)
[INFO] [stdout]           >>>               windows-13e3ea9cb2dabf8e.windows.d0666395f68078ed-cgu.06.rcgu.o:(windows::core::strings::bstr::BSTR::from_wide::h415de67780e3be21) in archive /opt/rustwide/target/debug/deps/libwindows-13e3ea9cb2dabf8e.rlib
[INFO] [stdout]           
[INFO] [stdout]           rust-lld: error: undefined symbol: SysFreeString
[INFO] [stdout]           >>> referenced by bstr.rs:154 (src/core/strings/bstr.rs:154)
[INFO] [stdout]           >>>               windows-13e3ea9cb2dabf8e.windows.d0666395f68078ed-cgu.06.rcgu.o:(_$LT$windows..core..strings..bstr..BSTR$u20$as$u20$core..ops..drop..Drop$GT$::drop::h00c77ef4d645a197) in archive /opt/rustwide/target/debug/deps/libwindows-13e3ea9cb2dabf8e.rlib
[INFO] [stdout]           
[INFO] [stdout]           rust-lld: error: undefined symbol: GetProcessHeap
[INFO] [stdout]           >>> referenced by heap.rs:10 (src/imp/heap.rs:10)
[INFO] [stdout]           >>>               windows-13e3ea9cb2dabf8e.windows.d0666395f68078ed-cgu.06.rcgu.o:(windows::imp::heap::heap_alloc::h0d81bf1217eba09f) in archive /opt/rustwide/target/debug/deps/libwindows-13e3ea9cb2dabf8e.rlib
[INFO] [stdout]           >>> referenced by heap.rs:34 (src/imp/heap.rs:34)
[INFO] [stdout]           >>>               windows-13e3ea9cb2dabf8e.windows.d0666395f68078ed-cgu.06.rcgu.o:(windows::imp::heap::heap_free::ha85938c8bb45905a) in archive /opt/rustwide/target/debug/deps/libwindows-13e3ea9cb2dabf8e.rlib
[INFO] [stdout]           
[INFO] [stdout]           rust-lld: error: undefined symbol: HeapAlloc
[INFO] [stdout]           >>> referenced by heap.rs:10 (src/imp/heap.rs:10)
[INFO] [stdout]           >>>               windows-13e3ea9cb2dabf8e.windows.d0666395f68078ed-cgu.06.rcgu.o:(windows::imp::heap::heap_alloc::h0d81bf1217eba09f) in archive /opt/rustwide/target/debug/deps/libwindows-13e3ea9cb2dabf8e.rlib
[INFO] [stdout]           
[INFO] [stdout]           rust-lld: error: undefined symbol: HeapFree
[INFO] [stdout]           >>> referenced by heap.rs:34 (src/imp/heap.rs:34)
[INFO] [stdout]           >>>               windows-13e3ea9cb2dabf8e.windows.d0666395f68078ed-cgu.06.rcgu.o:(windows::imp::heap::heap_free::ha85938c8bb45905a) in archive /opt/rustwide/target/debug/deps/libwindows-13e3ea9cb2dabf8e.rlib
[INFO] [stdout]           
[INFO] [stdout]           rust-lld: error: undefined symbol: LoadLibraryA
[INFO] [stdout]           >>> referenced by delay_load.rs:11 (src/imp/delay_load.rs:11)
[INFO] [stdout]           >>>               windows-13e3ea9cb2dabf8e.windows.d0666395f68078ed-cgu.05.rcgu.o:(windows::imp::delay_load::delay_load::he8f81c8b59ce4b8f) in archive /opt/rustwide/target/debug/deps/libwindows-13e3ea9cb2dabf8e.rlib
[INFO] [stdout]           >>> referenced by mod.rs:371 (/opt/rustwide/cargo-home/registry/src/index.crates.io-6f17d22bba15001f/windows-0.46.0/src/Windows/Win32/System/LibraryLoader/mod.rs:371)
[INFO] [stdout]           >>>               clroxide-4b275d9c457a3457.clroxide.4843faeefe68cd96-cgu.3.rcgu.o:(windows::Windows::Win32::System::LibraryLoader::LoadLibraryA::h08d55e24d5486317) in archive /opt/rustwide/target/debug/deps/libclroxide-4b275d9c457a3457.rlib
[INFO] [stdout]           
[INFO] [stdout]           rust-lld: error: undefined symbol: GetProcAddress
[INFO] [stdout]           >>> referenced by delay_load.rs:17 (src/imp/delay_load.rs:17)
[INFO] [stdout]           >>>               windows-13e3ea9cb2dabf8e.windows.d0666395f68078ed-cgu.05.rcgu.o:(windows::imp::delay_load::delay_load::he8f81c8b59ce4b8f) in archive /opt/rustwide/target/debug/deps/libwindows-13e3ea9cb2dabf8e.rlib
[INFO] [stdout]           >>> referenced by mod.rs:361 (/opt/rustwide/cargo-home/registry/src/index.crates.io-6f17d22bba15001f/windows-0.46.0/src/Windows/Win32/System/LibraryLoader/mod.rs:361)
[INFO] [stdout]           >>>               clroxide-4b275d9c457a3457.clroxide.4843faeefe68cd96-cgu.3.rcgu.o:(windows::Windows::Win32::System::LibraryLoader::GetProcAddress::hb86e7d3e1eebd92c) in archive /opt/rustwide/target/debug/deps/libclroxide-4b275d9c457a3457.rlib
[INFO] [stdout]           
[INFO] [stdout]           rust-lld: error: undefined symbol: FreeLibrary
[INFO] [stdout]           >>> referenced by delay_load.rs:23 (src/imp/delay_load.rs:23)
[INFO] [stdout]           >>>               windows-13e3ea9cb2dabf8e.windows.d0666395f68078ed-cgu.05.rcgu.o:(windows::imp::delay_load::delay_load::he8f81c8b59ce4b8f) in archive /opt/rustwide/target/debug/deps/libwindows-13e3ea9cb2dabf8e.rlib
[INFO] [stdout]           
[INFO] [stdout]           rust-lld: error: undefined symbol: SafeArrayCreate
[INFO] [stdout]           >>> referenced by mod.rs:1226 (/opt/rustwide/cargo-home/registry/src/index.crates.io-6f17d22bba15001f/windows-0.46.0/src/Windows/Win32/System/Ole/mod.rs:1226)
[INFO] [stdout]           >>>               clroxide-4b275d9c457a3457.clroxide.4843faeefe68cd96-cgu.2.rcgu.o:(windows::Windows::Win32::System::Ole::SafeArrayCreate::h80dcd690ca5a43b8) in archive /opt/rustwide/target/debug/deps/libclroxide-4b275d9c457a3457.rlib
[INFO] [stdout]           
[INFO] [stdout]           rust-lld: error: undefined symbol: SafeArrayGetLBound
[INFO] [stdout]           >>> referenced by mod.rs:1305 (/opt/rustwide/cargo-home/registry/src/index.crates.io-6f17d22bba15001f/windows-0.46.0/src/Windows/Win32/System/Ole/mod.rs:1305)
[INFO] [stdout]           >>>               clroxide-4b275d9c457a3457.clroxide.4843faeefe68cd96-cgu.2.rcgu.o:(windows::Windows::Win32::System::Ole::SafeArrayGetLBound::hdeb8cb9b076393bd) in archive /opt/rustwide/target/debug/deps/libclroxide-4b275d9c457a3457.rlib
[INFO] [stdout]           
[INFO] [stdout]           rust-lld: error: undefined symbol: SafeArrayGetUBound
[INFO] [stdout]           >>> referenced by mod.rs:1321 (/opt/rustwide/cargo-home/registry/src/index.crates.io-6f17d22bba15001f/windows-0.46.0/src/Windows/Win32/System/Ole/mod.rs:1321)
[INFO] [stdout]           >>>               clroxide-4b275d9c457a3457.clroxide.4843faeefe68cd96-cgu.2.rcgu.o:(windows::Windows::Win32::System::Ole::SafeArrayGetUBound::h093d1c9978056e01) in archive /opt/rustwide/target/debug/deps/libclroxide-4b275d9c457a3457.rlib
[INFO] [stdout]           
[INFO] [stdout]           rust-lld: error: undefined symbol: SafeArrayAccessData
[INFO] [stdout]           >>> referenced by mod.rs:1174 (/opt/rustwide/cargo-home/registry/src/index.crates.io-6f17d22bba15001f/windows-0.46.0/src/Windows/Win32/System/Ole/mod.rs:1174)
[INFO] [stdout]           >>>               clroxide-4b275d9c457a3457.clroxide.4843faeefe68cd96-cgu.2.rcgu.o:(windows::Windows::Win32::System::Ole::SafeArrayAccessData::h87584fa3adc266e0) in archive /opt/rustwide/target/debug/deps/libclroxide-4b275d9c457a3457.rlib
[INFO] [stdout]           
[INFO] [stdout]           rust-lld: error: undefined symbol: SafeArrayPutElement
[INFO] [stdout]           >>> referenced by mod.rs:1350 (/opt/rustwide/cargo-home/registry/src/index.crates.io-6f17d22bba15001f/windows-0.46.0/src/Windows/Win32/System/Ole/mod.rs:1350)
[INFO] [stdout]           >>>               clroxide-4b275d9c457a3457.clroxide.4843faeefe68cd96-cgu.2.rcgu.o:(windows::Windows::Win32::System::Ole::SafeArrayPutElement::h7298fde3397486ac) in archive /opt/rustwide/target/debug/deps/libclroxide-4b275d9c457a3457.rlib
[INFO] [stdout]           
[INFO] [stdout]           rust-lld: error: undefined symbol: SafeArrayCreateVector
[INFO] [stdout]           >>> referenced by mod.rs:1240 (/opt/rustwide/cargo-home/registry/src/index.crates.io-6f17d22bba15001f/windows-0.46.0/src/Windows/Win32/System/Ole/mod.rs:1240)
[INFO] [stdout]           >>>               clroxide-4b275d9c457a3457.clroxide.4843faeefe68cd96-cgu.2.rcgu.o:(windows::Windows::Win32::System::Ole::SafeArrayCreateVector::h9df488a3687ad424) in archive /opt/rustwide/target/debug/deps/libclroxide-4b275d9c457a3457.rlib
[INFO] [stdout]           
[INFO] [stdout]           rust-lld: error: undefined symbol: SafeArrayUnaccessData
[INFO] [stdout]           >>> referenced by mod.rs:1394 (/opt/rustwide/cargo-home/registry/src/index.crates.io-6f17d22bba15001f/windows-0.46.0/src/Windows/Win32/System/Ole/mod.rs:1394)
[INFO] [stdout]           >>>               clroxide-4b275d9c457a3457.clroxide.4843faeefe68cd96-cgu.2.rcgu.o:(windows::Windows::Win32::System::Ole::SafeArrayUnaccessData::h40f9a7e277647a2c) in archive /opt/rustwide/target/debug/deps/libclroxide-4b275d9c457a3457.rlib
[INFO] [stdout]           
[INFO] [stdout]           rust-lld: error: undefined symbol: VirtualProtect
[INFO] [stdout]           >>> referenced by mod.rs:902 (/opt/rustwide/cargo-home/registry/src/index.crates.io-6f17d22bba15001f/windows-0.46.0/src/Windows/Win32/System/Memory/mod.rs:902)
[INFO] [stdout]           >>>               /opt/rustwide/target/debug/examples/patch_exit-0d89dc1734c5d125.patch_exit.d1f68cc5231695bd-cgu.0.rcgu.o:(windows::Windows::Win32::System::Memory::VirtualProtect::h382e56e8e5449d12)
[INFO] [stdout]           collect2: error: ld returned 1 exit status
[INFO] [stdout]           
[INFO] [stdout] 
[INFO] [stdout] 
[INFO] [stderr] error: could not compile `clroxide` (example "patch_exit") due to 1 previous error; 8 warnings emitted
[INFO] [stdout] error: linking with `cc` failed: exit status: 1
[INFO] [stdout]   |
[INFO] [stdout]   = note: LC_ALL="C" PATH="/opt/rustwide/rustup-home/toolchains/nightly-2024-10-28-x86_64-unknown-linux-gnu/lib/rustlib/x86_64-unknown-linux-gnu/bin:/opt/rustwide/rustup-home/toolchains/nightly-2024-10-28-x86_64-unknown-linux-gnu/lib/rustlib/x86_64-unknown-linux-gnu/bin/self-contained:/opt/rustwide/cargo-home/bin:/usr/local/sbin:/usr/local/bin:/usr/sbin:/usr/bin:/sbin:/bin" VSLANG="1033" "cc" "-m64" "/tmp/rustcgtLfkL/symbols.o" "/opt/rustwide/target/debug/examples/streaming_output-cb7c69fe6ad40d50.streaming_output.51d5924b5e02a74b-cgu.0.rcgu.o" "/opt/rustwide/target/debug/examples/streaming_output-cb7c69fe6ad40d50.streaming_output.51d5924b5e02a74b-cgu.1.rcgu.o" "/opt/rustwide/target/debug/examples/streaming_output-cb7c69fe6ad40d50.cmvlmmmtvznkutw8jz4ptsbr4.rcgu.o" "-Wl,--as-needed" "-Wl,-Bstatic" "/opt/rustwide/target/debug/deps/libclroxide-4b275d9c457a3457.rlib" "/opt/rustwide/target/debug/deps/libwindows-13e3ea9cb2dabf8e.rlib" "/opt/rustwide/rustup-home/toolchains/nightly-2024-10-28-x86_64-unknown-linux-gnu/lib/rustlib/x86_64-unknown-linux-gnu/lib/libstd-fb8c387236db3c10.rlib" "/opt/rustwide/rustup-home/toolchains/nightly-2024-10-28-x86_64-unknown-linux-gnu/lib/rustlib/x86_64-unknown-linux-gnu/lib/libpanic_unwind-b251837809b2f64b.rlib" "/opt/rustwide/rustup-home/toolchains/nightly-2024-10-28-x86_64-unknown-linux-gnu/lib/rustlib/x86_64-unknown-linux-gnu/lib/libobject-cbef83eaa4e01f04.rlib" "/opt/rustwide/rustup-home/toolchains/nightly-2024-10-28-x86_64-unknown-linux-gnu/lib/rustlib/x86_64-unknown-linux-gnu/lib/libmemchr-12a772286de2fca7.rlib" "/opt/rustwide/rustup-home/toolchains/nightly-2024-10-28-x86_64-unknown-linux-gnu/lib/rustlib/x86_64-unknown-linux-gnu/lib/libaddr2line-023bbe5ada7abfc3.rlib" "/opt/rustwide/rustup-home/toolchains/nightly-2024-10-28-x86_64-unknown-linux-gnu/lib/rustlib/x86_64-unknown-linux-gnu/lib/libgimli-de2bcdf10ec69c2b.rlib" "/opt/rustwide/rustup-home/toolchains/nightly-2024-10-28-x86_64-unknown-linux-gnu/lib/rustlib/x86_64-unknown-linux-gnu/lib/librustc_demangle-8e1754df350800fd.rlib" "/opt/rustwide/rustup-home/toolchains/nightly-2024-10-28-x86_64-unknown-linux-gnu/lib/rustlib/x86_64-unknown-linux-gnu/lib/libstd_detect-06c2ab7b9c32e037.rlib" "/opt/rustwide/rustup-home/toolchains/nightly-2024-10-28-x86_64-unknown-linux-gnu/lib/rustlib/x86_64-unknown-linux-gnu/lib/libhashbrown-51d2621fc57a281b.rlib" "/opt/rustwide/rustup-home/toolchains/nightly-2024-10-28-x86_64-unknown-linux-gnu/lib/rustlib/x86_64-unknown-linux-gnu/lib/librustc_std_workspace_alloc-54a930408793772f.rlib" "/opt/rustwide/rustup-home/toolchains/nightly-2024-10-28-x86_64-unknown-linux-gnu/lib/rustlib/x86_64-unknown-linux-gnu/lib/libminiz_oxide-0c7d01cba400dcb2.rlib" "/opt/rustwide/rustup-home/toolchains/nightly-2024-10-28-x86_64-unknown-linux-gnu/lib/rustlib/x86_64-unknown-linux-gnu/lib/libadler-b9f84d69e331b75b.rlib" "/opt/rustwide/rustup-home/toolchains/nightly-2024-10-28-x86_64-unknown-linux-gnu/lib/rustlib/x86_64-unknown-linux-gnu/lib/libunwind-eec95493246aae39.rlib" "/opt/rustwide/rustup-home/toolchains/nightly-2024-10-28-x86_64-unknown-linux-gnu/lib/rustlib/x86_64-unknown-linux-gnu/lib/libcfg_if-6f6676c475e08ab0.rlib" "/opt/rustwide/rustup-home/toolchains/nightly-2024-10-28-x86_64-unknown-linux-gnu/lib/rustlib/x86_64-unknown-linux-gnu/lib/liblibc-799d520624f8b2e0.rlib" "/opt/rustwide/rustup-home/toolchains/nightly-2024-10-28-x86_64-unknown-linux-gnu/lib/rustlib/x86_64-unknown-linux-gnu/lib/liballoc-fcf93d4842acd9a9.rlib" "/opt/rustwide/rustup-home/toolchains/nightly-2024-10-28-x86_64-unknown-linux-gnu/lib/rustlib/x86_64-unknown-linux-gnu/lib/librustc_std_workspace_core-395a38b8e0851c9b.rlib" "/opt/rustwide/rustup-home/toolchains/nightly-2024-10-28-x86_64-unknown-linux-gnu/lib/rustlib/x86_64-unknown-linux-gnu/lib/libcore-d453bab70303062c.rlib" "/opt/rustwide/rustup-home/toolchains/nightly-2024-10-28-x86_64-unknown-linux-gnu/lib/rustlib/x86_64-unknown-linux-gnu/lib/libcompiler_builtins-0e6386368b0a24e8.rlib" "-Wl,-Bdynamic" "-lgcc_s" "-lutil" "-lrt" "-lpthread" "-lm" "-ldl" "-lc" "-B/opt/rustwide/rustup-home/toolchains/nightly-2024-10-28-x86_64-unknown-linux-gnu/lib/rustlib/x86_64-unknown-linux-gnu/bin/gcc-ld" "-fuse-ld=lld" "-Wl,--eh-frame-hdr" "-Wl,-z,noexecstack" "-L" "/opt/rustwide/rustup-home/toolchains/nightly-2024-10-28-x86_64-unknown-linux-gnu/lib/rustlib/x86_64-unknown-linux-gnu/lib" "-o" "/opt/rustwide/target/debug/examples/streaming_output-cb7c69fe6ad40d50" "-Wl,--gc-sections" "-pie" "-Wl,-z,relro,-z,now" "-nodefaultlibs"
[INFO] [stdout]   = note: rust-lld: error: undefined symbol: LoadLibraryA
[INFO] [stdout]           >>> referenced by mod.rs:371 (/opt/rustwide/cargo-home/registry/src/index.crates.io-6f17d22bba15001f/windows-0.46.0/src/Windows/Win32/System/LibraryLoader/mod.rs:371)
[INFO] [stdout]           >>>               clroxide-4b275d9c457a3457.clroxide.4843faeefe68cd96-cgu.3.rcgu.o:(windows::Windows::Win32::System::LibraryLoader::LoadLibraryA::h08d55e24d5486317) in archive /opt/rustwide/target/debug/deps/libclroxide-4b275d9c457a3457.rlib
[INFO] [stdout]           >>> referenced by delay_load.rs:11 (src/imp/delay_load.rs:11)
[INFO] [stdout]           >>>               windows-13e3ea9cb2dabf8e.windows.d0666395f68078ed-cgu.05.rcgu.o:(windows::imp::delay_load::delay_load::he8f81c8b59ce4b8f) in archive /opt/rustwide/target/debug/deps/libwindows-13e3ea9cb2dabf8e.rlib
[INFO] [stdout]           
[INFO] [stdout]           rust-lld: error: undefined symbol: GetProcAddress
[INFO] [stdout]           >>> referenced by mod.rs:361 (/opt/rustwide/cargo-home/registry/src/index.crates.io-6f17d22bba15001f/windows-0.46.0/src/Windows/Win32/System/LibraryLoader/mod.rs:361)
[INFO] [stdout]           >>>               clroxide-4b275d9c457a3457.clroxide.4843faeefe68cd96-cgu.3.rcgu.o:(windows::Windows::Win32::System::LibraryLoader::GetProcAddress::hb86e7d3e1eebd92c) in archive /opt/rustwide/target/debug/deps/libclroxide-4b275d9c457a3457.rlib
[INFO] [stdout]           >>> referenced by delay_load.rs:17 (src/imp/delay_load.rs:17)
[INFO] [stdout]           >>>               windows-13e3ea9cb2dabf8e.windows.d0666395f68078ed-cgu.05.rcgu.o:(windows::imp::delay_load::delay_load::he8f81c8b59ce4b8f) in archive /opt/rustwide/target/debug/deps/libwindows-13e3ea9cb2dabf8e.rlib
[INFO] [stdout]           
[INFO] [stdout]           rust-lld: error: undefined symbol: SafeArrayCreate
[INFO] [stdout]           >>> referenced by mod.rs:1226 (/opt/rustwide/cargo-home/registry/src/index.crates.io-6f17d22bba15001f/windows-0.46.0/src/Windows/Win32/System/Ole/mod.rs:1226)
[INFO] [stdout]           >>>               clroxide-4b275d9c457a3457.clroxide.4843faeefe68cd96-cgu.2.rcgu.o:(windows::Windows::Win32::System::Ole::SafeArrayCreate::h80dcd690ca5a43b8) in archive /opt/rustwide/target/debug/deps/libclroxide-4b275d9c457a3457.rlib
[INFO] [stdout]           
[INFO] [stdout]           rust-lld: error: undefined symbol: SafeArrayGetLBound
[INFO] [stdout]           >>> referenced by mod.rs:1305 (/opt/rustwide/cargo-home/registry/src/index.crates.io-6f17d22bba15001f/windows-0.46.0/src/Windows/Win32/System/Ole/mod.rs:1305)
[INFO] [stdout]           >>>               clroxide-4b275d9c457a3457.clroxide.4843faeefe68cd96-cgu.2.rcgu.o:(windows::Windows::Win32::System::Ole::SafeArrayGetLBound::hdeb8cb9b076393bd) in archive /opt/rustwide/target/debug/deps/libclroxide-4b275d9c457a3457.rlib
[INFO] [stdout]           
[INFO] [stdout]           rust-lld: error: undefined symbol: SafeArrayGetUBound
[INFO] [stdout]           >>> referenced by mod.rs:1321 (/opt/rustwide/cargo-home/registry/src/index.crates.io-6f17d22bba15001f/windows-0.46.0/src/Windows/Win32/System/Ole/mod.rs:1321)
[INFO] [stdout]           >>>               clroxide-4b275d9c457a3457.clroxide.4843faeefe68cd96-cgu.2.rcgu.o:(windows::Windows::Win32::System::Ole::SafeArrayGetUBound::h093d1c9978056e01) in archive /opt/rustwide/target/debug/deps/libclroxide-4b275d9c457a3457.rlib
[INFO] [stdout]           
[INFO] [stdout]           rust-lld: error: undefined symbol: SafeArrayAccessData
[INFO] [stdout]           >>> referenced by mod.rs:1174 (/opt/rustwide/cargo-home/registry/src/index.crates.io-6f17d22bba15001f/windows-0.46.0/src/Windows/Win32/System/Ole/mod.rs:1174)
[INFO] [stdout]           >>>               clroxide-4b275d9c457a3457.clroxide.4843faeefe68cd96-cgu.2.rcgu.o:(windows::Windows::Win32::System::Ole::SafeArrayAccessData::h87584fa3adc266e0) in archive /opt/rustwide/target/debug/deps/libclroxide-4b275d9c457a3457.rlib
[INFO] [stdout]           
[INFO] [stdout]           rust-lld: error: undefined symbol: SafeArrayGetElement
[INFO] [stdout]           >>> referenced by mod.rs:1282 (/opt/rustwide/cargo-home/registry/src/index.crates.io-6f17d22bba15001f/windows-0.46.0/src/Windows/Win32/System/Ole/mod.rs:1282)
[INFO] [stdout]           >>>               clroxide-4b275d9c457a3457.clroxide.4843faeefe68cd96-cgu.2.rcgu.o:(windows::Windows::Win32::System::Ole::SafeArrayGetElement::hcea29135f527ae72) in archive /opt/rustwide/target/debug/deps/libclroxide-4b275d9c457a3457.rlib
[INFO] [stdout]           
[INFO] [stdout]           rust-lld: error: undefined symbol: SafeArrayPutElement
[INFO] [stdout]           >>> referenced by mod.rs:1350 (/opt/rustwide/cargo-home/registry/src/index.crates.io-6f17d22bba15001f/windows-0.46.0/src/Windows/Win32/System/Ole/mod.rs:1350)
[INFO] [stdout]           >>>               clroxide-4b275d9c457a3457.clroxide.4843faeefe68cd96-cgu.2.rcgu.o:(windows::Windows::Win32::System::Ole::SafeArrayPutElement::h7298fde3397486ac) in archive /opt/rustwide/target/debug/deps/libclroxide-4b275d9c457a3457.rlib
[INFO] [stdout]           
[INFO] [stdout]           rust-lld: error: undefined symbol: SafeArrayCreateVector
[INFO] [stdout]           >>> referenced by mod.rs:1240 (/opt/rustwide/cargo-home/registry/src/index.crates.io-6f17d22bba15001f/windows-0.46.0/src/Windows/Win32/System/Ole/mod.rs:1240)
[INFO] [stdout]           >>>               clroxide-4b275d9c457a3457.clroxide.4843faeefe68cd96-cgu.2.rcgu.o:(windows::Windows::Win32::System::Ole::SafeArrayCreateVector::h9df488a3687ad424) in archive /opt/rustwide/target/debug/deps/libclroxide-4b275d9c457a3457.rlib
[INFO] [stdout]           
[INFO] [stdout]           rust-lld: error: undefined symbol: SafeArrayUnaccessData
[INFO] [stdout]           >>> referenced by mod.rs:1394 (/opt/rustwide/cargo-home/registry/src/index.crates.io-6f17d22bba15001f/windows-0.46.0/src/Windows/Win32/System/Ole/mod.rs:1394)
[INFO] [stdout]           >>>               clroxide-4b275d9c457a3457.clroxide.4843faeefe68cd96-cgu.2.rcgu.o:(windows::Windows::Win32::System::Ole::SafeArrayUnaccessData::h40f9a7e277647a2c) in archive /opt/rustwide/target/debug/deps/libclroxide-4b275d9c457a3457.rlib
[INFO] [stdout]           
[INFO] [stdout]           rust-lld: error: undefined symbol: FormatMessageW
[INFO] [stdout]           >>> referenced by hresult.rs:89 (src/core/hresult.rs:89)
[INFO] [stdout]           >>>               windows-13e3ea9cb2dabf8e.windows.d0666395f68078ed-cgu.06.rcgu.o:(windows::core::hresult::HRESULT::message::h1087251d709acb64) in archive /opt/rustwide/target/debug/deps/libwindows-13e3ea9cb2dabf8e.rlib
[INFO] [stdout]           
[INFO] [stdout]           rust-lld: error: undefined symbol: GetLastError
[INFO] [stdout]           >>> referenced by error.rs:28 (src/core/error.rs:28)
[INFO] [stdout]           >>>               windows-13e3ea9cb2dabf8e.windows.d0666395f68078ed-cgu.07.rcgu.o:(windows::core::error::Error::from_win32::hffac6e1792ade849) in archive /opt/rustwide/target/debug/deps/libwindows-13e3ea9cb2dabf8e.rlib
[INFO] [stdout]           
[INFO] [stdout]           rust-lld: error: undefined symbol: SysStringLen
[INFO] [stdout]           >>> referenced by bstr.rs:27 (src/core/strings/bstr.rs:27)
[INFO] [stdout]           >>>               windows-13e3ea9cb2dabf8e.windows.d0666395f68078ed-cgu.06.rcgu.o:(windows::core::strings::bstr::BSTR::len::ha563d0985dde0907) in archive /opt/rustwide/target/debug/deps/libwindows-13e3ea9cb2dabf8e.rlib
[INFO] [stdout]           
[INFO] [stdout]           rust-lld: error: undefined symbol: GetErrorInfo
[INFO] [stdout]           >>> referenced by error.rs:154 (src/core/error.rs:154)
[INFO] [stdout]           >>>               windows-13e3ea9cb2dabf8e.windows.d0666395f68078ed-cgu.07.rcgu.o:(windows::core::error::GetErrorInfo::h2ceef1a11daeb8e9) in archive /opt/rustwide/target/debug/deps/libwindows-13e3ea9cb2dabf8e.rlib
[INFO] [stdout]           
[INFO] [stdout]           rust-lld: error: undefined symbol: SysAllocStringLen
[INFO] [stdout]           >>> referenced by bstr.rs:46 (src/core/strings/bstr.rs:46)
[INFO] [stdout]           >>>               windows-13e3ea9cb2dabf8e.windows.d0666395f68078ed-cgu.06.rcgu.o:(windows::core::strings::bstr::BSTR::from_wide::h415de67780e3be21) in archive /opt/rustwide/target/debug/deps/libwindows-13e3ea9cb2dabf8e.rlib
[INFO] [stdout]           
[INFO] [stdout]           rust-lld: error: undefined symbol: FreeLibrary
[INFO] [stdout]           >>> referenced by delay_load.rs:23 (src/imp/delay_load.rs:23)
[INFO] [stdout]           >>>               windows-13e3ea9cb2dabf8e.windows.d0666395f68078ed-cgu.05.rcgu.o:(windows::imp::delay_load::delay_load::he8f81c8b59ce4b8f) in archive /opt/rustwide/target/debug/deps/libwindows-13e3ea9cb2dabf8e.rlib
[INFO] [stdout]           
[INFO] [stdout]           rust-lld: error: undefined symbol: SysFreeString
[INFO] [stdout]           >>> referenced by bstr.rs:154 (src/core/strings/bstr.rs:154)
[INFO] [stdout]           >>>               windows-13e3ea9cb2dabf8e.windows.d0666395f68078ed-cgu.06.rcgu.o:(_$LT$windows..core..strings..bstr..BSTR$u20$as$u20$core..ops..drop..Drop$GT$::drop::h00c77ef4d645a197) in archive /opt/rustwide/target/debug/deps/libwindows-13e3ea9cb2dabf8e.rlib
[INFO] [stdout]           
[INFO] [stdout]           rust-lld: error: undefined symbol: GetProcessHeap
[INFO] [stdout]           >>> referenced by heap.rs:10 (src/imp/heap.rs:10)
[INFO] [stdout]           >>>               windows-13e3ea9cb2dabf8e.windows.d0666395f68078ed-cgu.06.rcgu.o:(windows::imp::heap::heap_alloc::h0d81bf1217eba09f) in archive /opt/rustwide/target/debug/deps/libwindows-13e3ea9cb2dabf8e.rlib
[INFO] [stdout]           >>> referenced by heap.rs:34 (src/imp/heap.rs:34)
[INFO] [stdout]           >>>               windows-13e3ea9cb2dabf8e.windows.d0666395f68078ed-cgu.06.rcgu.o:(windows::imp::heap::heap_free::ha85938c8bb45905a) in archive /opt/rustwide/target/debug/deps/libwindows-13e3ea9cb2dabf8e.rlib
[INFO] [stdout]           
[INFO] [stdout]           rust-lld: error: undefined symbol: HeapAlloc
[INFO] [stdout]           >>> referenced by heap.rs:10 (src/imp/heap.rs:10)
[INFO] [stdout]           >>>               windows-13e3ea9cb2dabf8e.windows.d0666395f68078ed-cgu.06.rcgu.o:(windows::imp::heap::heap_alloc::h0d81bf1217eba09f) in archive /opt/rustwide/target/debug/deps/libwindows-13e3ea9cb2dabf8e.rlib
[INFO] [stdout]           
[INFO] [stdout]           rust-lld: error: undefined symbol: HeapFree
[INFO] [stdout]           >>> referenced by heap.rs:34 (src/imp/heap.rs:34)
[INFO] [stdout]           >>>               windows-13e3ea9cb2dabf8e.windows.d0666395f68078ed-cgu.06.rcgu.o:(windows::imp::heap::heap_free::ha85938c8bb45905a) in archive /opt/rustwide/target/debug/deps/libwindows-13e3ea9cb2dabf8e.rlib
[INFO] [stdout]           collect2: error: ld returned 1 exit status
[INFO] [stdout]           
[INFO] [stdout] 
[INFO] [stdout] 
[INFO] [stderr] error: could not compile `clroxide` (example "streaming_output") due to 1 previous error; 15 warnings emitted
[INFO] running `Command { std: "docker" "inspect" "20198b8b3d5b96ecd6a48c10cbb6dcc6d839b5cad740d3b1e6679c837ba5ffb9", kill_on_drop: false }`
[INFO] running `Command { std: "docker" "rm" "-f" "20198b8b3d5b96ecd6a48c10cbb6dcc6d839b5cad740d3b1e6679c837ba5ffb9", kill_on_drop: false }`
[INFO] [stdout] 20198b8b3d5b96ecd6a48c10cbb6dcc6d839b5cad740d3b1e6679c837ba5ffb9
