[INFO] fetching crate clouddns-nat-helper 0.2.13...
[INFO] testing clouddns-nat-helper-0.2.13 against nightly-2024-10-28 for randomize-layout
[INFO] extracting crate clouddns-nat-helper 0.2.13 into /workspace/builds/worker-7-tc1/source
[INFO] validating manifest of crates.io crate clouddns-nat-helper 0.2.13 on toolchain nightly-2024-10-28
[INFO] running `Command { std: CARGO_HOME="/workspace/cargo-home" RUSTUP_HOME="/workspace/rustup-home" "/workspace/cargo-home/bin/cargo" "+nightly-2024-10-28" "metadata" "--manifest-path" "Cargo.toml" "--no-deps", kill_on_drop: false }`
[INFO] started tweaking crates.io crate clouddns-nat-helper 0.2.13
[INFO] finished tweaking crates.io crate clouddns-nat-helper 0.2.13
[INFO] tweaked toml for crates.io crate clouddns-nat-helper 0.2.13 written to /workspace/builds/worker-7-tc1/source/Cargo.toml
[INFO] crate crates.io crate clouddns-nat-helper 0.2.13 already has a lockfile, it will not be regenerated
[INFO] running `Command { std: CARGO_HOME="/workspace/cargo-home" RUSTUP_HOME="/workspace/rustup-home" "/workspace/cargo-home/bin/cargo" "+nightly-2024-10-28" "fetch" "--manifest-path" "Cargo.toml", kill_on_drop: false }`
[INFO] [stderr]     Updating crates.io index
[INFO] [stderr]     Blocking waiting for file lock on package cache
[INFO] [stderr]  Downloading crates ...
[INFO] [stderr]   Downloaded debug-builders v0.1.0
[INFO] [stderr]   Downloaded debugtrace v0.1.0
[INFO] [stderr]   Downloaded backtrace v0.1.8
[INFO] [stderr]   Downloaded dnsclient v0.1.19
[INFO] [stderr]   Downloaded chomp1 v0.3.4
[INFO] [stderr]   Downloaded mockall_double v0.3.1
[INFO] [stderr]   Downloaded totems v0.2.7
[INFO] [stderr]   Downloaded cloudflare v0.11.0
[INFO] [stderr]   Downloaded clap_derive v4.5.5
[INFO] [stderr]   Downloaded clap v4.5.6
[INFO] [stderr]   Downloaded dnssector v0.2.13
[INFO] [stderr]   Downloaded async-executor v1.9.1
[INFO] [stderr]   Downloaded clap_builder v4.5.6
[INFO] [stderr]   Downloaded backtrace-sys v0.1.37
[INFO] running `Command { std: "docker" "create" "-v" "/var/lib/crater-agent-workspace/builds/worker-7-tc1/target:/opt/rustwide/target:rw,Z" "-v" "/var/lib/crater-agent-workspace/builds/worker-7-tc1/source:/opt/rustwide/workdir:ro,Z" "-v" "/var/lib/crater-agent-workspace/cargo-home:/opt/rustwide/cargo-home:ro,Z" "-v" "/var/lib/crater-agent-workspace/rustup-home:/opt/rustwide/rustup-home:ro,Z" "-e" "SOURCE_DIR=/opt/rustwide/workdir" "-e" "CARGO_TARGET_DIR=/opt/rustwide/target" "-e" "CARGO_HOME=/opt/rustwide/cargo-home" "-e" "RUSTUP_HOME=/opt/rustwide/rustup-home" "-w" "/opt/rustwide/workdir" "-m" "1610612736" "--user" "0:0" "--network" "none" "ghcr.io/rust-lang/crates-build-env/linux@sha256:4a844ea9eb2546a2d2c7022eacef16ef2e8229c7fbb2c7d4d55a9ceca922f72d" "/opt/rustwide/cargo-home/bin/cargo" "+nightly-2024-10-28" "metadata" "--no-deps" "--format-version=1", kill_on_drop: false }`
[INFO] [stdout] fc5b14320a51be6f2b8bd9315e62f1d33f99b1beb787301242594615c39c5aec
[INFO] running `Command { std: "docker" "start" "-a" "fc5b14320a51be6f2b8bd9315e62f1d33f99b1beb787301242594615c39c5aec", kill_on_drop: false }`
[INFO] running `Command { std: "docker" "inspect" "fc5b14320a51be6f2b8bd9315e62f1d33f99b1beb787301242594615c39c5aec", kill_on_drop: false }`
[INFO] running `Command { std: "docker" "rm" "-f" "fc5b14320a51be6f2b8bd9315e62f1d33f99b1beb787301242594615c39c5aec", kill_on_drop: false }`
[INFO] [stdout] fc5b14320a51be6f2b8bd9315e62f1d33f99b1beb787301242594615c39c5aec
[INFO] running `Command { std: "docker" "create" "-v" "/var/lib/crater-agent-workspace/builds/worker-7-tc1/target:/opt/rustwide/target:rw,Z" "-v" "/var/lib/crater-agent-workspace/builds/worker-7-tc1/source:/opt/rustwide/workdir:ro,Z" "-v" "/var/lib/crater-agent-workspace/cargo-home:/opt/rustwide/cargo-home:ro,Z" "-v" "/var/lib/crater-agent-workspace/rustup-home:/opt/rustwide/rustup-home:ro,Z" "-e" "SOURCE_DIR=/opt/rustwide/workdir" "-e" "CARGO_TARGET_DIR=/opt/rustwide/target" "-e" "CARGO_INCREMENTAL=0" "-e" "RUST_BACKTRACE=full" "-e" "RUSTFLAGS=--cap-lints=forbid" "-e" "RUSTDOCFLAGS=--cap-lints=forbid" "-e" "CARGO_HOME=/opt/rustwide/cargo-home" "-e" "RUSTUP_HOME=/opt/rustwide/rustup-home" "-w" "/opt/rustwide/workdir" "-m" "1610612736" "--user" "0:0" "--network" "none" "ghcr.io/rust-lang/crates-build-env/linux@sha256:4a844ea9eb2546a2d2c7022eacef16ef2e8229c7fbb2c7d4d55a9ceca922f72d" "/opt/rustwide/cargo-home/bin/cargo" "+nightly-2024-10-28" "build" "--frozen" "--message-format=json", kill_on_drop: false }`
[INFO] [stdout] bbd2718931d5376bbb5ef0c726b9ace90f3b70e580aaf129add0668f460bb7cd
[INFO] running `Command { std: "docker" "start" "-a" "bbd2718931d5376bbb5ef0c726b9ace90f3b70e580aaf129add0668f460bb7cd", kill_on_drop: false }`
[INFO] [stderr]    Compiling libc v0.2.153
[INFO] [stderr]    Compiling proc-macro2 v1.0.79
[INFO] [stderr]    Compiling autocfg v1.2.0
[INFO] [stderr]    Compiling crossbeam-utils v0.8.19
[INFO] [stderr]    Compiling cc v1.0.90
[INFO] [stderr]    Compiling parking v2.2.0
[INFO] [stderr]    Compiling futures-io v0.3.30
[INFO] [stderr]    Compiling memchr v2.7.2
[INFO] [stderr]    Compiling value-bag v1.8.1
[INFO] [stderr]    Compiling winapi-build v0.1.1
[INFO] [stderr]    Compiling bytes v1.6.0
[INFO] [stderr]    Compiling bitflags v2.5.0
[INFO] [stderr]    Compiling fastrand v2.0.2
[INFO] [stderr]    Compiling rustix v0.38.32
[INFO] [stderr]    Compiling serde v1.0.197
[INFO] [stderr]    Compiling linux-raw-sys v0.4.13
[INFO] [stderr]    Compiling kernel32-sys v0.2.2
[INFO] [stderr]    Compiling dbghelp-sys v0.2.0
[INFO] [stderr]    Compiling io-lifetimes v1.0.11
[INFO] [stderr]    Compiling futures-lite v2.3.0
[INFO] [stderr]    Compiling log v0.4.21
[INFO] [stderr]    Compiling winapi v0.2.8
[INFO] [stderr]    Compiling ident_case v1.0.1
[INFO] [stderr]    Compiling hashbrown v0.14.3
[INFO] [stderr]    Compiling httparse v1.8.0
[INFO] [stderr]    Compiling strsim v0.10.0
[INFO] [stderr]    Compiling rustix v0.37.27
[INFO] [stderr]    Compiling slab v0.4.9
[INFO] [stderr]    Compiling polling v2.8.0
[INFO] [stderr]    Compiling futures-sink v0.3.30
[INFO] [stderr]    Compiling rustls v0.21.10
[INFO] [stderr]    Compiling event-listener v2.5.3
[INFO] [stderr]    Compiling http v0.2.12
[INFO] [stderr]    Compiling tinyvec v1.6.0
[INFO] [stderr]    Compiling async-io v1.13.0
[INFO] [stderr]    Compiling waker-fn v1.1.1
[INFO] [stderr]    Compiling atomic-waker v1.1.2
[INFO] [stderr]    Compiling concurrent-queue v2.4.0
[INFO] [stderr]    Compiling debugtrace v0.1.0
[INFO] [stderr]    Compiling bitflags v1.3.2
[INFO] [stderr]    Compiling quote v1.0.35
[INFO] [stderr]    Compiling futures-util v0.3.30
[INFO] [stderr]    Compiling linux-raw-sys v0.3.8
[INFO] [stderr]    Compiling thiserror v1.0.61
[INFO] [stderr]    Compiling syn v2.0.58
[INFO] [stderr]    Compiling getrandom v0.2.12
[INFO] [stderr]    Compiling event-listener v4.0.3
[INFO] [stderr]    Compiling socket2 v0.5.6
[INFO] [stderr]    Compiling socket2 v0.4.10
[INFO] [stderr]    Compiling mio v0.8.11
[INFO] [stderr]    Compiling event-listener v5.2.0
[INFO] [stderr]    Compiling indexmap v2.2.6
[INFO] [stderr]    Compiling fastrand v1.9.0
[INFO] [stderr]    Compiling debug-builders v0.1.0
[INFO] [stderr]    Compiling cfg-if v0.1.10
[INFO] [stderr]    Compiling event-listener-strategy v0.4.0
[INFO] [stderr]    Compiling event-listener-strategy v0.5.1
[INFO] [stderr]    Compiling async-task v4.7.0
[INFO] [stderr]    Compiling async-lock v3.3.0
[INFO] [stderr]    Compiling utf8parse v0.2.1
[INFO] [stderr]    Compiling unicode-normalization v0.1.23
[INFO] [stderr]    Compiling futures-lite v1.13.0
[INFO] [stderr]    Compiling anstyle-parse v0.2.3
[INFO] [stderr]    Compiling async-channel v2.2.0
[INFO] [stderr]    Compiling http-body v0.4.6
[INFO] [stderr]    Compiling ring v0.17.8
[INFO] [stderr]    Compiling backtrace-sys v0.1.37
[INFO] [stderr]    Compiling rand_core v0.6.4
[INFO] [stderr]    Compiling signal-hook-registry v1.4.1
[INFO] [stderr]    Compiling piper v0.2.1
[INFO] [stderr]    Compiling aho-corasick v1.1.3
[INFO] [stderr]    Compiling async-lock v2.8.0
[INFO] [stderr]    Compiling num-traits v0.2.18
[INFO] [stderr]    Compiling futures-channel v0.3.30
[INFO] [stderr]    Compiling colorchoice v1.0.0
[INFO] [stderr]    Compiling anstyle-query v1.0.2
[INFO] [stderr]    Compiling ryu v1.0.17
[INFO] [stderr]    Compiling anyhow v1.0.81
[INFO] [stderr]    Compiling custom_derive v0.1.7
[INFO] [stderr]    Compiling regex-syntax v0.8.3
[INFO] [stderr]    Compiling either v1.10.0
[INFO] [stderr]    Compiling anstyle v1.0.6
[INFO] [stderr]    Compiling serde_json v1.0.117
[INFO] [stderr]    Compiling idna v0.5.0
[INFO] [stderr]    Compiling conv v0.3.3
[INFO] [stderr]    Compiling rand_chacha v0.3.1
[INFO] [stderr]    Compiling anstream v0.6.13
[INFO] [stderr]    Compiling blocking v1.5.1
[INFO] [stderr]    Compiling async-executor v1.9.1
[INFO] [stderr]    Compiling event-listener v3.1.0
[INFO] [stderr]    Compiling rand v0.8.5
[INFO] [stderr]    Compiling url v2.5.0
[INFO] [stderr]    Compiling async-channel v1.9.0
[INFO] [stderr]    Compiling kv-log-macro v1.0.7
[INFO] [stderr]    Compiling backtrace v0.1.8
[INFO] [stderr]    Compiling encoding_rs v0.8.33
[INFO] [stderr]    Compiling iana-time-zone v0.1.60
[INFO] [stderr]    Compiling strsim v0.11.1
[INFO] [stderr]    Compiling heck v0.5.0
[INFO] [stderr]    Compiling chomp1 v0.3.4
[INFO] [stderr]    Compiling clap_lex v0.7.0
[INFO] [stderr]    Compiling regex-automata v0.4.6
[INFO] [stderr]    Compiling hex v0.4.3
[INFO] [stderr]    Compiling ipnet v2.9.0
[INFO] [stderr]    Compiling base64 v0.13.1
[INFO] [stderr]    Compiling clap_builder v4.5.6
[INFO] [stderr]    Compiling itertools v0.13.0
[INFO] [stderr]    Compiling darling_core v0.20.8
[INFO] [stderr]    Compiling tokio-macros v2.3.0
[INFO] [stderr]    Compiling serde_derive v1.0.197
[INFO] [stderr]    Compiling thiserror-impl v1.0.61
[INFO] [stderr]    Compiling clap_derive v4.5.5
[INFO] [stderr]    Compiling mockall_double v0.3.1
[INFO] [stderr]    Compiling polling v3.6.0
[INFO] [stderr]    Compiling tokio v1.38.0
[INFO] [stderr]    Compiling async-io v2.3.2
[INFO] [stderr]    Compiling regex v1.10.4
[INFO] [stderr]    Compiling dnssector v0.2.13
[INFO] [stderr]    Compiling rustls-webpki v0.101.7
[INFO] [stderr]    Compiling sct v0.7.1
[INFO] [stderr]    Compiling async-signal v0.2.5
[INFO] [stderr]    Compiling async-global-executor v2.4.1
[INFO] [stderr]    Compiling async-process v1.8.1
[INFO] [stderr]    Compiling env_filter v0.1.0
[INFO] [stderr]    Compiling darling_macro v0.20.8
[INFO] [stderr]    Compiling async-std v1.12.0
[INFO] [stderr]    Compiling env_logger v0.11.3
[INFO] [stderr]    Compiling darling v0.20.8
[INFO] [stderr]    Compiling serde_with_macros v2.3.3
[INFO] [stderr]    Compiling clap v4.5.6
[INFO] [stderr]    Compiling dnsclient v0.1.19
[INFO] [stderr]    Compiling tokio-util v0.7.10
[INFO] [stderr]    Compiling tokio-rustls v0.24.1
[INFO] [stderr]    Compiling h2 v0.3.26
[INFO] [stderr]    Compiling serde_urlencoded v0.7.1
[INFO] [stderr]    Compiling uuid v1.8.0
[INFO] [stderr]    Compiling chrono v0.4.38
[INFO] [stderr]    Compiling serde_with v2.3.3
[INFO] [stderr]    Compiling hyper v0.14.28
[INFO] [stderr]    Compiling hyper-rustls v0.24.2
[INFO] [stderr]    Compiling reqwest v0.11.27
[INFO] [stderr]    Compiling cloudflare v0.11.0
[INFO] [stderr]    Compiling clouddns-nat-helper v0.2.13 (/opt/rustwide/workdir)
[INFO] [stderr]     Finished `dev` profile [unoptimized + debuginfo] target(s) in 24.93s
[INFO] running `Command { std: "docker" "inspect" "bbd2718931d5376bbb5ef0c726b9ace90f3b70e580aaf129add0668f460bb7cd", kill_on_drop: false }`
[INFO] running `Command { std: "docker" "rm" "-f" "bbd2718931d5376bbb5ef0c726b9ace90f3b70e580aaf129add0668f460bb7cd", kill_on_drop: false }`
[INFO] [stdout] bbd2718931d5376bbb5ef0c726b9ace90f3b70e580aaf129add0668f460bb7cd
[INFO] running `Command { std: "docker" "create" "-v" "/var/lib/crater-agent-workspace/builds/worker-7-tc1/target:/opt/rustwide/target:rw,Z" "-v" "/var/lib/crater-agent-workspace/builds/worker-7-tc1/source:/opt/rustwide/workdir:ro,Z" "-v" "/var/lib/crater-agent-workspace/cargo-home:/opt/rustwide/cargo-home:ro,Z" "-v" "/var/lib/crater-agent-workspace/rustup-home:/opt/rustwide/rustup-home:ro,Z" "-e" "SOURCE_DIR=/opt/rustwide/workdir" "-e" "CARGO_TARGET_DIR=/opt/rustwide/target" "-e" "CARGO_INCREMENTAL=0" "-e" "RUST_BACKTRACE=full" "-e" "RUSTFLAGS=--cap-lints=forbid" "-e" "RUSTDOCFLAGS=--cap-lints=forbid" "-e" "CARGO_HOME=/opt/rustwide/cargo-home" "-e" "RUSTUP_HOME=/opt/rustwide/rustup-home" "-w" "/opt/rustwide/workdir" "-m" "1610612736" "--user" "0:0" "--network" "none" "ghcr.io/rust-lang/crates-build-env/linux@sha256:4a844ea9eb2546a2d2c7022eacef16ef2e8229c7fbb2c7d4d55a9ceca922f72d" "/opt/rustwide/cargo-home/bin/cargo" "+nightly-2024-10-28" "test" "--frozen" "--no-run" "--message-format=json", kill_on_drop: false }`
[INFO] [stdout] faace07da9141fa4fe3ea2bec9436274f6622b29191ddd1b8b0aa875f05e5c39
[INFO] running `Command { std: "docker" "start" "-a" "faace07da9141fa4fe3ea2bec9436274f6622b29191ddd1b8b0aa875f05e5c39", kill_on_drop: false }`
[INFO] [stderr]    Compiling predicates-core v1.0.6
[INFO] [stderr]    Compiling termtree v0.4.1
[INFO] [stderr]    Compiling mockall_derive v0.12.1
[INFO] [stderr]    Compiling chrono v0.4.38
[INFO] [stderr]    Compiling lazy_static v1.4.0
[INFO] [stderr]    Compiling downcast v0.11.0
[INFO] [stderr]    Compiling fragile v2.0.0
[INFO] [stderr]    Compiling totems v0.2.7
[INFO] [stderr]    Compiling predicates v3.1.0
[INFO] [stderr]    Compiling predicates-tree v1.0.9
[INFO] [stderr]    Compiling cloudflare v0.11.0
[INFO] [stderr]    Compiling mockall v0.12.1
[INFO] [stderr]    Compiling clouddns-nat-helper v0.2.13 (/opt/rustwide/workdir)
[INFO] [stdout] error[E0063]: missing field `multiple_railguns_allowed` in initializer of `cloudflare::endpoints::zone::Meta`
[INFO] [stdout]    --> src/provider/cloudflare/mod.rs:221:19
[INFO] [stdout]     |
[INFO] [stdout] 221 |             meta: endpoints::zone::Meta {
[INFO] [stdout]     |                   ^^^^^^^^^^^^^^^^^^^^^ missing `multiple_railguns_allowed`
[INFO] [stdout] 
[INFO] [stdout] 
[INFO] [stdout] error[E0308]: mismatched types
[INFO] [stdout]    --> src/provider/cloudflare/mod.rs:232:21
[INFO] [stdout]     |
[INFO] [stdout] 232 |                 id: Some("abc123".to_string()),
[INFO] [stdout]     |                     ^^^^^^^^^^^^^^^^^^^^^^^^^^ expected `String`, found `Option<String>`
[INFO] [stdout]     |
[INFO] [stdout]     = note: expected struct `std::string::String`
[INFO] [stdout]                  found enum `Option<std::string::String>`
[INFO] [stdout] 
[INFO] [stdout] 
[INFO] [stdout] error[E0308]: mismatched types
[INFO] [stdout]    --> src/provider/cloudflare/mod.rs:233:24
[INFO] [stdout]     |
[INFO] [stdout] 233 |                 email: Some("fakeuser@example.com".to_string()),
[INFO] [stdout]     |                        ^^^^^^^^^^^^^^^^^^^^^^^^^^^^^^^^^^^^^^^^ expected `String`, found `Option<String>`
[INFO] [stdout]     |
[INFO] [stdout]     = note: expected struct `std::string::String`
[INFO] [stdout]                  found enum `Option<std::string::String>`
[INFO] [stdout] 
[INFO] [stdout] 
[INFO] [stdout] Some errors have detailed explanations: E0063, E0308.
[INFO] [stdout] 
[INFO] [stdout] For more information about an error, try `rustc --explain E0063`.
[INFO] [stdout] 
[INFO] [stderr] error: could not compile `clouddns-nat-helper` (lib test) due to 3 previous errors
[INFO] running `Command { std: "docker" "inspect" "faace07da9141fa4fe3ea2bec9436274f6622b29191ddd1b8b0aa875f05e5c39", kill_on_drop: false }`
[INFO] running `Command { std: "docker" "rm" "-f" "faace07da9141fa4fe3ea2bec9436274f6622b29191ddd1b8b0aa875f05e5c39", kill_on_drop: false }`
[INFO] [stdout] faace07da9141fa4fe3ea2bec9436274f6622b29191ddd1b8b0aa875f05e5c39
