[INFO] fetching crate cloud_filter_opendal 0.0.2...
[INFO] testing cloud_filter_opendal-0.0.2 against nightly-2024-10-28 for randomize-layout
[INFO] extracting crate cloud_filter_opendal 0.0.2 into /workspace/builds/worker-7-tc1/source
[INFO] validating manifest of crates.io crate cloud_filter_opendal 0.0.2 on toolchain nightly-2024-10-28
[INFO] running `Command { std: CARGO_HOME="/workspace/cargo-home" RUSTUP_HOME="/workspace/rustup-home" "/workspace/cargo-home/bin/cargo" "+nightly-2024-10-28" "metadata" "--manifest-path" "Cargo.toml" "--no-deps", kill_on_drop: false }`
[INFO] started tweaking crates.io crate cloud_filter_opendal 0.0.2
[INFO] removed 0 missing examples
[INFO] removed 0 missing tests
[INFO] finished tweaking crates.io crate cloud_filter_opendal 0.0.2
[INFO] tweaked toml for crates.io crate cloud_filter_opendal 0.0.2 written to /workspace/builds/worker-7-tc1/source/Cargo.toml
[INFO] crate crates.io crate cloud_filter_opendal 0.0.2 already has a lockfile, it will not be regenerated
[INFO] running `Command { std: CARGO_HOME="/workspace/cargo-home" RUSTUP_HOME="/workspace/rustup-home" "/workspace/cargo-home/bin/cargo" "+nightly-2024-10-28" "fetch" "--manifest-path" "Cargo.toml", kill_on_drop: false }`
[INFO] [stderr]     Updating crates.io index
[INFO] [stderr]     Blocking waiting for file lock on package cache
[INFO] [stderr]  Downloading crates ...
[INFO] [stderr]   Downloaded escape8259 v0.5.3
[INFO] [stderr]   Downloaded trim-in-place v0.1.7
[INFO] [stderr]   Downloaded rust-ini v0.21.1
[INFO] [stderr]   Downloaded flagset v0.4.6
[INFO] [stderr]   Downloaded powershell_script v1.1.0
[INFO] [stderr]   Downloaded cloud-filter v0.0.5
[INFO] [stderr]   Downloaded nt-time v0.8.1
[INFO] [stderr]   Downloaded reqsign v0.16.0
[INFO] [stderr]   Downloaded serde v1.0.213
[INFO] [stderr]   Downloaded serde_derive v1.0.213
[INFO] [stderr]   Downloaded libtest-mimic v0.7.3
[INFO] [stderr]   Downloaded quick-xml v0.35.0
[INFO] [stderr]   Downloaded rustls v0.23.15
[INFO] [stderr]   Downloaded syn v2.0.82
[INFO] [stderr]   Downloaded opendal v0.50.1
[INFO] running `Command { std: "docker" "create" "-v" "/var/lib/crater-agent-workspace/builds/worker-7-tc1/target:/opt/rustwide/target:rw,Z" "-v" "/var/lib/crater-agent-workspace/builds/worker-7-tc1/source:/opt/rustwide/workdir:ro,Z" "-v" "/var/lib/crater-agent-workspace/cargo-home:/opt/rustwide/cargo-home:ro,Z" "-v" "/var/lib/crater-agent-workspace/rustup-home:/opt/rustwide/rustup-home:ro,Z" "-e" "SOURCE_DIR=/opt/rustwide/workdir" "-e" "CARGO_TARGET_DIR=/opt/rustwide/target" "-e" "CARGO_HOME=/opt/rustwide/cargo-home" "-e" "RUSTUP_HOME=/opt/rustwide/rustup-home" "-w" "/opt/rustwide/workdir" "-m" "1610612736" "--user" "0:0" "--network" "none" "ghcr.io/rust-lang/crates-build-env/linux@sha256:4a844ea9eb2546a2d2c7022eacef16ef2e8229c7fbb2c7d4d55a9ceca922f72d" "/opt/rustwide/cargo-home/bin/cargo" "+nightly-2024-10-28" "metadata" "--no-deps" "--format-version=1", kill_on_drop: false }`
[INFO] [stdout] cafbef34f5576287d7918ce1a852dbc08e6d951cb626ea0269dfa952641b6e23
[INFO] running `Command { std: "docker" "start" "-a" "cafbef34f5576287d7918ce1a852dbc08e6d951cb626ea0269dfa952641b6e23", kill_on_drop: false }`
[INFO] running `Command { std: "docker" "inspect" "cafbef34f5576287d7918ce1a852dbc08e6d951cb626ea0269dfa952641b6e23", kill_on_drop: false }`
[INFO] running `Command { std: "docker" "rm" "-f" "cafbef34f5576287d7918ce1a852dbc08e6d951cb626ea0269dfa952641b6e23", kill_on_drop: false }`
[INFO] [stdout] cafbef34f5576287d7918ce1a852dbc08e6d951cb626ea0269dfa952641b6e23
[INFO] running `Command { std: "docker" "create" "-v" "/var/lib/crater-agent-workspace/builds/worker-7-tc1/target:/opt/rustwide/target:rw,Z" "-v" "/var/lib/crater-agent-workspace/builds/worker-7-tc1/source:/opt/rustwide/workdir:ro,Z" "-v" "/var/lib/crater-agent-workspace/cargo-home:/opt/rustwide/cargo-home:ro,Z" "-v" "/var/lib/crater-agent-workspace/rustup-home:/opt/rustwide/rustup-home:ro,Z" "-e" "SOURCE_DIR=/opt/rustwide/workdir" "-e" "CARGO_TARGET_DIR=/opt/rustwide/target" "-e" "CARGO_INCREMENTAL=0" "-e" "RUST_BACKTRACE=full" "-e" "RUSTFLAGS=--cap-lints=forbid" "-e" "RUSTDOCFLAGS=--cap-lints=forbid" "-e" "CARGO_HOME=/opt/rustwide/cargo-home" "-e" "RUSTUP_HOME=/opt/rustwide/rustup-home" "-w" "/opt/rustwide/workdir" "-m" "1610612736" "--user" "0:0" "--network" "none" "ghcr.io/rust-lang/crates-build-env/linux@sha256:4a844ea9eb2546a2d2c7022eacef16ef2e8229c7fbb2c7d4d55a9ceca922f72d" "/opt/rustwide/cargo-home/bin/cargo" "+nightly-2024-10-28" "build" "--frozen" "--message-format=json", kill_on_drop: false }`
[INFO] [stdout] 3f5b397b07c68a8bc3ad9652485312b566abded4ad3d95bb1314c69f0c7ec194
[INFO] running `Command { std: "docker" "start" "-a" "3f5b397b07c68a8bc3ad9652485312b566abded4ad3d95bb1314c69f0c7ec194", kill_on_drop: false }`
[INFO] [stderr]    Compiling pin-project-lite v0.2.14
[INFO] [stderr]    Compiling shlex v1.3.0
[INFO] [stderr]    Compiling itoa v1.0.11
[INFO] [stderr]    Compiling serde v1.0.213
[INFO] [stderr]    Compiling futures-io v0.3.31
[INFO] [stderr]    Compiling windows_x86_64_gnu v0.52.6
[INFO] [stderr]    Compiling rustls-pki-types v1.10.0
[INFO] [stderr]    Compiling version_check v0.9.5
[INFO] [stderr]    Compiling spin v0.9.8
[INFO] [stderr]    Compiling untrusted v0.9.0
[INFO] [stderr]    Compiling httparse v1.9.5
[INFO] [stderr]    Compiling syn v2.0.82
[INFO] [stderr]    Compiling mio v1.0.2
[INFO] [stderr]    Compiling socket2 v0.5.7
[INFO] [stderr]    Compiling getrandom v0.2.15
[INFO] [stderr]    Compiling try-lock v0.2.5
[INFO] [stderr]    Compiling rustls v0.23.15
[INFO] [stderr]    Compiling want v0.3.1
[INFO] [stderr]    Compiling tracing-core v0.1.32
[INFO] [stderr]    Compiling http v1.1.0
[INFO] [stderr]    Compiling smallvec v1.13.2
[INFO] [stderr]    Compiling cc v1.1.31
[INFO] [stderr]    Compiling zeroize v1.8.1
[INFO] [stderr]    Compiling subtle v2.6.1
[INFO] [stderr]    Compiling windows-targets v0.52.6
[INFO] [stderr]    Compiling num-traits v0.2.19
[INFO] [stderr]    Compiling windows-result v0.2.0
[INFO] [stderr]    Compiling tower-service v0.3.3
[INFO] [stderr]    Compiling num-conv v0.1.0
[INFO] [stderr]    Compiling powerfmt v0.2.0
[INFO] [stderr]    Compiling ryu v1.0.18
[INFO] [stderr]    Compiling time-core v0.1.2
[INFO] [stderr]    Compiling generic-array v0.14.7
[INFO] [stderr]    Compiling webpki-roots v0.26.6
[INFO] [stderr]    Compiling time-macros v0.2.18
[INFO] [stderr]    Compiling deranged v0.3.11
[INFO] [stderr]    Compiling windows-strings v0.1.0
[INFO] [stderr]    Compiling tracing v0.1.40
[INFO] [stderr]    Compiling memoffset v0.9.1
[INFO] [stderr]    Compiling tokio v1.41.0
[INFO] [stderr]    Compiling serde_json v1.0.132
[INFO] [stderr]    Compiling anyhow v1.0.91
[INFO] [stderr]    Compiling rustls-pemfile v2.2.0
[INFO] [stderr]    Compiling sync_wrapper v1.0.1
[INFO] [stderr]    Compiling flagset v0.4.6
[INFO] [stderr]    Compiling ipnet v2.10.1
[INFO] [stderr]    Compiling base64 v0.22.1
[INFO] [stderr]    Compiling log v0.4.22
[INFO] [stderr]    Compiling mime v0.3.17
[INFO] [stderr]    Compiling iana-time-zone v0.1.61
[INFO] [stderr]    Compiling widestring v1.1.0
[INFO] [stderr]    Compiling time v0.3.36
[INFO] [stderr]    Compiling http-body v1.0.1
[INFO] [stderr]    Compiling crypto-common v0.1.6
[INFO] [stderr]    Compiling block-buffer v0.10.4
[INFO] [stderr]    Compiling ring v0.17.8
[INFO] [stderr]    Compiling digest v0.10.7
[INFO] [stderr]    Compiling chrono v0.4.38
[INFO] [stderr]    Compiling md-5 v0.10.6
[INFO] [stderr]    Compiling nt-time v0.8.1
[INFO] [stderr]    Compiling futures-macro v0.3.31
[INFO] [stderr]    Compiling serde_derive v1.0.213
[INFO] [stderr]    Compiling windows-interface v0.58.0
[INFO] [stderr]    Compiling windows-implement v0.58.0
[INFO] [stderr]    Compiling async-trait v0.1.83
[INFO] [stderr]    Compiling windows-core v0.58.0
[INFO] [stderr]    Compiling futures-util v0.3.31
[INFO] [stderr]    Compiling windows v0.58.0
[INFO] [stderr]    Compiling cloud-filter v0.0.5
[INFO] [stdout] error[E0433]: failed to resolve: could not find `Win32` in `windows`
[INFO] [stdout]  --> /opt/rustwide/cargo-home/registry/src/index.crates.io-6f17d22bba15001f/cloud-filter-0.0.5/src/error.rs:1:14
[INFO] [stdout]   |
[INFO] [stdout] 1 | use windows::Win32::Foundation::{self, NTSTATUS};
[INFO] [stdout]   |              ^^^^^ could not find `Win32` in `windows`
[INFO] [stdout] 
[INFO] [stdout] 
[INFO] [stdout] error[E0433]: failed to resolve: could not find `windows` in `os`
[INFO] [stdout]  --> /opt/rustwide/cargo-home/registry/src/index.crates.io-6f17d22bba15001f/cloud-filter-0.0.5/src/ext/file.rs:5:9
[INFO] [stdout]   |
[INFO] [stdout] 5 |     os::windows::{io::AsRawHandle, prelude::RawHandle},
[INFO] [stdout]   |         ^^^^^^^ could not find `windows` in `os`
[INFO] [stdout]   |
[INFO] [stdout] note: found an item that was configured out
[INFO] [stdout]  --> /rustc/df4ca44d3fbc9301ee17f30f4d474e6ae4b05252/library/std/src/os/mod.rs:54:9
[INFO] [stdout] note: the item is gated here
[INFO] [stdout]  --> /rustc/df4ca44d3fbc9301ee17f30f4d474e6ae4b05252/library/std/src/os/mod.rs:46:1
[INFO] [stdout] note: found an item that was configured out
[INFO] [stdout]  --> /rustc/df4ca44d3fbc9301ee17f30f4d474e6ae4b05252/library/std/src/os/mod.rs:101:9
[INFO] [stdout] note: the item is gated here
[INFO] [stdout]  --> /rustc/df4ca44d3fbc9301ee17f30f4d474e6ae4b05252/library/std/src/os/mod.rs:100:1
[INFO] [stdout] 
[INFO] [stdout] 
[INFO] [stdout] error[E0432]: unresolved import `windows::Win32`
[INFO] [stdout]  --> /opt/rustwide/cargo-home/registry/src/index.crates.io-6f17d22bba15001f/cloud-filter-0.0.5/src/error.rs:1:14
[INFO] [stdout]   |
[INFO] [stdout] 1 | use windows::Win32::Foundation::{self, NTSTATUS};
[INFO] [stdout]   |              ^^^^^ could not find `Win32` in `windows`
[INFO] [stdout] 
[INFO] [stdout] 
[INFO] [stdout] error[E0433]: failed to resolve: could not find `Win32` in `windows`
[INFO] [stdout]   --> /opt/rustwide/cargo-home/registry/src/index.crates.io-6f17d22bba15001f/cloud-filter-0.0.5/src/ext/file.rs:11:5
[INFO] [stdout]    |
[INFO] [stdout] 11 |     Win32::{
[INFO] [stdout]    |     ^^^^^ could not find `Win32` in `windows`
[INFO] [stdout] 
[INFO] [stdout] 
[INFO] [stdout] error[E0433]: failed to resolve: could not find `Win32` in `windows`
[INFO] [stdout]  --> /opt/rustwide/cargo-home/registry/src/index.crates.io-6f17d22bba15001f/cloud-filter-0.0.5/src/filter/info.rs:5:14
[INFO] [stdout]   |
[INFO] [stdout] 5 | use windows::Win32::Storage::CloudFilters::{
[INFO] [stdout]   |              ^^^^^ could not find `Win32` in `windows`
[INFO] [stdout] 
[INFO] [stdout] 
[INFO] [stdout] error[E0432]: unresolved import `windows::core`
[INFO] [stdout]   --> /opt/rustwide/cargo-home/registry/src/index.crates.io-6f17d22bba15001f/cloud-filter-0.0.5/src/ext/file.rs:10:5
[INFO] [stdout]    |
[INFO] [stdout] 10 |     core,
[INFO] [stdout]    |     ^^^^ no `core` in the root
[INFO] [stdout] 
[INFO] [stdout] 
[INFO] [stdout] error[E0433]: failed to resolve: could not find `Win32` in `windows`
[INFO] [stdout]  --> /opt/rustwide/cargo-home/registry/src/index.crates.io-6f17d22bba15001f/cloud-filter-0.0.5/src/filter/ticket.rs:5:5
[INFO] [stdout]   |
[INFO] [stdout] 5 |     Win32::Storage::CloudFilters::{CfReportProviderProgress, CF_CONNECTION_KEY},
[INFO] [stdout]   |     ^^^^^ could not find `Win32` in `windows`
[INFO] [stdout] 
[INFO] [stdout] 
[INFO] [stdout] error[E0433]: failed to resolve: could not find `Win32` in `windows`
[INFO] [stdout]  --> /opt/rustwide/cargo-home/registry/src/index.crates.io-6f17d22bba15001f/cloud-filter-0.0.5/src/filter/proxy.rs:5:14
[INFO] [stdout]   |
[INFO] [stdout] 5 | use windows::Win32::Storage::CloudFilters::{
[INFO] [stdout]   |              ^^^^^ could not find `Win32` in `windows`
[INFO] [stdout] 
[INFO] [stdout] 
[INFO] [stdout] error[E0433]: failed to resolve: could not find `Win32` in `windows`
[INFO] [stdout]  --> /opt/rustwide/cargo-home/registry/src/index.crates.io-6f17d22bba15001f/cloud-filter-0.0.5/src/filter/request.rs:4:14
[INFO] [stdout]   |
[INFO] [stdout] 4 | use windows::Win32::Storage::CloudFilters::{CF_CALLBACK_INFO, CF_PROCESS_INFO};
[INFO] [stdout]   |              ^^^^^ could not find `Win32` in `windows`
[INFO] [stdout] 
[INFO] [stdout] 
[INFO] [stdout] error[E0433]: failed to resolve: could not find `Win32` in `windows`
[INFO] [stdout]  --> /opt/rustwide/cargo-home/registry/src/index.crates.io-6f17d22bba15001f/cloud-filter-0.0.5/src/metadata.rs:4:14
[INFO] [stdout]   |
[INFO] [stdout] 4 | use windows::Win32::Storage::{
[INFO] [stdout]   |              ^^^^^ could not find `Win32` in `windows`
[INFO] [stdout] 
[INFO] [stdout] 
[INFO] [stdout] error[E0433]: failed to resolve: could not find `windows` in `os`
[INFO] [stdout]    --> /opt/rustwide/cargo-home/registry/src/index.crates.io-6f17d22bba15001f/cloud-filter-0.0.5/src/metadata.rs:119:22
[INFO] [stdout]     |
[INFO] [stdout] 119 |         use std::os::windows::fs::MetadataExt;
[INFO] [stdout]     |                      ^^^^^^^ could not find `windows` in `os`
[INFO] [stdout]     |
[INFO] [stdout] note: found an item that was configured out
[INFO] [stdout]    --> /rustc/df4ca44d3fbc9301ee17f30f4d474e6ae4b05252/library/std/src/os/mod.rs:54:9
[INFO] [stdout] note: the item is gated here
[INFO] [stdout]    --> /rustc/df4ca44d3fbc9301ee17f30f4d474e6ae4b05252/library/std/src/os/mod.rs:46:1
[INFO] [stdout] note: found an item that was configured out
[INFO] [stdout]    --> /rustc/df4ca44d3fbc9301ee17f30f4d474e6ae4b05252/library/std/src/os/mod.rs:101:9
[INFO] [stdout] note: the item is gated here
[INFO] [stdout]    --> /rustc/df4ca44d3fbc9301ee17f30f4d474e6ae4b05252/library/std/src/os/mod.rs:100:1
[INFO] [stdout] 
[INFO] [stdout] 
[INFO] [stdout] error[E0433]: failed to resolve: could not find `windows` in `os`
[INFO] [stdout]  --> /opt/rustwide/cargo-home/registry/src/index.crates.io-6f17d22bba15001f/cloud-filter-0.0.5/src/placeholder.rs:6:9
[INFO] [stdout]   |
[INFO] [stdout] 6 |     os::windows::io::{AsRawHandle, FromRawHandle, IntoRawHandle, RawHandle},
[INFO] [stdout]   |         ^^^^^^^ could not find `windows` in `os`
[INFO] [stdout]   |
[INFO] [stdout] note: found an item that was configured out
[INFO] [stdout]  --> /rustc/df4ca44d3fbc9301ee17f30f4d474e6ae4b05252/library/std/src/os/mod.rs:54:9
[INFO] [stdout] note: the item is gated here
[INFO] [stdout]  --> /rustc/df4ca44d3fbc9301ee17f30f4d474e6ae4b05252/library/std/src/os/mod.rs:46:1
[INFO] [stdout] note: found an item that was configured out
[INFO] [stdout]  --> /rustc/df4ca44d3fbc9301ee17f30f4d474e6ae4b05252/library/std/src/os/mod.rs:101:9
[INFO] [stdout] note: the item is gated here
[INFO] [stdout]  --> /rustc/df4ca44d3fbc9301ee17f30f4d474e6ae4b05252/library/std/src/os/mod.rs:100:1
[INFO] [stdout] 
[INFO] [stdout] 
[INFO] [stdout] error[E0432]: unresolved import `windows::core`
[INFO] [stdout]  --> /opt/rustwide/cargo-home/registry/src/index.crates.io-6f17d22bba15001f/cloud-filter-0.0.5/src/filter/ticket.rs:4:5
[INFO] [stdout]   |
[INFO] [stdout] 4 |     core,
[INFO] [stdout]   |     ^^^^ no `core` in the root
[INFO] [stdout] 
[INFO] [stdout] 
[INFO] [stdout] error[E0433]: failed to resolve: could not find `Win32` in `windows`
[INFO] [stdout]   --> /opt/rustwide/cargo-home/registry/src/index.crates.io-6f17d22bba15001f/cloud-filter-0.0.5/src/placeholder.rs:14:5
[INFO] [stdout]    |
[INFO] [stdout] 14 |     Win32::{
[INFO] [stdout]    |     ^^^^^ could not find `Win32` in `windows`
[INFO] [stdout] 
[INFO] [stdout] 
[INFO] [stdout] error[E0432]: unresolved imports `windows::core`, `windows::core`
[INFO] [stdout]   --> /opt/rustwide/cargo-home/registry/src/index.crates.io-6f17d22bba15001f/cloud-filter-0.0.5/src/placeholder.rs:13:5
[INFO] [stdout]    |
[INFO] [stdout] 13 |     core::{self, PCWSTR},
[INFO] [stdout]    |     ^^^^   ^^^^ no `core` in the root
[INFO] [stdout]    |     |
[INFO] [stdout]    |     could not find `core` in `windows`
[INFO] [stdout] 
[INFO] [stdout] 
[INFO] [stdout] error[E0433]: failed to resolve: could not find `Win32` in `windows`
[INFO] [stdout]  --> /opt/rustwide/cargo-home/registry/src/index.crates.io-6f17d22bba15001f/cloud-filter-0.0.5/src/placeholder_file.rs:6:5
[INFO] [stdout]   |
[INFO] [stdout] 6 |     Win32::{
[INFO] [stdout]   |     ^^^^^ could not find `Win32` in `windows`
[INFO] [stdout] 
[INFO] [stdout] 
[INFO] [stdout] error[E0433]: failed to resolve: could not find `Win32` in `windows`
[INFO] [stdout]  --> /opt/rustwide/cargo-home/registry/src/index.crates.io-6f17d22bba15001f/cloud-filter-0.0.5/src/root/connect.rs:7:14
[INFO] [stdout]   |
[INFO] [stdout] 7 | use windows::Win32::Storage::CloudFilters::{CfDisconnectSyncRoot, CF_CONNECTION_KEY};
[INFO] [stdout]   |              ^^^^^ could not find `Win32` in `windows`
[INFO] [stdout] 
[INFO] [stdout] 
[INFO] [stdout] error[E0433]: failed to resolve: could not find `windows` in `os`
[INFO] [stdout]  --> /opt/rustwide/cargo-home/registry/src/index.crates.io-6f17d22bba15001f/cloud-filter-0.0.5/src/root/session.rs:4:9
[INFO] [stdout]   |
[INFO] [stdout] 4 |     os::windows::{fs::OpenOptionsExt, io::AsRawHandle},
[INFO] [stdout]   |         ^^^^^^^ could not find `windows` in `os`
[INFO] [stdout]   |
[INFO] [stdout] note: found an item that was configured out
[INFO] [stdout]  --> /rustc/df4ca44d3fbc9301ee17f30f4d474e6ae4b05252/library/std/src/os/mod.rs:54:9
[INFO] [stdout] note: the item is gated here
[INFO] [stdout]  --> /rustc/df4ca44d3fbc9301ee17f30f4d474e6ae4b05252/library/std/src/os/mod.rs:46:1
[INFO] [stdout] note: found an item that was configured out
[INFO] [stdout]  --> /rustc/df4ca44d3fbc9301ee17f30f4d474e6ae4b05252/library/std/src/os/mod.rs:101:9
[INFO] [stdout] note: the item is gated here
[INFO] [stdout]  --> /rustc/df4ca44d3fbc9301ee17f30f4d474e6ae4b05252/library/std/src/os/mod.rs:100:1
[INFO] [stdout] 
[INFO] [stdout] 
[INFO] [stdout] error[E0432]: unresolved imports `windows::core`, `windows::core`, `windows::Win32`
[INFO] [stdout]  --> /opt/rustwide/cargo-home/registry/src/index.crates.io-6f17d22bba15001f/cloud-filter-0.0.5/src/placeholder_file.rs:5:5
[INFO] [stdout]   |
[INFO] [stdout] 5 |     core::{self, PCWSTR},
[INFO] [stdout]   |     ^^^^   ^^^^ no `core` in the root
[INFO] [stdout]   |     |
[INFO] [stdout]   |     could not find `core` in `windows`
[INFO] [stdout] 6 |     Win32::{
[INFO] [stdout]   |     ^^^^^ could not find `Win32` in `windows`
[INFO] [stdout] 
[INFO] [stdout] 
[INFO] [stdout] error[E0433]: failed to resolve: could not find `Win32` in `windows`
[INFO] [stdout]   --> /opt/rustwide/cargo-home/registry/src/index.crates.io-6f17d22bba15001f/cloud-filter-0.0.5/src/root/session.rs:17:5
[INFO] [stdout]    |
[INFO] [stdout] 17 |     Win32::{
[INFO] [stdout]    |     ^^^^^ could not find `Win32` in `windows`
[INFO] [stdout] 
[INFO] [stdout] 
[INFO] [stdout] error[E0433]: failed to resolve: could not find `windows` in `os`
[INFO] [stdout]  --> /opt/rustwide/cargo-home/registry/src/index.crates.io-6f17d22bba15001f/cloud-filter-0.0.5/src/root/sync_root_id.rs:4:9
[INFO] [stdout]   |
[INFO] [stdout] 4 |     os::windows::ffi::OsStringExt,
[INFO] [stdout]   |         ^^^^^^^ could not find `windows` in `os`
[INFO] [stdout]   |
[INFO] [stdout] note: found an item that was configured out
[INFO] [stdout]  --> /rustc/df4ca44d3fbc9301ee17f30f4d474e6ae4b05252/library/std/src/os/mod.rs:54:9
[INFO] [stdout] note: the item is gated here
[INFO] [stdout]  --> /rustc/df4ca44d3fbc9301ee17f30f4d474e6ae4b05252/library/std/src/os/mod.rs:46:1
[INFO] [stdout] note: found an item that was configured out
[INFO] [stdout]  --> /rustc/df4ca44d3fbc9301ee17f30f4d474e6ae4b05252/library/std/src/os/mod.rs:101:9
[INFO] [stdout] note: the item is gated here
[INFO] [stdout]  --> /rustc/df4ca44d3fbc9301ee17f30f4d474e6ae4b05252/library/std/src/os/mod.rs:100:1
[INFO] [stdout] 
[INFO] [stdout] 
[INFO] [stdout] error[E0432]: unresolved imports `windows::core`, `windows::core`
[INFO] [stdout]   --> /opt/rustwide/cargo-home/registry/src/index.crates.io-6f17d22bba15001f/cloud-filter-0.0.5/src/root/session.rs:16:5
[INFO] [stdout]    |
[INFO] [stdout] 16 |     core::{self, PCWSTR},
[INFO] [stdout]    |     ^^^^   ^^^^ no `core` in the root
[INFO] [stdout]    |     |
[INFO] [stdout]    |     could not find `core` in `windows`
[INFO] [stdout] 
[INFO] [stdout] 
[INFO] [stdout] error[E0433]: failed to resolve: could not find `Storage` in `windows`
[INFO] [stdout]   --> /opt/rustwide/cargo-home/registry/src/index.crates.io-6f17d22bba15001f/cloud-filter-0.0.5/src/root/sync_root_id.rs:12:5
[INFO] [stdout]    |
[INFO] [stdout] 12 |     Storage::{Provider::StorageProviderSyncRootManager, StorageFolder},
[INFO] [stdout]    |     ^^^^^^^ could not find `Storage` in `windows`
[INFO] [stdout] 
[INFO] [stdout] 
[INFO] [stdout] error[E0433]: failed to resolve: could not find `Win32` in `windows`
[INFO] [stdout]   --> /opt/rustwide/cargo-home/registry/src/index.crates.io-6f17d22bba15001f/cloud-filter-0.0.5/src/root/sync_root_id.rs:13:5
[INFO] [stdout]    |
[INFO] [stdout] 13 |     Win32::{
[INFO] [stdout]    |     ^^^^^ could not find `Win32` in `windows`
[INFO] [stdout] 
[INFO] [stdout] 
[INFO] [stdout] error[E0433]: failed to resolve: could not find `windows` in `os`
[INFO] [stdout]  --> /opt/rustwide/cargo-home/registry/src/index.crates.io-6f17d22bba15001f/cloud-filter-0.0.5/src/root/sync_root_info.rs:3:9
[INFO] [stdout]   |
[INFO] [stdout] 3 |     os::windows::ffi::OsStringExt,
[INFO] [stdout]   |         ^^^^^^^ could not find `windows` in `os`
[INFO] [stdout]   |
[INFO] [stdout] note: found an item that was configured out
[INFO] [stdout]  --> /rustc/df4ca44d3fbc9301ee17f30f4d474e6ae4b05252/library/std/src/os/mod.rs:54:9
[INFO] [stdout] note: the item is gated here
[INFO] [stdout]  --> /rustc/df4ca44d3fbc9301ee17f30f4d474e6ae4b05252/library/std/src/os/mod.rs:46:1
[INFO] [stdout] note: found an item that was configured out
[INFO] [stdout]  --> /rustc/df4ca44d3fbc9301ee17f30f4d474e6ae4b05252/library/std/src/os/mod.rs:101:9
[INFO] [stdout] note: the item is gated here
[INFO] [stdout]  --> /rustc/df4ca44d3fbc9301ee17f30f4d474e6ae4b05252/library/std/src/os/mod.rs:100:1
[INFO] [stdout] 
[INFO] [stdout] 
[INFO] [stdout] error[E0432]: unresolved imports `windows::core`, `windows::core`, `windows::Storage`, `windows::Win32`
[INFO] [stdout]   --> /opt/rustwide/cargo-home/registry/src/index.crates.io-6f17d22bba15001f/cloud-filter-0.0.5/src/root/sync_root_id.rs:11:5
[INFO] [stdout]    |
[INFO] [stdout] 11 |     core::{self, Error, HSTRING, PCWSTR, PWSTR},
[INFO] [stdout]    |     ^^^^   ^^^^ no `core` in the root
[INFO] [stdout]    |     |
[INFO] [stdout]    |     could not find `core` in `windows`
[INFO] [stdout] 12 |     Storage::{Provider::StorageProviderSyncRootManager, StorageFolder},
[INFO] [stdout]    |     ^^^^^^^ could not find `Storage` in `windows`
[INFO] [stdout] 13 |     Win32::{
[INFO] [stdout]    |     ^^^^^ could not find `Win32` in `windows`
[INFO] [stdout] 
[INFO] [stdout] 
[INFO] [stdout] error[E0433]: failed to resolve: could not find `Storage` in `windows`
[INFO] [stdout]   --> /opt/rustwide/cargo-home/registry/src/index.crates.io-6f17d22bba15001f/cloud-filter-0.0.5/src/root/sync_root_info.rs:12:5
[INFO] [stdout]    |
[INFO] [stdout] 12 |     Storage::{
[INFO] [stdout]    |     ^^^^^^^ could not find `Storage` in `windows`
[INFO] [stdout] 
[INFO] [stdout] 
[INFO] [stdout] error[E0432]: unresolved imports `windows::core`, `windows::Foundation`, `windows::Storage`
[INFO] [stdout]   --> /opt/rustwide/cargo-home/registry/src/index.crates.io-6f17d22bba15001f/cloud-filter-0.0.5/src/root/sync_root_info.rs:10:5
[INFO] [stdout]    |
[INFO] [stdout] 10 |     core::Result,
[INFO] [stdout]    |     ^^^^ could not find `core` in `windows`
[INFO] [stdout] 11 |     Foundation::Uri,
[INFO] [stdout]    |     ^^^^^^^^^^ could not find `Foundation` in `windows`
[INFO] [stdout] 12 |     Storage::{
[INFO] [stdout]    |     ^^^^^^^ could not find `Storage` in `windows`
[INFO] [stdout] 
[INFO] [stdout] 
[INFO] [stdout] error[E0432]: unresolved imports `windows::core`, `windows::core`
[INFO] [stdout]  --> /opt/rustwide/cargo-home/registry/src/index.crates.io-6f17d22bba15001f/cloud-filter-0.0.5/src/utility.rs:3:14
[INFO] [stdout]   |
[INFO] [stdout] 3 | use windows::core::{self, HSTRING};
[INFO] [stdout]   |              ^^^^   ^^^^ no `core` in the root
[INFO] [stdout]   |              |
[INFO] [stdout]   |              could not find `core` in `windows`
[INFO] [stdout] 
[INFO] [stdout] 
[INFO] [stdout] error[E0433]: failed to resolve: could not find `Win32` in `windows`
[INFO] [stdout]  --> /opt/rustwide/cargo-home/registry/src/index.crates.io-6f17d22bba15001f/cloud-filter-0.0.5/src/command/commands.rs:5:5
[INFO] [stdout]   |
[INFO] [stdout] 5 |     Win32::{
[INFO] [stdout]   |     ^^^^^ could not find `Win32` in `windows`
[INFO] [stdout] 
[INFO] [stdout] 
[INFO] [stdout] error[E0432]: unresolved imports `windows::core`, `windows::Win32`
[INFO] [stdout]  --> /opt/rustwide/cargo-home/registry/src/index.crates.io-6f17d22bba15001f/cloud-filter-0.0.5/src/command/commands.rs:4:5
[INFO] [stdout]   |
[INFO] [stdout] 4 |     core,
[INFO] [stdout]   |     ^^^^ no `core` in the root
[INFO] [stdout] 5 |     Win32::{
[INFO] [stdout]   |     ^^^^^ could not find `Win32` in `windows`
[INFO] [stdout] 
[INFO] [stdout] 
[INFO] [stdout] error[E0433]: failed to resolve: could not find `Win32` in `windows`
[INFO] [stdout]  --> /opt/rustwide/cargo-home/registry/src/index.crates.io-6f17d22bba15001f/cloud-filter-0.0.5/src/command/executor.rs:6:5
[INFO] [stdout]   |
[INFO] [stdout] 6 |     Win32::Storage::CloudFilters::{
[INFO] [stdout]   |     ^^^^^ could not find `Win32` in `windows`
[INFO] [stdout] 
[INFO] [stdout] 
[INFO] [stdout] error[E0432]: unresolved import `windows::core`
[INFO] [stdout]  --> /opt/rustwide/cargo-home/registry/src/index.crates.io-6f17d22bba15001f/cloud-filter-0.0.5/src/command/executor.rs:5:5
[INFO] [stdout]   |
[INFO] [stdout] 5 |     core,
[INFO] [stdout]   |     ^^^^ no `core` in the root
[INFO] [stdout] 
[INFO] [stdout] 
[INFO] [stdout] Some errors have detailed explanations: E0432, E0433.
[INFO] [stdout] 
[INFO] [stdout] For more information about an error, try `rustc --explain E0432`.
[INFO] [stdout] 
[INFO] [stderr] error: could not compile `cloud-filter` (lib) due to 33 previous errors
[INFO] [stderr] warning: build failed, waiting for other jobs to finish...
[INFO] running `Command { std: "docker" "inspect" "3f5b397b07c68a8bc3ad9652485312b566abded4ad3d95bb1314c69f0c7ec194", kill_on_drop: false }`
[INFO] running `Command { std: "docker" "rm" "-f" "3f5b397b07c68a8bc3ad9652485312b566abded4ad3d95bb1314c69f0c7ec194", kill_on_drop: false }`
[INFO] [stdout] 3f5b397b07c68a8bc3ad9652485312b566abded4ad3d95bb1314c69f0c7ec194
