[INFO] fetching crate clockwork-client 2.0.15...
[INFO] testing clockwork-client-2.0.15 against nightly-2024-10-28+rustflags=-Zrandomize-layout for randomize-layout
[INFO] extracting crate clockwork-client 2.0.15 into /workspace/builds/worker-1-tc2/source
[INFO] validating manifest of crates.io crate clockwork-client 2.0.15 on toolchain nightly-2024-10-28
[INFO] running `Command { std: CARGO_HOME="/workspace/cargo-home" RUSTUP_HOME="/workspace/rustup-home" "/workspace/cargo-home/bin/cargo" "+nightly-2024-10-28" "metadata" "--manifest-path" "Cargo.toml" "--no-deps", kill_on_drop: false }`
[INFO] started tweaking crates.io crate clockwork-client 2.0.15
[INFO] finished tweaking crates.io crate clockwork-client 2.0.15
[INFO] tweaked toml for crates.io crate clockwork-client 2.0.15 written to /workspace/builds/worker-1-tc2/source/Cargo.toml
[INFO] running `Command { std: CARGO_HOME="/workspace/cargo-home" RUSTUP_HOME="/workspace/rustup-home" "/workspace/cargo-home/bin/cargo" "+nightly-2024-10-28" "generate-lockfile" "--manifest-path" "Cargo.toml", kill_on_drop: false }`
[INFO] [stderr]     Updating crates.io index
[INFO] [stderr]      Locking 440 packages to latest compatible versions
[INFO] [stderr]       Adding anchor-lang v0.27.0 (available: v0.30.1)
[INFO] [stderr]       Adding anchor-spl v0.27.0 (available: v0.30.1)
[INFO] [stderr]       Adding blake3 v1.3.1 (available: v1.5.4)
[INFO] [stderr]       Adding borsh v0.9.3 (available: v1.5.1)
[INFO] [stderr]       Adding clockwork-cron v2.0.18 (available: v2.0.19)
[INFO] [stderr]       Adding clockwork-network-program v2.0.18 (available: v2.0.19)
[INFO] [stderr]       Adding clockwork-thread-program v2.0.18 (available: v2.0.19)
[INFO] [stderr]       Adding clockwork-utils v2.0.18 (available: v2.0.19)
[INFO] [stderr]       Adding clockwork-webhook-program v2.0.18 (available: v2.0.19)
[INFO] [stderr]       Adding reqwest v0.11.11 (available: v0.11.27)
[INFO] [stderr]       Adding solana-account-decoder v1.14.29 (available: v1.18.26)
[INFO] [stderr]       Adding solana-address-lookup-table-program v1.14.29 (available: v1.18.26)
[INFO] [stderr]       Adding solana-clap-utils v1.14.29 (available: v1.18.26)
[INFO] [stderr]       Adding solana-cli-config v1.14.29 (available: v1.18.26)
[INFO] [stderr]       Adding solana-client v1.14.29 (available: v1.18.26)
[INFO] [stderr]       Adding solana-config-program v1.14.29 (available: v1.18.26)
[INFO] [stderr]       Adding solana-faucet v1.14.29 (available: v1.18.26)
[INFO] [stderr]       Adding solana-frozen-abi v1.14.29 (available: v1.18.26)
[INFO] [stderr]       Adding solana-frozen-abi-macro v1.14.29 (available: v1.18.26)
[INFO] [stderr]       Adding solana-logger v1.14.29 (available: v1.18.26)
[INFO] [stderr]       Adding solana-measure v1.14.29 (available: v1.18.26)
[INFO] [stderr]       Adding solana-metrics v1.14.29 (available: v1.18.26)
[INFO] [stderr]       Adding solana-net-utils v1.14.29 (available: v1.18.26)
[INFO] [stderr]       Adding solana-perf v1.14.29 (available: v1.18.26)
[INFO] [stderr]       Adding solana-program v1.14.29 (available: v1.18.26)
[INFO] [stderr]       Adding solana-program-runtime v1.14.29 (available: v1.18.26)
[INFO] [stderr]       Adding solana-rayon-threadlimit v1.14.29 (available: v1.18.26)
[INFO] [stderr]       Adding solana-remote-wallet v1.14.29 (available: v1.18.26)
[INFO] [stderr]       Adding solana-sdk v1.14.29 (available: v1.18.26)
[INFO] [stderr]       Adding solana-sdk-macro v1.14.29 (available: v1.18.26)
[INFO] [stderr]       Adding solana-streamer v1.14.29 (available: v1.18.26)
[INFO] [stderr]       Adding solana-transaction-status v1.14.29 (available: v1.18.26)
[INFO] [stderr]       Adding solana-version v1.14.29 (available: v1.18.26)
[INFO] [stderr]       Adding solana-vote-program v1.14.29 (available: v1.18.26)
[INFO] [stderr]       Adding solana-zk-token-sdk v1.14.29 (available: v1.18.26)
[INFO] [stderr]       Adding spl-associated-token-account v1.1.3 (available: v5.0.1)
[INFO] [stderr]       Adding subtle v2.4.1 (available: v2.6.1)
[INFO] [stderr]       Adding toml_datetime v0.6.1 (available: v0.6.8)
[INFO] [stderr]       Adding toml_edit v0.19.8 (available: v0.19.15)
[INFO] [stderr]       Adding winnow v0.4.1 (available: v0.4.11)
[INFO] [stderr]       Adding zeroize v1.3.0 (available: v1.8.1)
[INFO] running `Command { std: CARGO_HOME="/workspace/cargo-home" RUSTUP_HOME="/workspace/rustup-home" "/workspace/cargo-home/bin/cargo" "+nightly-2024-10-28" "fetch" "--manifest-path" "Cargo.toml", kill_on_drop: false }`
[INFO] running `Command { std: "docker" "create" "-v" "/var/lib/crater-agent-workspace/builds/worker-1-tc2/target:/opt/rustwide/target:rw,Z" "-v" "/var/lib/crater-agent-workspace/builds/worker-1-tc2/source:/opt/rustwide/workdir:ro,Z" "-v" "/var/lib/crater-agent-workspace/cargo-home:/opt/rustwide/cargo-home:ro,Z" "-v" "/var/lib/crater-agent-workspace/rustup-home:/opt/rustwide/rustup-home:ro,Z" "-e" "SOURCE_DIR=/opt/rustwide/workdir" "-e" "CARGO_TARGET_DIR=/opt/rustwide/target" "-e" "CARGO_HOME=/opt/rustwide/cargo-home" "-e" "RUSTUP_HOME=/opt/rustwide/rustup-home" "-w" "/opt/rustwide/workdir" "-m" "1610612736" "--user" "0:0" "--network" "none" "ghcr.io/rust-lang/crates-build-env/linux@sha256:4a844ea9eb2546a2d2c7022eacef16ef2e8229c7fbb2c7d4d55a9ceca922f72d" "/opt/rustwide/cargo-home/bin/cargo" "+nightly-2024-10-28" "metadata" "--no-deps" "--format-version=1", kill_on_drop: false }`
[INFO] [stdout] b5abce187edbfbcb6ff75ca3382ec5ad4f4a51db274a4a4a800b9d5e4ac1ce7c
[INFO] running `Command { std: "docker" "start" "-a" "b5abce187edbfbcb6ff75ca3382ec5ad4f4a51db274a4a4a800b9d5e4ac1ce7c", kill_on_drop: false }`
[INFO] running `Command { std: "docker" "inspect" "b5abce187edbfbcb6ff75ca3382ec5ad4f4a51db274a4a4a800b9d5e4ac1ce7c", kill_on_drop: false }`
[INFO] running `Command { std: "docker" "rm" "-f" "b5abce187edbfbcb6ff75ca3382ec5ad4f4a51db274a4a4a800b9d5e4ac1ce7c", kill_on_drop: false }`
[INFO] [stdout] b5abce187edbfbcb6ff75ca3382ec5ad4f4a51db274a4a4a800b9d5e4ac1ce7c
[INFO] running `Command { std: "docker" "create" "-v" "/var/lib/crater-agent-workspace/builds/worker-1-tc2/target:/opt/rustwide/target:rw,Z" "-v" "/var/lib/crater-agent-workspace/builds/worker-1-tc2/source:/opt/rustwide/workdir:ro,Z" "-v" "/var/lib/crater-agent-workspace/cargo-home:/opt/rustwide/cargo-home:ro,Z" "-v" "/var/lib/crater-agent-workspace/rustup-home:/opt/rustwide/rustup-home:ro,Z" "-e" "SOURCE_DIR=/opt/rustwide/workdir" "-e" "CARGO_TARGET_DIR=/opt/rustwide/target" "-e" "CARGO_INCREMENTAL=0" "-e" "RUST_BACKTRACE=full" "-e" "RUSTFLAGS=--cap-lints=forbid -Zrandomize-layout" "-e" "RUSTDOCFLAGS=--cap-lints=forbid" "-e" "CARGO_HOME=/opt/rustwide/cargo-home" "-e" "RUSTUP_HOME=/opt/rustwide/rustup-home" "-w" "/opt/rustwide/workdir" "-m" "1610612736" "--user" "0:0" "--network" "none" "ghcr.io/rust-lang/crates-build-env/linux@sha256:4a844ea9eb2546a2d2c7022eacef16ef2e8229c7fbb2c7d4d55a9ceca922f72d" "/opt/rustwide/cargo-home/bin/cargo" "+nightly-2024-10-28" "build" "--frozen" "--message-format=json", kill_on_drop: false }`
[INFO] [stdout] 7b13259cdfd0b095a8881067d2ef4b643ba417133f2b2f7d6edbe453c606b6b4
[INFO] running `Command { std: "docker" "start" "-a" "7b13259cdfd0b095a8881067d2ef4b643ba417133f2b2f7d6edbe453c606b6b4", kill_on_drop: false }`
[INFO] [stderr]    Compiling proc-macro2 v1.0.89
[INFO] [stderr]    Compiling libc v0.2.161
[INFO] [stderr]    Compiling serde v1.0.214
[INFO] [stderr]    Compiling version_check v0.9.5
[INFO] [stderr]    Compiling autocfg v1.4.0
[INFO] [stderr]    Compiling typenum v1.17.0
[INFO] [stderr]    Compiling memchr v2.7.4
[INFO] [stderr]    Compiling syn v1.0.109
[INFO] [stderr]    Compiling once_cell v1.20.2
[INFO] [stderr]    Compiling shlex v1.3.0
[INFO] [stderr]    Compiling subtle v2.4.1
[INFO] [stderr]    Compiling cpufeatures v0.2.14
[INFO] [stderr]    Compiling opaque-debug v0.3.1
[INFO] [stderr]    Compiling semver v1.0.23
[INFO] [stderr]    Compiling block-padding v0.2.1
[INFO] [stderr]    Compiling byteorder v1.5.0
[INFO] [stderr]    Compiling log v0.4.22
[INFO] [stderr]    Compiling getrandom v0.1.16
[INFO] [stderr]    Compiling base64 v0.13.1
[INFO] [stderr]    Compiling crossbeam-utils v0.8.20
[INFO] [stderr]    Compiling crunchy v0.2.2
[INFO] [stderr]    Compiling wasm-bindgen-shared v0.2.95
[INFO] [stderr]    Compiling rayon-core v1.12.1
[INFO] [stderr]    Compiling bumpalo v3.16.0
[INFO] [stderr]    Compiling rustversion v1.0.18
[INFO] [stderr]    Compiling bs58 v0.4.0
[INFO] [stderr]    Compiling either v1.13.0
[INFO] [stderr]    Compiling generic-array v0.14.7
[INFO] [stderr]    Compiling ahash v0.7.8
[INFO] [stderr]    Compiling num-traits v0.2.19
[INFO] [stderr]    Compiling feature-probe v0.1.1
[INFO] [stderr]    Compiling memoffset v0.6.5
[INFO] [stderr]    Compiling rustc_version v0.4.1
[INFO] [stderr]    Compiling im v15.1.0
[INFO] [stderr]    Compiling keccak v0.1.5
[INFO] [stderr]    Compiling aho-corasick v1.1.3
[INFO] [stderr]    Compiling arrayref v0.3.9
[INFO] [stderr]    Compiling regex-syntax v0.8.5
[INFO] [stderr]    Compiling bv v0.11.1
[INFO] [stderr]    Compiling wasm-bindgen v0.2.95
[INFO] [stderr]    Compiling constant_time_eq v0.1.5
[INFO] [stderr]    Compiling arrayvec v0.7.6
[INFO] [stderr]    Compiling rustc-hash v1.1.0
[INFO] [stderr]    Compiling base64 v0.12.3
[INFO] [stderr]    Compiling itertools v0.10.5
[INFO] [stderr]    Compiling quote v1.0.37
[INFO] [stderr]    Compiling solana-frozen-abi-macro v1.14.29
[INFO] [stderr]    Compiling solana-frozen-abi v1.14.29
[INFO] [stderr]    Compiling crossbeam-epoch v0.9.18
[INFO] [stderr]    Compiling pin-project-lite v0.2.15
[INFO] [stderr]    Compiling percent-encoding v2.3.1
[INFO] [stderr]    Compiling lock_api v0.4.12
[INFO] [stderr]    Compiling bytes v1.8.0
[INFO] [stderr]    Compiling syn v2.0.86
[INFO] [stderr]    Compiling parking_lot_core v0.9.10
[INFO] [stderr]    Compiling crossbeam-deque v0.8.5
[INFO] [stderr]    Compiling bitmaps v2.1.0
[INFO] [stderr]    Compiling termcolor v1.4.1
[INFO] [stderr]    Compiling smallvec v1.13.2
[INFO] [stderr]    Compiling signature v1.6.4
[INFO] [stderr]    Compiling scopeguard v1.2.0
[INFO] [stderr]    Compiling iana-time-zone v0.1.61
[INFO] [stderr]    Compiling futures-core v0.3.31
[INFO] [stderr]    Compiling ed25519 v1.5.3
[INFO] [stderr]    Compiling humantime v2.1.0
[INFO] [stderr]    Compiling solana-sdk v1.14.29
[INFO] [stderr]    Compiling slab v0.4.9
[INFO] [stderr]    Compiling derivation-path v0.2.0
[INFO] [stderr]    Compiling qstring v0.7.2
[INFO] [stderr]    Compiling uriparse v0.6.4
[INFO] [stderr]    Compiling untrusted v0.9.0
[INFO] [stderr]    Compiling assert_matches v1.5.0
[INFO] [stderr]    Compiling jobserver v0.1.32
[INFO] [stderr]    Compiling getrandom v0.2.15
[INFO] [stderr]    Compiling memmap2 v0.5.10
[INFO] [stderr]    Compiling atty v0.2.14
[INFO] [stderr]    Compiling rand_core v0.6.4
[INFO] [stderr]    Compiling sized-chunks v0.6.5
[INFO] [stderr]    Compiling cc v1.1.31
[INFO] [stderr]    Compiling rand_core v0.5.1
[INFO] [stderr]    Compiling rayon v1.10.0
[INFO] [stderr]    Compiling hashbrown v0.12.3
[INFO] [stderr]    Compiling hashbrown v0.11.2
[INFO] [stderr]    Compiling rand_xoshiro v0.6.0
[INFO] [stderr]    Compiling parking_lot v0.12.3
[INFO] [stderr]    Compiling signal-hook-registry v1.4.2
[INFO] [stderr]    Compiling mio v1.0.2
[INFO] [stderr]    Compiling socket2 v0.5.7
[INFO] [stderr]    Compiling spin v0.9.8
[INFO] [stderr]    Compiling futures-sink v0.3.31
[INFO] [stderr]    Compiling untrusted v0.7.1
[INFO] [stderr]    Compiling spin v0.5.2
[INFO] [stderr]    Compiling futures-channel v0.3.31
[INFO] [stderr]    Compiling futures-task v0.3.31
[INFO] [stderr]    Compiling futures-io v0.3.31
[INFO] [stderr]    Compiling pin-utils v0.1.0
[INFO] [stderr]    Compiling indexmap v1.9.3
[INFO] [stderr]    Compiling rustls v0.20.9
[INFO] [stderr]    Compiling tracing-core v0.1.32
[INFO] [stderr]    Compiling regex-automata v0.4.8
[INFO] [stderr]    Compiling http v0.2.12
[INFO] [stderr]    Compiling unicode-segmentation v1.12.0
[INFO] [stderr]    Compiling httparse v1.9.5
[INFO] [stderr]    Compiling form_urlencoded v1.2.1
[INFO] [stderr]    Compiling base64 v0.21.7
[INFO] [stderr]    Compiling bs58 v0.3.1
[INFO] [stderr]    Compiling unicode-bidi v0.3.17
[INFO] [stderr]    Compiling heck v0.3.3
[INFO] [stderr]    Compiling rustls-pemfile v1.0.4
[INFO] [stderr]    Compiling hashbrown v0.15.0
[INFO] [stderr]    Compiling equivalent v1.0.1
[INFO] [stderr]    Compiling alloc-no-stdlib v2.0.4
[INFO] [stderr]    Compiling try-lock v0.2.5
[INFO] [stderr]    Compiling alloc-stdlib v0.2.2
[INFO] [stderr]    Compiling idna v0.5.0
[INFO] [stderr]    Compiling want v0.3.1
[INFO] [stderr]    Compiling miniz_oxide v0.8.0
[INFO] [stderr]    Compiling brotli-decompressor v2.5.1
[INFO] [stderr]    Compiling crc32fast v1.4.2
[INFO] [stderr]    Compiling http-body v0.4.6
[INFO] [stderr]    Compiling tower-service v0.3.3
[INFO] [stderr]    Compiling httpdate v1.0.3
[INFO] [stderr]    Compiling toml_datetime v0.6.1
[INFO] [stderr]    Compiling winnow v0.4.1
[INFO] [stderr]    Compiling crossbeam-channel v0.5.13
[INFO] [stderr]    Compiling indexmap v2.6.0
[INFO] [stderr]    Compiling encoding_rs v0.8.35
[INFO] [stderr]    Compiling url v2.5.2
[INFO] [stderr]    Compiling flate2 v1.0.34
[INFO] [stderr]    Compiling mime v0.3.17
[INFO] [stderr]    Compiling ipnet v2.10.1
[INFO] [stderr]    Compiling gethostname v0.2.3
[INFO] [stderr]    Compiling solana-program-runtime v1.14.29
[INFO] [stderr]    Compiling libloading v0.7.4
[INFO] [stderr]    Compiling brotli v3.5.0
[INFO] [stderr]    Compiling strsim v0.10.0
[INFO] [stderr]    Compiling proc-macro2 v0.4.30
[INFO] [stderr]    Compiling eager v0.1.0
[INFO] [stderr]    Compiling num-integer v0.1.46
[INFO] [stderr]    Compiling solana-vote-program v1.14.29
[INFO] [stderr]    Compiling syn v0.15.44
[INFO] [stderr]    Compiling num-conv v0.1.0
[INFO] [stderr]    Compiling blake3 v1.3.1
[INFO] [stderr]    Compiling solana-program v1.14.29
[INFO] [stderr]    Compiling ring v0.17.8
[INFO] [stderr]    Compiling ring v0.16.20
[INFO] [stderr]    Compiling wasm-bindgen-backend v0.2.95
[INFO] [stderr]    Compiling powerfmt v0.2.0
[INFO] [stderr]    Compiling time-core v0.1.2
[INFO] [stderr]    Compiling time-macros v0.2.18
[INFO] [stderr]    Compiling nom v7.1.3
[INFO] [stderr]    Compiling pkg-config v0.3.31
[INFO] [stderr]    Compiling regex v1.11.1
[INFO] [stderr]    Compiling borsh-schema-derive-internal v0.9.3
[INFO] [stderr]    Compiling borsh-derive-internal v0.9.3
[INFO] [stderr]    Compiling env_logger v0.9.3
[INFO] [stderr]    Compiling toml_edit v0.19.8
[INFO] [stderr]    Compiling quote v0.6.13
[INFO] [stderr]    Compiling deranged v0.3.11
[INFO] [stderr]    Compiling solana-logger v1.14.29
[INFO] [stderr]    Compiling ident_case v1.0.1
[INFO] [stderr]    Compiling rustix v0.38.38
[INFO] [stderr]    Compiling darling_core v0.14.4
[INFO] [stderr]    Compiling wasm-bindgen-macro-support v0.2.95
[INFO] [stderr]    Compiling zstd-sys v2.0.13+zstd.1.5.6
[INFO] [stderr]    Compiling unicode-xid v0.2.6
[INFO] [stderr]    Compiling time v0.3.36
[INFO] [stderr]    Compiling linux-raw-sys v0.4.14
[INFO] [stderr]    Compiling bitflags v2.6.0
[INFO] [stderr]    Compiling synstructure v0.12.6
[INFO] [stderr]    Compiling console v0.15.8
[INFO] [stderr]    Compiling num_cpus v1.16.0
[INFO] [stderr]    Compiling serde_derive v1.0.214
[INFO] [stderr]    Compiling thiserror-impl v1.0.66
[INFO] [stderr]    Compiling zerocopy-derive v0.7.35
[INFO] [stderr]    Compiling zeroize_derive v1.4.2
[INFO] [stderr]    Compiling wasm-bindgen-macro v0.2.95
[INFO] [stderr]    Compiling bytemuck_derive v1.8.0
[INFO] [stderr]    Compiling solana-sdk-macro v1.14.29
[INFO] [stderr]    Compiling num-derive v0.3.3
[INFO] [stderr]    Compiling zeroize v1.3.0
[INFO] [stderr]    Compiling zerocopy v0.7.35
[INFO] [stderr]    Compiling tokio-macros v2.4.0
[INFO] [stderr]    Compiling futures-macro v0.3.31
[INFO] [stderr]    Compiling tracing-attributes v0.1.27
[INFO] [stderr]    Compiling enum-iterator-derive v0.8.1
[INFO] [stderr]    Compiling proc-macro-crate v1.3.1
[INFO] [stderr]    Compiling ppv-lite86 v0.2.20
[INFO] [stderr]    Compiling thiserror v1.0.66
[INFO] [stderr]    Compiling tokio v1.41.0
[INFO] [stderr]    Compiling merlin v3.0.0
[INFO] [stderr]    Compiling dlopen_derive v0.1.4
[INFO] [stderr]    Compiling darling_macro v0.14.4
[INFO] [stderr]    Compiling bytemuck v1.19.0
[INFO] [stderr]    Compiling anchor-derive-space v0.27.0
[INFO] [stderr]    Compiling num_enum_derive v0.5.11
[INFO] [stderr]    Compiling rand_chacha v0.2.2
[INFO] [stderr]    Compiling futures-util v0.3.31
[INFO] [stderr]    Compiling rand_chacha v0.3.1
[INFO] [stderr]    Compiling nix v0.24.3
[INFO] [stderr]    Compiling num-bigint v0.2.6
[INFO] [stderr]    Compiling fastrand v2.1.1
[INFO] [stderr]    Compiling solana-perf v1.14.29
[INFO] [stderr]    Compiling rand v0.7.3
[INFO] [stderr]    Compiling enum-iterator v0.8.1
[INFO] [stderr]    Compiling rand v0.8.5
[INFO] [stderr]    Compiling tempfile v3.13.0
[INFO] [stderr]    Compiling dlopen v0.1.8
[INFO] [stderr]    Compiling darling v0.14.4
[INFO] [stderr]    Compiling caps v0.5.5
[INFO] [stderr]    Compiling asn1-rs-impl v0.1.0
[INFO] [stderr]    Compiling asn1-rs-derive v0.4.0
[INFO] [stderr]    Compiling displaydoc v0.2.5
[INFO] [stderr]    Compiling solana-rayon-threadlimit v1.14.29
[INFO] [stderr]    Compiling num_enum v0.5.11
[INFO] [stderr]    Compiling tracing v0.1.40
[INFO] [stderr]    Compiling rusticata-macros v4.1.0
[INFO] [stderr]    Compiling num-complex v0.2.4
[INFO] [stderr]    Compiling num-rational v0.2.4
[INFO] [stderr]    Compiling zstd-safe v5.0.2+zstd.1.5.2
[INFO] [stderr]    Compiling heck v0.4.1
[INFO] [stderr]    Compiling openssl-probe v0.1.5
[INFO] [stderr]    Compiling dialoguer v0.10.4
[INFO] [stderr]    Compiling rustls-native-certs v0.6.3
[INFO] [stderr]    Compiling textwrap v0.11.0
[INFO] [stderr]    Compiling serde_derive_internals v0.29.1
[INFO] [stderr]    Compiling socket2 v0.4.10
[INFO] [stderr]    Compiling solana-version v1.14.29
[INFO] [stderr]    Compiling solana-address-lookup-table-program v1.14.29
[INFO] [stderr]    Compiling rustls-pemfile v0.2.1
[INFO] [stderr]    Compiling fxhash v0.2.1
[INFO] [stderr]    Compiling strsim v0.8.0
[INFO] [stderr]    Compiling schemars v0.8.21
[INFO] [stderr]    Compiling asn1-rs v0.5.2
[INFO] [stderr]    Compiling linked-hash-map v0.5.6
[INFO] [stderr]    Compiling ansi_term v0.12.1
[INFO] [stderr]    Compiling oid-registry v0.6.1
[INFO] [stderr]    Compiling vec_map v0.8.2
[INFO] [stderr]    Compiling const-oid v0.7.1
[INFO] [stderr]    Compiling yaml-rust v0.4.5
[INFO] [stderr]    Compiling clap v2.34.0
[INFO] [stderr]    Compiling der v0.5.1
[INFO] [stderr]    Compiling static-pubkey v1.0.3
[INFO] [stderr]    Compiling webpki v0.22.4
[INFO] [stderr]    Compiling sct v0.7.1
[INFO] [stderr]    Compiling schemars_derive v0.8.21
[INFO] [stderr]    Compiling num-bigint v0.4.6
[INFO] [stderr]    Compiling num-iter v0.1.45
[INFO] [stderr]    Compiling webpki-roots v0.22.6
[INFO] [stderr]    Compiling dirs-sys-next v0.1.2
[INFO] [stderr]    Compiling os_str_bytes v6.6.1
[INFO] [stderr]    Compiling base64ct v1.6.0
[INFO] [stderr]    Compiling dirs-next v2.0.0
[INFO] [stderr]    Compiling clap_lex v0.2.4
[INFO] [stderr]    Compiling futures-executor v0.3.31
[INFO] [stderr]    Compiling num v0.2.1
[INFO] [stderr]    Compiling spki v0.5.4
[INFO] [stderr]    Compiling yasna v0.5.2
[INFO] [stderr]    Compiling Inflector v0.11.4
[INFO] [stderr]    Compiling pem v1.1.1
[INFO] [stderr]    Compiling data-encoding v2.6.0
[INFO] [stderr]    Compiling textwrap v0.16.1
[INFO] [stderr]    Compiling utf-8 v0.7.6
[INFO] [stderr]    Compiling pkcs8 v0.8.0
[INFO] [stderr]    Compiling futures v0.3.31
[INFO] [stderr]    Compiling percentage v0.1.0
[INFO] [stderr]    Compiling clap v3.2.25
[INFO] [stderr]    Compiling number_prefix v0.4.0
[INFO] [stderr]    Compiling event-listener v2.5.3
[INFO] [stderr]    Compiling histogram v0.6.9
[INFO] [stderr]    Compiling rcgen v0.9.3
[INFO] [stderr]    Compiling der-parser v8.2.0
[INFO] [stderr]    Compiling async-mutex v1.4.0
[INFO] [stderr]    Compiling indicatif v0.16.2
[INFO] [stderr]    Compiling async-trait v0.1.83
[INFO] [stderr]    Compiling enum_dispatch v0.3.13
[INFO] [stderr]    Compiling version v3.0.0
[INFO] [stderr]    Compiling tokio-util v0.7.12
[INFO] [stderr]    Compiling async-compression v0.3.15
[INFO] [stderr]    Compiling tokio-stream v0.1.16
[INFO] [stderr]    Compiling serde_json v1.0.132
[INFO] [stderr]    Compiling toml v0.5.11
[INFO] [stderr]    Compiling serde_bytes v0.11.15
[INFO] [stderr]    Compiling bincode v1.3.3
[INFO] [stderr]    Compiling chrono v0.4.38
[INFO] [stderr]    Compiling tokio-rustls v0.23.4
[INFO] [stderr]    Compiling h2 v0.3.26
[INFO] [stderr]    Compiling digest v0.9.0
[INFO] [stderr]    Compiling block-buffer v0.9.0
[INFO] [stderr]    Compiling crypto-common v0.1.6
[INFO] [stderr]    Compiling block-buffer v0.10.4
[INFO] [stderr]    Compiling sha2 v0.9.9
[INFO] [stderr]    Compiling libsecp256k1-core v0.2.2
[INFO] [stderr]    Compiling crypto-mac v0.8.0
[INFO] [stderr]    Compiling digest v0.10.7
[INFO] [stderr]    Compiling hmac v0.8.1
[INFO] [stderr]    Compiling curve25519-dalek v3.2.1
[INFO] [stderr]    Compiling hmac-drbg v0.3.0
[INFO] [stderr]    Compiling pbkdf2 v0.4.0
[INFO] [stderr]    Compiling sha2 v0.10.8
[INFO] [stderr]    Compiling proc-macro-crate v0.1.5
[INFO] [stderr]    Compiling tiny-bip39 v0.8.2
[INFO] [stderr]    Compiling sha3 v0.10.8
[INFO] [stderr]    Compiling libsecp256k1-gen-ecmult v0.2.1
[INFO] [stderr]    Compiling libsecp256k1-gen-genmult v0.2.1
[INFO] [stderr]    Compiling ed25519-dalek v1.0.1
[INFO] [stderr]    Compiling hmac v0.12.1
[INFO] [stderr]    Compiling pbkdf2 v0.11.0
[INFO] [stderr]    Compiling anchor-syn v0.27.0
[INFO] [stderr]    Compiling cipher v0.3.0
[INFO] [stderr]    Compiling serde_urlencoded v0.7.1
[INFO] [stderr]    Compiling borsh-derive v0.9.3
[INFO] [stderr]    Compiling ed25519-dalek-bip32 v0.2.0
[INFO] [stderr]    Compiling universal-hash v0.4.1
[INFO] [stderr]    Compiling libsecp256k1 v0.6.0
[INFO] [stderr]    Compiling polyval v0.5.3
[INFO] [stderr]    Compiling ctr v0.8.0
[INFO] [stderr]    Compiling aes v0.7.5
[INFO] [stderr]    Compiling inout v0.1.3
[INFO] [stderr]    Compiling aead v0.4.3
[INFO] [stderr]    Compiling cipher v0.4.4
[INFO] [stderr]    Compiling borsh v0.9.3
[INFO] [stderr]    Compiling sha3 v0.9.1
[INFO] [stderr]    Compiling rpassword v6.0.1
[INFO] [stderr]    Compiling quinn-proto v0.8.4
[INFO] [stderr]    Compiling sha-1 v0.10.1
[INFO] [stderr]    Compiling hex v0.4.3
[INFO] [stderr]    Compiling aes-gcm-siv v0.10.3
[INFO] [stderr]    Compiling serde_yaml v0.8.26
[INFO] [stderr]    Compiling tungstenite v0.17.3
[INFO] [stderr]    Compiling x509-parser v0.14.0
[INFO] [stderr]    Compiling clockwork-cron v2.0.18
[INFO] [stderr]    Compiling jsonrpc-core v18.0.0
[INFO] [stderr]    Compiling tokio-tungstenite v0.17.2
[INFO] [stderr]    Compiling hyper v0.14.31
[INFO] [stderr]    Compiling pyth-sdk v0.7.0
[INFO] [stderr]    Compiling quinn-udp v0.1.4
[INFO] [stderr]    Compiling quinn v0.8.5
[INFO] [stderr]    Compiling clockwork-anchor-idl v0.3.2
[INFO] [stderr]    Compiling zstd v0.11.2+zstd.1.5.2
[INFO] [stderr]    Compiling anchor-attribute-access-control v0.27.0
[INFO] [stderr]    Compiling anchor-attribute-error v0.27.0
[INFO] [stderr]    Compiling anchor-derive-accounts v0.27.0
[INFO] [stderr]    Compiling anchor-attribute-program v0.27.0
[INFO] [stderr]    Compiling anchor-attribute-event v0.27.0
[INFO] [stderr]    Compiling anchor-attribute-constant v0.27.0
[INFO] [stderr]    Compiling anchor-attribute-account v0.27.0
[INFO] [stderr]    Compiling clockwork-anchor-generate-cpi-interface v0.3.2
[INFO] [stderr]    Compiling clockwork-anchor-generate-cpi-crate v0.3.2
[INFO] [stderr]    Compiling clockwork-anchor-gen v0.3.2
[INFO] [stderr]    Compiling hyper-rustls v0.23.2
[INFO] [stderr]    Compiling reqwest v0.11.11
[INFO] [stderr]    Compiling spl-memo v3.0.1
[INFO] [stderr]    Compiling spl-token v3.5.0
[INFO] [stderr]    Compiling anchor-lang v0.27.0
[INFO] [stderr]    Compiling pyth-sdk-solana v0.7.2
[INFO] [stderr]    Compiling clockwork-utils v2.0.18
[INFO] [stderr]    Compiling clockwork-thread-program-v1 v1.4.4
[INFO] [stderr]    Compiling solana-measure v1.14.29
[INFO] [stderr]    Compiling solana-metrics v1.14.29
[INFO] [stderr]    Compiling solana-zk-token-sdk v1.14.29
[INFO] [stderr]    Compiling solana-remote-wallet v1.14.29
[INFO] [stderr]    Compiling solana-net-utils v1.14.29
[INFO] [stderr]    Compiling solana-config-program v1.14.29
[INFO] [stderr]    Compiling spl-token-2022 v0.6.1
[INFO] [stderr]    Compiling spl-token-2022 v0.5.0
[INFO] [stderr]    Compiling solana-clap-utils v1.14.29
[INFO] [stderr]    Compiling solana-streamer v1.14.29
[INFO] [stdout] error[E0412]: cannot find type `CloseAccountData` in this scope
[INFO] [stdout]    --> /opt/rustwide/cargo-home/registry/src/index.crates.io-6f17d22bba15001f/spl-token-2022-0.5.0/src/extension/confidential_transfer/instruction.rs:688:18
[INFO] [stdout]     |
[INFO] [stdout] 688 |     proof_data: &CloseAccountData,
[INFO] [stdout]     |                  ^^^^^^^^^^^^^^^^ not found in this scope
[INFO] [stdout] 
[INFO] [stdout] 
[INFO] [stdout] error[E0412]: cannot find type `WithdrawWithheldTokensData` in this scope
[INFO] [stdout]     --> /opt/rustwide/cargo-home/registry/src/index.crates.io-6f17d22bba15001f/spl-token-2022-0.5.0/src/extension/confidential_transfer/instruction.rs:1086:18
[INFO] [stdout]      |
[INFO] [stdout] 497  | pub struct WithdrawWithheldTokensFromMintData {
[INFO] [stdout]      | --------------------------------------------- similarly named struct `WithdrawWithheldTokensFromMintData` defined here
[INFO] [stdout] ...
[INFO] [stdout] 1086 |     proof_data: &WithdrawWithheldTokensData,
[INFO] [stdout]      |                  ^^^^^^^^^^^^^^^^^^^^^^^^^^ help: a struct with a similar name exists: `WithdrawWithheldTokensFromMintData`
[INFO] [stdout] 
[INFO] [stdout] 
[INFO] [stdout] error[E0412]: cannot find type `WithdrawWithheldTokensData` in this scope
[INFO] [stdout]     --> /opt/rustwide/cargo-home/registry/src/index.crates.io-6f17d22bba15001f/spl-token-2022-0.5.0/src/extension/confidential_transfer/instruction.rs:1151:18
[INFO] [stdout]      |
[INFO] [stdout] 497  | pub struct WithdrawWithheldTokensFromMintData {
[INFO] [stdout]      | --------------------------------------------- similarly named struct `WithdrawWithheldTokensFromMintData` defined here
[INFO] [stdout] ...
[INFO] [stdout] 1151 |     proof_data: &WithdrawWithheldTokensData,
[INFO] [stdout]      |                  ^^^^^^^^^^^^^^^^^^^^^^^^^^ help: a struct with a similar name exists: `WithdrawWithheldTokensFromMintData`
[INFO] [stdout] 
[INFO] [stdout] 
[INFO] [stdout] error[E0412]: cannot find type `CloseAccountData` in this scope
[INFO] [stdout]    --> /opt/rustwide/cargo-home/registry/src/index.crates.io-6f17d22bba15001f/spl-token-2022-0.5.0/src/extension/confidential_transfer/processor.rs:283:49
[INFO] [stdout]     |
[INFO] [stdout] 283 |     let proof_data = decode_proof_instruction::<CloseAccountData>(
[INFO] [stdout]     |                                                 ^^^^^^^^^^^^^^^^ not found in this scope
[INFO] [stdout]     |
[INFO] [stdout] help: you might be missing a type parameter
[INFO] [stdout]     |
[INFO] [stdout] 255 | fn process_empty_account<CloseAccountData>(
[INFO] [stdout]     |                         ++++++++++++++++++
[INFO] [stdout] 
[INFO] [stdout] 
[INFO] [stdout] error[E0412]: cannot find type `WithdrawWithheldTokensData` in this scope
[INFO] [stdout]    --> /opt/rustwide/cargo-home/registry/src/index.crates.io-6f17d22bba15001f/spl-token-2022-0.5.0/src/extension/confidential_transfer/processor.rs:985:49
[INFO] [stdout]     |
[INFO] [stdout] 985 |     let proof_data = decode_proof_instruction::<WithdrawWithheldTokensData>(
[INFO] [stdout]     |                                                 ^^^^^^^^^^^^^^^^^^^^^^^^^^
[INFO] [stdout]     |
[INFO] [stdout]    ::: /opt/rustwide/cargo-home/registry/src/index.crates.io-6f17d22bba15001f/spl-token-2022-0.5.0/src/extension/confidential_transfer/instruction.rs:497:1
[INFO] [stdout]     |
[INFO] [stdout] 497 | pub struct WithdrawWithheldTokensFromMintData {
[INFO] [stdout]     | --------------------------------------------- similarly named struct `WithdrawWithheldTokensFromMintData` defined here
[INFO] [stdout]     |
[INFO] [stdout] help: a struct with a similar name exists
[INFO] [stdout]     |
[INFO] [stdout] 985 |     let proof_data = decode_proof_instruction::<WithdrawWithheldTokensFromMintData>(
[INFO] [stdout]     |                                                 ~~~~~~~~~~~~~~~~~~~~~~~~~~~~~~~~~~
[INFO] [stdout] help: you might be missing a type parameter
[INFO] [stdout]     |
[INFO] [stdout] 933 | fn process_withdraw_withheld_tokens_from_mint<WithdrawWithheldTokensData>(
[INFO] [stdout]     |                                              ++++++++++++++++++++++++++++
[INFO] [stdout] 
[INFO] [stdout] 
[INFO] [stdout] error[E0412]: cannot find type `WithdrawWithheldTokensData` in this scope
[INFO] [stdout]     --> /opt/rustwide/cargo-home/registry/src/index.crates.io-6f17d22bba15001f/spl-token-2022-0.5.0/src/extension/confidential_transfer/processor.rs:1116:49
[INFO] [stdout]      |
[INFO] [stdout] 1116 |     let proof_data = decode_proof_instruction::<WithdrawWithheldTokensData>(
[INFO] [stdout]      |                                                 ^^^^^^^^^^^^^^^^^^^^^^^^^^
[INFO] [stdout]      |
[INFO] [stdout]     ::: /opt/rustwide/cargo-home/registry/src/index.crates.io-6f17d22bba15001f/spl-token-2022-0.5.0/src/extension/confidential_transfer/instruction.rs:497:1
[INFO] [stdout]      |
[INFO] [stdout] 497  | pub struct WithdrawWithheldTokensFromMintData {
[INFO] [stdout]      | --------------------------------------------- similarly named struct `WithdrawWithheldTokensFromMintData` defined here
[INFO] [stdout]      |
[INFO] [stdout] help: a struct with a similar name exists
[INFO] [stdout]      |
[INFO] [stdout] 1116 |     let proof_data = decode_proof_instruction::<WithdrawWithheldTokensFromMintData>(
[INFO] [stdout]      |                                                 ~~~~~~~~~~~~~~~~~~~~~~~~~~~~~~~~~~
[INFO] [stdout] help: you might be missing a type parameter
[INFO] [stdout]      |
[INFO] [stdout] 1033 | fn process_withdraw_withheld_tokens_from_accounts<WithdrawWithheldTokensData>(
[INFO] [stdout]      |                                                  ++++++++++++++++++++++++++++
[INFO] [stdout] 
[INFO] [stdout] 
[INFO] [stdout] error[E0061]: this function takes 2 arguments but 1 argument was supplied
[INFO] [stdout]    --> /opt/rustwide/cargo-home/registry/src/index.crates.io-6f17d22bba15001f/spl-token-2022-0.5.0/src/extension/confidential_transfer/instruction.rs:624:9
[INFO] [stdout]     |
[INFO] [stdout] 624 |         verify_pubkey_validity(proof_data),
[INFO] [stdout]     |         ^^^^^^^^^^^^^^^^^^^^^^ ---------- argument #1 of type `Option<ContextStateInfo<'_>>` is missing
[INFO] [stdout]     |
[INFO] [stdout] note: function defined here
[INFO] [stdout]    --> /opt/rustwide/cargo-home/registry/src/index.crates.io-6f17d22bba15001f/solana-zk-token-sdk-1.14.29/src/zk_token_proof_instruction.rs:206:8
[INFO] [stdout]     |
[INFO] [stdout] 206 | pub fn verify_pubkey_validity(
[INFO] [stdout]     |        ^^^^^^^^^^^^^^^^^^^^^^
[INFO] [stdout] help: provide the argument
[INFO] [stdout]     |
[INFO] [stdout] 624 |         verify_pubkey_validity(/* Option<ContextStateInfo<'_>> */, proof_data),
[INFO] [stdout]     |                               ~~~~~~~~~~~~~~~~~~~~~~~~~~~~~~~~~~~~~~~~~~~~~~~~
[INFO] [stdout] 
[INFO] [stdout] 
[INFO] [stdout] error[E0425]: cannot find function `verify_close_account` in this scope
[INFO] [stdout]    --> /opt/rustwide/cargo-home/registry/src/index.crates.io-6f17d22bba15001f/spl-token-2022-0.5.0/src/extension/confidential_transfer/instruction.rs:698:9
[INFO] [stdout]     |
[INFO] [stdout] 698 |         verify_close_account(proof_data),
[INFO] [stdout]     |         ^^^^^^^^^^^^^^^^^^^^ not found in this scope
[INFO] [stdout] 
[INFO] [stdout] 
[INFO] [stdout] error[E0061]: this function takes 2 arguments but 1 argument was supplied
[INFO] [stdout]    --> /opt/rustwide/cargo-home/registry/src/index.crates.io-6f17d22bba15001f/spl-token-2022-0.5.0/src/extension/confidential_transfer/instruction.rs:803:9
[INFO] [stdout]     |
[INFO] [stdout] 803 |         verify_withdraw(proof_data),
[INFO] [stdout]     |         ^^^^^^^^^^^^^^^ ---------- argument #1 of type `Option<ContextStateInfo<'_>>` is missing
[INFO] [stdout]     |
[INFO] [stdout] note: function defined here
[INFO] [stdout]    --> /opt/rustwide/cargo-home/registry/src/index.crates.io-6f17d22bba15001f/solana-zk-token-sdk-1.14.29/src/zk_token_proof_instruction.rs:173:8
[INFO] [stdout]     |
[INFO] [stdout] 173 | pub fn verify_withdraw(
[INFO] [stdout]     |        ^^^^^^^^^^^^^^^
[INFO] [stdout] help: provide the argument
[INFO] [stdout]     |
[INFO] [stdout] 803 |         verify_withdraw(/* Option<ContextStateInfo<'_>> */, proof_data),
[INFO] [stdout]     |                        ~~~~~~~~~~~~~~~~~~~~~~~~~~~~~~~~~~~~~~~~~~~~~~~~
[INFO] [stdout] 
[INFO] [stdout] 
[INFO] [stdout] error[E0061]: this function takes 2 arguments but 1 argument was supplied
[INFO] [stdout]    --> /opt/rustwide/cargo-home/registry/src/index.crates.io-6f17d22bba15001f/spl-token-2022-0.5.0/src/extension/confidential_transfer/instruction.rs:870:9
[INFO] [stdout]     |
[INFO] [stdout] 870 |         verify_transfer(proof_data),
[INFO] [stdout]     |         ^^^^^^^^^^^^^^^ ---------- argument #1 of type `Option<ContextStateInfo<'_>>` is missing
[INFO] [stdout]     |
[INFO] [stdout] note: function defined here
[INFO] [stdout]    --> /opt/rustwide/cargo-home/registry/src/index.crates.io-6f17d22bba15001f/solana-zk-token-sdk-1.14.29/src/zk_token_proof_instruction.rs:190:8
[INFO] [stdout]     |
[INFO] [stdout] 190 | pub fn verify_transfer(
[INFO] [stdout]     |        ^^^^^^^^^^^^^^^
[INFO] [stdout] help: provide the argument
[INFO] [stdout]     |
[INFO] [stdout] 870 |         verify_transfer(/* Option<ContextStateInfo<'_>> */, proof_data),
[INFO] [stdout]     |                        ~~~~~~~~~~~~~~~~~~~~~~~~~~~~~~~~~~~~~~~~~~~~~~~~
[INFO] [stdout] 
[INFO] [stdout] 
[INFO] [stdout] error[E0061]: this function takes 2 arguments but 1 argument was supplied
[INFO] [stdout]    --> /opt/rustwide/cargo-home/registry/src/index.crates.io-6f17d22bba15001f/spl-token-2022-0.5.0/src/extension/confidential_transfer/instruction.rs:898:9
[INFO] [stdout]     |
[INFO] [stdout] 898 |         verify_transfer_with_fee(proof_data),
[INFO] [stdout]     |         ^^^^^^^^^^^^^^^^^^^^^^^^ ---------- argument #1 of type `Option<ContextStateInfo<'_>>` is missing
[INFO] [stdout]     |
[INFO] [stdout] note: function defined here
[INFO] [stdout]    --> /opt/rustwide/cargo-home/registry/src/index.crates.io-6f17d22bba15001f/solana-zk-token-sdk-1.14.29/src/zk_token_proof_instruction.rs:198:8
[INFO] [stdout]     |
[INFO] [stdout] 198 | pub fn verify_transfer_with_fee(
[INFO] [stdout]     |        ^^^^^^^^^^^^^^^^^^^^^^^^
[INFO] [stdout] help: provide the argument
[INFO] [stdout]     |
[INFO] [stdout] 898 |         verify_transfer_with_fee(/* Option<ContextStateInfo<'_>> */, proof_data),
[INFO] [stdout]     |                                 ~~~~~~~~~~~~~~~~~~~~~~~~~~~~~~~~~~~~~~~~~~~~~~~~
[INFO] [stdout] 
[INFO] [stdout] 
[INFO] [stdout] error[E0425]: cannot find function `verify_withdraw_withheld_tokens` in this scope
[INFO] [stdout]     --> /opt/rustwide/cargo-home/registry/src/index.crates.io-6f17d22bba15001f/spl-token-2022-0.5.0/src/extension/confidential_transfer/instruction.rs:1097:9
[INFO] [stdout]      |
[INFO] [stdout] 1097 |         verify_withdraw_withheld_tokens(proof_data),
[INFO] [stdout]      |         ^^^^^^^^^^^^^^^^^^^^^^^^^^^^^^^ not found in this scope
[INFO] [stdout] 
[INFO] [stdout] 
[INFO] [stdout] error[E0425]: cannot find function `verify_withdraw_withheld_tokens` in this scope
[INFO] [stdout]     --> /opt/rustwide/cargo-home/registry/src/index.crates.io-6f17d22bba15001f/spl-token-2022-0.5.0/src/extension/confidential_transfer/instruction.rs:1163:9
[INFO] [stdout]      |
[INFO] [stdout] 1163 |         verify_withdraw_withheld_tokens(proof_data),
[INFO] [stdout]      |         ^^^^^^^^^^^^^^^^^^^^^^^^^^^^^^^ not found in this scope
[INFO] [stdout] 
[INFO] [stdout] 
[INFO] [stdout] error[E0599]: no variant or associated item named `decode_type` found for enum `solana_zk_token_sdk::zk_token_proof_instruction::ProofInstruction` in the current scope
[INFO] [stdout]    --> /opt/rustwide/cargo-home/registry/src/index.crates.io-6f17d22bba15001f/spl-token-2022-0.5.0/src/extension/confidential_transfer/processor.rs:41:30
[INFO] [stdout]     |
[INFO] [stdout] 41  |         || ProofInstruction::decode_type(&instruction.data) != Some(expected)
[INFO] [stdout]     |                              ^^^^^^^^^^^ variant or associated item not found in `ProofInstruction`
[INFO] [stdout]     |
[INFO] [stdout] note: if you're trying to build a new `solana_zk_token_sdk::zk_token_proof_instruction::ProofInstruction`, consider using `solana_zk_token_sdk::zk_token_proof_instruction::ProofInstruction::instruction_type` which returns `Option<solana_zk_token_sdk::zk_token_proof_instruction::ProofInstruction>`
[INFO] [stdout]    --> /opt/rustwide/cargo-home/registry/src/index.crates.io-6f17d22bba15001f/solana-zk-token-sdk-1.14.29/src/zk_token_proof_instruction.rs:242:5
[INFO] [stdout]     |
[INFO] [stdout] 242 |     pub fn instruction_type(input: &[u8]) -> Option<Self> {
[INFO] [stdout]     |     ^^^^^^^^^^^^^^^^^^^^^^^^^^^^^^^^^^^^^^^^^^^^^^^^^^^^^
[INFO] [stdout] 
[INFO] [stdout] 
[INFO] [stdout] error[E0599]: no variant or associated item named `decode_data` found for enum `solana_zk_token_sdk::zk_token_proof_instruction::ProofInstruction` in the current scope
[INFO] [stdout]    --> /opt/rustwide/cargo-home/registry/src/index.crates.io-6f17d22bba15001f/spl-token-2022-0.5.0/src/extension/confidential_transfer/processor.rs:47:23
[INFO] [stdout]     |
[INFO] [stdout] 47  |     ProofInstruction::decode_data(&instruction.data).ok_or(ProgramError::InvalidInstructionData)
[INFO] [stdout]     |                       ^^^^^^^^^^^ variant or associated item not found in `ProofInstruction`
[INFO] [stdout]     |
[INFO] [stdout] note: if you're trying to build a new `solana_zk_token_sdk::zk_token_proof_instruction::ProofInstruction`, consider using `solana_zk_token_sdk::zk_token_proof_instruction::ProofInstruction::instruction_type` which returns `Option<solana_zk_token_sdk::zk_token_proof_instruction::ProofInstruction>`
[INFO] [stdout]    --> /opt/rustwide/cargo-home/registry/src/index.crates.io-6f17d22bba15001f/solana-zk-token-sdk-1.14.29/src/zk_token_proof_instruction.rs:242:5
[INFO] [stdout]     |
[INFO] [stdout] 242 |     pub fn instruction_type(input: &[u8]) -> Option<Self> {
[INFO] [stdout]     |     ^^^^^^^^^^^^^^^^^^^^^^^^^^^^^^^^^^^^^^^^^^^^^^^^^^^^^
[INFO] [stdout] 
[INFO] [stdout] 
[INFO] [stdout] error[E0609]: no field `pubkey` on type `&solana_zk_token_sdk::instruction::PubkeyValidityData`
[INFO] [stdout]    --> /opt/rustwide/cargo-home/registry/src/index.crates.io-6f17d22bba15001f/spl-token-2022-0.5.0/src/extension/confidential_transfer/processor.rs:171:19
[INFO] [stdout]     |
[INFO] [stdout] 171 |     if proof_data.pubkey != *encryption_pubkey {
[INFO] [stdout]     |                   ^^^^^^ unknown field
[INFO] [stdout]     |
[INFO] [stdout] help: one of the expressions' fields has a field of the same name
[INFO] [stdout]     |
[INFO] [stdout] 171 |     if proof_data.context.pubkey != *encryption_pubkey {
[INFO] [stdout]     |                   ++++++++
[INFO] [stdout] 
[INFO] [stdout] 
[INFO] [stdout] error[E0599]: no variant or associated item named `VerifyCloseAccount` found for enum `solana_zk_token_sdk::zk_token_proof_instruction::ProofInstruction` in the current scope
[INFO] [stdout]    --> /opt/rustwide/cargo-home/registry/src/index.crates.io-6f17d22bba15001f/spl-token-2022-0.5.0/src/extension/confidential_transfer/processor.rs:284:27
[INFO] [stdout]     |
[INFO] [stdout] 284 |         ProofInstruction::VerifyCloseAccount,
[INFO] [stdout]     |                           ^^^^^^^^^^^^^^^^^^ variant or associated item not found in `ProofInstruction`
[INFO] [stdout] 
[INFO] [stdout] 
[INFO] [stdout] error[E0609]: no field `pubkey` on type `&solana_zk_token_sdk::instruction::WithdrawData`
[INFO] [stdout]    --> /opt/rustwide/cargo-home/registry/src/index.crates.io-6f17d22bba15001f/spl-token-2022-0.5.0/src/extension/confidential_transfer/processor.rs:466:70
[INFO] [stdout]     |
[INFO] [stdout] 466 |     if confidential_transfer_account.encryption_pubkey != proof_data.pubkey {
[INFO] [stdout]     |                                                                      ^^^^^^ unknown field
[INFO] [stdout]     |
[INFO] [stdout] help: one of the expressions' fields has a field of the same name
[INFO] [stdout]     |
[INFO] [stdout] 466 |     if confidential_transfer_account.encryption_pubkey != proof_data.context.pubkey {
[INFO] [stdout]     |                                                                      ++++++++
[INFO] [stdout] 
[INFO] [stdout] 
[INFO] [stdout] error[E0609]: no field `final_ciphertext` on type `&solana_zk_token_sdk::instruction::WithdrawData`
[INFO] [stdout]    --> /opt/rustwide/cargo-home/registry/src/index.crates.io-6f17d22bba15001f/spl-token-2022-0.5.0/src/extension/confidential_transfer/processor.rs:474:70
[INFO] [stdout]     |
[INFO] [stdout] 474 |     if confidential_transfer_account.available_balance != proof_data.final_ciphertext {
[INFO] [stdout]     |                                                                      ^^^^^^^^^^^^^^^^ unknown field
[INFO] [stdout]     |
[INFO] [stdout] help: one of the expressions' fields has a field of the same name
[INFO] [stdout]     |
[INFO] [stdout] 474 |     if confidential_transfer_account.available_balance != proof_data.context.final_ciphertext {
[INFO] [stdout]     |                                                                      ++++++++
[INFO] [stdout] 
[INFO] [stdout] 
[INFO] [stdout] error[E0609]: no field `transfer_with_fee_pubkeys` on type `&solana_zk_token_sdk::instruction::TransferWithFeeData`
[INFO] [stdout]    --> /opt/rustwide/cargo-home/registry/src/index.crates.io-6f17d22bba15001f/spl-token-2022-0.5.0/src/extension/confidential_transfer/processor.rs:525:23
[INFO] [stdout]     |
[INFO] [stdout] 525 |         if proof_data.transfer_with_fee_pubkeys.auditor_pubkey
[INFO] [stdout]     |                       ^^^^^^^^^^^^^^^^^^^^^^^^^ unknown field
[INFO] [stdout]     |
[INFO] [stdout] help: one of the expressions' fields has a field of the same name
[INFO] [stdout]     |
[INFO] [stdout] 525 |         if proof_data.context.transfer_with_fee_pubkeys.auditor_pubkey
[INFO] [stdout]     |                       ++++++++
[INFO] [stdout] 
[INFO] [stdout] 
[INFO] [stdout] error[E0609]: no field `transfer_with_fee_pubkeys` on type `&solana_zk_token_sdk::instruction::TransferWithFeeData`
[INFO] [stdout]    --> /opt/rustwide/cargo-home/registry/src/index.crates.io-6f17d22bba15001f/spl-token-2022-0.5.0/src/extension/confidential_transfer/processor.rs:533:14
[INFO] [stdout]     |
[INFO] [stdout] 533 |             .transfer_with_fee_pubkeys
[INFO] [stdout]     |              ^^^^^^^^^^^^^^^^^^^^^^^^^ unknown field
[INFO] [stdout]     |
[INFO] [stdout] help: one of the expressions' fields has a field of the same name
[INFO] [stdout]     |
[INFO] [stdout] 533 |             .context.transfer_with_fee_pubkeys
[INFO] [stdout]     |              ++++++++
[INFO] [stdout] 
[INFO] [stdout] 
[INFO] [stdout] error[E0609]: no field `fee_parameters` on type `&solana_zk_token_sdk::instruction::TransferWithFeeData`
[INFO] [stdout]    --> /opt/rustwide/cargo-home/registry/src/index.crates.io-6f17d22bba15001f/spl-token-2022-0.5.0/src/extension/confidential_transfer/processor.rs:563:33
[INFO] [stdout]     |
[INFO] [stdout] 563 |         if u64::from(proof_data.fee_parameters.maximum_fee) != maximum_fee
[INFO] [stdout]     |                                 ^^^^^^^^^^^^^^ unknown field
[INFO] [stdout]     |
[INFO] [stdout] help: one of the expressions' fields has a field of the same name
[INFO] [stdout]     |
[INFO] [stdout] 563 |         if u64::from(proof_data.context.fee_parameters.maximum_fee) != maximum_fee
[INFO] [stdout]     |                                 ++++++++
[INFO] [stdout] 
[INFO] [stdout] 
[INFO] [stdout] error[E0609]: no field `fee_parameters` on type `&solana_zk_token_sdk::instruction::TransferWithFeeData`
[INFO] [stdout]    --> /opt/rustwide/cargo-home/registry/src/index.crates.io-6f17d22bba15001f/spl-token-2022-0.5.0/src/extension/confidential_transfer/processor.rs:564:37
[INFO] [stdout]     |
[INFO] [stdout] 564 |             || u16::from(proof_data.fee_parameters.fee_rate_basis_points)
[INFO] [stdout]     |                                     ^^^^^^^^^^^^^^ unknown field
[INFO] [stdout]     |
[INFO] [stdout] help: one of the expressions' fields has a field of the same name
[INFO] [stdout]     |
[INFO] [stdout] 564 |             || u16::from(proof_data.context.fee_parameters.fee_rate_basis_points)
[INFO] [stdout]     |                                     ++++++++
[INFO] [stdout] 
[INFO] [stdout] 
[INFO] [stdout] error[E0609]: no field `ciphertext_lo` on type `&solana_zk_token_sdk::instruction::TransferWithFeeData`
[INFO] [stdout]    --> /opt/rustwide/cargo-home/registry/src/index.crates.io-6f17d22bba15001f/spl-token-2022-0.5.0/src/extension/confidential_transfer/processor.rs:571:24
[INFO] [stdout]     |
[INFO] [stdout] 571 |             proof_data.ciphertext_lo.commitment,
[INFO] [stdout]     |                        ^^^^^^^^^^^^^ unknown field
[INFO] [stdout]     |
[INFO] [stdout] help: one of the expressions' fields has a field of the same name
[INFO] [stdout]     |
[INFO] [stdout] 571 |             proof_data.context.ciphertext_lo.commitment,
[INFO] [stdout]     |                        ++++++++
[INFO] [stdout] 
[INFO] [stdout] 
[INFO] [stdout] error[E0609]: no field `ciphertext_lo` on type `&solana_zk_token_sdk::instruction::TransferWithFeeData`
[INFO] [stdout]    --> /opt/rustwide/cargo-home/registry/src/index.crates.io-6f17d22bba15001f/spl-token-2022-0.5.0/src/extension/confidential_transfer/processor.rs:572:24
[INFO] [stdout]     |
[INFO] [stdout] 572 |             proof_data.ciphertext_lo.source_handle,
[INFO] [stdout]     |                        ^^^^^^^^^^^^^ unknown field
[INFO] [stdout]     |
[INFO] [stdout] help: one of the expressions' fields has a field of the same name
[INFO] [stdout]     |
[INFO] [stdout] 572 |             proof_data.context.ciphertext_lo.source_handle,
[INFO] [stdout]     |                        ++++++++
[INFO] [stdout] 
[INFO] [stdout] 
[INFO] [stdout] error[E0609]: no field `ciphertext_hi` on type `&solana_zk_token_sdk::instruction::TransferWithFeeData`
[INFO] [stdout]    --> /opt/rustwide/cargo-home/registry/src/index.crates.io-6f17d22bba15001f/spl-token-2022-0.5.0/src/extension/confidential_transfer/processor.rs:575:24
[INFO] [stdout]     |
[INFO] [stdout] 575 |             proof_data.ciphertext_hi.commitment,
[INFO] [stdout]     |                        ^^^^^^^^^^^^^ unknown field
[INFO] [stdout]     |
[INFO] [stdout] help: one of the expressions' fields has a field of the same name
[INFO] [stdout]     |
[INFO] [stdout] 575 |             proof_data.context.ciphertext_hi.commitment,
[INFO] [stdout]     |                        ++++++++
[INFO] [stdout] 
[INFO] [stdout] 
[INFO] [stdout] error[E0609]: no field `ciphertext_hi` on type `&solana_zk_token_sdk::instruction::TransferWithFeeData`
[INFO] [stdout]    --> /opt/rustwide/cargo-home/registry/src/index.crates.io-6f17d22bba15001f/spl-token-2022-0.5.0/src/extension/confidential_transfer/processor.rs:576:24
[INFO] [stdout]     |
[INFO] [stdout] 576 |             proof_data.ciphertext_hi.source_handle,
[INFO] [stdout]     |                        ^^^^^^^^^^^^^ unknown field
[INFO] [stdout]     |
[INFO] [stdout] help: one of the expressions' fields has a field of the same name
[INFO] [stdout]     |
[INFO] [stdout] 576 |             proof_data.context.ciphertext_hi.source_handle,
[INFO] [stdout]     |                        ++++++++
[INFO] [stdout] 
[INFO] [stdout] 
[INFO] [stdout] error[E0609]: no field `transfer_with_fee_pubkeys` on type `&solana_zk_token_sdk::instruction::TransferWithFeeData`
[INFO] [stdout]    --> /opt/rustwide/cargo-home/registry/src/index.crates.io-6f17d22bba15001f/spl-token-2022-0.5.0/src/extension/confidential_transfer/processor.rs:585:25
[INFO] [stdout]     |
[INFO] [stdout] 585 |             &proof_data.transfer_with_fee_pubkeys.source_pubkey,
[INFO] [stdout]     |                         ^^^^^^^^^^^^^^^^^^^^^^^^^ unknown field
[INFO] [stdout]     |
[INFO] [stdout] help: one of the expressions' fields has a field of the same name
[INFO] [stdout]     |
[INFO] [stdout] 585 |             &proof_data.context.transfer_with_fee_pubkeys.source_pubkey,
[INFO] [stdout]     |                         ++++++++
[INFO] [stdout] 
[INFO] [stdout] 
[INFO] [stdout] error[E0609]: no field `ciphertext_lo` on type `&solana_zk_token_sdk::instruction::TransferWithFeeData`
[INFO] [stdout]    --> /opt/rustwide/cargo-home/registry/src/index.crates.io-6f17d22bba15001f/spl-token-2022-0.5.0/src/extension/confidential_transfer/processor.rs:592:24
[INFO] [stdout]     |
[INFO] [stdout] 592 |             proof_data.ciphertext_lo.commitment,
[INFO] [stdout]     |                        ^^^^^^^^^^^^^ unknown field
[INFO] [stdout]     |
[INFO] [stdout] help: one of the expressions' fields has a field of the same name
[INFO] [stdout]     |
[INFO] [stdout] 592 |             proof_data.context.ciphertext_lo.commitment,
[INFO] [stdout]     |                        ++++++++
[INFO] [stdout] 
[INFO] [stdout] 
[INFO] [stdout] error[E0609]: no field `ciphertext_lo` on type `&solana_zk_token_sdk::instruction::TransferWithFeeData`
[INFO] [stdout]    --> /opt/rustwide/cargo-home/registry/src/index.crates.io-6f17d22bba15001f/spl-token-2022-0.5.0/src/extension/confidential_transfer/processor.rs:593:24
[INFO] [stdout]     |
[INFO] [stdout] 593 |             proof_data.ciphertext_lo.destination_handle,
[INFO] [stdout]     |                        ^^^^^^^^^^^^^ unknown field
[INFO] [stdout]     |
[INFO] [stdout] help: one of the expressions' fields has a field of the same name
[INFO] [stdout]     |
[INFO] [stdout] 593 |             proof_data.context.ciphertext_lo.destination_handle,
[INFO] [stdout]     |                        ++++++++
[INFO] [stdout] 
[INFO] [stdout] 
[INFO] [stdout] error[E0609]: no field `ciphertext_hi` on type `&solana_zk_token_sdk::instruction::TransferWithFeeData`
[INFO] [stdout]    --> /opt/rustwide/cargo-home/registry/src/index.crates.io-6f17d22bba15001f/spl-token-2022-0.5.0/src/extension/confidential_transfer/processor.rs:596:24
[INFO] [stdout]     |
[INFO] [stdout] 596 |             proof_data.ciphertext_hi.commitment,
[INFO] [stdout]     |                        ^^^^^^^^^^^^^ unknown field
[INFO] [stdout]     |
[INFO] [stdout] help: one of the expressions' fields has a field of the same name
[INFO] [stdout]     |
[INFO] [stdout] 596 |             proof_data.context.ciphertext_hi.commitment,
[INFO] [stdout]     |                        ++++++++
[INFO] [stdout] 
[INFO] [stdout] 
[INFO] [stdout] error[E0609]: no field `ciphertext_hi` on type `&solana_zk_token_sdk::instruction::TransferWithFeeData`
[INFO] [stdout]    --> /opt/rustwide/cargo-home/registry/src/index.crates.io-6f17d22bba15001f/spl-token-2022-0.5.0/src/extension/confidential_transfer/processor.rs:597:24
[INFO] [stdout]     |
[INFO] [stdout] 597 |             proof_data.ciphertext_hi.destination_handle,
[INFO] [stdout]     |                        ^^^^^^^^^^^^^ unknown field
[INFO] [stdout]     |
[INFO] [stdout] help: one of the expressions' fields has a field of the same name
[INFO] [stdout]     |
[INFO] [stdout] 597 |             proof_data.context.ciphertext_hi.destination_handle,
[INFO] [stdout]     |                        ++++++++
[INFO] [stdout] 
[INFO] [stdout] 
[INFO] [stdout] error[E0609]: no field `transfer_with_fee_pubkeys` on type `&solana_zk_token_sdk::instruction::TransferWithFeeData`
[INFO] [stdout]    --> /opt/rustwide/cargo-home/registry/src/index.crates.io-6f17d22bba15001f/spl-token-2022-0.5.0/src/extension/confidential_transfer/processor.rs:610:25
[INFO] [stdout]     |
[INFO] [stdout] 610 |             &proof_data.transfer_with_fee_pubkeys.destination_pubkey,
[INFO] [stdout]     |                         ^^^^^^^^^^^^^^^^^^^^^^^^^ unknown field
[INFO] [stdout]     |
[INFO] [stdout] help: one of the expressions' fields has a field of the same name
[INFO] [stdout]     |
[INFO] [stdout] 610 |             &proof_data.context.transfer_with_fee_pubkeys.destination_pubkey,
[INFO] [stdout]     |                         ++++++++
[INFO] [stdout] 
[INFO] [stdout] 
[INFO] [stdout] error[E0609]: no field `transfer_pubkeys` on type `&solana_zk_token_sdk::instruction::TransferData`
[INFO] [stdout]    --> /opt/rustwide/cargo-home/registry/src/index.crates.io-6f17d22bba15001f/spl-token-2022-0.5.0/src/extension/confidential_transfer/processor.rs:622:23
[INFO] [stdout]     |
[INFO] [stdout] 622 |         if proof_data.transfer_pubkeys.auditor_pubkey
[INFO] [stdout]     |                       ^^^^^^^^^^^^^^^^ unknown field
[INFO] [stdout]     |
[INFO] [stdout] help: one of the expressions' fields has a field of the same name
[INFO] [stdout]     |
[INFO] [stdout] 622 |         if proof_data.context.transfer_pubkeys.auditor_pubkey
[INFO] [stdout]     |                       ++++++++
[INFO] [stdout] 
[INFO] [stdout] 
[INFO] [stdout] error[E0609]: no field `ciphertext_lo` on type `&solana_zk_token_sdk::instruction::TransferData`
[INFO] [stdout]    --> /opt/rustwide/cargo-home/registry/src/index.crates.io-6f17d22bba15001f/spl-token-2022-0.5.0/src/extension/confidential_transfer/processor.rs:629:24
[INFO] [stdout]     |
[INFO] [stdout] 629 |             proof_data.ciphertext_lo.commitment,
[INFO] [stdout]     |                        ^^^^^^^^^^^^^ unknown field
[INFO] [stdout]     |
[INFO] [stdout] help: one of the expressions' fields has a field of the same name
[INFO] [stdout]     |
[INFO] [stdout] 629 |             proof_data.context.ciphertext_lo.commitment,
[INFO] [stdout]     |                        ++++++++
[INFO] [stdout] 
[INFO] [stdout] 
[INFO] [stdout] error[E0609]: no field `ciphertext_lo` on type `&solana_zk_token_sdk::instruction::TransferData`
[INFO] [stdout]    --> /opt/rustwide/cargo-home/registry/src/index.crates.io-6f17d22bba15001f/spl-token-2022-0.5.0/src/extension/confidential_transfer/processor.rs:630:24
[INFO] [stdout]     |
[INFO] [stdout] 630 |             proof_data.ciphertext_lo.source_handle,
[INFO] [stdout]     |                        ^^^^^^^^^^^^^ unknown field
[INFO] [stdout]     |
[INFO] [stdout] help: one of the expressions' fields has a field of the same name
[INFO] [stdout]     |
[INFO] [stdout] 630 |             proof_data.context.ciphertext_lo.source_handle,
[INFO] [stdout]     |                        ++++++++
[INFO] [stdout] 
[INFO] [stdout] 
[INFO] [stdout] error[E0609]: no field `ciphertext_hi` on type `&solana_zk_token_sdk::instruction::TransferData`
[INFO] [stdout]    --> /opt/rustwide/cargo-home/registry/src/index.crates.io-6f17d22bba15001f/spl-token-2022-0.5.0/src/extension/confidential_transfer/processor.rs:633:24
[INFO] [stdout]     |
[INFO] [stdout] 633 |             proof_data.ciphertext_hi.commitment,
[INFO] [stdout]     |                        ^^^^^^^^^^^^^ unknown field
[INFO] [stdout]     |
[INFO] [stdout] help: one of the expressions' fields has a field of the same name
[INFO] [stdout]     |
[INFO] [stdout] 633 |             proof_data.context.ciphertext_hi.commitment,
[INFO] [stdout]     |                        ++++++++
[INFO] [stdout] 
[INFO] [stdout] 
[INFO] [stdout] error[E0609]: no field `ciphertext_hi` on type `&solana_zk_token_sdk::instruction::TransferData`
[INFO] [stdout]    --> /opt/rustwide/cargo-home/registry/src/index.crates.io-6f17d22bba15001f/spl-token-2022-0.5.0/src/extension/confidential_transfer/processor.rs:634:24
[INFO] [stdout]     |
[INFO] [stdout] 634 |             proof_data.ciphertext_hi.source_handle,
[INFO] [stdout]     |                        ^^^^^^^^^^^^^ unknown field
[INFO] [stdout]     |
[INFO] [stdout] help: one of the expressions' fields has a field of the same name
[INFO] [stdout]     |
[INFO] [stdout] 634 |             proof_data.context.ciphertext_hi.source_handle,
[INFO] [stdout]     |                        ++++++++
[INFO] [stdout] 
[INFO] [stdout] 
[INFO] [stdout] error[E0609]: no field `transfer_pubkeys` on type `&solana_zk_token_sdk::instruction::TransferData`
[INFO] [stdout]    --> /opt/rustwide/cargo-home/registry/src/index.crates.io-6f17d22bba15001f/spl-token-2022-0.5.0/src/extension/confidential_transfer/processor.rs:643:25
[INFO] [stdout]     |
[INFO] [stdout] 643 |             &proof_data.transfer_pubkeys.source_pubkey,
[INFO] [stdout]     |                         ^^^^^^^^^^^^^^^^ unknown field
[INFO] [stdout]     |
[INFO] [stdout] help: one of the expressions' fields has a field of the same name
[INFO] [stdout]     |
[INFO] [stdout] 643 |             &proof_data.context.transfer_pubkeys.source_pubkey,
[INFO] [stdout]     |                         ++++++++
[INFO] [stdout] 
[INFO] [stdout] 
[INFO] [stdout] error[E0609]: no field `ciphertext_lo` on type `&solana_zk_token_sdk::instruction::TransferData`
[INFO] [stdout]    --> /opt/rustwide/cargo-home/registry/src/index.crates.io-6f17d22bba15001f/spl-token-2022-0.5.0/src/extension/confidential_transfer/processor.rs:650:24
[INFO] [stdout]     |
[INFO] [stdout] 650 |             proof_data.ciphertext_lo.commitment,
[INFO] [stdout]     |                        ^^^^^^^^^^^^^ unknown field
[INFO] [stdout]     |
[INFO] [stdout] help: one of the expressions' fields has a field of the same name
[INFO] [stdout]     |
[INFO] [stdout] 650 |             proof_data.context.ciphertext_lo.commitment,
[INFO] [stdout]     |                        ++++++++
[INFO] [stdout] 
[INFO] [stdout] 
[INFO] [stdout] error[E0609]: no field `ciphertext_lo` on type `&solana_zk_token_sdk::instruction::TransferData`
[INFO] [stdout]    --> /opt/rustwide/cargo-home/registry/src/index.crates.io-6f17d22bba15001f/spl-token-2022-0.5.0/src/extension/confidential_transfer/processor.rs:651:24
[INFO] [stdout]     |
[INFO] [stdout] 651 |             proof_data.ciphertext_lo.destination_handle,
[INFO] [stdout]     |                        ^^^^^^^^^^^^^ unknown field
[INFO] [stdout]     |
[INFO] [stdout] help: one of the expressions' fields has a field of the same name
[INFO] [stdout]     |
[INFO] [stdout] 651 |             proof_data.context.ciphertext_lo.destination_handle,
[INFO] [stdout]     |                        ++++++++
[INFO] [stdout] 
[INFO] [stdout] 
[INFO] [stdout] error[E0609]: no field `ciphertext_hi` on type `&solana_zk_token_sdk::instruction::TransferData`
[INFO] [stdout]    --> /opt/rustwide/cargo-home/registry/src/index.crates.io-6f17d22bba15001f/spl-token-2022-0.5.0/src/extension/confidential_transfer/processor.rs:654:24
[INFO] [stdout]     |
[INFO] [stdout] 654 |             proof_data.ciphertext_hi.commitment,
[INFO] [stdout]     |                        ^^^^^^^^^^^^^ unknown field
[INFO] [stdout]     |
[INFO] [stdout] help: one of the expressions' fields has a field of the same name
[INFO] [stdout]     |
[INFO] [stdout] 654 |             proof_data.context.ciphertext_hi.commitment,
[INFO] [stdout]     |                        ++++++++
[INFO] [stdout] 
[INFO] [stdout] 
[INFO] [stdout] error[E0609]: no field `ciphertext_hi` on type `&solana_zk_token_sdk::instruction::TransferData`
[INFO] [stdout]    --> /opt/rustwide/cargo-home/registry/src/index.crates.io-6f17d22bba15001f/spl-token-2022-0.5.0/src/extension/confidential_transfer/processor.rs:655:24
[INFO] [stdout]     |
[INFO] [stdout] 655 |             proof_data.ciphertext_hi.destination_handle,
[INFO] [stdout]     |                        ^^^^^^^^^^^^^ unknown field
[INFO] [stdout]     |
[INFO] [stdout] help: one of the expressions' fields has a field of the same name
[INFO] [stdout]     |
[INFO] [stdout] 655 |             proof_data.context.ciphertext_hi.destination_handle,
[INFO] [stdout]     |                        ++++++++
[INFO] [stdout] 
[INFO] [stdout] 
[INFO] [stdout] error[E0609]: no field `transfer_pubkeys` on type `&solana_zk_token_sdk::instruction::TransferData`
[INFO] [stdout]    --> /opt/rustwide/cargo-home/registry/src/index.crates.io-6f17d22bba15001f/spl-token-2022-0.5.0/src/extension/confidential_transfer/processor.rs:661:25
[INFO] [stdout]     |
[INFO] [stdout] 661 |             &proof_data.transfer_pubkeys.destination_pubkey,
[INFO] [stdout]     |                         ^^^^^^^^^^^^^^^^ unknown field
[INFO] [stdout]     |
[INFO] [stdout] help: one of the expressions' fields has a field of the same name
[INFO] [stdout]     |
[INFO] [stdout] 661 |             &proof_data.context.transfer_pubkeys.destination_pubkey,
[INFO] [stdout]     |                         ++++++++
[INFO] [stdout] 
[INFO] [stdout] 
[INFO] [stdout] error[E0599]: no variant or associated item named `VerifyWithdrawWithheldTokens` found for enum `solana_zk_token_sdk::zk_token_proof_instruction::ProofInstruction` in the current scope
[INFO] [stdout]    --> /opt/rustwide/cargo-home/registry/src/index.crates.io-6f17d22bba15001f/spl-token-2022-0.5.0/src/extension/confidential_transfer/processor.rs:986:27
[INFO] [stdout]     |
[INFO] [stdout] 986 |         ProofInstruction::VerifyWithdrawWithheldTokens,
[INFO] [stdout]     |                           ^^^^^^^^^^^^^^^^^^^^^^^^^^^^ variant or associated item not found in `ProofInstruction`
[INFO] [stdout] 
[INFO] [stdout] 
[INFO] [stdout] error[E0599]: no variant or associated item named `VerifyWithdrawWithheldTokens` found for enum `solana_zk_token_sdk::zk_token_proof_instruction::ProofInstruction` in the current scope
[INFO] [stdout]     --> /opt/rustwide/cargo-home/registry/src/index.crates.io-6f17d22bba15001f/spl-token-2022-0.5.0/src/extension/confidential_transfer/processor.rs:1117:27
[INFO] [stdout]      |
[INFO] [stdout] 1117 |         ProofInstruction::VerifyWithdrawWithheldTokens,
[INFO] [stdout]      |                           ^^^^^^^^^^^^^^^^^^^^^^^^^^^^ variant or associated item not found in `ProofInstruction`
[INFO] [stdout] 
[INFO] [stdout] 
[INFO] [stderr]    Compiling solana-cli-config v1.14.29
[INFO] [stderr]    Compiling solana-faucet v1.14.29
[INFO] [stdout] Some errors have detailed explanations: E0061, E0412, E0425, E0599, E0609.
[INFO] [stdout] 
[INFO] [stdout] For more information about an error, try `rustc --explain E0061`.
[INFO] [stdout] 
[INFO] [stderr] error: could not compile `spl-token-2022` (lib) due to 46 previous errors
[INFO] [stderr] warning: build failed, waiting for other jobs to finish...
[INFO] running `Command { std: "docker" "inspect" "7b13259cdfd0b095a8881067d2ef4b643ba417133f2b2f7d6edbe453c606b6b4", kill_on_drop: false }`
[INFO] running `Command { std: "docker" "rm" "-f" "7b13259cdfd0b095a8881067d2ef4b643ba417133f2b2f7d6edbe453c606b6b4", kill_on_drop: false }`
[INFO] [stdout] 7b13259cdfd0b095a8881067d2ef4b643ba417133f2b2f7d6edbe453c606b6b4
