[INFO] fetching crate cln-grpc 0.2.0...
[INFO] testing cln-grpc-0.2.0 against nightly-2024-10-28 for randomize-layout
[INFO] extracting crate cln-grpc 0.2.0 into /workspace/builds/worker-3-tc1/source
[INFO] validating manifest of crates.io crate cln-grpc 0.2.0 on toolchain nightly-2024-10-28
[INFO] running `Command { std: CARGO_HOME="/workspace/cargo-home" RUSTUP_HOME="/workspace/rustup-home" "/workspace/cargo-home/bin/cargo" "+nightly-2024-10-28" "metadata" "--manifest-path" "Cargo.toml" "--no-deps", kill_on_drop: false }`
[INFO] started tweaking crates.io crate cln-grpc 0.2.0
[INFO] finished tweaking crates.io crate cln-grpc 0.2.0
[INFO] tweaked toml for crates.io crate cln-grpc 0.2.0 written to /workspace/builds/worker-3-tc1/source/Cargo.toml
[INFO] running `Command { std: CARGO_HOME="/workspace/cargo-home" RUSTUP_HOME="/workspace/rustup-home" "/workspace/cargo-home/bin/cargo" "+nightly-2024-10-28" "generate-lockfile" "--manifest-path" "Cargo.toml", kill_on_drop: false }`
[INFO] [stderr]     Blocking waiting for file lock on package cache
[INFO] [stderr]     Updating crates.io index
[INFO] [stderr]     Blocking waiting for file lock on package cache
[INFO] [stderr]      Locking 140 packages to latest compatible versions
[INFO] [stderr]       Adding bitcoin v0.30.2 (available: v0.32.4)
[INFO] [stderr]       Adding prost v0.12.6 (available: v0.13.3)
[INFO] [stderr]       Adding tonic v0.11.0 (available: v0.12.3)
[INFO] [stderr]       Adding tonic-build v0.11.0 (available: v0.12.3)
[INFO] running `Command { std: CARGO_HOME="/workspace/cargo-home" RUSTUP_HOME="/workspace/rustup-home" "/workspace/cargo-home/bin/cargo" "+nightly-2024-10-28" "fetch" "--manifest-path" "Cargo.toml", kill_on_drop: false }`
[INFO] [stderr]     Blocking waiting for file lock on package cache
[INFO] [stderr]     Blocking waiting for file lock on package cache
[INFO] [stderr]  Downloading crates ...
[INFO] [stderr]   Downloaded cln-rpc v0.2.0
[INFO] [stderr]   Downloaded bitcoin-private v0.1.0
[INFO] [stderr]   Downloaded hex_lit v0.1.1
[INFO] [stderr]   Downloaded bitcoin_hashes v0.12.0
[INFO] [stderr]   Downloaded bitcoin v0.30.2
[INFO] running `Command { std: "docker" "create" "-v" "/var/lib/crater-agent-workspace/builds/worker-3-tc1/target:/opt/rustwide/target:rw,Z" "-v" "/var/lib/crater-agent-workspace/builds/worker-3-tc1/source:/opt/rustwide/workdir:ro,Z" "-v" "/var/lib/crater-agent-workspace/cargo-home:/opt/rustwide/cargo-home:ro,Z" "-v" "/var/lib/crater-agent-workspace/rustup-home:/opt/rustwide/rustup-home:ro,Z" "-e" "SOURCE_DIR=/opt/rustwide/workdir" "-e" "CARGO_TARGET_DIR=/opt/rustwide/target" "-e" "CARGO_HOME=/opt/rustwide/cargo-home" "-e" "RUSTUP_HOME=/opt/rustwide/rustup-home" "-w" "/opt/rustwide/workdir" "-m" "1610612736" "--user" "0:0" "--network" "none" "ghcr.io/rust-lang/crates-build-env/linux@sha256:4a844ea9eb2546a2d2c7022eacef16ef2e8229c7fbb2c7d4d55a9ceca922f72d" "/opt/rustwide/cargo-home/bin/cargo" "+nightly-2024-10-28" "metadata" "--no-deps" "--format-version=1", kill_on_drop: false }`
[INFO] [stdout] 31f9680baec8d1842eecf63ff26e6218d52087c5e51d43a3c68a91cfc61b74c2
[INFO] running `Command { std: "docker" "start" "-a" "31f9680baec8d1842eecf63ff26e6218d52087c5e51d43a3c68a91cfc61b74c2", kill_on_drop: false }`
[INFO] running `Command { std: "docker" "inspect" "31f9680baec8d1842eecf63ff26e6218d52087c5e51d43a3c68a91cfc61b74c2", kill_on_drop: false }`
[INFO] running `Command { std: "docker" "rm" "-f" "31f9680baec8d1842eecf63ff26e6218d52087c5e51d43a3c68a91cfc61b74c2", kill_on_drop: false }`
[INFO] [stdout] 31f9680baec8d1842eecf63ff26e6218d52087c5e51d43a3c68a91cfc61b74c2
[INFO] running `Command { std: "docker" "create" "-v" "/var/lib/crater-agent-workspace/builds/worker-3-tc1/target:/opt/rustwide/target:rw,Z" "-v" "/var/lib/crater-agent-workspace/builds/worker-3-tc1/source:/opt/rustwide/workdir:ro,Z" "-v" "/var/lib/crater-agent-workspace/cargo-home:/opt/rustwide/cargo-home:ro,Z" "-v" "/var/lib/crater-agent-workspace/rustup-home:/opt/rustwide/rustup-home:ro,Z" "-e" "SOURCE_DIR=/opt/rustwide/workdir" "-e" "CARGO_TARGET_DIR=/opt/rustwide/target" "-e" "CARGO_INCREMENTAL=0" "-e" "RUST_BACKTRACE=full" "-e" "RUSTFLAGS=--cap-lints=forbid" "-e" "RUSTDOCFLAGS=--cap-lints=forbid" "-e" "CARGO_HOME=/opt/rustwide/cargo-home" "-e" "RUSTUP_HOME=/opt/rustwide/rustup-home" "-w" "/opt/rustwide/workdir" "-m" "1610612736" "--user" "0:0" "--network" "none" "ghcr.io/rust-lang/crates-build-env/linux@sha256:4a844ea9eb2546a2d2c7022eacef16ef2e8229c7fbb2c7d4d55a9ceca922f72d" "/opt/rustwide/cargo-home/bin/cargo" "+nightly-2024-10-28" "build" "--frozen" "--message-format=json", kill_on_drop: false }`
[INFO] [stdout] 7cfc6138d89da91e68531b0cc4857364fa2486b7ca7e4fb8ce1190ac24dc0a8a
[INFO] running `Command { std: "docker" "start" "-a" "7cfc6138d89da91e68531b0cc4857364fa2486b7ca7e4fb8ce1190ac24dc0a8a", kill_on_drop: false }`
[INFO] [stderr]    Compiling bytes v1.8.0
[INFO] [stderr]    Compiling shlex v1.3.0
[INFO] [stderr]    Compiling futures-core v0.3.31
[INFO] [stderr]    Compiling equivalent v1.0.1
[INFO] [stderr]    Compiling hashbrown v0.15.0
[INFO] [stderr]    Compiling either v1.13.0
[INFO] [stderr]    Compiling rustversion v1.0.18
[INFO] [stderr]    Compiling anyhow v1.0.92
[INFO] [stderr]    Compiling slab v0.4.9
[INFO] [stderr]    Compiling futures-task v0.3.31
[INFO] [stderr]    Compiling futures-sink v0.3.31
[INFO] [stderr]    Compiling log v0.4.22
[INFO] [stderr]    Compiling syn v2.0.86
[INFO] [stderr]    Compiling mio v1.0.2
[INFO] [stderr]    Compiling socket2 v0.5.7
[INFO] [stderr]    Compiling regex-syntax v0.8.5
[INFO] [stderr]    Compiling httparse v1.9.5
[INFO] [stderr]    Compiling cc v1.1.31
[INFO] [stderr]    Compiling futures-util v0.3.31
[INFO] [stderr]    Compiling itertools v0.12.1
[INFO] [stderr]    Compiling tower-service v0.3.3
[INFO] [stderr]    Compiling indexmap v1.9.3
[INFO] [stderr]    Compiling spin v0.9.8
[INFO] [stderr]    Compiling untrusted v0.9.0
[INFO] [stderr]    Compiling try-lock v0.2.5
[INFO] [stderr]    Compiling rustls-pki-types v1.10.0
[INFO] [stderr]    Compiling bitcoin-private v0.1.0
[INFO] [stderr]    Compiling http v0.2.12
[INFO] [stderr]    Compiling want v0.3.1
[INFO] [stderr]    Compiling indexmap v2.6.0
[INFO] [stderr]    Compiling futures-channel v0.3.31
[INFO] [stderr]    Compiling rustls v0.22.4
[INFO] [stderr]    Compiling httpdate v1.0.3
[INFO] [stderr]    Compiling hashbrown v0.12.3
[INFO] [stderr]    Compiling tower-layer v0.3.3
[INFO] [stderr]    Compiling zeroize v1.8.1
[INFO] [stderr]    Compiling mime v0.3.17
[INFO] [stderr]    Compiling hex_lit v0.1.1
[INFO] [stderr]    Compiling axum-core v0.3.4
[INFO] [stderr]    Compiling axum v0.6.20
[INFO] [stderr]    Compiling bitcoin v0.30.2
[INFO] [stderr]    Compiling sync_wrapper v0.1.2
[INFO] [stderr]    Compiling matchit v0.7.3
[INFO] [stderr]    Compiling memchr v2.7.4
[INFO] [stderr]    Compiling rustls-pemfile v2.2.0
[INFO] [stderr]    Compiling bech32 v0.9.1
[INFO] [stderr]    Compiling base64 v0.21.7
[INFO] [stderr]    Compiling hex v0.4.3
[INFO] [stderr]    Compiling http-body v0.4.6
[INFO] [stderr]    Compiling petgraph v0.6.5
[INFO] [stderr]    Compiling regex-automata v0.4.8
[INFO] [stderr]    Compiling ring v0.17.8
[INFO] [stderr]    Compiling secp256k1-sys v0.8.1
[INFO] [stderr]    Compiling regex v1.11.1
[INFO] [stderr]    Compiling prettyplease v0.2.25
[INFO] [stderr]    Compiling tokio-macros v2.4.0
[INFO] [stderr]    Compiling prost-derive v0.12.6
[INFO] [stderr]    Compiling tracing-attributes v0.1.27
[INFO] [stderr]    Compiling zerocopy-derive v0.7.35
[INFO] [stderr]    Compiling serde_derive v1.0.214
[INFO] [stderr]    Compiling pin-project-internal v1.1.7
[INFO] [stderr]    Compiling async-trait v0.1.83
[INFO] [stderr]    Compiling async-stream-impl v0.3.6
[INFO] [stderr]    Compiling async-stream v0.3.6
[INFO] [stderr]    Compiling tokio v1.41.0
[INFO] [stderr]    Compiling zerocopy v0.7.35
[INFO] [stderr]    Compiling pin-project v1.1.7
[INFO] [stderr]    Compiling tracing v0.1.40
[INFO] [stderr]    Compiling prost v0.12.6
[INFO] [stderr]    Compiling ppv-lite86 v0.2.20
[INFO] [stderr]    Compiling prost-types v0.12.6
[INFO] [stderr]    Compiling rand_chacha v0.3.1
[INFO] [stderr]    Compiling rand v0.8.5
[INFO] [stderr]    Compiling rustls-webpki v0.102.8
[INFO] [stderr]    Compiling serde v1.0.214
[INFO] [stderr]    Compiling prost-build v0.12.6
[INFO] [stderr]    Compiling tonic-build v0.11.0
[INFO] [stderr]    Compiling tokio-util v0.7.12
[INFO] [stderr]    Compiling tokio-io-timeout v1.2.0
[INFO] [stderr]    Compiling cln-grpc v0.2.0 (/opt/rustwide/workdir)
[INFO] [stderr]    Compiling h2 v0.3.26
[INFO] [stderr]    Compiling tower v0.4.13
[INFO] [stderr]    Compiling tokio-stream v0.1.16
[INFO] [stderr]    Compiling tokio-rustls v0.25.0
[INFO] [stderr]    Compiling bitcoin_hashes v0.12.0
[INFO] [stderr]    Compiling secp256k1 v0.27.0
[INFO] [stderr]    Compiling hyper v0.14.31
[INFO] [stderr]    Compiling hyper-timeout v0.4.1
[INFO] [stderr]    Compiling tonic v0.11.0
[INFO] [stderr]     Finished `dev` profile [unoptimized + debuginfo] target(s) in 40.93s
[INFO] running `Command { std: "docker" "inspect" "7cfc6138d89da91e68531b0cc4857364fa2486b7ca7e4fb8ce1190ac24dc0a8a", kill_on_drop: false }`
[INFO] running `Command { std: "docker" "rm" "-f" "7cfc6138d89da91e68531b0cc4857364fa2486b7ca7e4fb8ce1190ac24dc0a8a", kill_on_drop: false }`
[INFO] [stdout] 7cfc6138d89da91e68531b0cc4857364fa2486b7ca7e4fb8ce1190ac24dc0a8a
[INFO] running `Command { std: "docker" "create" "-v" "/var/lib/crater-agent-workspace/builds/worker-3-tc1/target:/opt/rustwide/target:rw,Z" "-v" "/var/lib/crater-agent-workspace/builds/worker-3-tc1/source:/opt/rustwide/workdir:ro,Z" "-v" "/var/lib/crater-agent-workspace/cargo-home:/opt/rustwide/cargo-home:ro,Z" "-v" "/var/lib/crater-agent-workspace/rustup-home:/opt/rustwide/rustup-home:ro,Z" "-e" "SOURCE_DIR=/opt/rustwide/workdir" "-e" "CARGO_TARGET_DIR=/opt/rustwide/target" "-e" "CARGO_INCREMENTAL=0" "-e" "RUST_BACKTRACE=full" "-e" "RUSTFLAGS=--cap-lints=forbid" "-e" "RUSTDOCFLAGS=--cap-lints=forbid" "-e" "CARGO_HOME=/opt/rustwide/cargo-home" "-e" "RUSTUP_HOME=/opt/rustwide/rustup-home" "-w" "/opt/rustwide/workdir" "-m" "1610612736" "--user" "0:0" "--network" "none" "ghcr.io/rust-lang/crates-build-env/linux@sha256:4a844ea9eb2546a2d2c7022eacef16ef2e8229c7fbb2c7d4d55a9ceca922f72d" "/opt/rustwide/cargo-home/bin/cargo" "+nightly-2024-10-28" "test" "--frozen" "--no-run" "--message-format=json", kill_on_drop: false }`
[INFO] [stdout] 3a26b693ca58e54faa5ee03c8b4ea861340ee5bc43697fc20489fb02b6f55161
[INFO] running `Command { std: "docker" "start" "-a" "3a26b693ca58e54faa5ee03c8b4ea861340ee5bc43697fc20489fb02b6f55161", kill_on_drop: false }`
[INFO] [stderr]    Compiling futures-task v0.3.31
[INFO] [stderr]    Compiling futures-macro v0.3.31
[INFO] [stderr]    Compiling serde_json v1.0.132
[INFO] [stderr]    Compiling futures-util v0.3.31
[INFO] [stderr]    Compiling h2 v0.3.26
[INFO] [stderr]    Compiling axum-core v0.3.4
[INFO] [stderr]    Compiling tower v0.4.13
[INFO] [stderr]    Compiling cln-rpc v0.2.0
[INFO] [stderr]    Compiling hyper v0.14.31
[INFO] [stderr]    Compiling hyper-timeout v0.4.1
[INFO] [stderr]    Compiling axum v0.6.20
[INFO] [stderr]    Compiling tonic v0.11.0
[INFO] [stderr]    Compiling cln-grpc v0.2.0 (/opt/rustwide/workdir)
[INFO] [stderr] error: could not compile `cln-grpc` (lib)
[INFO] [stderr] 
[INFO] [stderr] Caused by:
[INFO] [stderr]   process didn't exit successfully: `/opt/rustwide/rustup-home/toolchains/nightly-2024-10-28-x86_64-unknown-linux-gnu/bin/rustc --crate-name cln_grpc --edition=2021 src/lib.rs --error-format=json --json=diagnostic-rendered-ansi,artifacts,future-incompat --crate-type lib --emit=dep-info,metadata,link -C embed-bitcode=no -C debuginfo=2 --cfg 'feature="default"' --check-cfg 'cfg(docsrs)' --check-cfg 'cfg(feature, values("cln-rpc", "default", "server"))' -C metadata=f9a6d0439d524baa -C extra-filename=-f9a6d0439d524baa --out-dir /opt/rustwide/target/debug/deps -L dependency=/opt/rustwide/target/debug/deps --extern anyhow=/opt/rustwide/target/debug/deps/libanyhow-c6bfdd57e897141e.rmeta --extern bitcoin=/opt/rustwide/target/debug/deps/libbitcoin-52c31f4ea59cbf87.rmeta --extern futures_core=/opt/rustwide/target/debug/deps/libfutures_core-3267ce8fda4a14eb.rmeta --extern hex=/opt/rustwide/target/debug/deps/libhex-718b4f18bb2e7953.rmeta --extern log=/opt/rustwide/target/debug/deps/liblog-b6b1a89bf87ced53.rmeta --extern prost=/opt/rustwide/target/debug/deps/libprost-54ade499a5cb350c.rmeta --extern serde=/opt/rustwide/target/debug/deps/libserde-b36fb064d6d256ca.rmeta --extern tokio=/opt/rustwide/target/debug/deps/libtokio-5e960bb57ac0afe5.rmeta --extern tokio_stream=/opt/rustwide/target/debug/deps/libtokio_stream-6368aef2bc7338be.rmeta --extern tokio_util=/opt/rustwide/target/debug/deps/libtokio_util-2715d255a8449f3f.rmeta --extern tonic=/opt/rustwide/target/debug/deps/libtonic-e4232fc5282800ee.rmeta --cap-lints=forbid -L native=/opt/rustwide/target/debug/build/secp256k1-sys-d09efd3617c5bc8b/out -L native=/opt/rustwide/target/debug/build/ring-dde9b6b56ce77d69/out` (signal: 9, SIGKILL: kill)
[INFO] [stderr] warning: build failed, waiting for other jobs to finish...
[INFO] [stdout] error[E0277]: the trait bound `pb::GetinfoResponse: From<cln_rpc::model::responses::GetinfoResponse>` is not satisfied
[INFO] [stdout]    --> src/test.rs:251:33
[INFO] [stdout]     |
[INFO] [stdout] 251 |     let _g: GetinfoResponse = u.into();
[INFO] [stdout]     |                                 ^^^^ the trait `From<cln_rpc::model::responses::GetinfoResponse>` is not implemented for `pb::GetinfoResponse`, which is required by `cln_rpc::model::responses::GetinfoResponse: Into<_>`
[INFO] [stdout]     |
[INFO] [stdout]     = note: required for `cln_rpc::model::responses::GetinfoResponse` to implement `Into<pb::GetinfoResponse>`
[INFO] [stdout] 
[INFO] [stdout] 
[INFO] [stdout] error[E0277]: the trait bound `cln_rpc::model::requests::KeysendRequest: From<pb::KeysendRequest>` is not satisfied
[INFO] [stdout]    --> src/test.rs:298:57
[INFO] [stdout]     |
[INFO] [stdout] 298 |     let u: cln_rpc::model::requests::KeysendRequest = g.into();
[INFO] [stdout]     |                                                         ^^^^ the trait `From<pb::KeysendRequest>` is not implemented for `cln_rpc::model::requests::KeysendRequest`, which is required by `pb::KeysendRequest: Into<_>`
[INFO] [stdout]     |
[INFO] [stdout]     = note: required for `pb::KeysendRequest` to implement `Into<cln_rpc::model::requests::KeysendRequest>`
[INFO] [stdout] 
[INFO] [stdout] 
[INFO] [stdout] error[E0277]: the trait bound `pb::KeysendResponse: From<cln_rpc::model::responses::KeysendResponse>` is not satisfied
[INFO] [stdout]    --> src/test.rs:314:40
[INFO] [stdout]     |
[INFO] [stdout] 314 |     let g: KeysendResponse = u.clone().into();
[INFO] [stdout]     |                                        ^^^^ the trait `From<cln_rpc::model::responses::KeysendResponse>` is not implemented for `pb::KeysendResponse`, which is required by `cln_rpc::model::responses::KeysendResponse: Into<_>`
[INFO] [stdout]     |
[INFO] [stdout]     = note: required for `cln_rpc::model::responses::KeysendResponse` to implement `Into<pb::KeysendResponse>`
[INFO] [stdout] help: consider removing this method call, as the receiver has type `cln_rpc::model::responses::KeysendResponse` and `cln_rpc::model::responses::KeysendResponse: From<cln_rpc::model::responses::KeysendResponse>` trivially holds
[INFO] [stdout]     |
[INFO] [stdout] 314 -     let g: KeysendResponse = u.clone().into();
[INFO] [stdout] 314 +     let g: KeysendResponse = u.into();
[INFO] [stdout]     |
[INFO] [stdout] 
[INFO] [stdout] 
[INFO] [stdout] For more information about this error, try `rustc --explain E0277`.
[INFO] [stdout] 
[INFO] [stderr] error: could not compile `cln-grpc` (lib test) due to 3 previous errors
[INFO] running `Command { std: "docker" "inspect" "3a26b693ca58e54faa5ee03c8b4ea861340ee5bc43697fc20489fb02b6f55161", kill_on_drop: false }`
[INFO] running `Command { std: "docker" "rm" "-f" "3a26b693ca58e54faa5ee03c8b4ea861340ee5bc43697fc20489fb02b6f55161", kill_on_drop: false }`
[INFO] [stdout] 3a26b693ca58e54faa5ee03c8b4ea861340ee5bc43697fc20489fb02b6f55161
