[INFO] fetching crate clj_rub 0.0.4...
[INFO] testing clj_rub-0.0.4 against nightly-2024-10-28+rustflags=-Zrandomize-layout for randomize-layout
[INFO] extracting crate clj_rub 0.0.4 into /workspace/builds/worker-6-tc2/source
[INFO] validating manifest of crates.io crate clj_rub 0.0.4 on toolchain nightly-2024-10-28
[INFO] running `Command { std: CARGO_HOME="/workspace/cargo-home" RUSTUP_HOME="/workspace/rustup-home" "/workspace/cargo-home/bin/cargo" "+nightly-2024-10-28" "metadata" "--manifest-path" "Cargo.toml" "--no-deps", kill_on_drop: false }`
[INFO] started tweaking crates.io crate clj_rub 0.0.4
[INFO] finished tweaking crates.io crate clj_rub 0.0.4
[INFO] tweaked toml for crates.io crate clj_rub 0.0.4 written to /workspace/builds/worker-6-tc2/source/Cargo.toml
[INFO] running `Command { std: CARGO_HOME="/workspace/cargo-home" RUSTUP_HOME="/workspace/rustup-home" "/workspace/cargo-home/bin/cargo" "+nightly-2024-10-28" "generate-lockfile" "--manifest-path" "Cargo.toml", kill_on_drop: false }`
[INFO] [stderr]     Updating crates.io index
[INFO] [stderr]      Locking 24 packages to latest compatible versions
[INFO] running `Command { std: CARGO_HOME="/workspace/cargo-home" RUSTUP_HOME="/workspace/rustup-home" "/workspace/cargo-home/bin/cargo" "+nightly-2024-10-28" "fetch" "--manifest-path" "Cargo.toml", kill_on_drop: false }`
[INFO] [stderr] warning: no edition set: defaulting to the 2015 edition while the latest is 2021
[INFO] running `Command { std: "docker" "create" "-v" "/var/lib/crater-agent-workspace/builds/worker-6-tc2/target:/opt/rustwide/target:rw,Z" "-v" "/var/lib/crater-agent-workspace/builds/worker-6-tc2/source:/opt/rustwide/workdir:ro,Z" "-v" "/var/lib/crater-agent-workspace/cargo-home:/opt/rustwide/cargo-home:ro,Z" "-v" "/var/lib/crater-agent-workspace/rustup-home:/opt/rustwide/rustup-home:ro,Z" "-e" "SOURCE_DIR=/opt/rustwide/workdir" "-e" "CARGO_TARGET_DIR=/opt/rustwide/target" "-e" "CARGO_HOME=/opt/rustwide/cargo-home" "-e" "RUSTUP_HOME=/opt/rustwide/rustup-home" "-w" "/opt/rustwide/workdir" "-m" "1610612736" "--user" "0:0" "--network" "none" "ghcr.io/rust-lang/crates-build-env/linux@sha256:4a844ea9eb2546a2d2c7022eacef16ef2e8229c7fbb2c7d4d55a9ceca922f72d" "/opt/rustwide/cargo-home/bin/cargo" "+nightly-2024-10-28" "metadata" "--no-deps" "--format-version=1", kill_on_drop: false }`
[INFO] [stdout] fa2adcabbfb6d7af04f8c21d9a296a6c6c4c033ac96e272c9b2eb3fc3326de56
[INFO] running `Command { std: "docker" "start" "-a" "fa2adcabbfb6d7af04f8c21d9a296a6c6c4c033ac96e272c9b2eb3fc3326de56", kill_on_drop: false }`
[INFO] running `Command { std: "docker" "inspect" "fa2adcabbfb6d7af04f8c21d9a296a6c6c4c033ac96e272c9b2eb3fc3326de56", kill_on_drop: false }`
[INFO] running `Command { std: "docker" "rm" "-f" "fa2adcabbfb6d7af04f8c21d9a296a6c6c4c033ac96e272c9b2eb3fc3326de56", kill_on_drop: false }`
[INFO] [stdout] fa2adcabbfb6d7af04f8c21d9a296a6c6c4c033ac96e272c9b2eb3fc3326de56
[INFO] running `Command { std: "docker" "create" "-v" "/var/lib/crater-agent-workspace/builds/worker-6-tc2/target:/opt/rustwide/target:rw,Z" "-v" "/var/lib/crater-agent-workspace/builds/worker-6-tc2/source:/opt/rustwide/workdir:ro,Z" "-v" "/var/lib/crater-agent-workspace/cargo-home:/opt/rustwide/cargo-home:ro,Z" "-v" "/var/lib/crater-agent-workspace/rustup-home:/opt/rustwide/rustup-home:ro,Z" "-e" "SOURCE_DIR=/opt/rustwide/workdir" "-e" "CARGO_TARGET_DIR=/opt/rustwide/target" "-e" "CARGO_INCREMENTAL=0" "-e" "RUST_BACKTRACE=full" "-e" "RUSTFLAGS=--cap-lints=forbid -Zrandomize-layout" "-e" "RUSTDOCFLAGS=--cap-lints=forbid" "-e" "CARGO_HOME=/opt/rustwide/cargo-home" "-e" "RUSTUP_HOME=/opt/rustwide/rustup-home" "-w" "/opt/rustwide/workdir" "-m" "1610612736" "--user" "0:0" "--network" "none" "ghcr.io/rust-lang/crates-build-env/linux@sha256:4a844ea9eb2546a2d2c7022eacef16ef2e8229c7fbb2c7d4d55a9ceca922f72d" "/opt/rustwide/cargo-home/bin/cargo" "+nightly-2024-10-28" "build" "--frozen" "--message-format=json", kill_on_drop: false }`
[INFO] [stdout] de7e7c103873f409674c91bee32e43dc588c90369ea0a15a85d11197e6825e51
[INFO] running `Command { std: "docker" "start" "-a" "de7e7c103873f409674c91bee32e43dc588c90369ea0a15a85d11197e6825e51", kill_on_drop: false }`
[INFO] [stderr] warning: no edition set: defaulting to the 2015 edition while the latest is 2021
[INFO] [stderr]    Compiling proc-macro2 v1.0.89
[INFO] [stderr]    Compiling unicode-ident v1.0.13
[INFO] [stderr]    Compiling powerfmt v0.2.0
[INFO] [stderr]    Compiling regex-syntax v0.8.5
[INFO] [stderr]    Compiling num-conv v0.1.0
[INFO] [stderr]    Compiling serde v1.0.214
[INFO] [stderr]    Compiling time-core v0.1.2
[INFO] [stderr]    Compiling commandext v0.1.0
[INFO] [stderr]    Compiling lazy_static v1.5.0
[INFO] [stderr]    Compiling strsim v0.10.0
[INFO] [stderr]    Compiling scm v0.0.3
[INFO] [stderr]    Compiling deranged v0.3.11
[INFO] [stderr]    Compiling utils v0.0.3
[INFO] [stdout] error[E0432]: unresolved import `std::io::File`
[INFO] [stdout]    --> /opt/rustwide/cargo-home/registry/src/index.crates.io-6f17d22bba15001f/scm-0.0.3/src/git.rs:132:5
[INFO] [stdout]     |
[INFO] [stdout] 132 | use std::io::File;
[INFO] [stdout]     |     ^^^^^^^^^^^^^ no `File` in `io`
[INFO] [stdout]     |
[INFO] [stdout] help: consider importing this struct instead
[INFO] [stdout]     |
[INFO] [stdout] 132 | use std::fs::File;
[INFO] [stdout]     |     ~~~~~~~~~~~~~
[INFO] [stdout] 
[INFO] [stdout] 
[INFO] [stderr]    Compiling rustc-serialize v0.3.25
[INFO] [stdout] error[E0432]: unresolved import `std::io::process`
[INFO] [stdout]    --> /opt/rustwide/cargo-home/registry/src/index.crates.io-6f17d22bba15001f/scm-0.0.3/src/git.rs:133:14
[INFO] [stdout]     |
[INFO] [stdout] 133 | use std::io::process::Command;
[INFO] [stdout]     |              ^^^^^^^ could not find `process` in `io`
[INFO] [stdout] 
[INFO] [stdout] 
[INFO] [stdout] error[E0432]: unresolved import `std::os::getcwd`
[INFO] [stdout]    --> /opt/rustwide/cargo-home/registry/src/index.crates.io-6f17d22bba15001f/scm-0.0.3/src/git.rs:134:5
[INFO] [stdout]     |
[INFO] [stdout] 134 | use std::os::getcwd;
[INFO] [stdout]     |     ^^^^^^^^^^^^^^^ no `getcwd` in `os`
[INFO] [stdout] 
[INFO] [stdout] 
[INFO] [stdout] error[E0432]: unresolved import `std::io::process`
[INFO] [stdout]   --> /opt/rustwide/cargo-home/registry/src/index.crates.io-6f17d22bba15001f/scm-0.0.3/src/hg.rs:95:14
[INFO] [stdout]    |
[INFO] [stdout] 95 | use std::io::process::Command;
[INFO] [stdout]    |              ^^^^^^^ could not find `process` in `io`
[INFO] [stdout] 
[INFO] [stdout] 
[INFO] [stdout] error[E0432]: unresolved import `std::io::process`
[INFO] [stdout]   --> /opt/rustwide/cargo-home/registry/src/index.crates.io-6f17d22bba15001f/scm-0.0.3/src/svn.rs:13:14
[INFO] [stdout]    |
[INFO] [stdout] 13 | use std::io::process::Command;
[INFO] [stdout]    |              ^^^^^^^ could not find `process` in `io`
[INFO] [stdout] 
[INFO] [stdout] 
[INFO] [stdout] error: cannot find attribute `experimental` in this scope
[INFO] [stdout]  --> /opt/rustwide/cargo-home/registry/src/index.crates.io-6f17d22bba15001f/scm-0.0.3/src/lib.rs:5:4
[INFO] [stdout]   |
[INFO] [stdout] 5 | #![experimental]
[INFO] [stdout]   |    ^^^^^^^^^^^^
[INFO] [stdout] 
[INFO] [stdout] 
[INFO] [stdout] error: cannot find attribute `experimental` in this scope
[INFO] [stdout]    --> /opt/rustwide/cargo-home/registry/src/index.crates.io-6f17d22bba15001f/scm-0.0.3/src/git.rs:129:4
[INFO] [stdout]     |
[INFO] [stdout] 129 | #![experimental]
[INFO] [stdout]     |    ^^^^^^^^^^^^
[INFO] [stdout] 
[INFO] [stdout] 
[INFO] [stdout] error: cannot find attribute `experimental` in this scope
[INFO] [stdout]    --> /opt/rustwide/cargo-home/registry/src/index.crates.io-6f17d22bba15001f/scm-0.0.3/src/git.rs:139:3
[INFO] [stdout]     |
[INFO] [stdout] 139 | #[experimental]
[INFO] [stdout]     |   ^^^^^^^^^^^^
[INFO] [stdout] 
[INFO] [stdout] 
[INFO] [stdout] error: cannot find attribute `experimental` in this scope
[INFO] [stdout]    --> /opt/rustwide/cargo-home/registry/src/index.crates.io-6f17d22bba15001f/scm-0.0.3/src/git.rs:151:3
[INFO] [stdout]     |
[INFO] [stdout] 151 | #[experimental]
[INFO] [stdout]     |   ^^^^^^^^^^^^
[INFO] [stdout] 
[INFO] [stdout] 
[INFO] [stdout] error: cannot find attribute `experimental` in this scope
[INFO] [stdout]    --> /opt/rustwide/cargo-home/registry/src/index.crates.io-6f17d22bba15001f/scm-0.0.3/src/git.rs:161:3
[INFO] [stdout]     |
[INFO] [stdout] 161 | #[experimental]
[INFO] [stdout]     |   ^^^^^^^^^^^^
[INFO] [stdout] 
[INFO] [stdout] 
[INFO] [stdout] error: cannot find attribute `experimental` in this scope
[INFO] [stdout]    --> /opt/rustwide/cargo-home/registry/src/index.crates.io-6f17d22bba15001f/scm-0.0.3/src/git.rs:176:7
[INFO] [stdout]     |
[INFO] [stdout] 176 |     #[experimental]
[INFO] [stdout]     |       ^^^^^^^^^^^^
[INFO] [stdout] 
[INFO] [stdout] 
[INFO] [stdout] error: cannot find attribute `experimental` in this scope
[INFO] [stdout]    --> /opt/rustwide/cargo-home/registry/src/index.crates.io-6f17d22bba15001f/scm-0.0.3/src/git.rs:198:7
[INFO] [stdout]     |
[INFO] [stdout] 198 |     #[experimental]
[INFO] [stdout]     |       ^^^^^^^^^^^^
[INFO] [stdout] 
[INFO] [stdout] 
[INFO] [stdout] error: cannot find attribute `experimental` in this scope
[INFO] [stdout]    --> /opt/rustwide/cargo-home/registry/src/index.crates.io-6f17d22bba15001f/scm-0.0.3/src/git.rs:216:7
[INFO] [stdout]     |
[INFO] [stdout] 216 |     #[experimental]
[INFO] [stdout]     |       ^^^^^^^^^^^^
[INFO] [stdout] 
[INFO] [stdout] 
[INFO] [stdout] error: cannot find attribute `experimental` in this scope
[INFO] [stdout]    --> /opt/rustwide/cargo-home/registry/src/index.crates.io-6f17d22bba15001f/scm-0.0.3/src/git.rs:239:7
[INFO] [stdout]     |
[INFO] [stdout] 239 |     #[experimental]
[INFO] [stdout]     |       ^^^^^^^^^^^^
[INFO] [stdout] 
[INFO] [stdout] 
[INFO] [stdout] error: cannot find attribute `experimental` in this scope
[INFO] [stdout]   --> /opt/rustwide/cargo-home/registry/src/index.crates.io-6f17d22bba15001f/utils-0.0.3/src/lib.rs:83:3
[INFO] [stdout]    |
[INFO] [stdout] 83 | #[experimental]
[INFO] [stdout]    |   ^^^^^^^^^^^^
[INFO] [stdout] 
[INFO] [stdout] 
[INFO] [stdout] error: cannot find attribute `experimental` in this scope
[INFO] [stdout]    --> /opt/rustwide/cargo-home/registry/src/index.crates.io-6f17d22bba15001f/scm-0.0.3/src/git.rs:299:7
[INFO] [stdout]     |
[INFO] [stdout] 299 |     #[experimental]
[INFO] [stdout]     |       ^^^^^^^^^^^^
[INFO] [stdout] 
[INFO] [stdout] 
[INFO] [stdout] error: cannot find attribute `experimental` in this scope
[INFO] [stdout]   --> /opt/rustwide/cargo-home/registry/src/index.crates.io-6f17d22bba15001f/utils-0.0.3/src/lib.rs:77:3
[INFO] [stdout]    |
[INFO] [stdout] 77 | #[experimental]
[INFO] [stdout]    |   ^^^^^^^^^^^^
[INFO] [stdout] 
[INFO] [stdout] 
[INFO] [stdout] error: cannot find attribute `experimental` in this scope
[INFO] [stdout]   --> /opt/rustwide/cargo-home/registry/src/index.crates.io-6f17d22bba15001f/utils-0.0.3/src/lib.rs:37:3
[INFO] [stdout]    |
[INFO] [stdout] 37 | #[experimental]
[INFO] [stdout]    |   ^^^^^^^^^^^^
[INFO] [stdout] 
[INFO] [stdout] 
[INFO] [stdout] error: cannot find attribute `experimental` in this scope
[INFO] [stdout]    --> /opt/rustwide/cargo-home/registry/src/index.crates.io-6f17d22bba15001f/scm-0.0.3/src/git.rs:310:7
[INFO] [stdout]     |
[INFO] [stdout] 310 |     #[experimental]
[INFO] [stdout]     |       ^^^^^^^^^^^^
[INFO] [stdout] 
[INFO] [stdout] 
[INFO] [stdout] error: cannot find attribute `experimental` in this scope
[INFO] [stdout]    --> /opt/rustwide/cargo-home/registry/src/index.crates.io-6f17d22bba15001f/scm-0.0.3/src/git.rs:321:7
[INFO] [stdout]     |
[INFO] [stdout] 321 |     #[experimental]
[INFO] [stdout]     |       ^^^^^^^^^^^^
[INFO] [stdout] 
[INFO] [stdout] 
[INFO] [stdout] error: cannot find attribute `experimental` in this scope
[INFO] [stdout]    --> /opt/rustwide/cargo-home/registry/src/index.crates.io-6f17d22bba15001f/scm-0.0.3/src/git.rs:332:7
[INFO] [stdout]     |
[INFO] [stdout] 332 |     #[experimental]
[INFO] [stdout]     |       ^^^^^^^^^^^^
[INFO] [stdout] 
[INFO] [stdout] 
[INFO] [stdout] error: cannot find attribute `experimental` in this scope
[INFO] [stdout]   --> /opt/rustwide/cargo-home/registry/src/index.crates.io-6f17d22bba15001f/utils-0.0.3/src/lib.rs:29:3
[INFO] [stdout]    |
[INFO] [stdout] 29 | #[experimental]
[INFO] [stdout]    |   ^^^^^^^^^^^^
[INFO] [stdout] 
[INFO] [stdout] 
[INFO] [stdout] error: cannot find attribute `experimental` in this scope
[INFO] [stdout]    --> /opt/rustwide/cargo-home/registry/src/index.crates.io-6f17d22bba15001f/scm-0.0.3/src/git.rs:343:7
[INFO] [stdout]     |
[INFO] [stdout] 343 |     #[experimental]
[INFO] [stdout]     |       ^^^^^^^^^^^^
[INFO] [stdout] 
[INFO] [stdout] 
[INFO] [stdout] error: cannot find attribute `experimental` in this scope
[INFO] [stdout]   --> /opt/rustwide/cargo-home/registry/src/index.crates.io-6f17d22bba15001f/utils-0.0.3/src/lib.rs:13:3
[INFO] [stdout]    |
[INFO] [stdout] 13 | #[experimental]
[INFO] [stdout]    |   ^^^^^^^^^^^^
[INFO] [stdout] 
[INFO] [stdout] 
[INFO] [stdout] error: cannot find attribute `experimental` in this scope
[INFO] [stdout]    --> /opt/rustwide/cargo-home/registry/src/index.crates.io-6f17d22bba15001f/scm-0.0.3/src/git.rs:354:7
[INFO] [stdout]     |
[INFO] [stdout] 354 |     #[experimental]
[INFO] [stdout]     |       ^^^^^^^^^^^^
[INFO] [stdout] 
[INFO] [stdout] 
[INFO] [stdout] error: cannot find attribute `experimental` in this scope
[INFO] [stdout]   --> /opt/rustwide/cargo-home/registry/src/index.crates.io-6f17d22bba15001f/utils-0.0.3/src/empty.rs:63:3
[INFO] [stdout]    |
[INFO] [stdout] 63 | #[experimental]
[INFO] [stdout]    |   ^^^^^^^^^^^^
[INFO] [stdout] 
[INFO] [stdout] 
[INFO] [stdout] error: cannot find attribute `experimental` in this scope
[INFO] [stdout]   --> /opt/rustwide/cargo-home/registry/src/index.crates.io-6f17d22bba15001f/utils-0.0.3/src/empty.rs:45:3
[INFO] [stdout]    |
[INFO] [stdout] 45 | #[experimental]
[INFO] [stdout]    |   ^^^^^^^^^^^^
[INFO] [stdout] 
[INFO] [stdout] 
[INFO] [stdout] error: cannot find attribute `experimental` in this scope
[INFO] [stdout]   --> /opt/rustwide/cargo-home/registry/src/index.crates.io-6f17d22bba15001f/utils-0.0.3/src/empty.rs:37:3
[INFO] [stdout]    |
[INFO] [stdout] 37 | #[experimental]
[INFO] [stdout]    |   ^^^^^^^^^^^^
[INFO] [stdout] 
[INFO] [stdout] 
[INFO] [stdout] error: cannot find attribute `experimental` in this scope
[INFO] [stdout]   --> /opt/rustwide/cargo-home/registry/src/index.crates.io-6f17d22bba15001f/utils-0.0.3/src/empty.rs:29:3
[INFO] [stdout]    |
[INFO] [stdout] 29 | #[experimental]
[INFO] [stdout]    |   ^^^^^^^^^^^^
[INFO] [stdout] 
[INFO] [stdout] 
[INFO] [stdout] error: cannot find attribute `experimental` in this scope
[INFO] [stdout]   --> /opt/rustwide/cargo-home/registry/src/index.crates.io-6f17d22bba15001f/utils-0.0.3/src/empty.rs:21:3
[INFO] [stdout]    |
[INFO] [stdout] 21 | #[experimental]
[INFO] [stdout]    |   ^^^^^^^^^^^^
[INFO] [stdout] 
[INFO] [stdout] 
[INFO] [stdout] error: cannot find attribute `experimental` in this scope
[INFO] [stdout]   --> /opt/rustwide/cargo-home/registry/src/index.crates.io-6f17d22bba15001f/utils-0.0.3/src/empty.rs:14:3
[INFO] [stdout]    |
[INFO] [stdout] 14 | #[experimental]
[INFO] [stdout]    |   ^^^^^^^^^^^^
[INFO] [stdout] 
[INFO] [stdout] 
[INFO] [stdout] error: cannot find attribute `experimental` in this scope
[INFO] [stdout]    --> /opt/rustwide/cargo-home/registry/src/index.crates.io-6f17d22bba15001f/scm-0.0.3/src/git.rs:371:7
[INFO] [stdout]     |
[INFO] [stdout] 371 |     #[experimental]
[INFO] [stdout]     |       ^^^^^^^^^^^^
[INFO] [stdout] 
[INFO] [stdout] 
[INFO] [stdout] error: cannot find attribute `experimental` in this scope
[INFO] [stdout]    --> /opt/rustwide/cargo-home/registry/src/index.crates.io-6f17d22bba15001f/scm-0.0.3/src/git.rs:387:7
[INFO] [stdout]     |
[INFO] [stdout] 387 |     #[experimental]
[INFO] [stdout]     |       ^^^^^^^^^^^^
[INFO] [stdout] 
[INFO] [stdout] 
[INFO] [stdout] error: cannot find attribute `experimental` in this scope
[INFO] [stdout]    --> /opt/rustwide/cargo-home/registry/src/index.crates.io-6f17d22bba15001f/scm-0.0.3/src/git.rs:397:7
[INFO] [stdout]     |
[INFO] [stdout] 397 |     #[experimental]
[INFO] [stdout]     |       ^^^^^^^^^^^^
[INFO] [stdout] 
[INFO] [stdout] 
[INFO] [stdout] error: cannot find attribute `experimental` in this scope
[INFO] [stdout]    --> /opt/rustwide/cargo-home/registry/src/index.crates.io-6f17d22bba15001f/scm-0.0.3/src/git.rs:407:7
[INFO] [stdout]     |
[INFO] [stdout] 407 |     #[experimental]
[INFO] [stdout]     |       ^^^^^^^^^^^^
[INFO] [stdout] 
[INFO] [stdout] 
[INFO] [stdout] error: cannot find attribute `experimental` in this scope
[INFO] [stdout]    --> /opt/rustwide/cargo-home/registry/src/index.crates.io-6f17d22bba15001f/scm-0.0.3/src/git.rs:417:7
[INFO] [stdout]     |
[INFO] [stdout] 417 |     #[experimental]
[INFO] [stdout]     |       ^^^^^^^^^^^^
[INFO] [stdout] 
[INFO] [stdout] 
[INFO] [stdout] error: cannot find attribute `experimental` in this scope
[INFO] [stdout]    --> /opt/rustwide/cargo-home/registry/src/index.crates.io-6f17d22bba15001f/scm-0.0.3/src/git.rs:427:7
[INFO] [stdout]     |
[INFO] [stdout] 427 |     #[experimental]
[INFO] [stdout]     |       ^^^^^^^^^^^^
[INFO] [stdout] 
[INFO] [stdout] 
[INFO] [stdout] error: cannot find attribute `experimental` in this scope
[INFO] [stdout]    --> /opt/rustwide/cargo-home/registry/src/index.crates.io-6f17d22bba15001f/scm-0.0.3/src/git.rs:437:7
[INFO] [stdout]     |
[INFO] [stdout] 437 |     #[experimental]
[INFO] [stdout]     |       ^^^^^^^^^^^^
[INFO] [stdout] 
[INFO] [stdout] 
[INFO] [stdout] error: cannot find attribute `experimental` in this scope
[INFO] [stdout]    --> /opt/rustwide/cargo-home/registry/src/index.crates.io-6f17d22bba15001f/scm-0.0.3/src/git.rs:447:7
[INFO] [stdout]     |
[INFO] [stdout] 447 |     #[experimental]
[INFO] [stdout]     |       ^^^^^^^^^^^^
[INFO] [stdout] 
[INFO] [stdout] 
[INFO] [stdout] error: cannot find attribute `experimental` in this scope
[INFO] [stdout]    --> /opt/rustwide/cargo-home/registry/src/index.crates.io-6f17d22bba15001f/scm-0.0.3/src/git.rs:525:7
[INFO] [stdout]     |
[INFO] [stdout] 525 |     #[experimental]
[INFO] [stdout]     |       ^^^^^^^^^^^^
[INFO] [stdout] 
[INFO] [stdout] 
[INFO] [stdout] error[E0599]: no method named `as_slice` found for reference `&String` in the current scope
[INFO] [stdout]   --> /opt/rustwide/cargo-home/registry/src/index.crates.io-6f17d22bba15001f/utils-0.0.3/src/empty.rs:32:14
[INFO] [stdout]    |
[INFO] [stdout] 32 |         self.as_slice().is_empty()
[INFO] [stdout]    |              ^^^^^^^^ method not found in `&String`
[INFO] [stdout] 
[INFO] [stdout] 
[INFO] [stdout] error: cannot find attribute `experimental` in this scope
[INFO] [stdout]   --> /opt/rustwide/cargo-home/registry/src/index.crates.io-6f17d22bba15001f/scm-0.0.3/src/hg.rs:93:4
[INFO] [stdout]    |
[INFO] [stdout] 93 | #![experimental]
[INFO] [stdout]    |    ^^^^^^^^^^^^
[INFO] [stdout] 
[INFO] [stdout] 
[INFO] [stdout] error[E0609]: no field `output` on type `Output`
[INFO] [stdout]   --> /opt/rustwide/cargo-home/registry/src/index.crates.io-6f17d22bba15001f/utils-0.0.3/src/lib.rs:17:36
[INFO] [stdout]    |
[INFO] [stdout] 17 |             match str::from_utf8(p.output.as_slice()).unwrap().trim().parse() {
[INFO] [stdout]    |                                    ^^^^^^ unknown field
[INFO] [stdout]    |
[INFO] [stdout]    = note: available fields are: `status`, `stdout`, `stderr`
[INFO] [stdout] 
[INFO] [stdout] 
[INFO] [stdout] error[E0308]: mismatched types
[INFO] [stdout]   --> /opt/rustwide/cargo-home/registry/src/index.crates.io-6f17d22bba15001f/utils-0.0.3/src/lib.rs:18:17
[INFO] [stdout]    |
[INFO] [stdout] 17 |             match str::from_utf8(p.output.as_slice()).unwrap().trim().parse() {
[INFO] [stdout]    |                   ----------------------------------------------------------- this expression has type `Result<_, _>`
[INFO] [stdout] 18 |                 Some(i) => i,
[INFO] [stdout]    |                 ^^^^^^^ expected `Result<_, _>`, found `Option<_>`
[INFO] [stdout]    |
[INFO] [stdout]    = note: expected enum `Result<_, _>`
[INFO] [stdout]               found enum `Option<_>`
[INFO] [stdout] help: try wrapping the pattern in a variant of `Result`
[INFO] [stdout]    |
[INFO] [stdout] 18 |                 Ok(Some(i)) => i,
[INFO] [stdout]    |                 +++       +
[INFO] [stdout] 18 |                 Err(Some(i)) => i,
[INFO] [stdout]    |                 ++++       +
[INFO] [stdout] 
[INFO] [stdout] 
[INFO] [stdout] error[E0308]: mismatched types
[INFO] [stdout]   --> /opt/rustwide/cargo-home/registry/src/index.crates.io-6f17d22bba15001f/utils-0.0.3/src/lib.rs:19:17
[INFO] [stdout]    |
[INFO] [stdout] 17 |             match str::from_utf8(p.output.as_slice()).unwrap().trim().parse() {
[INFO] [stdout]    |                   ----------------------------------------------------------- this expression has type `Result<_, _>`
[INFO] [stdout] 18 |                 Some(i) => i,
[INFO] [stdout] 19 |                 None    => panic!("unable to cast nproc output!"),
[INFO] [stdout]    |                 ^^^^ expected `Result<_, _>`, found `Option<_>`
[INFO] [stdout]    |
[INFO] [stdout]    = note: expected enum `Result<_, _>`
[INFO] [stdout]               found enum `Option<_>`
[INFO] [stdout] help: try wrapping the pattern in a variant of `Result`
[INFO] [stdout]    |
[INFO] [stdout] 19 |                 Ok(None)    => panic!("unable to cast nproc output!"),
[INFO] [stdout]    |                 +++    +
[INFO] [stdout] 19 |                 Err(None)    => panic!("unable to cast nproc output!"),
[INFO] [stdout]    |                 ++++    +
[INFO] [stdout] 
[INFO] [stdout] 
[INFO] [stdout] error[E0609]: no field `output` on type `Output`
[INFO] [stdout]   --> /opt/rustwide/cargo-home/registry/src/index.crates.io-6f17d22bba15001f/utils-0.0.3/src/lib.rs:41:54
[INFO] [stdout]    |
[INFO] [stdout] 41 |             let mut res =  String::from_utf8_lossy(o.output.as_slice());
[INFO] [stdout]    |                                                      ^^^^^^ unknown field
[INFO] [stdout]    |
[INFO] [stdout]    = note: available fields are: `status`, `stdout`, `stderr`
[INFO] [stdout] 
[INFO] [stdout] 
[INFO] [stdout] error: cannot find attribute `experimental` in this scope
[INFO] [stdout]   --> /opt/rustwide/cargo-home/registry/src/index.crates.io-6f17d22bba15001f/scm-0.0.3/src/hg.rs:98:3
[INFO] [stdout]    |
[INFO] [stdout] 98 | #[experimental]
[INFO] [stdout]    |   ^^^^^^^^^^^^
[INFO] [stdout] 
[INFO] [stdout] 
[INFO] [stdout] error: cannot find attribute `experimental` in this scope
[INFO] [stdout]    --> /opt/rustwide/cargo-home/registry/src/index.crates.io-6f17d22bba15001f/scm-0.0.3/src/hg.rs:134:7
[INFO] [stdout]     |
[INFO] [stdout] 134 |     #[experimental]
[INFO] [stdout]     |       ^^^^^^^^^^^^
[INFO] [stdout] 
[INFO] [stdout] 
[INFO] [stdout] error: cannot find attribute `experimental` in this scope
[INFO] [stdout]    --> /opt/rustwide/cargo-home/registry/src/index.crates.io-6f17d22bba15001f/scm-0.0.3/src/hg.rs:152:7
[INFO] [stdout]     |
[INFO] [stdout] 152 |     #[experimental]
[INFO] [stdout]     |       ^^^^^^^^^^^^
[INFO] [stdout] 
[INFO] [stdout] 
[INFO] [stdout] error: cannot find attribute `experimental` in this scope
[INFO] [stdout]    --> /opt/rustwide/cargo-home/registry/src/index.crates.io-6f17d22bba15001f/scm-0.0.3/src/hg.rs:175:7
[INFO] [stdout]     |
[INFO] [stdout] 175 |     #[experimental]
[INFO] [stdout]     |       ^^^^^^^^^^^^
[INFO] [stdout] 
[INFO] [stdout] 
[INFO] [stdout] error: cannot find attribute `experimental` in this scope
[INFO] [stdout]    --> /opt/rustwide/cargo-home/registry/src/index.crates.io-6f17d22bba15001f/scm-0.0.3/src/hg.rs:236:7
[INFO] [stdout]     |
[INFO] [stdout] 236 |     #[experimental]
[INFO] [stdout]     |       ^^^^^^^^^^^^
[INFO] [stdout] 
[INFO] [stdout] 
[INFO] [stdout] error: cannot find attribute `experimental` in this scope
[INFO] [stdout]    --> /opt/rustwide/cargo-home/registry/src/index.crates.io-6f17d22bba15001f/scm-0.0.3/src/hg.rs:247:7
[INFO] [stdout]     |
[INFO] [stdout] 247 |     #[experimental]
[INFO] [stdout]     |       ^^^^^^^^^^^^
[INFO] [stdout] 
[INFO] [stdout] 
[INFO] [stdout] error: cannot find attribute `experimental` in this scope
[INFO] [stdout]    --> /opt/rustwide/cargo-home/registry/src/index.crates.io-6f17d22bba15001f/scm-0.0.3/src/hg.rs:258:7
[INFO] [stdout]     |
[INFO] [stdout] 258 |     #[experimental]
[INFO] [stdout]     |       ^^^^^^^^^^^^
[INFO] [stdout] 
[INFO] [stdout] 
[INFO] [stdout] error: cannot find attribute `experimental` in this scope
[INFO] [stdout]    --> /opt/rustwide/cargo-home/registry/src/index.crates.io-6f17d22bba15001f/scm-0.0.3/src/hg.rs:269:7
[INFO] [stdout]     |
[INFO] [stdout] 269 |     #[experimental]
[INFO] [stdout]     |       ^^^^^^^^^^^^
[INFO] [stdout] 
[INFO] [stdout] 
[INFO] [stdout] Some errors have detailed explanations: E0308, E0599, E0609.
[INFO] [stdout] 
[INFO] [stdout] For more information about an error, try `rustc --explain E0308`.
[INFO] [stdout] 
[INFO] [stdout] error: cannot find attribute `experimental` in this scope
[INFO] [stdout]    --> /opt/rustwide/cargo-home/registry/src/index.crates.io-6f17d22bba15001f/scm-0.0.3/src/hg.rs:280:7
[INFO] [stdout]     |
[INFO] [stdout] 280 |     #[experimental]
[INFO] [stdout]     |       ^^^^^^^^^^^^
[INFO] [stdout] 
[INFO] [stdout] 
[INFO] [stdout] error: cannot find attribute `experimental` in this scope
[INFO] [stdout]    --> /opt/rustwide/cargo-home/registry/src/index.crates.io-6f17d22bba15001f/scm-0.0.3/src/hg.rs:291:7
[INFO] [stdout]     |
[INFO] [stdout] 291 |     #[experimental]
[INFO] [stdout]     |       ^^^^^^^^^^^^
[INFO] [stdout] 
[INFO] [stdout] 
[INFO] [stdout] error: cannot find attribute `experimental` in this scope
[INFO] [stdout]    --> /opt/rustwide/cargo-home/registry/src/index.crates.io-6f17d22bba15001f/scm-0.0.3/src/hg.rs:302:7
[INFO] [stdout]     |
[INFO] [stdout] 302 |     #[experimental]
[INFO] [stdout]     |       ^^^^^^^^^^^^
[INFO] [stdout] 
[INFO] [stdout] 
[INFO] [stdout] error: cannot find attribute `experimental` in this scope
[INFO] [stdout]    --> /opt/rustwide/cargo-home/registry/src/index.crates.io-6f17d22bba15001f/scm-0.0.3/src/hg.rs:313:7
[INFO] [stdout]     |
[INFO] [stdout] 313 |     #[experimental]
[INFO] [stdout]     |       ^^^^^^^^^^^^
[INFO] [stdout] 
[INFO] [stdout] 
[INFO] [stdout] error: cannot find attribute `experimental` in this scope
[INFO] [stdout]   --> /opt/rustwide/cargo-home/registry/src/index.crates.io-6f17d22bba15001f/scm-0.0.3/src/svn.rs:11:4
[INFO] [stdout]    |
[INFO] [stdout] 11 | #![experimental]
[INFO] [stdout]    |    ^^^^^^^^^^^^
[INFO] [stdout] 
[INFO] [stdout] 
[INFO] [stdout] error: cannot find attribute `experimental` in this scope
[INFO] [stdout]   --> /opt/rustwide/cargo-home/registry/src/index.crates.io-6f17d22bba15001f/scm-0.0.3/src/svn.rs:16:3
[INFO] [stdout]    |
[INFO] [stdout] 16 | #[experimental]
[INFO] [stdout]    |   ^^^^^^^^^^^^
[INFO] [stdout] 
[INFO] [stdout] 
[INFO] [stdout] error: cannot find attribute `experimental` in this scope
[INFO] [stdout]   --> /opt/rustwide/cargo-home/registry/src/index.crates.io-6f17d22bba15001f/scm-0.0.3/src/svn.rs:52:7
[INFO] [stdout]    |
[INFO] [stdout] 52 |     #[experimental]
[INFO] [stdout]    |       ^^^^^^^^^^^^
[INFO] [stdout] 
[INFO] [stdout] 
[INFO] [stdout] error: cannot find attribute `experimental` in this scope
[INFO] [stdout]   --> /opt/rustwide/cargo-home/registry/src/index.crates.io-6f17d22bba15001f/scm-0.0.3/src/svn.rs:70:7
[INFO] [stdout]    |
[INFO] [stdout] 70 |     #[experimental]
[INFO] [stdout]    |       ^^^^^^^^^^^^
[INFO] [stdout] 
[INFO] [stdout] 
[INFO] [stdout] error: cannot find attribute `experimental` in this scope
[INFO] [stdout]   --> /opt/rustwide/cargo-home/registry/src/index.crates.io-6f17d22bba15001f/scm-0.0.3/src/svn.rs:93:7
[INFO] [stdout]    |
[INFO] [stdout] 93 |     #[experimental]
[INFO] [stdout]    |       ^^^^^^^^^^^^
[INFO] [stdout] 
[INFO] [stdout] 
[INFO] [stdout] error: cannot find attribute `experimental` in this scope
[INFO] [stdout]    --> /opt/rustwide/cargo-home/registry/src/index.crates.io-6f17d22bba15001f/scm-0.0.3/src/svn.rs:178:7
[INFO] [stdout]     |
[INFO] [stdout] 178 |     #[experimental]
[INFO] [stdout]     |       ^^^^^^^^^^^^
[INFO] [stdout] 
[INFO] [stdout] 
[INFO] [stdout] error: cannot find attribute `experimental` in this scope
[INFO] [stdout]    --> /opt/rustwide/cargo-home/registry/src/index.crates.io-6f17d22bba15001f/scm-0.0.3/src/svn.rs:189:7
[INFO] [stdout]     |
[INFO] [stdout] 189 |     #[experimental]
[INFO] [stdout]     |       ^^^^^^^^^^^^
[INFO] [stdout] 
[INFO] [stdout] 
[INFO] [stderr] error: could not compile `utils` (lib) due to 16 previous errors
[INFO] [stderr] warning: build failed, waiting for other jobs to finish...
[INFO] [stdout] error: cannot find attribute `experimental` in this scope
[INFO] [stdout]    --> /opt/rustwide/cargo-home/registry/src/index.crates.io-6f17d22bba15001f/scm-0.0.3/src/svn.rs:200:7
[INFO] [stdout]     |
[INFO] [stdout] 200 |     #[experimental]
[INFO] [stdout]     |       ^^^^^^^^^^^^
[INFO] [stdout] 
[INFO] [stdout] 
[INFO] [stdout] error[E0412]: cannot find type `Path` in this scope
[INFO] [stdout]    --> /opt/rustwide/cargo-home/registry/src/index.crates.io-6f17d22bba15001f/scm-0.0.3/src/git.rs:163:16
[INFO] [stdout]     |
[INFO] [stdout] 163 |     wd: Option<Path>,
[INFO] [stdout]     |                ^^^^ not found in this scope
[INFO] [stdout]     |
[INFO] [stdout] help: consider importing this struct
[INFO] [stdout]     |
[INFO] [stdout] 130 + use std::path::Path;
[INFO] [stdout]     |
[INFO] [stdout] 
[INFO] [stdout] 
[INFO] [stdout] error[E0412]: cannot find type `Path` in this scope
[INFO] [stdout]    --> /opt/rustwide/cargo-home/registry/src/index.crates.io-6f17d22bba15001f/scm-0.0.3/src/git.rs:199:30
[INFO] [stdout]     |
[INFO] [stdout] 199 |     pub fn wd(&mut self, wd: Path) -> &mut GitCommand {
[INFO] [stdout]     |                              ^^^^ not found in this scope
[INFO] [stdout]     |
[INFO] [stdout] help: consider importing this struct
[INFO] [stdout]     |
[INFO] [stdout] 130 + use std::path::Path;
[INFO] [stdout]     |
[INFO] [stdout] 
[INFO] [stdout] 
[INFO] [stdout] error[E0412]: cannot find type `Path` in this scope
[INFO] [stdout]    --> /opt/rustwide/cargo-home/registry/src/index.crates.io-6f17d22bba15001f/scm-0.0.3/src/hg.rs:100:16
[INFO] [stdout]     |
[INFO] [stdout] 100 |     wd: Option<Path>,
[INFO] [stdout]     |                ^^^^ not found in this scope
[INFO] [stdout]     |
[INFO] [stdout] help: consider importing this struct
[INFO] [stdout]     |
[INFO] [stdout] 94  + use std::path::Path;
[INFO] [stdout]     |
[INFO] [stdout] 
[INFO] [stdout] 
[INFO] [stdout] error[E0412]: cannot find type `Path` in this scope
[INFO] [stdout]    --> /opt/rustwide/cargo-home/registry/src/index.crates.io-6f17d22bba15001f/scm-0.0.3/src/hg.rs:135:30
[INFO] [stdout]     |
[INFO] [stdout] 135 |     pub fn wd(&mut self, wd: Path) -> &mut HgCommand {
[INFO] [stdout]     |                              ^^^^ not found in this scope
[INFO] [stdout]     |
[INFO] [stdout] help: consider importing this struct
[INFO] [stdout]     |
[INFO] [stdout] 94  + use std::path::Path;
[INFO] [stdout]     |
[INFO] [stdout] 
[INFO] [stdout] 
[INFO] [stdout] error[E0412]: cannot find type `Path` in this scope
[INFO] [stdout]   --> /opt/rustwide/cargo-home/registry/src/index.crates.io-6f17d22bba15001f/scm-0.0.3/src/svn.rs:18:16
[INFO] [stdout]    |
[INFO] [stdout] 18 |     wd: Option<Path>,
[INFO] [stdout]    |                ^^^^ not found in this scope
[INFO] [stdout]    |
[INFO] [stdout] help: consider importing this struct
[INFO] [stdout]    |
[INFO] [stdout] 12 + use std::path::Path;
[INFO] [stdout]    |
[INFO] [stdout] 
[INFO] [stdout] 
[INFO] [stdout] error[E0412]: cannot find type `Path` in this scope
[INFO] [stdout]   --> /opt/rustwide/cargo-home/registry/src/index.crates.io-6f17d22bba15001f/scm-0.0.3/src/svn.rs:53:30
[INFO] [stdout]    |
[INFO] [stdout] 53 |     pub fn wd(&mut self, wd: Path) -> &mut SvnCommand {
[INFO] [stdout]    |                              ^^^^ not found in this scope
[INFO] [stdout]    |
[INFO] [stdout] help: consider importing this struct
[INFO] [stdout]    |
[INFO] [stdout] 12 + use std::path::Path;
[INFO] [stdout]    |
[INFO] [stdout] 
[INFO] [stdout] 
[INFO] [stdout] error[E0599]: no method named `as_slice` found for reference `&String` in the current scope
[INFO] [stdout]    --> /opt/rustwide/cargo-home/registry/src/index.crates.io-6f17d22bba15001f/scm-0.0.3/src/git.rs:281:23
[INFO] [stdout]     |
[INFO] [stdout] 281 |             cmd.env(k.as_slice(), v.as_slice());
[INFO] [stdout]     |                       ^^^^^^^^ method not found in `&String`
[INFO] [stdout] 
[INFO] [stdout] 
[INFO] [stdout] error[E0599]: no method named `as_slice` found for reference `&String` in the current scope
[INFO] [stdout]    --> /opt/rustwide/cargo-home/registry/src/index.crates.io-6f17d22bba15001f/scm-0.0.3/src/git.rs:281:37
[INFO] [stdout]     |
[INFO] [stdout] 281 |             cmd.env(k.as_slice(), v.as_slice());
[INFO] [stdout]     |                                     ^^^^^^^^ method not found in `&String`
[INFO] [stdout] 
[INFO] [stdout] 
[INFO] [stdout] error[E0369]: binary operation `==` cannot be applied to type `RefType`
[INFO] [stdout]    --> /opt/rustwide/cargo-home/registry/src/index.crates.io-6f17d22bba15001f/scm-0.0.3/src/git.rs:479:16
[INFO] [stdout]     |
[INFO] [stdout] 479 |         if *rt == RefType::Heads {
[INFO] [stdout]     |            --- ^^ -------------- RefType
[INFO] [stdout]     |            |
[INFO] [stdout]     |            RefType
[INFO] [stdout]     |
[INFO] [stdout] note: an implementation of `PartialEq` might be missing for `RefType`
[INFO] [stdout]    --> /opt/rustwide/cargo-home/registry/src/index.crates.io-6f17d22bba15001f/scm-0.0.3/src/git.rs:153:1
[INFO] [stdout]     |
[INFO] [stdout] 153 | enum RefType {
[INFO] [stdout]     | ^^^^^^^^^^^^ must implement `PartialEq`
[INFO] [stdout] help: consider annotating `RefType` with `#[derive(PartialEq)]`
[INFO] [stdout]     |
[INFO] [stdout] 153 + #[derive(PartialEq)]
[INFO] [stdout] 154 | enum RefType {
[INFO] [stdout]     |
[INFO] [stdout] 
[INFO] [stdout] 
[INFO] [stdout] error[E0369]: binary operation `==` cannot be applied to type `HeadType`
[INFO] [stdout]    --> /opt/rustwide/cargo-home/registry/src/index.crates.io-6f17d22bba15001f/scm-0.0.3/src/git.rs:529:39
[INFO] [stdout]     |
[INFO] [stdout] 529 |                 if !(self.head_type() == NamedBranch(branch.to_string())) {
[INFO] [stdout]     |                      ---------------- ^^ ------------------------------- HeadType
[INFO] [stdout]     |                      |
[INFO] [stdout]     |                      HeadType
[INFO] [stdout]     |
[INFO] [stdout] note: an implementation of `PartialEq` might be missing for `HeadType`
[INFO] [stdout]    --> /opt/rustwide/cargo-home/registry/src/index.crates.io-6f17d22bba15001f/scm-0.0.3/src/git.rs:141:1
[INFO] [stdout]     |
[INFO] [stdout] 141 | enum HeadType {
[INFO] [stdout]     | ^^^^^^^^^^^^^ must implement `PartialEq`
[INFO] [stdout] help: consider annotating `HeadType` with `#[derive(PartialEq)]`
[INFO] [stdout]     |
[INFO] [stdout] 141 + #[derive(PartialEq)]
[INFO] [stdout] 142 | enum HeadType {
[INFO] [stdout]     |
[INFO] [stdout] 
[INFO] [stdout] 
[INFO] [stdout] error[E0369]: binary operation `==` cannot be applied to type `HeadType`
[INFO] [stdout]    --> /opt/rustwide/cargo-home/registry/src/index.crates.io-6f17d22bba15001f/scm-0.0.3/src/git.rs:541:51
[INFO] [stdout]     |
[INFO] [stdout] 541 | ...                   if !(self.head_type() == Detached) {
[INFO] [stdout]     |                            ---------------- ^^ -------- HeadType
[INFO] [stdout]     |                            |
[INFO] [stdout]     |                            HeadType
[INFO] [stdout]     |
[INFO] [stdout] note: an implementation of `PartialEq` might be missing for `HeadType`
[INFO] [stdout]    --> /opt/rustwide/cargo-home/registry/src/index.crates.io-6f17d22bba15001f/scm-0.0.3/src/git.rs:141:1
[INFO] [stdout]     |
[INFO] [stdout] 141 | enum HeadType {
[INFO] [stdout]     | ^^^^^^^^^^^^^ must implement `PartialEq`
[INFO] [stdout] help: consider annotating `HeadType` with `#[derive(PartialEq)]`
[INFO] [stdout]     |
[INFO] [stdout] 141 + #[derive(PartialEq)]
[INFO] [stdout] 142 | enum HeadType {
[INFO] [stdout]     |
[INFO] [stdout] 
[INFO] [stdout] 
[INFO] [stdout] error[E0599]: no method named `as_slice` found for reference `&String` in the current scope
[INFO] [stdout]    --> /opt/rustwide/cargo-home/registry/src/index.crates.io-6f17d22bba15001f/scm-0.0.3/src/hg.rs:218:23
[INFO] [stdout]     |
[INFO] [stdout] 218 |             cmd.env(k.as_slice(), v.as_slice());
[INFO] [stdout]     |                       ^^^^^^^^ method not found in `&String`
[INFO] [stdout] 
[INFO] [stdout] 
[INFO] [stdout] error[E0599]: no method named `as_slice` found for reference `&String` in the current scope
[INFO] [stdout]    --> /opt/rustwide/cargo-home/registry/src/index.crates.io-6f17d22bba15001f/scm-0.0.3/src/hg.rs:218:37
[INFO] [stdout]     |
[INFO] [stdout] 218 |             cmd.env(k.as_slice(), v.as_slice());
[INFO] [stdout]     |                                     ^^^^^^^^ method not found in `&String`
[INFO] [stdout] 
[INFO] [stdout] 
[INFO] [stdout] error[E0599]: no method named `as_slice` found for reference `&String` in the current scope
[INFO] [stdout]    --> /opt/rustwide/cargo-home/registry/src/index.crates.io-6f17d22bba15001f/scm-0.0.3/src/svn.rs:135:23
[INFO] [stdout]     |
[INFO] [stdout] 135 |             cmd.env(k.as_slice(), v.as_slice());
[INFO] [stdout]     |                       ^^^^^^^^ method not found in `&String`
[INFO] [stdout] 
[INFO] [stdout] 
[INFO] [stdout] error[E0599]: no method named `as_slice` found for reference `&String` in the current scope
[INFO] [stdout]    --> /opt/rustwide/cargo-home/registry/src/index.crates.io-6f17d22bba15001f/scm-0.0.3/src/svn.rs:135:37
[INFO] [stdout]     |
[INFO] [stdout] 135 |             cmd.env(k.as_slice(), v.as_slice());
[INFO] [stdout]     |                                     ^^^^^^^^ method not found in `&String`
[INFO] [stdout] 
[INFO] [stdout] 
[INFO] [stdout] error[E0599]: no method named `as_slice` found for reference `&String` in the current scope
[INFO] [stdout]    --> /opt/rustwide/cargo-home/registry/src/index.crates.io-6f17d22bba15001f/scm-0.0.3/src/svn.rs:160:23
[INFO] [stdout]     |
[INFO] [stdout] 160 |             cmd.env(k.as_slice(), v.as_slice());
[INFO] [stdout]     |                       ^^^^^^^^ method not found in `&String`
[INFO] [stdout] 
[INFO] [stdout] 
[INFO] [stdout] error[E0599]: no method named `as_slice` found for reference `&String` in the current scope
[INFO] [stdout]    --> /opt/rustwide/cargo-home/registry/src/index.crates.io-6f17d22bba15001f/scm-0.0.3/src/svn.rs:160:37
[INFO] [stdout]     |
[INFO] [stdout] 160 |             cmd.env(k.as_slice(), v.as_slice());
[INFO] [stdout]     |                                     ^^^^^^^^ method not found in `&String`
[INFO] [stdout] 
[INFO] [stdout] 
[INFO] [stdout] Some errors have detailed explanations: E0369, E0412, E0432, E0599.
[INFO] [stdout] 
[INFO] [stdout] For more information about an error, try `rustc --explain E0369`.
[INFO] [stdout] 
[INFO] [stderr] error: could not compile `scm` (lib) due to 67 previous errors
[INFO] running `Command { std: "docker" "inspect" "de7e7c103873f409674c91bee32e43dc588c90369ea0a15a85d11197e6825e51", kill_on_drop: false }`
[INFO] running `Command { std: "docker" "rm" "-f" "de7e7c103873f409674c91bee32e43dc588c90369ea0a15a85d11197e6825e51", kill_on_drop: false }`
[INFO] [stdout] de7e7c103873f409674c91bee32e43dc588c90369ea0a15a85d11197e6825e51
