[INFO] fetching crate clit-rs 0.1.11...
[INFO] testing clit-rs-0.1.11 against nightly-2024-10-28 for randomize-layout
[INFO] extracting crate clit-rs 0.1.11 into /workspace/builds/worker-3-tc1/source
[INFO] validating manifest of crates.io crate clit-rs 0.1.11 on toolchain nightly-2024-10-28
[INFO] running `Command { std: CARGO_HOME="/workspace/cargo-home" RUSTUP_HOME="/workspace/rustup-home" "/workspace/cargo-home/bin/cargo" "+nightly-2024-10-28" "metadata" "--manifest-path" "Cargo.toml" "--no-deps", kill_on_drop: false }`
[INFO] started tweaking crates.io crate clit-rs 0.1.11
[INFO] finished tweaking crates.io crate clit-rs 0.1.11
[INFO] tweaked toml for crates.io crate clit-rs 0.1.11 written to /workspace/builds/worker-3-tc1/source/Cargo.toml
[INFO] running `Command { std: CARGO_HOME="/workspace/cargo-home" RUSTUP_HOME="/workspace/rustup-home" "/workspace/cargo-home/bin/cargo" "+nightly-2024-10-28" "generate-lockfile" "--manifest-path" "Cargo.toml", kill_on_drop: false }`
[INFO] [stderr]     Updating crates.io index
[INFO] [stderr]      Locking 71 packages to latest compatible versions
[INFO] [stderr]       Adding clap v2.34.0 (available: v4.5.20)
[INFO] [stderr]       Adding colored v1.9.4 (available: v2.1.0)
[INFO] [stderr]       Adding nom v2.2.1 (available: v7.1.3)
[INFO] [stderr]       Adding wasi v0.10.0+wasi-snapshot-preview1 (available: v0.10.2+wasi-snapshot-preview1)
[INFO] running `Command { std: CARGO_HOME="/workspace/cargo-home" RUSTUP_HOME="/workspace/rustup-home" "/workspace/cargo-home/bin/cargo" "+nightly-2024-10-28" "fetch" "--manifest-path" "Cargo.toml", kill_on_drop: false }`
[INFO] [stderr] warning: no edition set: defaulting to the 2015 edition while the latest is 2021
[INFO] [stderr]  Downloading crates ...
[INFO] [stderr]   Downloaded user32-sys v0.2.0
[INFO] [stderr]   Downloaded same-file v0.1.3
[INFO] [stderr]   Downloaded curl v0.3.11
[INFO] [stderr]   Downloaded pnacl-build-helper v1.4.11
[INFO] [stderr]   Downloaded walkdir v1.0.7
[INFO] [stderr]   Downloaded openssl-sys v0.7.17
[INFO] [stderr]   Downloaded gdi32-sys v0.2.0
[INFO] [stderr]   Downloaded yaml-rust v0.3.5
[INFO] [stderr]   Downloaded nom v2.2.1
[INFO] [stderr]   Downloaded libressl-pnacl-sys v2.1.6
[INFO] [stderr]   Downloaded curl-sys v0.2.5
[INFO] [stderr]   Downloaded oauth-client-fix v0.1.5
[INFO] running `Command { std: "docker" "create" "-v" "/var/lib/crater-agent-workspace/builds/worker-3-tc1/target:/opt/rustwide/target:rw,Z" "-v" "/var/lib/crater-agent-workspace/builds/worker-3-tc1/source:/opt/rustwide/workdir:ro,Z" "-v" "/var/lib/crater-agent-workspace/cargo-home:/opt/rustwide/cargo-home:ro,Z" "-v" "/var/lib/crater-agent-workspace/rustup-home:/opt/rustwide/rustup-home:ro,Z" "-e" "SOURCE_DIR=/opt/rustwide/workdir" "-e" "CARGO_TARGET_DIR=/opt/rustwide/target" "-e" "CARGO_HOME=/opt/rustwide/cargo-home" "-e" "RUSTUP_HOME=/opt/rustwide/rustup-home" "-w" "/opt/rustwide/workdir" "-m" "1610612736" "--user" "0:0" "--network" "none" "ghcr.io/rust-lang/crates-build-env/linux@sha256:4a844ea9eb2546a2d2c7022eacef16ef2e8229c7fbb2c7d4d55a9ceca922f72d" "/opt/rustwide/cargo-home/bin/cargo" "+nightly-2024-10-28" "metadata" "--no-deps" "--format-version=1", kill_on_drop: false }`
[INFO] [stdout] 205269cb80fe09906581d5e65cfb4eccc3f576cbf175a442def7880ff06a5faf
[INFO] running `Command { std: "docker" "start" "-a" "205269cb80fe09906581d5e65cfb4eccc3f576cbf175a442def7880ff06a5faf", kill_on_drop: false }`
[INFO] running `Command { std: "docker" "inspect" "205269cb80fe09906581d5e65cfb4eccc3f576cbf175a442def7880ff06a5faf", kill_on_drop: false }`
[INFO] running `Command { std: "docker" "rm" "-f" "205269cb80fe09906581d5e65cfb4eccc3f576cbf175a442def7880ff06a5faf", kill_on_drop: false }`
[INFO] [stdout] 205269cb80fe09906581d5e65cfb4eccc3f576cbf175a442def7880ff06a5faf
[INFO] running `Command { std: "docker" "create" "-v" "/var/lib/crater-agent-workspace/builds/worker-3-tc1/target:/opt/rustwide/target:rw,Z" "-v" "/var/lib/crater-agent-workspace/builds/worker-3-tc1/source:/opt/rustwide/workdir:ro,Z" "-v" "/var/lib/crater-agent-workspace/cargo-home:/opt/rustwide/cargo-home:ro,Z" "-v" "/var/lib/crater-agent-workspace/rustup-home:/opt/rustwide/rustup-home:ro,Z" "-e" "SOURCE_DIR=/opt/rustwide/workdir" "-e" "CARGO_TARGET_DIR=/opt/rustwide/target" "-e" "CARGO_INCREMENTAL=0" "-e" "RUST_BACKTRACE=full" "-e" "RUSTFLAGS=--cap-lints=forbid" "-e" "RUSTDOCFLAGS=--cap-lints=forbid" "-e" "CARGO_HOME=/opt/rustwide/cargo-home" "-e" "RUSTUP_HOME=/opt/rustwide/rustup-home" "-w" "/opt/rustwide/workdir" "-m" "1610612736" "--user" "0:0" "--network" "none" "ghcr.io/rust-lang/crates-build-env/linux@sha256:4a844ea9eb2546a2d2c7022eacef16ef2e8229c7fbb2c7d4d55a9ceca922f72d" "/opt/rustwide/cargo-home/bin/cargo" "+nightly-2024-10-28" "build" "--frozen" "--message-format=json", kill_on_drop: false }`
[INFO] [stdout] 07cb5f873db973565265e981426d5664515df041ee6917ff1faf2b9f393afc5c
[INFO] running `Command { std: "docker" "start" "-a" "07cb5f873db973565265e981426d5664515df041ee6917ff1faf2b9f393afc5c", kill_on_drop: false }`
[INFO] [stderr] warning: no edition set: defaulting to the 2015 edition while the latest is 2021
[INFO] [stderr]    Compiling libc v0.2.161
[INFO] [stderr]    Compiling pkg-config v0.3.31
[INFO] [stderr]    Compiling gcc v0.3.55
[INFO] [stderr]    Compiling shlex v1.3.0
[INFO] [stderr]    Compiling vcpkg v0.2.15
[INFO] [stderr]    Compiling tinyvec_macros v0.1.1
[INFO] [stderr]    Compiling matches v0.1.10
[INFO] [stderr]    Compiling unicode-bidi v0.3.17
[INFO] [stderr]    Compiling tinyvec v1.8.0
[INFO] [stderr]    Compiling openssl-probe v0.1.5
[INFO] [stderr]    Compiling cc v1.1.31
[INFO] [stderr]    Compiling unicode-width v0.1.14
[INFO] [stderr]    Compiling percent-encoding v1.0.1
[INFO] [stderr]    Compiling rustc-serialize v0.3.25
[INFO] [stderr]    Compiling openssl-sys v0.7.17
[INFO] [stderr]    Compiling curl-sys v0.2.5
[INFO] [stderr]    Compiling rust-crypto v0.2.36
[INFO] [stderr]    Compiling log v0.4.22
[INFO] [stderr]    Compiling unicode-normalization v0.1.24
[INFO] [stderr]    Compiling textwrap v0.11.0
[INFO] [stderr]    Compiling rand v0.4.6
[INFO] [stderr]    Compiling time v0.1.45
[INFO] [stderr]    Compiling log v0.3.9
[INFO] [stderr]    Compiling is-terminal v0.4.13
[INFO] [stderr]    Compiling atty v0.2.14
[INFO] [stderr]    Compiling strsim v0.8.0
[INFO] [stderr]    Compiling vec_map v0.8.2
[INFO] [stderr]    Compiling yaml-rust v0.3.5
[INFO] [stderr]    Compiling idna v0.1.5
[INFO] [stderr]    Compiling ansi_term v0.12.1
[INFO] [stderr]    Compiling rand v0.3.23
[INFO] [stderr]    Compiling lazy_static v1.5.0
[INFO] [stderr]    Compiling nom v2.2.1
[INFO] [stderr]    Compiling libz-sys v1.1.20
[INFO] [stderr]    Compiling colored v1.9.4
[INFO] [stderr]    Compiling clap v2.34.0
[INFO] [stderr]    Compiling url v1.7.2
[INFO] [stderr]    Compiling curl v0.3.11
[INFO] [stderr]    Compiling oauth-client-fix v0.1.5
[INFO] [stderr]    Compiling clit-rs v0.1.11 (/opt/rustwide/workdir)
[INFO] [stdout] warning: use of deprecated function `std::env::home_dir`: This function's behavior may be unexpected on Windows. Consider using a crate from crates.io instead.
[INFO] [stdout]   --> src/main.rs:32:41
[INFO] [stdout]    |
[INFO] [stdout] 32 | ...   let mut path_in = std::env::home_dir().expect("Couldn't determine home directory! Please enter path to credentials with -c or --cre...
[INFO] [stdout]    |                                   ^^^^^^^^
[INFO] [stdout]    |
[INFO] [stdout]    = note: `#[warn(deprecated)]` on by default
[INFO] [stdout] 
[INFO] [stdout] 
[INFO] [stdout] error: linking with `cc` failed: exit status: 1
[INFO] [stdout]   |
[INFO] [stdout]   = note: LC_ALL="C" PATH="/opt/rustwide/rustup-home/toolchains/nightly-2024-10-28-x86_64-unknown-linux-gnu/lib/rustlib/x86_64-unknown-linux-gnu/bin:/opt/rustwide/rustup-home/toolchains/nightly-2024-10-28-x86_64-unknown-linux-gnu/lib/rustlib/x86_64-unknown-linux-gnu/bin/self-contained:/opt/rustwide/cargo-home/bin:/usr/local/sbin:/usr/local/bin:/usr/sbin:/usr/bin:/sbin:/bin" VSLANG="1033" "cc" "-m64" "/tmp/rustcok6r0G/symbols.o" "/opt/rustwide/target/debug/deps/tw-562257f7b948f5a2.tw.e3c5deea59e797a-cgu.0.rcgu.o" "/opt/rustwide/target/debug/deps/tw-562257f7b948f5a2.al9q9kqm2g3w5o83dpzj4rsd0.rcgu.o" "-Wl,--as-needed" "-Wl,-Bstatic" "/opt/rustwide/target/debug/deps/libtweet-c8d0f5cc6654934d.rlib" "/opt/rustwide/target/debug/deps/libcolored-46e8f4f121e7c1d8.rlib" "/opt/rustwide/target/debug/deps/liblazy_static-7af2f34f8b124b26.rlib" "/opt/rustwide/target/debug/deps/libis_terminal-c2a86668f9d6c6d6.rlib" "/opt/rustwide/target/debug/deps/libnom-04745ba6d9f81007.rlib" "/opt/rustwide/target/debug/deps/liboauth_client_fix-93794801ad6ff874.rlib" "/opt/rustwide/target/debug/deps/liburl-399527343cf4e577.rlib" "/opt/rustwide/target/debug/deps/libpercent_encoding-315061c7076aba50.rlib" "/opt/rustwide/target/debug/deps/libidna-25ce445f29cb1ad2.rlib" "/opt/rustwide/target/debug/deps/libunicode_normalization-a9fe8f3655bfc568.rlib" "/opt/rustwide/target/debug/deps/libtinyvec-51759a03d8e7a380.rlib" "/opt/rustwide/target/debug/deps/libtinyvec_macros-66661c55905090ec.rlib" "/opt/rustwide/target/debug/deps/libunicode_bidi-44c9b1b4c2670cda.rlib" "/opt/rustwide/target/debug/deps/libmatches-1c618ccf848638c6.rlib" "/opt/rustwide/target/debug/deps/liblog-fd97e9e325d6331e.rlib" "/opt/rustwide/target/debug/deps/liblog-e7e7e8ec9ff686da.rlib" "/opt/rustwide/target/debug/deps/libcurl-b14e007070d17587.rlib" "/opt/rustwide/target/debug/deps/libopenssl_probe-7a88c39453af999d.rlib" "/opt/rustwide/target/debug/deps/libcurl_sys-915a564d99a33374.rlib" "/opt/rustwide/target/debug/deps/libopenssl_sys-9f1455c8e5a25d3c.rlib" "/opt/rustwide/target/debug/deps/liblibz_sys-1a4071dd04e641d1.rlib" "/opt/rustwide/target/debug/deps/libcrypto-9790871ebe9b4030.rlib" "/opt/rustwide/target/debug/deps/libtime-fe306730ae047461.rlib" "/opt/rustwide/target/debug/deps/librustc_serialize-58743a3045a02b4c.rlib" "/opt/rustwide/target/debug/deps/librand-79f9c76266e898e5.rlib" "/opt/rustwide/target/debug/deps/librand-b659f6e4e4ac2137.rlib" "/opt/rustwide/target/debug/deps/libclap-8ce2e845fcd9a805.rlib" "/opt/rustwide/target/debug/deps/libyaml_rust-36984f279811e030.rlib" "/opt/rustwide/target/debug/deps/libvec_map-fc342719877893b6.rlib" "/opt/rustwide/target/debug/deps/libtextwrap-d7c93607920183ff.rlib" "/opt/rustwide/target/debug/deps/libunicode_width-496d455ef4b56198.rlib" "/opt/rustwide/target/debug/deps/libstrsim-c58ca68092cf803b.rlib" "/opt/rustwide/target/debug/deps/libbitflags-560efdb99b117eef.rlib" "/opt/rustwide/target/debug/deps/libatty-6cbae627d2781592.rlib" "/opt/rustwide/target/debug/deps/liblibc-663f09ba3db1840e.rlib" "/opt/rustwide/target/debug/deps/libansi_term-bb169c4f46faf8a6.rlib" "/opt/rustwide/rustup-home/toolchains/nightly-2024-10-28-x86_64-unknown-linux-gnu/lib/rustlib/x86_64-unknown-linux-gnu/lib/libstd-fb8c387236db3c10.rlib" "/opt/rustwide/rustup-home/toolchains/nightly-2024-10-28-x86_64-unknown-linux-gnu/lib/rustlib/x86_64-unknown-linux-gnu/lib/libpanic_unwind-b251837809b2f64b.rlib" "/opt/rustwide/rustup-home/toolchains/nightly-2024-10-28-x86_64-unknown-linux-gnu/lib/rustlib/x86_64-unknown-linux-gnu/lib/libobject-cbef83eaa4e01f04.rlib" "/opt/rustwide/rustup-home/toolchains/nightly-2024-10-28-x86_64-unknown-linux-gnu/lib/rustlib/x86_64-unknown-linux-gnu/lib/libmemchr-12a772286de2fca7.rlib" "/opt/rustwide/rustup-home/toolchains/nightly-2024-10-28-x86_64-unknown-linux-gnu/lib/rustlib/x86_64-unknown-linux-gnu/lib/libaddr2line-023bbe5ada7abfc3.rlib" "/opt/rustwide/rustup-home/toolchains/nightly-2024-10-28-x86_64-unknown-linux-gnu/lib/rustlib/x86_64-unknown-linux-gnu/lib/libgimli-de2bcdf10ec69c2b.rlib" "/opt/rustwide/rustup-home/toolchains/nightly-2024-10-28-x86_64-unknown-linux-gnu/lib/rustlib/x86_64-unknown-linux-gnu/lib/librustc_demangle-8e1754df350800fd.rlib" "/opt/rustwide/rustup-home/toolchains/nightly-2024-10-28-x86_64-unknown-linux-gnu/lib/rustlib/x86_64-unknown-linux-gnu/lib/libstd_detect-06c2ab7b9c32e037.rlib" "/opt/rustwide/rustup-home/toolchains/nightly-2024-10-28-x86_64-unknown-linux-gnu/lib/rustlib/x86_64-unknown-linux-gnu/lib/libhashbrown-51d2621fc57a281b.rlib" "/opt/rustwide/rustup-home/toolchains/nightly-2024-10-28-x86_64-unknown-linux-gnu/lib/rustlib/x86_64-unknown-linux-gnu/lib/librustc_std_workspace_alloc-54a930408793772f.rlib" "/opt/rustwide/rustup-home/toolchains/nightly-2024-10-28-x86_64-unknown-linux-gnu/lib/rustlib/x86_64-unknown-linux-gnu/lib/libminiz_oxide-0c7d01cba400dcb2.rlib" "/opt/rustwide/rustup-home/toolchains/nightly-2024-10-28-x86_64-unknown-linux-gnu/lib/rustlib/x86_64-unknown-linux-gnu/lib/libadler-b9f84d69e331b75b.rlib" "/opt/rustwide/rustup-home/toolchains/nightly-2024-10-28-x86_64-unknown-linux-gnu/lib/rustlib/x86_64-unknown-linux-gnu/lib/libunwind-eec95493246aae39.rlib" "/opt/rustwide/rustup-home/toolchains/nightly-2024-10-28-x86_64-unknown-linux-gnu/lib/rustlib/x86_64-unknown-linux-gnu/lib/libcfg_if-6f6676c475e08ab0.rlib" "/opt/rustwide/rustup-home/toolchains/nightly-2024-10-28-x86_64-unknown-linux-gnu/lib/rustlib/x86_64-unknown-linux-gnu/lib/liblibc-799d520624f8b2e0.rlib" "/opt/rustwide/rustup-home/toolchains/nightly-2024-10-28-x86_64-unknown-linux-gnu/lib/rustlib/x86_64-unknown-linux-gnu/lib/liballoc-fcf93d4842acd9a9.rlib" "/opt/rustwide/rustup-home/toolchains/nightly-2024-10-28-x86_64-unknown-linux-gnu/lib/rustlib/x86_64-unknown-linux-gnu/lib/librustc_std_workspace_core-395a38b8e0851c9b.rlib" "/opt/rustwide/rustup-home/toolchains/nightly-2024-10-28-x86_64-unknown-linux-gnu/lib/rustlib/x86_64-unknown-linux-gnu/lib/libcore-d453bab70303062c.rlib" "/opt/rustwide/rustup-home/toolchains/nightly-2024-10-28-x86_64-unknown-linux-gnu/lib/rustlib/x86_64-unknown-linux-gnu/lib/libcompiler_builtins-0e6386368b0a24e8.rlib" "-Wl,-Bdynamic" "-lcurl" "-lssl" "-lcrypto" "-lz" "-lgcc_s" "-lutil" "-lrt" "-lpthread" "-lm" "-ldl" "-lc" "-B/opt/rustwide/rustup-home/toolchains/nightly-2024-10-28-x86_64-unknown-linux-gnu/lib/rustlib/x86_64-unknown-linux-gnu/bin/gcc-ld" "-fuse-ld=lld" "-Wl,--eh-frame-hdr" "-Wl,-z,noexecstack" "-L" "/usr/lib/x86_64-linux-gnu" "-L" "/usr/lib/x86_64-linux-gnu" "-L" "/opt/rustwide/target/debug/build/rust-crypto-7fbf4b88957f08d7/out" "-L" "/opt/rustwide/rustup-home/toolchains/nightly-2024-10-28-x86_64-unknown-linux-gnu/lib/rustlib/x86_64-unknown-linux-gnu/lib" "-o" "/opt/rustwide/target/debug/deps/tw-562257f7b948f5a2" "-Wl,--gc-sections" "-pie" "-Wl,-z,relro,-z,now" "-nodefaultlibs"
[INFO] [stdout]   = note: rust-lld: error: undefined symbol: SSL_library_init
[INFO] [stdout]           >>> referenced by lib.rs:517 (src/lib.rs:517)
[INFO] [stdout]           >>>               openssl_sys-9f1455c8e5a25d3c.openssl_sys.419cff058a6fb663-cgu.0.rcgu.o:(openssl_sys::init::_$u7b$$u7b$closure$u7d$$u7d$::h98058e8530d441c1) in archive /opt/rustwide/target/debug/deps/libopenssl_sys-9f1455c8e5a25d3c.rlib
[INFO] [stdout]           
[INFO] [stdout]           rust-lld: error: undefined symbol: SSL_load_error_strings
[INFO] [stdout]           >>> referenced by lib.rs:518 (src/lib.rs:518)
[INFO] [stdout]           >>>               openssl_sys-9f1455c8e5a25d3c.openssl_sys.419cff058a6fb663-cgu.0.rcgu.o:(openssl_sys::init::_$u7b$$u7b$closure$u7d$$u7d$::h98058e8530d441c1) in archive /opt/rustwide/target/debug/deps/libopenssl_sys-9f1455c8e5a25d3c.rlib
[INFO] [stdout]           
[INFO] [stdout]           rust-lld: error: undefined symbol: OPENSSL_add_all_algorithms_noconf
[INFO] [stdout]           >>> referenced by lib.rs:519 (src/lib.rs:519)
[INFO] [stdout]           >>>               openssl_sys-9f1455c8e5a25d3c.openssl_sys.419cff058a6fb663-cgu.0.rcgu.o:(openssl_sys::init::_$u7b$$u7b$closure$u7d$$u7d$::h98058e8530d441c1) in archive /opt/rustwide/target/debug/deps/libopenssl_sys-9f1455c8e5a25d3c.rlib
[INFO] [stdout]           
[INFO] [stdout]           rust-lld: error: undefined symbol: CRYPTO_num_locks
[INFO] [stdout]           >>> referenced by lib.rs:521 (src/lib.rs:521)
[INFO] [stdout]           >>>               openssl_sys-9f1455c8e5a25d3c.openssl_sys.419cff058a6fb663-cgu.0.rcgu.o:(openssl_sys::init::_$u7b$$u7b$closure$u7d$$u7d$::h98058e8530d441c1) in archive /opt/rustwide/target/debug/deps/libopenssl_sys-9f1455c8e5a25d3c.rlib
[INFO] [stdout]           
[INFO] [stdout]           rust-lld: error: undefined symbol: CRYPTO_set_locking_callback
[INFO] [stdout]           >>> referenced by lib.rs:531 (src/lib.rs:531)
[INFO] [stdout]           >>>               openssl_sys-9f1455c8e5a25d3c.openssl_sys.419cff058a6fb663-cgu.0.rcgu.o:(openssl_sys::init::_$u7b$$u7b$closure$u7d$$u7d$::h98058e8530d441c1) in archive /opt/rustwide/target/debug/deps/libopenssl_sys-9f1455c8e5a25d3c.rlib
[INFO] [stdout]           
[INFO] [stdout]           rust-lld: error: undefined symbol: CRYPTO_set_id_callback
[INFO] [stdout]           >>> referenced by lib.rs:544 (src/lib.rs:544)
[INFO] [stdout]           >>>               openssl_sys-9f1455c8e5a25d3c.openssl_sys.419cff058a6fb663-cgu.0.rcgu.o:(openssl_sys::set_id_callback::h73f0910750879885) in archive /opt/rustwide/target/debug/deps/libopenssl_sys-9f1455c8e5a25d3c.rlib
[INFO] [stdout]           collect2: error: ld returned 1 exit status
[INFO] [stdout]           
[INFO] [stdout] 
[INFO] [stdout] 
[INFO] [stderr] error: could not compile `clit-rs` (bin "tw") due to 1 previous error; 1 warning emitted
[INFO] running `Command { std: "docker" "inspect" "07cb5f873db973565265e981426d5664515df041ee6917ff1faf2b9f393afc5c", kill_on_drop: false }`
[INFO] running `Command { std: "docker" "rm" "-f" "07cb5f873db973565265e981426d5664515df041ee6917ff1faf2b9f393afc5c", kill_on_drop: false }`
[INFO] [stdout] 07cb5f873db973565265e981426d5664515df041ee6917ff1faf2b9f393afc5c
