[INFO] fetching crate clint 0.3.0...
[INFO] testing clint-0.3.0 against nightly-2024-10-28 for randomize-layout
[INFO] extracting crate clint 0.3.0 into /workspace/builds/worker-0-tc1/source
[INFO] validating manifest of crates.io crate clint 0.3.0 on toolchain nightly-2024-10-28
[INFO] running `Command { std: CARGO_HOME="/workspace/cargo-home" RUSTUP_HOME="/workspace/rustup-home" "/workspace/cargo-home/bin/cargo" "+nightly-2024-10-28" "metadata" "--manifest-path" "Cargo.toml" "--no-deps", kill_on_drop: false }`
[INFO] started tweaking crates.io crate clint 0.3.0
[INFO] finished tweaking crates.io crate clint 0.3.0
[INFO] tweaked toml for crates.io crate clint 0.3.0 written to /workspace/builds/worker-0-tc1/source/Cargo.toml
[INFO] crate crates.io crate clint 0.3.0 already has a lockfile, it will not be regenerated
[INFO] running `Command { std: CARGO_HOME="/workspace/cargo-home" RUSTUP_HOME="/workspace/rustup-home" "/workspace/cargo-home/bin/cargo" "+nightly-2024-10-28" "fetch" "--manifest-path" "Cargo.toml", kill_on_drop: false }`
[INFO] [stderr]     Blocking waiting for file lock on package cache
[INFO] [stderr]     Updating crates.io index
[INFO] [stderr]     Blocking waiting for file lock on package cache
[INFO] [stderr]  Downloading crates ...
[INFO] [stderr]   Downloaded volatile-register v0.2.0
[INFO] [stderr]   Downloaded vcell v0.1.2
[INFO] [stderr]   Downloaded bare-metal v0.2.5
[INFO] [stderr]   Downloaded cortex-m-rt-macros v0.1.5
[INFO] [stderr]   Downloaded r0 v0.2.2
[INFO] [stderr]   Downloaded cortex-m-rt v0.6.10
[INFO] [stderr]   Downloaded diff v0.1.11
[INFO] [stderr]   Downloaded as-slice v0.1.0
[INFO] [stderr]   Downloaded cortex-m v0.6.1
[INFO] [stderr]   Downloaded serde_derive v1.0.100
[INFO] [stderr]   Downloaded stable_deref_trait v1.1.1
[INFO] [stderr]   Downloaded serde v1.0.100
[INFO] [stderr]   Downloaded typenum v1.11.2
[INFO] [stderr]   Downloaded filetime v0.2.7
[INFO] [stderr]   Downloaded rustfix v0.4.6
[INFO] [stderr]   Downloaded aligned v0.3.1
[INFO] [stderr]   Downloaded compiletest_rs v0.3.22
[INFO] running `Command { std: "docker" "create" "-v" "/var/lib/crater-agent-workspace/builds/worker-0-tc1/target:/opt/rustwide/target:rw,Z" "-v" "/var/lib/crater-agent-workspace/builds/worker-0-tc1/source:/opt/rustwide/workdir:ro,Z" "-v" "/var/lib/crater-agent-workspace/cargo-home:/opt/rustwide/cargo-home:ro,Z" "-v" "/var/lib/crater-agent-workspace/rustup-home:/opt/rustwide/rustup-home:ro,Z" "-e" "SOURCE_DIR=/opt/rustwide/workdir" "-e" "CARGO_TARGET_DIR=/opt/rustwide/target" "-e" "CARGO_HOME=/opt/rustwide/cargo-home" "-e" "RUSTUP_HOME=/opt/rustwide/rustup-home" "-w" "/opt/rustwide/workdir" "-m" "1610612736" "--user" "0:0" "--network" "none" "ghcr.io/rust-lang/crates-build-env/linux@sha256:4a844ea9eb2546a2d2c7022eacef16ef2e8229c7fbb2c7d4d55a9ceca922f72d" "/opt/rustwide/cargo-home/bin/cargo" "+nightly-2024-10-28" "metadata" "--no-deps" "--format-version=1", kill_on_drop: false }`
[INFO] [stdout] 3dfe25444c0e1a6f01434568d91e79070953acbbdba1a28487468da4cf7909e7
[INFO] running `Command { std: "docker" "start" "-a" "3dfe25444c0e1a6f01434568d91e79070953acbbdba1a28487468da4cf7909e7", kill_on_drop: false }`
[INFO] running `Command { std: "docker" "inspect" "3dfe25444c0e1a6f01434568d91e79070953acbbdba1a28487468da4cf7909e7", kill_on_drop: false }`
[INFO] running `Command { std: "docker" "rm" "-f" "3dfe25444c0e1a6f01434568d91e79070953acbbdba1a28487468da4cf7909e7", kill_on_drop: false }`
[INFO] [stdout] 3dfe25444c0e1a6f01434568d91e79070953acbbdba1a28487468da4cf7909e7
[INFO] running `Command { std: "docker" "create" "-v" "/var/lib/crater-agent-workspace/builds/worker-0-tc1/target:/opt/rustwide/target:rw,Z" "-v" "/var/lib/crater-agent-workspace/builds/worker-0-tc1/source:/opt/rustwide/workdir:ro,Z" "-v" "/var/lib/crater-agent-workspace/cargo-home:/opt/rustwide/cargo-home:ro,Z" "-v" "/var/lib/crater-agent-workspace/rustup-home:/opt/rustwide/rustup-home:ro,Z" "-e" "SOURCE_DIR=/opt/rustwide/workdir" "-e" "CARGO_TARGET_DIR=/opt/rustwide/target" "-e" "CARGO_INCREMENTAL=0" "-e" "RUST_BACKTRACE=full" "-e" "RUSTFLAGS=--cap-lints=forbid" "-e" "RUSTDOCFLAGS=--cap-lints=forbid" "-e" "CARGO_HOME=/opt/rustwide/cargo-home" "-e" "RUSTUP_HOME=/opt/rustwide/rustup-home" "-w" "/opt/rustwide/workdir" "-m" "1610612736" "--user" "0:0" "--network" "none" "ghcr.io/rust-lang/crates-build-env/linux@sha256:4a844ea9eb2546a2d2c7022eacef16ef2e8229c7fbb2c7d4d55a9ceca922f72d" "/opt/rustwide/cargo-home/bin/cargo" "+nightly-2024-10-28" "build" "--frozen" "--message-format=json", kill_on_drop: false }`
[INFO] [stdout] eed9716b0c143566d49a59f54c31c17869883f5254967bf90437a3626a357a47
[INFO] running `Command { std: "docker" "start" "-a" "eed9716b0c143566d49a59f54c31c17869883f5254967bf90437a3626a357a47", kill_on_drop: false }`
[INFO] [stderr]    Compiling clint v0.3.0 (/opt/rustwide/workdir)
[INFO] [stderr]     Finished `dev` profile [unoptimized + debuginfo] target(s) in 0.10s
[INFO] running `Command { std: "docker" "inspect" "eed9716b0c143566d49a59f54c31c17869883f5254967bf90437a3626a357a47", kill_on_drop: false }`
[INFO] running `Command { std: "docker" "rm" "-f" "eed9716b0c143566d49a59f54c31c17869883f5254967bf90437a3626a357a47", kill_on_drop: false }`
[INFO] [stdout] eed9716b0c143566d49a59f54c31c17869883f5254967bf90437a3626a357a47
[INFO] running `Command { std: "docker" "create" "-v" "/var/lib/crater-agent-workspace/builds/worker-0-tc1/target:/opt/rustwide/target:rw,Z" "-v" "/var/lib/crater-agent-workspace/builds/worker-0-tc1/source:/opt/rustwide/workdir:ro,Z" "-v" "/var/lib/crater-agent-workspace/cargo-home:/opt/rustwide/cargo-home:ro,Z" "-v" "/var/lib/crater-agent-workspace/rustup-home:/opt/rustwide/rustup-home:ro,Z" "-e" "SOURCE_DIR=/opt/rustwide/workdir" "-e" "CARGO_TARGET_DIR=/opt/rustwide/target" "-e" "CARGO_INCREMENTAL=0" "-e" "RUST_BACKTRACE=full" "-e" "RUSTFLAGS=--cap-lints=forbid" "-e" "RUSTDOCFLAGS=--cap-lints=forbid" "-e" "CARGO_HOME=/opt/rustwide/cargo-home" "-e" "RUSTUP_HOME=/opt/rustwide/rustup-home" "-w" "/opt/rustwide/workdir" "-m" "1610612736" "--user" "0:0" "--network" "none" "ghcr.io/rust-lang/crates-build-env/linux@sha256:4a844ea9eb2546a2d2c7022eacef16ef2e8229c7fbb2c7d4d55a9ceca922f72d" "/opt/rustwide/cargo-home/bin/cargo" "+nightly-2024-10-28" "test" "--frozen" "--no-run" "--message-format=json", kill_on_drop: false }`
[INFO] [stdout] 2a91a96934c3e7e5a67106e69b1ec09b46781c099f90f3d7fce89e9cead094fd
[INFO] running `Command { std: "docker" "start" "-a" "2a91a96934c3e7e5a67106e69b1ec09b46781c099f90f3d7fce89e9cead094fd", kill_on_drop: false }`
[INFO] [stderr]    Compiling proc-macro2 v0.4.30
[INFO] [stderr]    Compiling unicode-xid v0.1.0
[INFO] [stderr]    Compiling proc-macro2 v1.0.3
[INFO] [stderr]    Compiling syn v0.15.44
[INFO] [stderr]    Compiling unicode-xid v0.2.0
[INFO] [stderr]    Compiling libc v0.2.62
[INFO] [stderr]    Compiling syn v1.0.5
[INFO] [stderr]    Compiling cc v1.0.45
[INFO] [stderr]    Compiling semver-parser v0.7.0
[INFO] [stderr]    Compiling typenum v1.11.2
[INFO] [stderr]    Compiling cfg-if v0.1.9
[INFO] [stderr]    Compiling memchr v2.2.1
[INFO] [stderr]    Compiling serde v1.0.100
[INFO] [stderr]    Compiling ryu v1.0.0
[INFO] [stderr]    Compiling failure_derive v0.1.5
[INFO] [stderr]    Compiling rustc-demangle v0.1.16
[INFO] [stderr]    Compiling rand_core v0.4.2
[INFO] [stderr]    Compiling log v0.4.8
[INFO] [stderr]    Compiling stable_deref_trait v1.1.1
[INFO] [stderr]    Compiling itoa v0.4.4
[INFO] [stderr]    Compiling semver v0.9.0
[INFO] [stderr]    Compiling rand_core v0.3.1
[INFO] [stderr]    Compiling thread_local v0.3.6
[INFO] [stderr]    Compiling rand v0.5.6
[INFO] [stderr]    Compiling compiletest_rs v0.3.22
[INFO] [stderr]    Compiling rustc_version v0.2.3
[INFO] [stderr]    Compiling cortex-m-rt v0.6.10
[INFO] [stderr]    Compiling regex-syntax v0.6.12
[INFO] [stderr]    Compiling unicode-width v0.1.6
[INFO] [stderr]    Compiling cortex-m v0.6.1
[INFO] [stderr]    Compiling vcell v0.1.2
[INFO] [stderr]    Compiling getopts v0.2.21
[INFO] [stderr]    Compiling diff v0.1.11
[INFO] [stderr]    Compiling r0 v0.2.2
[INFO] [stderr]    Compiling bare-metal v0.2.5
[INFO] [stderr]    Compiling volatile-register v0.2.0
[INFO] [stderr]    Compiling aho-corasick v0.7.6
[INFO] [stderr]    Compiling filetime v0.2.7
[INFO] [stderr]    Compiling quote v0.6.13
[INFO] [stderr]    Compiling backtrace-sys v0.1.31
[INFO] [stderr]    Compiling generic-array v0.12.3
[INFO] [stderr]    Compiling quote v1.0.2
[INFO] [stderr]    Compiling as-slice v0.1.0
[INFO] [stderr]    Compiling aligned v0.3.1
[INFO] [stderr]    Compiling backtrace v0.3.37
[INFO] [stderr]    Compiling regex v1.3.1
[INFO] [stderr]    Compiling serde_derive v1.0.100
[INFO] [stderr]    Compiling synstructure v0.10.2
[INFO] [stderr]    Compiling cortex-m-rt-macros v0.1.5
[INFO] [stderr]    Compiling failure v0.1.5
[INFO] [stderr]    Compiling serde_json v1.0.40
[INFO] [stderr]    Compiling rustfix v0.4.6
[INFO] [stdout] error[E0462]: found staticlib `rustc` instead of rlib or dylib
[INFO] [stdout]   --> /opt/rustwide/cargo-home/registry/src/index.crates.io-6f17d22bba15001f/compiletest_rs-0.3.22/src/lib.rs:19:1
[INFO] [stdout]    |
[INFO] [stdout] 19 | extern crate rustc;
[INFO] [stdout]    | ^^^^^^^^^^^^^^^^^^^
[INFO] [stdout]    |
[INFO] [stdout]    = note: the following crate versions were found:
[INFO] [stdout]            crate `rustc`: /opt/rustwide/rustup-home/toolchains/nightly-2024-10-28-x86_64-unknown-linux-gnu/lib/rustlib/x86_64-unknown-linux-gnu/lib/librustc-nightly_rt.dfsan.a
[INFO] [stdout]            crate `rustc`: /opt/rustwide/rustup-home/toolchains/nightly-2024-10-28-x86_64-unknown-linux-gnu/lib/rustlib/x86_64-unknown-linux-gnu/lib/librustc-nightly_rt.tsan.a
[INFO] [stdout]            crate `rustc`: /opt/rustwide/rustup-home/toolchains/nightly-2024-10-28-x86_64-unknown-linux-gnu/lib/rustlib/x86_64-unknown-linux-gnu/lib/librustc-nightly_rt.safestack.a
[INFO] [stdout]            crate `rustc`: /opt/rustwide/rustup-home/toolchains/nightly-2024-10-28-x86_64-unknown-linux-gnu/lib/rustlib/x86_64-unknown-linux-gnu/lib/librustc-nightly_rt.asan.a
[INFO] [stdout]            crate `rustc`: /opt/rustwide/rustup-home/toolchains/nightly-2024-10-28-x86_64-unknown-linux-gnu/lib/rustlib/x86_64-unknown-linux-gnu/lib/librustc-nightly_rt.msan.a
[INFO] [stdout]            crate `rustc`: /opt/rustwide/rustup-home/toolchains/nightly-2024-10-28-x86_64-unknown-linux-gnu/lib/rustlib/x86_64-unknown-linux-gnu/lib/librustc-nightly_rt.lsan.a
[INFO] [stdout]    = help: please recompile that crate using --crate-type lib
[INFO] [stdout] 
[INFO] [stdout] 
[INFO] [stdout] error[E0560]: struct `TestOpts` has no field named `filter`
[INFO] [stdout]   --> /opt/rustwide/cargo-home/registry/src/index.crates.io-6f17d22bba15001f/compiletest_rs-0.3.22/src/lib.rs:99:9
[INFO] [stdout]    |
[INFO] [stdout] 99 |         filter: config.filter.clone(),
[INFO] [stdout]    |         ^^^^^^ unknown field
[INFO] [stdout]    |
[INFO] [stdout] help: a field with a similar name exists
[INFO] [stdout]    |
[INFO] [stdout] 99 |         filters: config.filter.clone(),
[INFO] [stdout]    |         ~~~~~~~
[INFO] [stdout] 
[INFO] [stdout] 
[INFO] [stdout] error[E0560]: struct `TestDesc` has no field named `allow_fail`
[INFO] [stdout]    --> /opt/rustwide/cargo-home/registry/src/index.crates.io-6f17d22bba15001f/compiletest_rs-0.3.22/src/lib.rs:247:13
[INFO] [stdout]     |
[INFO] [stdout] 247 |             allow_fail: false,
[INFO] [stdout]     |             ^^^^^^^^^^ `TestDesc` does not have this field
[INFO] [stdout]     |
[INFO] [stdout]     = note: available fields are: `ignore_message`, `source_file`, `start_line`, `start_col`, `end_line` ... and 4 others
[INFO] [stdout] 
[INFO] [stdout] 
[INFO] [stdout] error[E0308]: mismatched types
[INFO] [stdout]    --> /opt/rustwide/cargo-home/registry/src/index.crates.io-6f17d22bba15001f/compiletest_rs-0.3.22/src/lib.rs:280:9
[INFO] [stdout]     |
[INFO] [stdout] 280 |         runtest::run(config, &testpaths)
[INFO] [stdout]     |         ^^^^^^^^^^^^^^^^^^^^^^^^^^^^^^^^ expected `Result<(), String>`, found `()`
[INFO] [stdout]     |
[INFO] [stdout]     = note:   expected enum `std::result::Result<(), std::string::String>`
[INFO] [stdout]             found unit type `()`
[INFO] [stdout] help: try adding an expression at the end of the block
[INFO] [stdout]     |
[INFO] [stdout] 280 ~         runtest::run(config, &testpaths);
[INFO] [stdout] 281 +         Ok(())
[INFO] [stdout]     |
[INFO] [stdout] 
[INFO] [stdout] 
[INFO] [stdout] Some errors have detailed explanations: E0308, E0462, E0560.
[INFO] [stdout] 
[INFO] [stdout] For more information about an error, try `rustc --explain E0308`.
[INFO] [stdout] 
[INFO] [stderr] error: could not compile `compiletest_rs` (lib) due to 4 previous errors
[INFO] running `Command { std: "docker" "inspect" "2a91a96934c3e7e5a67106e69b1ec09b46781c099f90f3d7fce89e9cead094fd", kill_on_drop: false }`
[INFO] running `Command { std: "docker" "rm" "-f" "2a91a96934c3e7e5a67106e69b1ec09b46781c099f90f3d7fce89e9cead094fd", kill_on_drop: false }`
[INFO] [stdout] 2a91a96934c3e7e5a67106e69b1ec09b46781c099f90f3d7fce89e9cead094fd
