[INFO] fetching crate clickhouse-trieve 0.1.0...
[INFO] testing clickhouse-trieve-0.1.0 against nightly-2024-10-28 for randomize-layout
[INFO] extracting crate clickhouse-trieve 0.1.0 into /workspace/builds/worker-3-tc1/source
[INFO] validating manifest of crates.io crate clickhouse-trieve 0.1.0 on toolchain nightly-2024-10-28
[INFO] running `Command { std: CARGO_HOME="/workspace/cargo-home" RUSTUP_HOME="/workspace/rustup-home" "/workspace/cargo-home/bin/cargo" "+nightly-2024-10-28" "metadata" "--manifest-path" "Cargo.toml" "--no-deps", kill_on_drop: false }`
[INFO] started tweaking crates.io crate clickhouse-trieve 0.1.0
[INFO] removed 0 missing examples
[INFO] finished tweaking crates.io crate clickhouse-trieve 0.1.0
[INFO] tweaked toml for crates.io crate clickhouse-trieve 0.1.0 written to /workspace/builds/worker-3-tc1/source/Cargo.toml
[INFO] crate crates.io crate clickhouse-trieve 0.1.0 already has a lockfile, it will not be regenerated
[INFO] running `Command { std: CARGO_HOME="/workspace/cargo-home" RUSTUP_HOME="/workspace/rustup-home" "/workspace/cargo-home/bin/cargo" "+nightly-2024-10-28" "fetch" "--manifest-path" "Cargo.toml", kill_on_drop: false }`
[INFO] [stderr]     Updating crates.io index
[INFO] [stderr]  Downloading crates ...
[INFO] [stderr]   Downloaded clickhouse-derive v0.1.1
[INFO] [stderr]   Downloaded serde_derive v1.0.204
[INFO] [stderr]   Downloaded security-framework-sys v2.11.0
[INFO] [stderr]   Downloaded lz4 v1.25.0
[INFO] [stderr]   Downloaded sealed v0.5.0
[INFO] [stderr]   Downloaded tokio-macros v2.3.0
[INFO] [stderr]   Downloaded clap v4.5.9
[INFO] [stderr]   Downloaded serde v1.0.204
[INFO] [stderr]   Downloaded clickhouse-rs-cityhash-sys v0.1.2
[INFO] [stderr]   Downloaded security-framework v2.11.0
[INFO] [stderr]   Downloaded raw-cpuid v11.0.2
[INFO] [stderr]   Downloaded cc v1.1.0
[INFO] [stderr]   Downloaded clap_builder v4.5.9
[INFO] [stderr]   Downloaded syn v2.0.70
[INFO] [stderr]   Downloaded object v0.36.1
[INFO] [stderr]   Downloaded lz4-sys v1.9.5
[INFO] [stderr]   Downloaded tokio v1.38.0
[INFO] running `Command { std: "docker" "create" "-v" "/var/lib/crater-agent-workspace/builds/worker-3-tc1/target:/opt/rustwide/target:rw,Z" "-v" "/var/lib/crater-agent-workspace/builds/worker-3-tc1/source:/opt/rustwide/workdir:ro,Z" "-v" "/var/lib/crater-agent-workspace/cargo-home:/opt/rustwide/cargo-home:ro,Z" "-v" "/var/lib/crater-agent-workspace/rustup-home:/opt/rustwide/rustup-home:ro,Z" "-e" "SOURCE_DIR=/opt/rustwide/workdir" "-e" "CARGO_TARGET_DIR=/opt/rustwide/target" "-e" "CARGO_HOME=/opt/rustwide/cargo-home" "-e" "RUSTUP_HOME=/opt/rustwide/rustup-home" "-w" "/opt/rustwide/workdir" "-m" "1610612736" "--user" "0:0" "--network" "none" "ghcr.io/rust-lang/crates-build-env/linux@sha256:4a844ea9eb2546a2d2c7022eacef16ef2e8229c7fbb2c7d4d55a9ceca922f72d" "/opt/rustwide/cargo-home/bin/cargo" "+nightly-2024-10-28" "metadata" "--no-deps" "--format-version=1", kill_on_drop: false }`
[INFO] [stdout] 2ead71090237f5b5f4d4b5b24a0552ce6f02b119211dae3a11cd43c1b0c562e4
[INFO] running `Command { std: "docker" "start" "-a" "2ead71090237f5b5f4d4b5b24a0552ce6f02b119211dae3a11cd43c1b0c562e4", kill_on_drop: false }`
[INFO] running `Command { std: "docker" "inspect" "2ead71090237f5b5f4d4b5b24a0552ce6f02b119211dae3a11cd43c1b0c562e4", kill_on_drop: false }`
[INFO] running `Command { std: "docker" "rm" "-f" "2ead71090237f5b5f4d4b5b24a0552ce6f02b119211dae3a11cd43c1b0c562e4", kill_on_drop: false }`
[INFO] [stdout] 2ead71090237f5b5f4d4b5b24a0552ce6f02b119211dae3a11cd43c1b0c562e4
[INFO] running `Command { std: "docker" "create" "-v" "/var/lib/crater-agent-workspace/builds/worker-3-tc1/target:/opt/rustwide/target:rw,Z" "-v" "/var/lib/crater-agent-workspace/builds/worker-3-tc1/source:/opt/rustwide/workdir:ro,Z" "-v" "/var/lib/crater-agent-workspace/cargo-home:/opt/rustwide/cargo-home:ro,Z" "-v" "/var/lib/crater-agent-workspace/rustup-home:/opt/rustwide/rustup-home:ro,Z" "-e" "SOURCE_DIR=/opt/rustwide/workdir" "-e" "CARGO_TARGET_DIR=/opt/rustwide/target" "-e" "CARGO_INCREMENTAL=0" "-e" "RUST_BACKTRACE=full" "-e" "RUSTFLAGS=--cap-lints=forbid" "-e" "RUSTDOCFLAGS=--cap-lints=forbid" "-e" "CARGO_HOME=/opt/rustwide/cargo-home" "-e" "RUSTUP_HOME=/opt/rustwide/rustup-home" "-w" "/opt/rustwide/workdir" "-m" "1610612736" "--user" "0:0" "--network" "none" "ghcr.io/rust-lang/crates-build-env/linux@sha256:4a844ea9eb2546a2d2c7022eacef16ef2e8229c7fbb2c7d4d55a9ceca922f72d" "/opt/rustwide/cargo-home/bin/cargo" "+nightly-2024-10-28" "build" "--frozen" "--message-format=json", kill_on_drop: false }`
[INFO] [stdout] 493f8c1b56ab29c632dafd5e7642c20bcd54b605d34bf03b10f23c108ab3b7d2
[INFO] running `Command { std: "docker" "start" "-a" "493f8c1b56ab29c632dafd5e7642c20bcd54b605d34bf03b10f23c108ab3b7d2", kill_on_drop: false }`
[INFO] [stderr]    Compiling proc-macro2 v1.0.86
[INFO] [stderr]    Compiling unicode-ident v1.0.12
[INFO] [stderr]    Compiling cc v1.1.0
[INFO] [stderr]    Compiling pin-project-lite v0.2.14
[INFO] [stderr]    Compiling pkg-config v0.3.30
[INFO] [stderr]    Compiling slab v0.4.9
[INFO] [stderr]    Compiling once_cell v1.19.0
[INFO] [stderr]    Compiling futures-sink v0.3.30
[INFO] [stderr]    Compiling futures-core v0.3.30
[INFO] [stderr]    Compiling futures-io v0.3.30
[INFO] [stderr]    Compiling foreign-types-shared v0.1.1
[INFO] [stderr]    Compiling futures-channel v0.3.30
[INFO] [stderr]    Compiling futures-task v0.3.30
[INFO] [stderr]    Compiling openssl v0.10.64
[INFO] [stderr]    Compiling foreign-types v0.3.2
[INFO] [stderr]    Compiling mio v0.8.11
[INFO] [stderr]    Compiling socket2 v0.5.7
[INFO] [stderr]    Compiling syn v1.0.109
[INFO] [stderr]    Compiling httparse v1.9.4
[INFO] [stderr]    Compiling bytes v1.6.0
[INFO] [stderr]    Compiling native-tls v0.2.12
[INFO] [stderr]    Compiling bitflags v2.6.0
[INFO] [stderr]    Compiling tracing-core v0.1.32
[INFO] [stderr]    Compiling openssl-probe v0.1.5
[INFO] [stderr]    Compiling quote v1.0.36
[INFO] [stderr]    Compiling http v0.2.12
[INFO] [stderr]    Compiling try-lock v0.2.5
[INFO] [stderr]    Compiling syn v2.0.70
[INFO] [stderr]    Compiling want v0.3.1
[INFO] [stderr]    Compiling unicode-normalization v0.1.23
[INFO] [stderr]    Compiling tracing v0.1.40
[INFO] [stderr]    Compiling serde v1.0.204
[INFO] [stderr]    Compiling thiserror v1.0.61
[INFO] [stderr]    Compiling tower-service v0.3.2
[INFO] [stderr]    Compiling httpdate v1.0.3
[INFO] [stderr]    Compiling openssl-sys v0.9.102
[INFO] [stderr]    Compiling lz4-sys v1.9.5
[INFO] [stderr]    Compiling clickhouse-rs-cityhash-sys v0.1.2
[INFO] [stderr]    Compiling unicode-bidi v0.3.15
[INFO] [stderr]    Compiling http-body v0.4.6
[INFO] [stderr]    Compiling idna v0.5.0
[INFO] [stderr]    Compiling heck v0.4.1
[INFO] [stderr]    Compiling url v2.5.2
[INFO] [stderr]    Compiling serde_derive_internals v0.26.0
[INFO] [stderr]    Compiling bstr v1.9.1
[INFO] [stderr]    Compiling clickhouse-derive v0.1.1
[INFO] [stderr]    Compiling futures-macro v0.3.30
[INFO] [stderr]    Compiling tokio-macros v2.3.0
[INFO] [stderr]    Compiling openssl-macros v0.1.1
[INFO] [stderr]    Compiling thiserror-impl v1.0.61
[INFO] [stderr]    Compiling sealed v0.5.0
[INFO] [stderr]    Compiling tokio v1.38.0
[INFO] [stderr]    Compiling futures-util v0.3.30
[INFO] [stderr]    Compiling tokio-native-tls v0.3.1
[INFO] [stderr]    Compiling futures-executor v0.3.30
[INFO] [stderr]    Compiling hyper v0.14.30
[INFO] [stderr]    Compiling futures v0.3.30
[INFO] [stderr]    Compiling hyper-tls v0.5.0
[INFO] [stderr]    Compiling lz4 v1.25.0
[INFO] [stderr]    Compiling clickhouse-trieve v0.1.0 (/opt/rustwide/workdir)
[INFO] [stderr]     Finished `dev` profile [unoptimized + debuginfo] target(s) in 11.73s
[INFO] running `Command { std: "docker" "inspect" "493f8c1b56ab29c632dafd5e7642c20bcd54b605d34bf03b10f23c108ab3b7d2", kill_on_drop: false }`
[INFO] running `Command { std: "docker" "rm" "-f" "493f8c1b56ab29c632dafd5e7642c20bcd54b605d34bf03b10f23c108ab3b7d2", kill_on_drop: false }`
[INFO] [stdout] 493f8c1b56ab29c632dafd5e7642c20bcd54b605d34bf03b10f23c108ab3b7d2
[INFO] running `Command { std: "docker" "create" "-v" "/var/lib/crater-agent-workspace/builds/worker-3-tc1/target:/opt/rustwide/target:rw,Z" "-v" "/var/lib/crater-agent-workspace/builds/worker-3-tc1/source:/opt/rustwide/workdir:ro,Z" "-v" "/var/lib/crater-agent-workspace/cargo-home:/opt/rustwide/cargo-home:ro,Z" "-v" "/var/lib/crater-agent-workspace/rustup-home:/opt/rustwide/rustup-home:ro,Z" "-e" "SOURCE_DIR=/opt/rustwide/workdir" "-e" "CARGO_TARGET_DIR=/opt/rustwide/target" "-e" "CARGO_INCREMENTAL=0" "-e" "RUST_BACKTRACE=full" "-e" "RUSTFLAGS=--cap-lints=forbid" "-e" "RUSTDOCFLAGS=--cap-lints=forbid" "-e" "CARGO_HOME=/opt/rustwide/cargo-home" "-e" "RUSTUP_HOME=/opt/rustwide/rustup-home" "-w" "/opt/rustwide/workdir" "-m" "1610612736" "--user" "0:0" "--network" "none" "ghcr.io/rust-lang/crates-build-env/linux@sha256:4a844ea9eb2546a2d2c7022eacef16ef2e8229c7fbb2c7d4d55a9ceca922f72d" "/opt/rustwide/cargo-home/bin/cargo" "+nightly-2024-10-28" "test" "--frozen" "--no-run" "--message-format=json", kill_on_drop: false }`
[INFO] [stdout] 9a79fadf1fb91537423b2d4a86abd11a69beb32e49e5b453aabf5e2ec12c5dc0
[INFO] running `Command { std: "docker" "start" "-a" "9a79fadf1fb91537423b2d4a86abd11a69beb32e49e5b453aabf5e2ec12c5dc0", kill_on_drop: false }`
[INFO] [stderr]    Compiling serde v1.0.204
[INFO] [stderr]    Compiling serde_derive v1.0.204
[INFO] [stderr]    Compiling parking_lot_core v0.9.10
[INFO] [stderr]    Compiling getrandom v0.2.15
[INFO] [stderr]    Compiling num_cpus v1.16.0
[INFO] [stderr]    Compiling num-traits v0.2.19
[INFO] [stderr]    Compiling ppv-lite86 v0.2.17
[INFO] [stderr]    Compiling serde_json v1.0.120
[INFO] [stderr]    Compiling parking_lot v0.12.3
[INFO] [stderr]    Compiling rand_core v0.6.4
[INFO] [stderr]    Compiling half v2.4.1
[INFO] [stderr]    Compiling ciborium-io v0.2.2
[INFO] [stderr]    Compiling plotters-backend v0.3.6
[INFO] [stderr]    Compiling clap_lex v0.7.1
[INFO] [stderr]    Compiling tokio v1.38.0
[INFO] [stderr]    Compiling regex-syntax v0.8.4
[INFO] [stderr]    Compiling rand_chacha v0.3.1
[INFO] [stderr]    Compiling anstyle v1.0.7
[INFO] [stderr]    Compiling plotters-svg v0.3.6
[INFO] [stderr]    Compiling ciborium-ll v0.2.2
[INFO] [stderr]    Compiling rand v0.8.5
[INFO] [stderr]    Compiling clap_builder v4.5.9
[INFO] [stderr]    Compiling time-macros v0.2.18
[INFO] [stderr]    Compiling criterion-plot v0.5.0
[INFO] [stderr]    Compiling is-terminal v0.4.12
[INFO] [stderr]    Compiling deranged v0.3.11
[INFO] [stderr]    Compiling plotters v0.3.6
[INFO] [stderr]    Compiling anes v0.1.6
[INFO] [stderr]    Compiling uuid v1.10.0
[INFO] [stderr]    Compiling serde_repr v0.1.19
[INFO] [stderr]    Compiling regex-automata v0.4.7
[INFO] [stderr]    Compiling time v0.3.36
[INFO] [stderr]    Compiling clap v4.5.9
[INFO] [stderr]    Compiling regex v1.10.5
[INFO] [stderr]    Compiling hyper v0.14.30
[INFO] [stderr]    Compiling tokio-native-tls v0.3.1
[INFO] [stderr]    Compiling ciborium v0.2.2
[INFO] [stderr]    Compiling serde_bytes v0.11.15
[INFO] [stderr]    Compiling tinytemplate v1.2.1
[INFO] [stderr]    Compiling criterion v0.5.1
[INFO] [stderr]    Compiling hyper-tls v0.5.0
[INFO] [stderr]    Compiling clickhouse-trieve v0.1.0 (/opt/rustwide/workdir)
[INFO] [stdout] error[E0433]: failed to resolve: use of undeclared crate or module `clickhouse`
[INFO] [stdout]  --> examples/enums.rs:6:5
[INFO] [stdout]   |
[INFO] [stdout] 6 | use clickhouse::{error::Result, Client, Row};
[INFO] [stdout]   |     ^^^^^^^^^^ use of undeclared crate or module `clickhouse`
[INFO] [stdout] 
[INFO] [stdout] 
[INFO] [stdout] error[E0433]: failed to resolve: use of undeclared crate or module `clickhouse`
[INFO] [stdout]  --> examples/usage.rs:3:5
[INFO] [stdout]   |
[INFO] [stdout] 3 | use clickhouse::{error::Result, sql, Client, Row};
[INFO] [stdout]   |     ^^^^^^^^^^ use of undeclared crate or module `clickhouse`
[INFO] [stdout] 
[INFO] [stdout] 
[INFO] [stdout] error[E0432]: unresolved import `clickhouse`
[INFO] [stdout]  --> examples/usage.rs:3:5
[INFO] [stdout]   |
[INFO] [stdout] 3 | use clickhouse::{error::Result, sql, Client, Row};
[INFO] [stdout]   |     ^^^^^^^^^^ use of undeclared crate or module `clickhouse`
[INFO] [stdout] 
[INFO] [stdout] 
[INFO] [stdout] error[E0432]: unresolved import `clickhouse`
[INFO] [stdout]  --> examples/enums.rs:6:5
[INFO] [stdout]   |
[INFO] [stdout] 6 | use clickhouse::{error::Result, Client, Row};
[INFO] [stdout]   |     ^^^^^^^^^^ use of undeclared crate or module `clickhouse`
[INFO] [stdout] 
[INFO] [stdout] 
[INFO] [stdout] error[E0432]: unresolved import `clickhouse`
[INFO] [stdout]  --> tests/it/main.rs:1:5
[INFO] [stdout]   |
[INFO] [stdout] 1 | use clickhouse::{sql, Client};
[INFO] [stdout]   |     ^^^^^^^^^^ use of undeclared crate or module `clickhouse`
[INFO] [stdout] 
[INFO] [stdout] 
[INFO] [stdout] error[E0432]: unresolved import `clickhouse`
[INFO] [stdout]  --> tests/it/compression.rs:3:5
[INFO] [stdout]   |
[INFO] [stdout] 3 | use clickhouse::{Client, Compression, Row};
[INFO] [stdout]   |     ^^^^^^^^^^ use of undeclared crate or module `clickhouse`
[INFO] [stdout] 
[INFO] [stdout] 
[INFO] [stdout] error[E0432]: unresolved import `clickhouse`
[INFO] [stdout]  --> tests/it/cursor_error.rs:1:5
[INFO] [stdout]   |
[INFO] [stdout] 1 | use clickhouse::{Client, Compression};
[INFO] [stdout]   |     ^^^^^^^^^^ use of undeclared crate or module `clickhouse`
[INFO] [stdout] 
[INFO] [stdout] 
[INFO] [stdout] error[E0432]: unresolved import `clickhouse`
[INFO] [stdout]  --> tests/it/ip.rs:5:5
[INFO] [stdout]   |
[INFO] [stdout] 5 | use clickhouse::Row;
[INFO] [stdout]   |     ^^^^^^^^^^ use of undeclared crate or module `clickhouse`
[INFO] [stdout] 
[INFO] [stdout] 
[INFO] [stdout] error[E0433]: failed to resolve: use of undeclared crate or module `clickhouse`
[INFO] [stdout]  --> tests/it/query.rs:3:5
[INFO] [stdout]   |
[INFO] [stdout] 3 | use clickhouse::{error::Error, Row};
[INFO] [stdout]   |     ^^^^^^^^^^ use of undeclared crate or module `clickhouse`
[INFO] [stdout] 
[INFO] [stdout] 
[INFO] [stdout] error[E0432]: unresolved import `clickhouse`
[INFO] [stdout]  --> tests/it/nested.rs:3:5
[INFO] [stdout]   |
[INFO] [stdout] 3 | use clickhouse::Row;
[INFO] [stdout]   |     ^^^^^^^^^^ use of undeclared crate or module `clickhouse`
[INFO] [stdout] 
[INFO] [stdout] 
[INFO] [stdout] error[E0432]: unresolved import `clickhouse`
[INFO] [stdout]  --> tests/it/query.rs:3:5
[INFO] [stdout]   |
[INFO] [stdout] 3 | use clickhouse::{error::Error, Row};
[INFO] [stdout]   |     ^^^^^^^^^^ use of undeclared crate or module `clickhouse`
[INFO] [stdout] 
[INFO] [stdout] 
[INFO] [stdout] error[E0433]: failed to resolve: use of undeclared crate or module `clickhouse`
[INFO] [stdout]   --> tests/it/cursor_error.rs:57:32
[INFO] [stdout]    |
[INFO] [stdout] 57 |     #[derive(serde::Serialize, clickhouse::Row)]
[INFO] [stdout]    |                                ^^^^^^^^^^ use of undeclared crate or module `clickhouse`
[INFO] [stdout] 
[INFO] [stdout] 
[INFO] [stdout] error[E0433]: failed to resolve: use of undeclared crate or module `clickhouse`
[INFO] [stdout]   --> tests/it/ip.rs:13:24
[INFO] [stdout]    |
[INFO] [stdout] 13 |         #[serde(with = "clickhouse::serde::ipv4")]
[INFO] [stdout]    |                        ^^^^^^^^^^^^^^^^^^^^^^^^^ use of undeclared crate or module `clickhouse`
[INFO] [stdout]    |
[INFO] [stdout] help: consider importing this module
[INFO] [stdout]    |
[INFO] [stdout] 1  + use clickhouse_trieve::serde::ipv4;
[INFO] [stdout]    |
[INFO] [stdout] 
[INFO] [stdout] 
[INFO] [stdout] error[E0433]: failed to resolve: use of undeclared crate or module `clickhouse`
[INFO] [stdout]   --> tests/it/ip.rs:16:24
[INFO] [stdout]    |
[INFO] [stdout] 16 |         #[serde(with = "clickhouse::serde::ipv4::option")]
[INFO] [stdout]    |                        ^^^^^^^^^^^^^^^^^^^^^^^^^^^^^^^^^ use of undeclared crate or module `clickhouse`
[INFO] [stdout]    |
[INFO] [stdout] help: consider importing this module
[INFO] [stdout]    |
[INFO] [stdout] 1  + use clickhouse_trieve::serde::ipv4::option;
[INFO] [stdout]    |
[INFO] [stdout] 
[INFO] [stdout] 
[INFO] [stdout] Some errors have detailed explanations: E0432, E0433.
[INFO] [stdout] 
[INFO] [stdout] For more information about an error, try `rustc --explain E0432`.
[INFO] [stdout] 
[INFO] [stdout] Some errors have detailed explanations: E0432, E0433.
[INFO] [stdout] 
[INFO] [stdout] For more information about an error, try `rustc --explain E0432`.
[INFO] [stdout] 
[INFO] [stderr] error: could not compile `clickhouse-trieve` (example "enums") due to 2 previous errors
[INFO] [stderr] warning: build failed, waiting for other jobs to finish...
[INFO] [stderr] error: could not compile `clickhouse-trieve` (example "usage") due to 2 previous errors
[INFO] [stdout] Some errors have detailed explanations: E0432, E0433.
[INFO] [stdout] 
[INFO] [stdout] For more information about an error, try `rustc --explain E0432`.
[INFO] [stdout] 
[INFO] [stderr] error: could not compile `clickhouse-trieve` (test "it") due to 10 previous errors
[INFO] [stdout] warning: fields `0` and `1` are never read
[INFO] [stdout]    --> src/row.rs:160:27
[INFO] [stdout]     |
[INFO] [stdout] 160 |         struct NamedTuple(u32, u32);
[INFO] [stdout]     |                ---------- ^^^  ^^^
[INFO] [stdout]     |                |
[INFO] [stdout]     |                fields in this struct
[INFO] [stdout]     |
[INFO] [stdout]     = help: consider removing these fields
[INFO] [stdout]     = note: `#[warn(dead_code)]` on by default
[INFO] [stdout] 
[INFO] [stdout] 
[INFO] running `Command { std: "docker" "inspect" "9a79fadf1fb91537423b2d4a86abd11a69beb32e49e5b453aabf5e2ec12c5dc0", kill_on_drop: false }`
[INFO] running `Command { std: "docker" "rm" "-f" "9a79fadf1fb91537423b2d4a86abd11a69beb32e49e5b453aabf5e2ec12c5dc0", kill_on_drop: false }`
[INFO] [stdout] 9a79fadf1fb91537423b2d4a86abd11a69beb32e49e5b453aabf5e2ec12c5dc0
