[INFO] fetching crate clia-rustorm 0.19.1...
[INFO] testing clia-rustorm-0.19.1 against nightly-2024-10-28 for randomize-layout
[INFO] extracting crate clia-rustorm 0.19.1 into /workspace/builds/worker-2-tc1/source
[INFO] validating manifest of crates.io crate clia-rustorm 0.19.1 on toolchain nightly-2024-10-28
[INFO] running `Command { std: CARGO_HOME="/workspace/cargo-home" RUSTUP_HOME="/workspace/rustup-home" "/workspace/cargo-home/bin/cargo" "+nightly-2024-10-28" "metadata" "--manifest-path" "Cargo.toml" "--no-deps", kill_on_drop: false }`
[INFO] started tweaking crates.io crate clia-rustorm 0.19.1
[INFO] finished tweaking crates.io crate clia-rustorm 0.19.1
[INFO] tweaked toml for crates.io crate clia-rustorm 0.19.1 written to /workspace/builds/worker-2-tc1/source/Cargo.toml
[INFO] crate crates.io crate clia-rustorm 0.19.1 already has a lockfile, it will not be regenerated
[INFO] running `Command { std: CARGO_HOME="/workspace/cargo-home" RUSTUP_HOME="/workspace/rustup-home" "/workspace/cargo-home/bin/cargo" "+nightly-2024-10-28" "fetch" "--manifest-path" "Cargo.toml", kill_on_drop: false }`
[INFO] [stderr]     Updating crates.io index
[INFO] [stderr]  Downloading crates ...
[INFO] [stderr]   Downloaded time v0.3.16
[INFO] [stderr]   Downloaded clia-rustorm-codegen v0.18.0
[INFO] [stderr]   Downloaded cxxbridge-flags v1.0.80
[INFO] [stderr]   Downloaded frunk_derives v0.4.0
[INFO] [stderr]   Downloaded scheduled-thread-pool v0.2.6
[INFO] [stderr]   Downloaded clia-rustorm-dao v0.18.0
[INFO] [stderr]   Downloaded io-enum v1.0.1
[INFO] [stderr]   Downloaded meval v0.2.0
[INFO] [stderr]   Downloaded bufstream v0.1.4
[INFO] [stderr]   Downloaded bigdecimal v0.3.0
[INFO] [stderr]   Downloaded async-trait v0.1.58
[INFO] [stderr]   Downloaded bigdecimal v0.2.2
[INFO] [stderr]   Downloaded cxxbridge-macro v1.0.80
[INFO] [stderr]   Downloaded num-bigint v0.3.3
[INFO] [stderr]   Downloaded rust_decimal v1.26.1
[INFO] [stderr]   Downloaded cxx-build v1.0.80
[INFO] [stderr]   Downloaded mysql_common v0.27.5
[INFO] [stderr]   Downloaded bindgen v0.58.1
[INFO] [stderr]   Downloaded bitvec v0.22.3
[INFO] [stderr]   Downloaded cxx v1.0.80
[INFO] [stderr]   Downloaded rusqlite v0.26.3
[INFO] [stderr]   Downloaded tokio-postgres v0.7.7
[INFO] [stderr]   Downloaded frunk_core v0.4.0
[INFO] [stderr]   Downloaded frunk v0.4.0
[INFO] [stderr]   Downloaded geo-types v0.7.7
[INFO] [stderr]   Downloaded postgres-types v0.2.4
[INFO] [stderr]   Downloaded parking_lot_core v0.9.4
[INFO] [stderr]   Downloaded funty v1.2.0
[INFO] [stderr]   Downloaded wyz v0.4.0
[INFO] [stderr]   Downloaded pem v0.8.3
[INFO] [stderr]   Downloaded postgres-protocol v0.6.4
[INFO] [stderr]   Downloaded frunk_proc_macros_impl v0.1.0
[INFO] [stderr]   Downloaded frunk_proc_macros v0.1.0
[INFO] [stderr]   Downloaded frunk_proc_macro_helpers v0.1.0
[INFO] [stderr]   Downloaded saturating v0.1.0
[INFO] [stderr]   Downloaded r2d2_mysql v21.0.0
[INFO] [stderr]   Downloaded postgres v0.19.4
[INFO] [stderr]   Downloaded r2d2_postgres v0.18.1
[INFO] [stderr]   Downloaded r2d2_sqlite v0.19.0
[INFO] [stderr]   Downloaded libsqlite3-sys v0.23.2
[INFO] [stderr]   Downloaded mysql v21.0.2
[INFO] running `Command { std: "docker" "create" "-v" "/var/lib/crater-agent-workspace/builds/worker-2-tc1/target:/opt/rustwide/target:rw,Z" "-v" "/var/lib/crater-agent-workspace/builds/worker-2-tc1/source:/opt/rustwide/workdir:ro,Z" "-v" "/var/lib/crater-agent-workspace/cargo-home:/opt/rustwide/cargo-home:ro,Z" "-v" "/var/lib/crater-agent-workspace/rustup-home:/opt/rustwide/rustup-home:ro,Z" "-e" "SOURCE_DIR=/opt/rustwide/workdir" "-e" "CARGO_TARGET_DIR=/opt/rustwide/target" "-e" "CARGO_HOME=/opt/rustwide/cargo-home" "-e" "RUSTUP_HOME=/opt/rustwide/rustup-home" "-w" "/opt/rustwide/workdir" "-m" "1610612736" "--user" "0:0" "--network" "none" "ghcr.io/rust-lang/crates-build-env/linux@sha256:4a844ea9eb2546a2d2c7022eacef16ef2e8229c7fbb2c7d4d55a9ceca922f72d" "/opt/rustwide/cargo-home/bin/cargo" "+nightly-2024-10-28" "metadata" "--no-deps" "--format-version=1", kill_on_drop: false }`
[INFO] [stdout] 8c1818a2ae60ac2c8b306014862c9096ee30881d86b1be6aa7ea7109b7c1d166
[INFO] running `Command { std: "docker" "start" "-a" "8c1818a2ae60ac2c8b306014862c9096ee30881d86b1be6aa7ea7109b7c1d166", kill_on_drop: false }`
[INFO] running `Command { std: "docker" "inspect" "8c1818a2ae60ac2c8b306014862c9096ee30881d86b1be6aa7ea7109b7c1d166", kill_on_drop: false }`
[INFO] running `Command { std: "docker" "rm" "-f" "8c1818a2ae60ac2c8b306014862c9096ee30881d86b1be6aa7ea7109b7c1d166", kill_on_drop: false }`
[INFO] [stdout] 8c1818a2ae60ac2c8b306014862c9096ee30881d86b1be6aa7ea7109b7c1d166
[INFO] running `Command { std: "docker" "create" "-v" "/var/lib/crater-agent-workspace/builds/worker-2-tc1/target:/opt/rustwide/target:rw,Z" "-v" "/var/lib/crater-agent-workspace/builds/worker-2-tc1/source:/opt/rustwide/workdir:ro,Z" "-v" "/var/lib/crater-agent-workspace/cargo-home:/opt/rustwide/cargo-home:ro,Z" "-v" "/var/lib/crater-agent-workspace/rustup-home:/opt/rustwide/rustup-home:ro,Z" "-e" "SOURCE_DIR=/opt/rustwide/workdir" "-e" "CARGO_TARGET_DIR=/opt/rustwide/target" "-e" "CARGO_INCREMENTAL=0" "-e" "RUST_BACKTRACE=full" "-e" "RUSTFLAGS=--cap-lints=forbid" "-e" "RUSTDOCFLAGS=--cap-lints=forbid" "-e" "CARGO_HOME=/opt/rustwide/cargo-home" "-e" "RUSTUP_HOME=/opt/rustwide/rustup-home" "-w" "/opt/rustwide/workdir" "-m" "1610612736" "--user" "0:0" "--network" "none" "ghcr.io/rust-lang/crates-build-env/linux@sha256:4a844ea9eb2546a2d2c7022eacef16ef2e8229c7fbb2c7d4d55a9ceca922f72d" "/opt/rustwide/cargo-home/bin/cargo" "+nightly-2024-10-28" "build" "--frozen" "--message-format=json", kill_on_drop: false }`
[INFO] [stdout] 20f92fc0cec6cf8a193fdc3715e4a96e44d515e7c7e9bf52cadc77b54e4acafa
[INFO] running `Command { std: "docker" "start" "-a" "20f92fc0cec6cf8a193fdc3715e4a96e44d515e7c7e9bf52cadc77b54e4acafa", kill_on_drop: false }`
[INFO] [stderr]    Compiling proc-macro2 v1.0.47
[INFO] [stderr]    Compiling quote v1.0.21
[INFO] [stderr]    Compiling unicode-ident v1.0.5
[INFO] [stderr]    Compiling syn v1.0.103
[INFO] [stderr]    Compiling libc v0.2.137
[INFO] [stderr]    Compiling serde_derive v1.0.147
[INFO] [stderr]    Compiling serde v1.0.147
[INFO] [stderr]    Compiling num-traits v0.2.15
[INFO] [stderr]    Compiling num-integer v0.1.45
[INFO] [stderr]    Compiling num-bigint v0.4.3
[INFO] [stderr]    Compiling lock_api v0.4.9
[INFO] [stderr]    Compiling parking_lot_core v0.9.4
[INFO] [stderr]    Compiling scopeguard v1.1.0
[INFO] [stderr]    Compiling smallvec v1.10.0
[INFO] [stderr]    Compiling tinyvec_macros v0.1.0
[INFO] [stderr]    Compiling thiserror v1.0.37
[INFO] [stderr]    Compiling serde_json v1.0.87
[INFO] [stderr]    Compiling tinyvec v1.6.0
[INFO] [stderr]    Compiling iana-time-zone v0.1.51
[INFO] [stderr]    Compiling time-core v0.1.0
[INFO] [stderr]    Compiling log v0.4.17
[INFO] [stderr]    Compiling num_threads v0.1.6
[INFO] [stderr]    Compiling itoa v1.0.4
[INFO] [stderr]    Compiling ryu v1.0.11
[INFO] [stderr]    Compiling base64 v0.13.1
[INFO] [stderr]    Compiling unicode-bidi v0.3.8
[INFO] [stderr]    Compiling percent-encoding v2.2.0
[INFO] [stderr]    Compiling fnv v1.0.7
[INFO] [stderr]    Compiling nom v1.2.4
[INFO] [stderr]    Compiling bytes v1.2.1
[INFO] [stdout] error[E0422]: cannot find struct, variant or union type `LineColumn` in crate `proc_macro`
[INFO] [stdout]    --> /opt/rustwide/cargo-home/registry/src/index.crates.io-6f17d22bba15001f/proc-macro2-1.0.47/src/wrapper.rs:479:33
[INFO] [stdout]     |
[INFO] [stdout] 479 |                 let proc_macro::LineColumn { line, column } = s.start();
[INFO] [stdout]     |                                 ^^^^^^^^^^ not found in `proc_macro`
[INFO] [stdout]     |
[INFO] [stdout] help: consider importing one of these structs
[INFO] [stdout]     |
[INFO] [stdout] 1   + use crate::LineColumn;
[INFO] [stdout]     |
[INFO] [stdout] 1   + use crate::fallback::LineColumn;
[INFO] [stdout]     |
[INFO] [stdout] help: if you import `LineColumn`, refer to it directly
[INFO] [stdout]     |
[INFO] [stdout] 479 -                 let proc_macro::LineColumn { line, column } = s.start();
[INFO] [stdout] 479 +                 let LineColumn { line, column } = s.start();
[INFO] [stdout]     |
[INFO] [stdout] 
[INFO] [stdout] 
[INFO] [stdout] error[E0422]: cannot find struct, variant or union type `LineColumn` in crate `proc_macro`
[INFO] [stdout]    --> /opt/rustwide/cargo-home/registry/src/index.crates.io-6f17d22bba15001f/proc-macro2-1.0.47/src/wrapper.rs:496:33
[INFO] [stdout]     |
[INFO] [stdout] 496 |                 let proc_macro::LineColumn { line, column } = s.end();
[INFO] [stdout]     |                                 ^^^^^^^^^^ not found in `proc_macro`
[INFO] [stdout]     |
[INFO] [stdout] help: consider importing one of these structs
[INFO] [stdout]     |
[INFO] [stdout] 1   + use crate::LineColumn;
[INFO] [stdout]     |
[INFO] [stdout] 1   + use crate::fallback::LineColumn;
[INFO] [stdout]     |
[INFO] [stdout] help: if you import `LineColumn`, refer to it directly
[INFO] [stdout]     |
[INFO] [stdout] 496 -                 let proc_macro::LineColumn { line, column } = s.end();
[INFO] [stdout] 496 +                 let LineColumn { line, column } = s.end();
[INFO] [stdout]     |
[INFO] [stdout] 
[INFO] [stdout] 
[INFO] [stderr]    Compiling form_urlencoded v1.1.0
[INFO] [stdout] error[E0635]: unknown feature `proc_macro_span_shrink`
[INFO] [stdout]   --> /opt/rustwide/cargo-home/registry/src/index.crates.io-6f17d22bba15001f/proc-macro2-1.0.47/src/lib.rs:92:30
[INFO] [stdout]    |
[INFO] [stdout] 92 |     feature(proc_macro_span, proc_macro_span_shrink)
[INFO] [stdout]    |                              ^^^^^^^^^^^^^^^^^^^^^^
[INFO] [stdout] 
[INFO] [stdout] 
[INFO] [stderr]    Compiling meval v0.2.0
[INFO] [stderr]    Compiling getrandom v0.2.8
[INFO] [stderr]    Compiling time v0.1.44
[INFO] [stderr]    Compiling time v0.3.16
[INFO] [stdout] Some errors have detailed explanations: E0422, E0635.
[INFO] [stdout] 
[INFO] [stdout] For more information about an error, try `rustc --explain E0422`.
[INFO] [stdout] 
[INFO] [stderr] error: could not compile `proc-macro2` (lib) due to 3 previous errors
[INFO] [stderr] warning: build failed, waiting for other jobs to finish...
[INFO] running `Command { std: "docker" "inspect" "20f92fc0cec6cf8a193fdc3715e4a96e44d515e7c7e9bf52cadc77b54e4acafa", kill_on_drop: false }`
[INFO] running `Command { std: "docker" "rm" "-f" "20f92fc0cec6cf8a193fdc3715e4a96e44d515e7c7e9bf52cadc77b54e4acafa", kill_on_drop: false }`
[INFO] [stdout] 20f92fc0cec6cf8a193fdc3715e4a96e44d515e7c7e9bf52cadc77b54e4acafa
