[INFO] fetching crate ckb_schemars 0.8.19...
[INFO] testing ckb_schemars-0.8.19 against nightly-2024-10-28 for randomize-layout
[INFO] extracting crate ckb_schemars 0.8.19 into /workspace/builds/worker-4-tc1/source
[INFO] validating manifest of crates.io crate ckb_schemars 0.8.19 on toolchain nightly-2024-10-28
[INFO] running `Command { std: CARGO_HOME="/workspace/cargo-home" RUSTUP_HOME="/workspace/rustup-home" "/workspace/cargo-home/bin/cargo" "+nightly-2024-10-28" "metadata" "--manifest-path" "Cargo.toml" "--no-deps", kill_on_drop: false }`
[INFO] started tweaking crates.io crate ckb_schemars 0.8.19
[INFO] removed 0 missing tests
[INFO] finished tweaking crates.io crate ckb_schemars 0.8.19
[INFO] tweaked toml for crates.io crate ckb_schemars 0.8.19 written to /workspace/builds/worker-4-tc1/source/Cargo.toml
[INFO] crate crates.io crate ckb_schemars 0.8.19 already has a lockfile, it will not be regenerated
[INFO] running `Command { std: CARGO_HOME="/workspace/cargo-home" RUSTUP_HOME="/workspace/rustup-home" "/workspace/cargo-home/bin/cargo" "+nightly-2024-10-28" "fetch" "--manifest-path" "Cargo.toml", kill_on_drop: false }`
[INFO] [stderr]     Blocking waiting for file lock on package cache
[INFO] [stderr]     Updating crates.io index
[INFO] [stderr]     Blocking waiting for file lock on package cache
[INFO] [stderr]  Downloading crates ...
[INFO] [stderr]   Downloaded trybuild v1.0.85
[INFO] [stderr]   Downloaded rust_decimal v1.32.0
[INFO] [stderr]   Downloaded bigdecimal v0.4.1
[INFO] [stderr]   Downloaded enumset v1.1.2
[INFO] [stderr]   Downloaded bigdecimal v0.3.1
[INFO] [stderr]   Downloaded enumset_derive v0.8.1
[INFO] [stderr]   Downloaded semver v1.0.19
[INFO] [stderr]   Downloaded basic-toml v0.1.4
[INFO] running `Command { std: "docker" "create" "-v" "/var/lib/crater-agent-workspace/builds/worker-4-tc1/target:/opt/rustwide/target:rw,Z" "-v" "/var/lib/crater-agent-workspace/builds/worker-4-tc1/source:/opt/rustwide/workdir:ro,Z" "-v" "/var/lib/crater-agent-workspace/cargo-home:/opt/rustwide/cargo-home:ro,Z" "-v" "/var/lib/crater-agent-workspace/rustup-home:/opt/rustwide/rustup-home:ro,Z" "-e" "SOURCE_DIR=/opt/rustwide/workdir" "-e" "CARGO_TARGET_DIR=/opt/rustwide/target" "-e" "CARGO_HOME=/opt/rustwide/cargo-home" "-e" "RUSTUP_HOME=/opt/rustwide/rustup-home" "-w" "/opt/rustwide/workdir" "-m" "1610612736" "--user" "0:0" "--network" "none" "ghcr.io/rust-lang/crates-build-env/linux@sha256:4a844ea9eb2546a2d2c7022eacef16ef2e8229c7fbb2c7d4d55a9ceca922f72d" "/opt/rustwide/cargo-home/bin/cargo" "+nightly-2024-10-28" "metadata" "--no-deps" "--format-version=1", kill_on_drop: false }`
[INFO] [stdout] e8cdca8bd43de0e609870645a4bd296eb13f588dd684edd663f467776b8f61da
[INFO] running `Command { std: "docker" "start" "-a" "e8cdca8bd43de0e609870645a4bd296eb13f588dd684edd663f467776b8f61da", kill_on_drop: false }`
[INFO] running `Command { std: "docker" "inspect" "e8cdca8bd43de0e609870645a4bd296eb13f588dd684edd663f467776b8f61da", kill_on_drop: false }`
[INFO] running `Command { std: "docker" "rm" "-f" "e8cdca8bd43de0e609870645a4bd296eb13f588dd684edd663f467776b8f61da", kill_on_drop: false }`
[INFO] [stdout] e8cdca8bd43de0e609870645a4bd296eb13f588dd684edd663f467776b8f61da
[INFO] running `Command { std: "docker" "create" "-v" "/var/lib/crater-agent-workspace/builds/worker-4-tc1/target:/opt/rustwide/target:rw,Z" "-v" "/var/lib/crater-agent-workspace/builds/worker-4-tc1/source:/opt/rustwide/workdir:ro,Z" "-v" "/var/lib/crater-agent-workspace/cargo-home:/opt/rustwide/cargo-home:ro,Z" "-v" "/var/lib/crater-agent-workspace/rustup-home:/opt/rustwide/rustup-home:ro,Z" "-e" "SOURCE_DIR=/opt/rustwide/workdir" "-e" "CARGO_TARGET_DIR=/opt/rustwide/target" "-e" "CARGO_INCREMENTAL=0" "-e" "RUST_BACKTRACE=full" "-e" "RUSTFLAGS=--cap-lints=forbid" "-e" "RUSTDOCFLAGS=--cap-lints=forbid" "-e" "CARGO_HOME=/opt/rustwide/cargo-home" "-e" "RUSTUP_HOME=/opt/rustwide/rustup-home" "-w" "/opt/rustwide/workdir" "-m" "1610612736" "--user" "0:0" "--network" "none" "ghcr.io/rust-lang/crates-build-env/linux@sha256:4a844ea9eb2546a2d2c7022eacef16ef2e8229c7fbb2c7d4d55a9ceca922f72d" "/opt/rustwide/cargo-home/bin/cargo" "+nightly-2024-10-28" "build" "--frozen" "--message-format=json", kill_on_drop: false }`
[INFO] [stdout] fa939b93d485731e7e6125198c87ae23af4869d814eb56b3ef37b6a1e30dcd32
[INFO] running `Command { std: "docker" "start" "-a" "fa939b93d485731e7e6125198c87ae23af4869d814eb56b3ef37b6a1e30dcd32", kill_on_drop: false }`
[INFO] [stderr]    Compiling proc-macro2 v1.0.69
[INFO] [stderr]    Compiling unicode-ident v1.0.12
[INFO] [stderr]    Compiling syn v1.0.109
[INFO] [stderr]    Compiling serde v1.0.188
[INFO] [stderr]    Compiling serde_json v1.0.107
[INFO] [stderr]    Compiling ckb_schemars v0.8.19 (/opt/rustwide/workdir)
[INFO] [stderr]    Compiling ryu v1.0.15
[INFO] [stderr]    Compiling itoa v1.0.9
[INFO] [stderr]    Compiling dyn-clone v1.0.14
[INFO] [stderr]    Compiling quote v1.0.33
[INFO] [stderr]    Compiling syn v2.0.38
[INFO] [stderr]    Compiling serde_derive_internals v0.26.0
[INFO] [stderr]    Compiling serde_derive v1.0.188
[INFO] [stderr]    Compiling ckb_schemars_derive v0.8.19
[INFO] [stdout] warning: unexpected `cfg` condition name: `std_atomic`
[INFO] [stdout]   --> src/json_schema_impls/mod.rs:47:7
[INFO] [stdout]    |
[INFO] [stdout] 47 | #[cfg(std_atomic)]
[INFO] [stdout]    |       ^^^^^^^^^^
[INFO] [stdout]    |
[INFO] [stdout]    = help: expected names are: `clippy`, `debug_assertions`, `doc`, `docsrs`, `doctest`, `feature`, `fmt_debug`, `miri`, `overflow_checks`, `panic`, `proc_macro`, `relocation_model`, `rustfmt`, `sanitize`, `sanitizer_cfi_generalize_pointers`, `sanitizer_cfi_normalize_integers`, `target_abi`, `target_arch`, `target_endian`, `target_env`, `target_family`, `target_feature`, `target_has_atomic`, `target_has_atomic_equal_alignment`, `target_has_atomic_load_store`, `target_os`, `target_pointer_width`, `target_thread_local`, `target_vendor`, `test`, `ub_checks`, `unix`, and `windows`
[INFO] [stdout]    = help: consider using a Cargo feature instead
[INFO] [stdout]    = help: or consider adding in `Cargo.toml` the `check-cfg` lint config for the lint:
[INFO] [stdout]             [lints.rust]
[INFO] [stdout]             unexpected_cfgs = { level = "warn", check-cfg = ['cfg(std_atomic)'] }
[INFO] [stdout]    = help: or consider adding `println!("cargo::rustc-check-cfg=cfg(std_atomic)");` to the top of the `build.rs`
[INFO] [stdout]    = note: see <https://doc.rust-lang.org/nightly/rustc/check-cfg/cargo-specifics.html> for more information about checking conditional configuration
[INFO] [stdout]    = note: `#[warn(unexpected_cfgs)]` on by default
[INFO] [stdout] 
[INFO] [stdout] 
[INFO] [stdout] warning: unexpected `cfg` condition name: `std_atomic64`
[INFO] [stdout]   --> src/json_schema_impls/atomic.rs:11:7
[INFO] [stdout]    |
[INFO] [stdout] 11 | #[cfg(std_atomic64)]
[INFO] [stdout]    |       ^^^^^^^^^^^^
[INFO] [stdout]    |
[INFO] [stdout]    = help: consider using a Cargo feature instead
[INFO] [stdout]    = help: or consider adding in `Cargo.toml` the `check-cfg` lint config for the lint:
[INFO] [stdout]             [lints.rust]
[INFO] [stdout]             unexpected_cfgs = { level = "warn", check-cfg = ['cfg(std_atomic64)'] }
[INFO] [stdout]    = help: or consider adding `println!("cargo::rustc-check-cfg=cfg(std_atomic64)");` to the top of the `build.rs`
[INFO] [stdout]    = note: see <https://doc.rust-lang.org/nightly/rustc/check-cfg/cargo-specifics.html> for more information about checking conditional configuration
[INFO] [stdout] 
[INFO] [stdout] 
[INFO] [stdout] warning: unexpected `cfg` condition name: `std_atomic64`
[INFO] [stdout]   --> src/json_schema_impls/atomic.rs:18:7
[INFO] [stdout]    |
[INFO] [stdout] 18 | #[cfg(std_atomic64)]
[INFO] [stdout]    |       ^^^^^^^^^^^^
[INFO] [stdout]    |
[INFO] [stdout]    = help: consider using a Cargo feature instead
[INFO] [stdout]    = help: or consider adding in `Cargo.toml` the `check-cfg` lint config for the lint:
[INFO] [stdout]             [lints.rust]
[INFO] [stdout]             unexpected_cfgs = { level = "warn", check-cfg = ['cfg(std_atomic64)'] }
[INFO] [stdout]    = help: or consider adding `println!("cargo::rustc-check-cfg=cfg(std_atomic64)");` to the top of the `build.rs`
[INFO] [stdout]    = note: see <https://doc.rust-lang.org/nightly/rustc/check-cfg/cargo-specifics.html> for more information about checking conditional configuration
[INFO] [stdout] 
[INFO] [stdout] 
[INFO] [stderr]     Finished `dev` profile [unoptimized + debuginfo] target(s) in 10.26s
[INFO] running `Command { std: "docker" "inspect" "fa939b93d485731e7e6125198c87ae23af4869d814eb56b3ef37b6a1e30dcd32", kill_on_drop: false }`
[INFO] running `Command { std: "docker" "rm" "-f" "fa939b93d485731e7e6125198c87ae23af4869d814eb56b3ef37b6a1e30dcd32", kill_on_drop: false }`
[INFO] [stdout] fa939b93d485731e7e6125198c87ae23af4869d814eb56b3ef37b6a1e30dcd32
[INFO] running `Command { std: "docker" "create" "-v" "/var/lib/crater-agent-workspace/builds/worker-4-tc1/target:/opt/rustwide/target:rw,Z" "-v" "/var/lib/crater-agent-workspace/builds/worker-4-tc1/source:/opt/rustwide/workdir:ro,Z" "-v" "/var/lib/crater-agent-workspace/cargo-home:/opt/rustwide/cargo-home:ro,Z" "-v" "/var/lib/crater-agent-workspace/rustup-home:/opt/rustwide/rustup-home:ro,Z" "-e" "SOURCE_DIR=/opt/rustwide/workdir" "-e" "CARGO_TARGET_DIR=/opt/rustwide/target" "-e" "CARGO_INCREMENTAL=0" "-e" "RUST_BACKTRACE=full" "-e" "RUSTFLAGS=--cap-lints=forbid" "-e" "RUSTDOCFLAGS=--cap-lints=forbid" "-e" "CARGO_HOME=/opt/rustwide/cargo-home" "-e" "RUSTUP_HOME=/opt/rustwide/rustup-home" "-w" "/opt/rustwide/workdir" "-m" "1610612736" "--user" "0:0" "--network" "none" "ghcr.io/rust-lang/crates-build-env/linux@sha256:4a844ea9eb2546a2d2c7022eacef16ef2e8229c7fbb2c7d4d55a9ceca922f72d" "/opt/rustwide/cargo-home/bin/cargo" "+nightly-2024-10-28" "test" "--frozen" "--no-run" "--message-format=json", kill_on_drop: false }`
[INFO] [stdout] 0baa342199591d9ce10cd1503f0d078d368a1e84696a9aa6d2aa2ba1cc72fd72
[INFO] running `Command { std: "docker" "start" "-a" "0baa342199591d9ce10cd1503f0d078d368a1e84696a9aa6d2aa2ba1cc72fd72", kill_on_drop: false }`
[INFO] [stderr]    Compiling trybuild v1.0.85
[INFO] [stderr]    Compiling once_cell v1.18.0
[INFO] [stderr]    Compiling termcolor v1.3.0
[INFO] [stderr]    Compiling diff v0.1.13
[INFO] [stderr]    Compiling glob v0.3.1
[INFO] [stderr]    Compiling yansi v0.5.1
[INFO] [stderr]    Compiling basic-toml v0.1.4
[INFO] [stdout] warning: unexpected `cfg` condition name: `std_atomic`
[INFO] [stdout]   --> src/json_schema_impls/mod.rs:47:7
[INFO] [stdout]    |
[INFO] [stdout] 47 | #[cfg(std_atomic)]
[INFO] [stdout]    |       ^^^^^^^^^^
[INFO] [stdout]    |
[INFO] [stdout]    = help: expected names are: `clippy`, `debug_assertions`, `doc`, `docsrs`, `doctest`, `feature`, `fmt_debug`, `miri`, `overflow_checks`, `panic`, `proc_macro`, `relocation_model`, `rustfmt`, `sanitize`, `sanitizer_cfi_generalize_pointers`, `sanitizer_cfi_normalize_integers`, `target_abi`, `target_arch`, `target_endian`, `target_env`, `target_family`, `target_feature`, `target_has_atomic`, `target_has_atomic_equal_alignment`, `target_has_atomic_load_store`, `target_os`, `target_pointer_width`, `target_thread_local`, `target_vendor`, `test`, `ub_checks`, `unix`, and `windows`
[INFO] [stdout]    = help: consider using a Cargo feature instead
[INFO] [stdout]    = help: or consider adding in `Cargo.toml` the `check-cfg` lint config for the lint:
[INFO] [stdout]             [lints.rust]
[INFO] [stdout]             unexpected_cfgs = { level = "warn", check-cfg = ['cfg(std_atomic)'] }
[INFO] [stdout]    = help: or consider adding `println!("cargo::rustc-check-cfg=cfg(std_atomic)");` to the top of the `build.rs`
[INFO] [stdout]    = note: see <https://doc.rust-lang.org/nightly/rustc/check-cfg/cargo-specifics.html> for more information about checking conditional configuration
[INFO] [stdout]    = note: `#[warn(unexpected_cfgs)]` on by default
[INFO] [stdout] 
[INFO] [stdout] 
[INFO] [stdout] warning: unexpected `cfg` condition name: `std_atomic64`
[INFO] [stdout]   --> src/json_schema_impls/atomic.rs:11:7
[INFO] [stdout]    |
[INFO] [stdout] 11 | #[cfg(std_atomic64)]
[INFO] [stdout]    |       ^^^^^^^^^^^^
[INFO] [stdout]    |
[INFO] [stdout]    = help: consider using a Cargo feature instead
[INFO] [stdout]    = help: or consider adding in `Cargo.toml` the `check-cfg` lint config for the lint:
[INFO] [stdout]             [lints.rust]
[INFO] [stdout]             unexpected_cfgs = { level = "warn", check-cfg = ['cfg(std_atomic64)'] }
[INFO] [stdout]    = help: or consider adding `println!("cargo::rustc-check-cfg=cfg(std_atomic64)");` to the top of the `build.rs`
[INFO] [stdout]    = note: see <https://doc.rust-lang.org/nightly/rustc/check-cfg/cargo-specifics.html> for more information about checking conditional configuration
[INFO] [stdout] 
[INFO] [stdout] 
[INFO] [stdout] warning: unexpected `cfg` condition name: `std_atomic64`
[INFO] [stdout]   --> src/json_schema_impls/atomic.rs:18:7
[INFO] [stdout]    |
[INFO] [stdout] 18 | #[cfg(std_atomic64)]
[INFO] [stdout]    |       ^^^^^^^^^^^^
[INFO] [stdout]    |
[INFO] [stdout]    = help: consider using a Cargo feature instead
[INFO] [stdout]    = help: or consider adding in `Cargo.toml` the `check-cfg` lint config for the lint:
[INFO] [stdout]             [lints.rust]
[INFO] [stdout]             unexpected_cfgs = { level = "warn", check-cfg = ['cfg(std_atomic64)'] }
[INFO] [stdout]    = help: or consider adding `println!("cargo::rustc-check-cfg=cfg(std_atomic64)");` to the top of the `build.rs`
[INFO] [stdout]    = note: see <https://doc.rust-lang.org/nightly/rustc/check-cfg/cargo-specifics.html> for more information about checking conditional configuration
[INFO] [stdout] 
[INFO] [stdout] 
[INFO] [stderr]    Compiling pretty_assertions v1.4.0
[INFO] [stderr]    Compiling ckb_schemars v0.8.19 (/opt/rustwide/workdir)
[INFO] [stdout] error[E0433]: failed to resolve: use of undeclared crate or module `schemars`
[INFO] [stdout]  --> tests/util/mod.rs:2:5
[INFO] [stdout]   |
[INFO] [stdout] 2 | use schemars::{gen::SchemaSettings, schema::RootSchema, schema_for, JsonSchema};
[INFO] [stdout]   |     ^^^^^^^^ use of undeclared crate or module `schemars`
[INFO] [stdout] 
[INFO] [stdout] 
[INFO] [stdout] error[E0433]: failed to resolve: use of undeclared crate or module `schemars`
[INFO] [stdout]  --> tests/util/mod.rs:2:5
[INFO] [stdout]   |
[INFO] [stdout] 2 | use schemars::{gen::SchemaSettings, schema::RootSchema, schema_for, JsonSchema};
[INFO] [stdout]   |     ^^^^^^^^ use of undeclared crate or module `schemars`
[INFO] [stdout] 
[INFO] [stdout] 
[INFO] [stdout] error[E0433]: failed to resolve: use of undeclared crate or module `schemars`
[INFO] [stdout]  --> tests/util/mod.rs:2:5
[INFO] [stdout]   |
[INFO] [stdout] 2 | use schemars::{gen::SchemaSettings, schema::RootSchema, schema_for, JsonSchema};
[INFO] [stdout]   |     ^^^^^^^^ use of undeclared crate or module `schemars`
[INFO] [stdout] 
[INFO] [stdout] 
[INFO] [stdout] error[E0433]: failed to resolve: use of undeclared crate or module `schemars`
[INFO] [stdout]  --> tests/util/mod.rs:2:5
[INFO] [stdout]   |
[INFO] [stdout] 2 | use schemars::{gen::SchemaSettings, schema::RootSchema, schema_for, JsonSchema};
[INFO] [stdout]   |     ^^^^^^^^ use of undeclared crate or module `schemars`
[INFO] [stdout] 
[INFO] [stdout] 
[INFO] [stdout] error[E0433]: failed to resolve: use of undeclared crate or module `schemars`
[INFO] [stdout]  --> examples/custom_settings.rs:1:5
[INFO] [stdout]   |
[INFO] [stdout] 1 | use schemars::{gen::SchemaSettings, JsonSchema};
[INFO] [stdout]   |     ^^^^^^^^ use of undeclared crate or module `schemars`
[INFO] [stdout] 
[INFO] [stdout] 
[INFO] [stdout] error[E0433]: failed to resolve: use of undeclared crate or module `schemars`
[INFO] [stdout]  --> tests/util/mod.rs:2:5
[INFO] [stdout]   |
[INFO] [stdout] 2 | use schemars::{gen::SchemaSettings, schema::RootSchema, schema_for, JsonSchema};
[INFO] [stdout]   |     ^^^^^^^^ use of undeclared crate or module `schemars`
[INFO] [stdout] 
[INFO] [stdout] 
[INFO] [stdout] error[E0433]: failed to resolve: use of undeclared crate or module `schemars`
[INFO] [stdout]  --> tests/util/mod.rs:2:5
[INFO] [stdout]   |
[INFO] [stdout] 2 | use schemars::{gen::SchemaSettings, schema::RootSchema, schema_for, JsonSchema};
[INFO] [stdout]   |     ^^^^^^^^ use of undeclared crate or module `schemars`
[INFO] [stdout] 
[INFO] [stdout] 
[INFO] [stdout] error[E0432]: unresolved import `schemars`
[INFO] [stdout]  --> tests/util/mod.rs:2:5
[INFO] [stdout]   |
[INFO] [stdout] 2 | use schemars::{gen::SchemaSettings, schema::RootSchema, schema_for, JsonSchema};
[INFO] [stdout]   |     ^^^^^^^^ use of undeclared crate or module `schemars`
[INFO] [stdout] 
[INFO] [stdout] 
[INFO] [stdout] error[E0432]: unresolved import `schemars`
[INFO] [stdout]  --> tests/util/mod.rs:2:5
[INFO] [stdout]   |
[INFO] [stdout] 2 | use schemars::{gen::SchemaSettings, schema::RootSchema, schema_for, JsonSchema};
[INFO] [stdout]   |     ^^^^^^^^ use of undeclared crate or module `schemars`
[INFO] [stdout] 
[INFO] [stdout] 
[INFO] [stdout] error[E0433]: failed to resolve: use of undeclared crate or module `schemars`
[INFO] [stdout]  --> tests/docs.rs:2:5
[INFO] [stdout]   |
[INFO] [stdout] 2 | use schemars::{gen::SchemaSettings, JsonSchema};
[INFO] [stdout]   |     ^^^^^^^^ use of undeclared crate or module `schemars`
[INFO] [stdout] 
[INFO] [stdout] 
[INFO] [stdout] error[E0432]: unresolved import `schemars`
[INFO] [stdout]  --> tests/util/mod.rs:2:5
[INFO] [stdout]   |
[INFO] [stdout] 2 | use schemars::{gen::SchemaSettings, schema::RootSchema, schema_for, JsonSchema};
[INFO] [stdout]   |     ^^^^^^^^ use of undeclared crate or module `schemars`
[INFO] [stdout] 
[INFO] [stdout] 
[INFO] [stdout] error[E0432]: unresolved import `schemars`
[INFO] [stdout]  --> tests/struct.rs:2:5
[INFO] [stdout]   |
[INFO] [stdout] 2 | use schemars::JsonSchema;
[INFO] [stdout]   |     ^^^^^^^^ use of undeclared crate or module `schemars`
[INFO] [stdout] 
[INFO] [stdout] 
[INFO] [stdout] error[E0432]: unresolved import `schemars`
[INFO] [stdout]  --> tests/docs.rs:2:5
[INFO] [stdout]   |
[INFO] [stdout] 2 | use schemars::{gen::SchemaSettings, JsonSchema};
[INFO] [stdout]   |     ^^^^^^^^ use of undeclared crate or module `schemars`
[INFO] [stdout] 
[INFO] [stdout] 
[INFO] [stdout] error[E0432]: unresolved import `schemars`
[INFO] [stdout]  --> examples/custom_settings.rs:1:5
[INFO] [stdout]   |
[INFO] [stdout] 1 | use schemars::{gen::SchemaSettings, JsonSchema};
[INFO] [stdout]   |     ^^^^^^^^ use of undeclared crate or module `schemars`
[INFO] [stdout] 
[INFO] [stdout] 
[INFO] [stdout] error[E0432]: unresolved import `schemars`
[INFO] [stdout]  --> tests/validate_inner.rs:3:5
[INFO] [stdout]   |
[INFO] [stdout] 3 | use schemars::JsonSchema;
[INFO] [stdout]   |     ^^^^^^^^ use of undeclared crate or module `schemars`
[INFO] [stdout] 
[INFO] [stdout] 
[INFO] [stdout] error[E0432]: unresolved import `schemars`
[INFO] [stdout]  --> tests/util/mod.rs:2:5
[INFO] [stdout]   |
[INFO] [stdout] 2 | use schemars::{gen::SchemaSettings, schema::RootSchema, schema_for, JsonSchema};
[INFO] [stdout]   |     ^^^^^^^^ use of undeclared crate or module `schemars`
[INFO] [stdout] 
[INFO] [stdout] 
[INFO] [stdout] error[E0432]: unresolved import `schemars`
[INFO] [stdout]  --> tests/schema_with_struct.rs:2:5
[INFO] [stdout]   |
[INFO] [stdout] 2 | use schemars::JsonSchema;
[INFO] [stdout]   |     ^^^^^^^^ use of undeclared crate or module `schemars`
[INFO] [stdout] 
[INFO] [stdout] 
[INFO] [stdout] error[E0432]: unresolved import `schemars`
[INFO] [stdout]  --> tests/util/mod.rs:2:5
[INFO] [stdout]   |
[INFO] [stdout] 2 | use schemars::{gen::SchemaSettings, schema::RootSchema, schema_for, JsonSchema};
[INFO] [stdout]   |     ^^^^^^^^ use of undeclared crate or module `schemars`
[INFO] [stdout] 
[INFO] [stdout] 
[INFO] [stdout] error[E0432]: unresolved import `schemars`
[INFO] [stdout]  --> tests/ffi.rs:2:5
[INFO] [stdout]   |
[INFO] [stdout] 2 | use schemars::JsonSchema;
[INFO] [stdout]   |     ^^^^^^^^ use of undeclared crate or module `schemars`
[INFO] [stdout] 
[INFO] [stdout] 
[INFO] [stdout] error[E0432]: unresolved import `schemars`
[INFO] [stdout]  --> examples/enum_repr.rs:1:5
[INFO] [stdout]   |
[INFO] [stdout] 1 | use schemars::{schema_for, JsonSchema_repr};
[INFO] [stdout]   |     ^^^^^^^^ use of undeclared crate or module `schemars`
[INFO] [stdout] 
[INFO] [stdout] 
[INFO] [stdout] error[E0432]: unresolved import `schemars`
[INFO] [stdout]  --> tests/util/mod.rs:2:5
[INFO] [stdout]   |
[INFO] [stdout] 2 | use schemars::{gen::SchemaSettings, schema::RootSchema, schema_for, JsonSchema};
[INFO] [stdout]   |     ^^^^^^^^ use of undeclared crate or module `schemars`
[INFO] [stdout] 
[INFO] [stdout] 
[INFO] [stdout] error[E0432]: unresolved import `schemars`
[INFO] [stdout]  --> tests/remote_derive_generic.rs:3:5
[INFO] [stdout]   |
[INFO] [stdout] 3 | use schemars::JsonSchema;
[INFO] [stdout]   |     ^^^^^^^^ use of undeclared crate or module `schemars`
[INFO] [stdout] 
[INFO] [stdout] 
[INFO] [stdout] Some errors have detailed explanations: E0432, E0433.
[INFO] [stdout] 
[INFO] [stdout] For more information about an error, try `rustc --explain E0432`.
[INFO] [stdout] 
[INFO] [stdout] Some errors have detailed explanations: E0432, E0433.
[INFO] [stdout] 
[INFO] [stdout] For more information about an error, try `rustc --explain E0432`.
[INFO] [stdout] 
[INFO] [stderr] error: could not compile `ckb_schemars` (test "ffi") due to 3 previous errors
[INFO] [stderr] warning: build failed, waiting for other jobs to finish...
[INFO] [stderr] error: could not compile `ckb_schemars` (test "struct") due to 3 previous errors
[INFO] [stdout] Some errors have detailed explanations: E0432, E0433.
[INFO] [stdout] 
[INFO] [stdout] For more information about an error, try `rustc --explain E0432`.
[INFO] [stdout] 
[INFO] [stdout] For more information about this error, try `rustc --explain E0432`.
[INFO] [stdout] 
[INFO] [stdout] error: cannot find attribute `schemars` in this scope
[INFO] [stdout]    --> tests/docs.rs:147:3
[INFO] [stdout]     |
[INFO] [stdout] 147 | #[schemars(description = "New description")]
[INFO] [stdout]     |   ^^^^^^^^
[INFO] [stdout] 
[INFO] [stdout] 
[INFO] [stdout] error: cannot find attribute `schemars` in this scope
[INFO] [stdout]    --> tests/docs.rs:150:7
[INFO] [stdout]     |
[INFO] [stdout] 150 |     #[schemars(title = "My integer", description = "This is an i32")]
[INFO] [stdout]     |       ^^^^^^^^
[INFO] [stdout] 
[INFO] [stdout] 
[INFO] [stderr] error: could not compile `ckb_schemars` (example "enum_repr") due to 1 previous error
[INFO] [stderr] error: could not compile `ckb_schemars` (example "custom_settings") due to 2 previous errors
[INFO] [stdout] error: cannot find attribute `schemars` in this scope
[INFO] [stdout]    --> tests/docs.rs:154:7
[INFO] [stdout]     |
[INFO] [stdout] 154 |     #[schemars(title = "", description = "")]
[INFO] [stdout]     |       ^^^^^^^^
[INFO] [stdout] 
[INFO] [stdout] 
[INFO] [stdout] error: cannot find attribute `schemars` in this scope
[INFO] [stdout]   --> tests/remote_derive_generic.rs:41:7
[INFO] [stdout]    |
[INFO] [stdout] 41 |     #[schemars(with = "HashMap::<String, HashSet<String>>")]
[INFO] [stdout]    |       ^^^^^^^^
[INFO] [stdout] 
[INFO] [stdout] 
[INFO] [stdout] warning: unused imports: `HashMap` and `HashSet`
[INFO] [stdout]  --> tests/remote_derive_generic.rs:5:24
[INFO] [stdout]   |
[INFO] [stdout] 5 | use std::collections::{HashMap, HashSet};
[INFO] [stdout]   |                        ^^^^^^^  ^^^^^^^
[INFO] [stdout]   |
[INFO] [stdout]   = note: `#[warn(unused_imports)]` on by default
[INFO] [stdout] 
[INFO] [stdout] 
[INFO] [stdout] Some errors have detailed explanations: E0432, E0433.
[INFO] [stdout] 
[INFO] [stdout] For more information about an error, try `rustc --explain E0432`.
[INFO] [stdout] 
[INFO] [stdout] error: cannot find attribute `schemars` in this scope
[INFO] [stdout]   --> tests/validate_inner.rs:12:7
[INFO] [stdout]    |
[INFO] [stdout] 12 |     #[schemars(inner(length(min = 5, max = 100)))]
[INFO] [stdout]    |       ^^^^^^^^
[INFO] [stdout] 
[INFO] [stdout] 
[INFO] [stdout] error: cannot find attribute `schemars` in this scope
[INFO] [stdout]   --> tests/schema_with_struct.rs:14:7
[INFO] [stdout]    |
[INFO] [stdout] 14 |     #[schemars(schema_with = "schema_fn")]
[INFO] [stdout]    |       ^^^^^^^^
[INFO] [stdout] 
[INFO] [stdout] 
[INFO] [stdout] error: cannot find attribute `schemars` in this scope
[INFO] [stdout]   --> tests/schema_with_struct.rs:17:7
[INFO] [stdout]    |
[INFO] [stdout] 17 |     #[schemars(schema_with = "schema_fn")]
[INFO] [stdout]    |       ^^^^^^^^
[INFO] [stdout] 
[INFO] [stdout] 
[INFO] [stdout] error: cannot find attribute `schemars` in this scope
[INFO] [stdout]   --> tests/validate_inner.rs:14:7
[INFO] [stdout]    |
[INFO] [stdout] 14 |     #[schemars(inner(contains(pattern = "substring...")))]
[INFO] [stdout]    |       ^^^^^^^^
[INFO] [stdout] 
[INFO] [stdout] 
[INFO] [stdout] error: cannot find attribute `schemars` in this scope
[INFO] [stdout]   --> tests/schema_with_struct.rs:28:7
[INFO] [stdout]    |
[INFO] [stdout] 28 |     #[schemars(schema_with = "schema_fn")] DoesntImplementJsonSchema,
[INFO] [stdout]    |       ^^^^^^^^
[INFO] [stdout] 
[INFO] [stdout] 
[INFO] [stdout] error: cannot find attribute `schemars` in this scope
[INFO] [stdout]   --> tests/validate_inner.rs:16:7
[INFO] [stdout]    |
[INFO] [stdout] 16 |     #[schemars(inner(regex = "STARTS_WITH_HELLO"))]
[INFO] [stdout]    |       ^^^^^^^^
[INFO] [stdout] 
[INFO] [stdout] 
[INFO] [stdout] Some errors have detailed explanations: E0432, E0433.
[INFO] [stdout] 
[INFO] [stdout] For more information about an error, try `rustc --explain E0432`.
[INFO] [stdout] 
[INFO] [stderr] error: could not compile `ckb_schemars` (test "docs") due to 7 previous errors
[INFO] [stdout] error: cannot find attribute `schemars` in this scope
[INFO] [stdout]   --> tests/schema_with_struct.rs:30:7
[INFO] [stdout]    |
[INFO] [stdout] 30 |     #[schemars(schema_with = "schema_fn")] DoesntImplementJsonSchema,
[INFO] [stdout]    |       ^^^^^^^^
[INFO] [stdout] 
[INFO] [stdout] 
[INFO] [stdout] error: cannot find attribute `schemars` in this scope
[INFO] [stdout]   --> tests/validate_inner.rs:18:7
[INFO] [stdout]    |
[INFO] [stdout] 18 |     #[schemars(inner(length(min = 1, max = 100)))]
[INFO] [stdout]    |       ^^^^^^^^
[INFO] [stdout] 
[INFO] [stdout] 
[INFO] [stdout] error: cannot find attribute `schemars` in this scope
[INFO] [stdout]   --> tests/validate_inner.rs:20:7
[INFO] [stdout]    |
[INFO] [stdout] 20 |     #[schemars(length(min = 1, max = 3), inner(length(min = 1, max = 100)))]
[INFO] [stdout]    |       ^^^^^^^^
[INFO] [stdout] 
[INFO] [stdout] 
[INFO] [stdout] error: cannot find attribute `schemars` in this scope
[INFO] [stdout]   --> tests/schema_with_struct.rs:39:22
[INFO] [stdout]    |
[INFO] [stdout] 39 | pub struct Newtype(#[schemars(schema_with = "schema_fn")] DoesntImplementJsonSchema);
[INFO] [stdout]    |                      ^^^^^^^^
[INFO] [stdout] 
[INFO] [stdout] 
[INFO] [stderr] error: could not compile `ckb_schemars` (test "remote_derive_generic") due to 4 previous errors; 1 warning emitted
[INFO] [stdout] error: cannot find attribute `schemars` in this scope
[INFO] [stdout]   --> tests/validate_inner.rs:22:7
[INFO] [stdout]    |
[INFO] [stdout] 22 |     #[schemars(inner(url))]
[INFO] [stdout]    |       ^^^^^^^^
[INFO] [stdout] 
[INFO] [stdout] 
[INFO] [stdout] error: cannot find attribute `schemars` in this scope
[INFO] [stdout]   --> tests/schema_with_struct.rs:47:3
[INFO] [stdout]    |
[INFO] [stdout] 47 | #[schemars(transparent)]
[INFO] [stdout]    |   ^^^^^^^^
[INFO] [stdout] 
[INFO] [stdout] 
[INFO] [stdout] error: cannot find attribute `schemars` in this scope
[INFO] [stdout]   --> tests/validate_inner.rs:24:7
[INFO] [stdout]    |
[INFO] [stdout] 24 |     #[schemars(inner(range(min = -10, max = 10)))]
[INFO] [stdout]    |       ^^^^^^^^
[INFO] [stdout] 
[INFO] [stdout] 
[INFO] [stdout] error: cannot find attribute `schemars` in this scope
[INFO] [stdout]   --> tests/schema_with_struct.rs:48:33
[INFO] [stdout]    |
[INFO] [stdout] 48 | pub struct TransparentNewtype(#[schemars(schema_with = "schema_fn")] DoesntImplementJsonSchema);
[INFO] [stdout]    |                                 ^^^^^^^^
[INFO] [stdout] 
[INFO] [stdout] 
[INFO] [stdout] Some errors have detailed explanations: E0432, E0433.
[INFO] [stdout] 
[INFO] [stdout] For more information about an error, try `rustc --explain E0432`.
[INFO] [stdout] 
[INFO] [stdout] error[E0433]: failed to resolve: use of undeclared crate or module `schemars`
[INFO] [stdout]  --> tests/schema_with_struct.rs:5:24
[INFO] [stdout]   |
[INFO] [stdout] 5 | fn schema_fn(gen: &mut schemars::gen::SchemaGenerator) -> schemars::schema::Schema {
[INFO] [stdout]   |                        ^^^^^^^^ use of undeclared crate or module `schemars`
[INFO] [stdout]   |
[INFO] [stdout] help: consider importing this module
[INFO] [stdout]   |
[INFO] [stdout] 2 + use ckb_schemars::gen;
[INFO] [stdout]   |
[INFO] [stdout] help: if you import `gen`, refer to it directly
[INFO] [stdout]   |
[INFO] [stdout] 5 - fn schema_fn(gen: &mut schemars::gen::SchemaGenerator) -> schemars::schema::Schema {
[INFO] [stdout] 5 + fn schema_fn(gen: &mut gen::SchemaGenerator) -> schemars::schema::Schema {
[INFO] [stdout]   |
[INFO] [stdout] 
[INFO] [stdout] 
[INFO] [stdout] error[E0433]: failed to resolve: use of undeclared crate or module `schemars`
[INFO] [stdout]  --> tests/schema_with_struct.rs:5:59
[INFO] [stdout]   |
[INFO] [stdout] 5 | fn schema_fn(gen: &mut schemars::gen::SchemaGenerator) -> schemars::schema::Schema {
[INFO] [stdout]   |                                                           ^^^^^^^^ use of undeclared crate or module `schemars`
[INFO] [stdout]   |
[INFO] [stdout] help: consider importing this module
[INFO] [stdout]   |
[INFO] [stdout] 2 + use ckb_schemars::schema;
[INFO] [stdout]   |
[INFO] [stdout] help: if you import `schema`, refer to it directly
[INFO] [stdout]   |
[INFO] [stdout] 5 - fn schema_fn(gen: &mut schemars::gen::SchemaGenerator) -> schemars::schema::Schema {
[INFO] [stdout] 5 + fn schema_fn(gen: &mut schemars::gen::SchemaGenerator) -> schema::Schema {
[INFO] [stdout]   |
[INFO] [stdout] 
[INFO] [stdout] 
[INFO] [stderr] error: could not compile `ckb_schemars` (test "validate_inner") due to 10 previous errors
[INFO] [stdout] Some errors have detailed explanations: E0432, E0433.
[INFO] [stdout] 
[INFO] [stdout] For more information about an error, try `rustc --explain E0432`.
[INFO] [stdout] 
[INFO] [stderr] error: could not compile `ckb_schemars` (test "schema_with_struct") due to 12 previous errors
[INFO] running `Command { std: "docker" "inspect" "0baa342199591d9ce10cd1503f0d078d368a1e84696a9aa6d2aa2ba1cc72fd72", kill_on_drop: false }`
[INFO] running `Command { std: "docker" "rm" "-f" "0baa342199591d9ce10cd1503f0d078d368a1e84696a9aa6d2aa2ba1cc72fd72", kill_on_drop: false }`
[INFO] [stdout] 0baa342199591d9ce10cd1503f0d078d368a1e84696a9aa6d2aa2ba1cc72fd72
