[INFO] fetching crate ck-doge-types 0.3.2...
[INFO] testing ck-doge-types-0.3.2 against nightly-2024-10-28+rustflags=-Zrandomize-layout for randomize-layout
[INFO] extracting crate ck-doge-types 0.3.2 into /workspace/builds/worker-3-tc2/source
[INFO] validating manifest of crates.io crate ck-doge-types 0.3.2 on toolchain nightly-2024-10-28
[INFO] running `Command { std: CARGO_HOME="/workspace/cargo-home" RUSTUP_HOME="/workspace/rustup-home" "/workspace/cargo-home/bin/cargo" "+nightly-2024-10-28" "metadata" "--manifest-path" "Cargo.toml" "--no-deps", kill_on_drop: false }`
[INFO] started tweaking crates.io crate ck-doge-types 0.3.2
[INFO] finished tweaking crates.io crate ck-doge-types 0.3.2
[INFO] tweaked toml for crates.io crate ck-doge-types 0.3.2 written to /workspace/builds/worker-3-tc2/source/Cargo.toml
[INFO] running `Command { std: CARGO_HOME="/workspace/cargo-home" RUSTUP_HOME="/workspace/rustup-home" "/workspace/cargo-home/bin/cargo" "+nightly-2024-10-28" "generate-lockfile" "--manifest-path" "Cargo.toml", kill_on_drop: false }`
[INFO] [stderr]     Updating crates.io index
[INFO] [stderr]      Locking 185 packages to latest compatible versions
[INFO] [stderr]       Adding base64 v0.21.7 (available: v0.22.1)
[INFO] [stderr]       Adding bitcoin-io v0.1.2 (available: v0.2.0)
[INFO] [stderr]       Adding hex-conservative v0.2.1 (available: v0.3.0)
[INFO] [stderr]       Adding ic-cdk v0.13.5 (available: v0.16.0)
[INFO] [stderr]       Adding ic-cdk-macros v0.13.2 (available: v0.13.3)
[INFO] running `Command { std: CARGO_HOME="/workspace/cargo-home" RUSTUP_HOME="/workspace/rustup-home" "/workspace/cargo-home/bin/cargo" "+nightly-2024-10-28" "fetch" "--manifest-path" "Cargo.toml", kill_on_drop: false }`
[INFO] running `Command { std: "docker" "create" "-v" "/var/lib/crater-agent-workspace/builds/worker-3-tc2/target:/opt/rustwide/target:rw,Z" "-v" "/var/lib/crater-agent-workspace/builds/worker-3-tc2/source:/opt/rustwide/workdir:ro,Z" "-v" "/var/lib/crater-agent-workspace/cargo-home:/opt/rustwide/cargo-home:ro,Z" "-v" "/var/lib/crater-agent-workspace/rustup-home:/opt/rustwide/rustup-home:ro,Z" "-e" "SOURCE_DIR=/opt/rustwide/workdir" "-e" "CARGO_TARGET_DIR=/opt/rustwide/target" "-e" "CARGO_HOME=/opt/rustwide/cargo-home" "-e" "RUSTUP_HOME=/opt/rustwide/rustup-home" "-w" "/opt/rustwide/workdir" "-m" "1610612736" "--user" "0:0" "--network" "none" "ghcr.io/rust-lang/crates-build-env/linux@sha256:4a844ea9eb2546a2d2c7022eacef16ef2e8229c7fbb2c7d4d55a9ceca922f72d" "/opt/rustwide/cargo-home/bin/cargo" "+nightly-2024-10-28" "metadata" "--no-deps" "--format-version=1", kill_on_drop: false }`
[INFO] [stdout] c7674657309c02ce4aa503e5a75956943034726c21545855992c19ab77c1ac8a
[INFO] running `Command { std: "docker" "start" "-a" "c7674657309c02ce4aa503e5a75956943034726c21545855992c19ab77c1ac8a", kill_on_drop: false }`
[INFO] running `Command { std: "docker" "inspect" "c7674657309c02ce4aa503e5a75956943034726c21545855992c19ab77c1ac8a", kill_on_drop: false }`
[INFO] running `Command { std: "docker" "rm" "-f" "c7674657309c02ce4aa503e5a75956943034726c21545855992c19ab77c1ac8a", kill_on_drop: false }`
[INFO] [stdout] c7674657309c02ce4aa503e5a75956943034726c21545855992c19ab77c1ac8a
[INFO] running `Command { std: "docker" "create" "-v" "/var/lib/crater-agent-workspace/builds/worker-3-tc2/target:/opt/rustwide/target:rw,Z" "-v" "/var/lib/crater-agent-workspace/builds/worker-3-tc2/source:/opt/rustwide/workdir:ro,Z" "-v" "/var/lib/crater-agent-workspace/cargo-home:/opt/rustwide/cargo-home:ro,Z" "-v" "/var/lib/crater-agent-workspace/rustup-home:/opt/rustwide/rustup-home:ro,Z" "-e" "SOURCE_DIR=/opt/rustwide/workdir" "-e" "CARGO_TARGET_DIR=/opt/rustwide/target" "-e" "CARGO_INCREMENTAL=0" "-e" "RUST_BACKTRACE=full" "-e" "RUSTFLAGS=--cap-lints=forbid -Zrandomize-layout" "-e" "RUSTDOCFLAGS=--cap-lints=forbid" "-e" "CARGO_HOME=/opt/rustwide/cargo-home" "-e" "RUSTUP_HOME=/opt/rustwide/rustup-home" "-w" "/opt/rustwide/workdir" "-m" "1610612736" "--user" "0:0" "--network" "none" "ghcr.io/rust-lang/crates-build-env/linux@sha256:4a844ea9eb2546a2d2c7022eacef16ef2e8229c7fbb2c7d4d55a9ceca922f72d" "/opt/rustwide/cargo-home/bin/cargo" "+nightly-2024-10-28" "build" "--frozen" "--message-format=json", kill_on_drop: false }`
[INFO] [stdout] 7e7a53d6943ffe8216883d64167ab7e3613e4f2f28ffc0ef3cbd0a5794b6f8fa
[INFO] running `Command { std: "docker" "start" "-a" "7e7a53d6943ffe8216883d64167ab7e3613e4f2f28ffc0ef3cbd0a5794b6f8fa", kill_on_drop: false }`
[INFO] [stderr]    Compiling shlex v1.3.0
[INFO] [stderr]    Compiling typenum v1.17.0
[INFO] [stderr]    Compiling version_check v0.9.5
[INFO] [stderr]    Compiling serde v1.0.214
[INFO] [stderr]    Compiling syn v1.0.109
[INFO] [stderr]    Compiling thiserror v1.0.66
[INFO] [stderr]    Compiling thiserror-impl v1.0.66
[INFO] [stderr]    Compiling rustversion v1.0.18
[INFO] [stderr]    Compiling cpufeatures v0.2.14
[INFO] [stderr]    Compiling paste v1.0.15
[INFO] [stderr]    Compiling either v1.13.0
[INFO] [stderr]    Compiling lazy_static v1.5.0
[INFO] [stderr]    Compiling data-encoding v2.6.0
[INFO] [stderr]    Compiling bitcoin-internals v0.3.0
[INFO] [stderr]    Compiling arrayvec v0.5.2
[INFO] [stderr]    Compiling arrayvec v0.7.6
[INFO] [stderr]    Compiling typed-arena v2.0.2
[INFO] [stderr]    Compiling cc v1.1.31
[INFO] [stderr]    Compiling candid_derive v0.6.6
[INFO] [stderr]    Compiling hex v0.4.3
[INFO] [stderr]    Compiling hex-conservative v0.2.1
[INFO] [stderr]    Compiling leb128 v0.2.5
[INFO] [stderr]    Compiling pretty v0.12.3
[INFO] [stderr]    Compiling bitcoin-io v0.1.2
[INFO] [stderr]    Compiling byteorder v1.5.0
[INFO] [stderr]    Compiling generic-array v0.14.7
[INFO] [stderr]    Compiling bitcoin_hashes v0.14.0
[INFO] [stderr]    Compiling hex_lit v0.1.1
[INFO] [stderr]    Compiling half v2.4.1
[INFO] [stderr]    Compiling ciborium-io v0.2.2
[INFO] [stderr]    Compiling bitcoin v0.32.4
[INFO] [stderr]    Compiling bitcoin-units v0.1.2
[INFO] [stderr]    Compiling bech32 v0.11.0
[INFO] [stderr]    Compiling keccak v0.1.5
[INFO] [stderr]    Compiling ic0 v0.21.1
[INFO] [stderr]    Compiling ciborium-ll v0.2.2
[INFO] [stderr]    Compiling async-trait v0.1.83
[INFO] [stderr]    Compiling bytes v1.8.0
[INFO] [stderr]    Compiling base64 v0.21.7
[INFO] [stderr]    Compiling psm v0.1.23
[INFO] [stderr]    Compiling stacker v0.1.17
[INFO] [stderr]    Compiling secp256k1-sys v0.10.1
[INFO] [stderr]    Compiling base58ck v0.1.0
[INFO] [stderr]    Compiling block-buffer v0.10.4
[INFO] [stderr]    Compiling crypto-common v0.1.6
[INFO] [stderr]    Compiling digest v0.10.7
[INFO] [stderr]    Compiling sha2 v0.10.8
[INFO] [stderr]    Compiling sha3 v0.10.8
[INFO] [stderr]    Compiling secp256k1 v0.29.1
[INFO] [stderr]    Compiling serde_bytes v0.11.15
[INFO] [stderr]    Compiling ic_principal v0.1.1
[INFO] [stderr]    Compiling num-bigint v0.4.6
[INFO] [stderr]    Compiling serde_json v1.0.132
[INFO] [stderr]    Compiling ciborium v0.2.2
[INFO] [stderr]    Compiling serde_tokenstream v0.1.7
[INFO] [stderr]    Compiling binread_derive v2.1.0
[INFO] [stderr]    Compiling binread v2.2.0
[INFO] [stderr]    Compiling candid v0.10.10
[INFO] [stderr]    Compiling ic-cdk-macros v0.13.2
[INFO] [stderr]    Compiling ic-cdk v0.13.5
[INFO] [stderr]    Compiling ck-doge-types v0.3.2 (/opt/rustwide/workdir)
[INFO] [stdout] error[E0276]: impl has stricter requirements than trait
[INFO] [stdout]   --> src/block.rs:41:47
[INFO] [stdout]    |
[INFO] [stdout] 41 |     fn consensus_decode_from_finite_reader<R: BufRead + ?Sized>(
[INFO] [stdout]    |                                               ^^^^^^^ impl has extra requirement `R: bitcoin_io::BufRead`
[INFO] [stdout] 
[INFO] [stdout] 
[INFO] [stdout] error[E0276]: impl has stricter requirements than trait
[INFO] [stdout]   --> src/block.rs:73:47
[INFO] [stdout]    |
[INFO] [stdout] 73 |     fn consensus_decode_from_finite_reader<R: BufRead + ?Sized>(
[INFO] [stdout]    |                                               ^^^^^^^ impl has extra requirement `R: bitcoin_io::BufRead`
[INFO] [stdout] 
[INFO] [stdout] 
[INFO] [stdout] error[E0276]: impl has stricter requirements than trait
[INFO] [stdout]    --> src/block.rs:142:47
[INFO] [stdout]     |
[INFO] [stdout] 142 |     fn consensus_decode_from_finite_reader<R: BufRead + ?Sized>(
[INFO] [stdout]     |                                               ^^^^^^^ impl has extra requirement `R: bitcoin_io::BufRead`
[INFO] [stdout] 
[INFO] [stdout] 
[INFO] [stdout] error[E0276]: impl has stricter requirements than trait
[INFO] [stdout]    --> src/block.rs:172:47
[INFO] [stdout]     |
[INFO] [stdout] 172 |     fn consensus_decode_from_finite_reader<R: BufRead + ?Sized>(
[INFO] [stdout]     |                                               ^^^^^^^ impl has extra requirement `R: bitcoin_io::BufRead`
[INFO] [stdout] 
[INFO] [stdout] 
[INFO] [stdout] error[E0276]: impl has stricter requirements than trait
[INFO] [stdout]    --> src/block.rs:205:47
[INFO] [stdout]     |
[INFO] [stdout] 205 |     fn consensus_decode_from_finite_reader<R: BufRead + ?Sized>(
[INFO] [stdout]     |                                               ^^^^^^^ impl has extra requirement `R: bitcoin_io::BufRead`
[INFO] [stdout] 
[INFO] [stdout] 
[INFO] [stdout] error[E0276]: impl has stricter requirements than trait
[INFO] [stdout]    --> src/block.rs:263:47
[INFO] [stdout]     |
[INFO] [stdout] 263 |     fn consensus_decode_from_finite_reader<R: BufRead + ?Sized>(
[INFO] [stdout]     |                                               ^^^^^^^ impl has extra requirement `R: bitcoin_io::BufRead`
[INFO] [stdout] 
[INFO] [stdout] 
[INFO] [stdout] error[E0276]: impl has stricter requirements than trait
[INFO] [stdout]   --> src/transaction.rs:42:47
[INFO] [stdout]    |
[INFO] [stdout] 42 |     fn consensus_decode_from_finite_reader<R: BufRead + ?Sized>(
[INFO] [stdout]    |                                               ^^^^^^^ impl has extra requirement `R: bitcoin_io::BufRead`
[INFO] [stdout] 
[INFO] [stdout] 
[INFO] [stdout] error[E0276]: impl has stricter requirements than trait
[INFO] [stdout]   --> src/transaction.rs:85:47
[INFO] [stdout]    |
[INFO] [stdout] 85 |     fn consensus_decode_from_finite_reader<R: BufRead + ?Sized>(
[INFO] [stdout]    |                                               ^^^^^^^ impl has extra requirement `R: bitcoin_io::BufRead`
[INFO] [stdout] 
[INFO] [stdout] 
[INFO] [stdout] error[E0276]: impl has stricter requirements than trait
[INFO] [stdout]    --> src/transaction.rs:110:47
[INFO] [stdout]     |
[INFO] [stdout] 110 |     fn consensus_decode_from_finite_reader<R: BufRead + ?Sized>(
[INFO] [stdout]     |                                               ^^^^^^^ impl has extra requirement `R: bitcoin_io::BufRead`
[INFO] [stdout] 
[INFO] [stdout] 
[INFO] [stdout] error[E0276]: impl has stricter requirements than trait
[INFO] [stdout]    --> src/transaction.rs:203:47
[INFO] [stdout]     |
[INFO] [stdout] 203 |     fn consensus_decode_from_finite_reader<R: BufRead + ?Sized>(
[INFO] [stdout]     |                                               ^^^^^^^ impl has extra requirement `R: bitcoin_io::BufRead`
[INFO] [stdout] 
[INFO] [stdout] 
[INFO] [stdout] error[E0276]: impl has stricter requirements than trait
[INFO] [stdout]    --> src/transaction.rs:268:47
[INFO] [stdout]     |
[INFO] [stdout] 268 |     fn consensus_decode_from_finite_reader<R: BufRead + ?Sized>(
[INFO] [stdout]     |                                               ^^^^^^^ impl has extra requirement `R: bitcoin_io::BufRead`
[INFO] [stdout] 
[INFO] [stdout] 
[INFO] [stdout] error[E0276]: impl has stricter requirements than trait
[INFO] [stdout]    --> src/transaction.rs:399:47
[INFO] [stdout]     |
[INFO] [stdout] 399 |     fn consensus_decode_from_finite_reader<R: BufRead + ?Sized>(
[INFO] [stdout]     |                                               ^^^^^^^ impl has extra requirement `R: bitcoin_io::BufRead`
[INFO] [stdout] 
[INFO] [stdout] 
[INFO] [stdout] For more information about this error, try `rustc --explain E0276`.
[INFO] [stdout] 
[INFO] [stderr] error: could not compile `ck-doge-types` (lib) due to 12 previous errors
[INFO] running `Command { std: "docker" "inspect" "7e7a53d6943ffe8216883d64167ab7e3613e4f2f28ffc0ef3cbd0a5794b6f8fa", kill_on_drop: false }`
[INFO] running `Command { std: "docker" "rm" "-f" "7e7a53d6943ffe8216883d64167ab7e3613e4f2f28ffc0ef3cbd0a5794b6f8fa", kill_on_drop: false }`
[INFO] [stdout] 7e7a53d6943ffe8216883d64167ab7e3613e4f2f28ffc0ef3cbd0a5794b6f8fa
