[INFO] fetching crate civitai 0.1.3...
[INFO] testing civitai-0.1.3 against nightly-2024-10-28 for randomize-layout
[INFO] extracting crate civitai 0.1.3 into /workspace/builds/worker-2-tc1/source
[INFO] validating manifest of crates.io crate civitai 0.1.3 on toolchain nightly-2024-10-28
[INFO] running `Command { std: CARGO_HOME="/workspace/cargo-home" RUSTUP_HOME="/workspace/rustup-home" "/workspace/cargo-home/bin/cargo" "+nightly-2024-10-28" "metadata" "--manifest-path" "Cargo.toml" "--no-deps", kill_on_drop: false }`
[INFO] started tweaking crates.io crate civitai 0.1.3
[INFO] finished tweaking crates.io crate civitai 0.1.3
[INFO] tweaked toml for crates.io crate civitai 0.1.3 written to /workspace/builds/worker-2-tc1/source/Cargo.toml
[INFO] running `Command { std: CARGO_HOME="/workspace/cargo-home" RUSTUP_HOME="/workspace/rustup-home" "/workspace/cargo-home/bin/cargo" "+nightly-2024-10-28" "generate-lockfile" "--manifest-path" "Cargo.toml", kill_on_drop: false }`
[INFO] [stderr]     Updating crates.io index
[INFO] [stderr]      Locking 228 packages to latest compatible versions
[INFO] [stderr]       Adding reqwest v0.11.27 (available: v0.12.9)
[INFO] running `Command { std: CARGO_HOME="/workspace/cargo-home" RUSTUP_HOME="/workspace/rustup-home" "/workspace/cargo-home/bin/cargo" "+nightly-2024-10-28" "fetch" "--manifest-path" "Cargo.toml", kill_on_drop: false }`
[INFO] [stderr]  Downloading crates ...
[INFO] [stderr]   Downloaded opentelemetry_sdk v0.23.0
[INFO] [stderr]   Downloaded task-local-extensions v0.1.4
[INFO] [stderr]   Downloaded reqwest-tracing v0.5.3
[INFO] [stderr]   Downloaded opentelemetry v0.23.0
[INFO] [stderr]   Downloaded tracing-opentelemetry v0.23.0
[INFO] [stderr]   Downloaded retry-policies v0.3.0
[INFO] [stderr]   Downloaded matchit v0.8.4
[INFO] [stderr]   Downloaded tokio-socks v0.5.2
[INFO] [stderr]   Downloaded opentelemetry v0.22.0
[INFO] [stderr]   Downloaded tracing-opentelemetry v0.24.0
[INFO] [stderr]   Downloaded reqwest-retry v0.5.0
[INFO] [stderr]   Downloaded opentelemetry_sdk v0.22.1
[INFO] [stderr]   Downloaded ordered-float v4.4.0
[INFO] [stderr]   Downloaded trauma v2.2.5
[INFO] running `Command { std: "docker" "create" "-v" "/var/lib/crater-agent-workspace/builds/worker-2-tc1/target:/opt/rustwide/target:rw,Z" "-v" "/var/lib/crater-agent-workspace/builds/worker-2-tc1/source:/opt/rustwide/workdir:ro,Z" "-v" "/var/lib/crater-agent-workspace/cargo-home:/opt/rustwide/cargo-home:ro,Z" "-v" "/var/lib/crater-agent-workspace/rustup-home:/opt/rustwide/rustup-home:ro,Z" "-e" "SOURCE_DIR=/opt/rustwide/workdir" "-e" "CARGO_TARGET_DIR=/opt/rustwide/target" "-e" "CARGO_HOME=/opt/rustwide/cargo-home" "-e" "RUSTUP_HOME=/opt/rustwide/rustup-home" "-w" "/opt/rustwide/workdir" "-m" "1610612736" "--user" "0:0" "--network" "none" "ghcr.io/rust-lang/crates-build-env/linux@sha256:4a844ea9eb2546a2d2c7022eacef16ef2e8229c7fbb2c7d4d55a9ceca922f72d" "/opt/rustwide/cargo-home/bin/cargo" "+nightly-2024-10-28" "metadata" "--no-deps" "--format-version=1", kill_on_drop: false }`
[INFO] [stdout] a3939eab765f6cd1773e9fd3e4dc3384d1280da19a9a3cc3d90177ef6a17d7e0
[INFO] running `Command { std: "docker" "start" "-a" "a3939eab765f6cd1773e9fd3e4dc3384d1280da19a9a3cc3d90177ef6a17d7e0", kill_on_drop: false }`
[INFO] running `Command { std: "docker" "inspect" "a3939eab765f6cd1773e9fd3e4dc3384d1280da19a9a3cc3d90177ef6a17d7e0", kill_on_drop: false }`
[INFO] running `Command { std: "docker" "rm" "-f" "a3939eab765f6cd1773e9fd3e4dc3384d1280da19a9a3cc3d90177ef6a17d7e0", kill_on_drop: false }`
[INFO] [stdout] a3939eab765f6cd1773e9fd3e4dc3384d1280da19a9a3cc3d90177ef6a17d7e0
[INFO] running `Command { std: "docker" "create" "-v" "/var/lib/crater-agent-workspace/builds/worker-2-tc1/target:/opt/rustwide/target:rw,Z" "-v" "/var/lib/crater-agent-workspace/builds/worker-2-tc1/source:/opt/rustwide/workdir:ro,Z" "-v" "/var/lib/crater-agent-workspace/cargo-home:/opt/rustwide/cargo-home:ro,Z" "-v" "/var/lib/crater-agent-workspace/rustup-home:/opt/rustwide/rustup-home:ro,Z" "-e" "SOURCE_DIR=/opt/rustwide/workdir" "-e" "CARGO_TARGET_DIR=/opt/rustwide/target" "-e" "CARGO_INCREMENTAL=0" "-e" "RUST_BACKTRACE=full" "-e" "RUSTFLAGS=--cap-lints=forbid" "-e" "RUSTDOCFLAGS=--cap-lints=forbid" "-e" "CARGO_HOME=/opt/rustwide/cargo-home" "-e" "RUSTUP_HOME=/opt/rustwide/rustup-home" "-w" "/opt/rustwide/workdir" "-m" "1610612736" "--user" "0:0" "--network" "none" "ghcr.io/rust-lang/crates-build-env/linux@sha256:4a844ea9eb2546a2d2c7022eacef16ef2e8229c7fbb2c7d4d55a9ceca922f72d" "/opt/rustwide/cargo-home/bin/cargo" "+nightly-2024-10-28" "build" "--frozen" "--message-format=json", kill_on_drop: false }`
[INFO] [stdout] 288eb06dac9d136b8778b1edee50267d8fd26878ba0784b692beff2f8d0ccadb
[INFO] running `Command { std: "docker" "start" "-a" "288eb06dac9d136b8778b1edee50267d8fd26878ba0784b692beff2f8d0ccadb", kill_on_drop: false }`
[INFO] [stderr]    Compiling libc v0.2.161
[INFO] [stderr]    Compiling pin-project-lite v0.2.15
[INFO] [stderr]    Compiling futures-core v0.3.31
[INFO] [stderr]    Compiling futures-sink v0.3.31
[INFO] [stderr]    Compiling smallvec v1.13.2
[INFO] [stderr]    Compiling bytes v1.8.0
[INFO] [stderr]    Compiling futures-task v0.3.31
[INFO] [stderr]    Compiling futures-io v0.3.31
[INFO] [stderr]    Compiling slab v0.4.9
[INFO] [stderr]    Compiling lock_api v0.4.12
[INFO] [stderr]    Compiling tracing-core v0.1.32
[INFO] [stderr]    Compiling cc v1.1.31
[INFO] [stderr]    Compiling pkg-config v0.3.31
[INFO] [stderr]    Compiling hashbrown v0.15.0
[INFO] [stderr]    Compiling futures-macro v0.3.31
[INFO] [stderr]    Compiling tokio-macros v2.4.0
[INFO] [stderr]    Compiling tracing-attributes v0.1.27
[INFO] [stderr]    Compiling log v0.4.22
[INFO] [stderr]    Compiling futures-channel v0.3.31
[INFO] [stderr]    Compiling thiserror-impl v1.0.66
[INFO] [stderr]    Compiling httparse v1.9.5
[INFO] [stderr]    Compiling zerocopy-derive v0.7.35
[INFO] [stderr]    Compiling num-traits v0.2.19
[INFO] [stderr]    Compiling openssl v0.10.68
[INFO] [stderr]    Compiling try-lock v0.2.5
[INFO] [stderr]    Compiling byteorder v1.5.0
[INFO] [stderr]    Compiling want v0.3.1
[INFO] [stderr]    Compiling http v1.1.0
[INFO] [stderr]    Compiling openssl-macros v0.1.1
[INFO] [stderr]    Compiling bitflags v2.6.0
[INFO] [stderr]    Compiling native-tls v0.2.12
[INFO] [stderr]    Compiling indexmap v2.6.0
[INFO] [stderr]    Compiling serde v1.0.214
[INFO] [stderr]    Compiling tower-service v0.3.3
[INFO] [stderr]    Compiling atomic-waker v1.1.2
[INFO] [stderr]    Compiling unicode-normalization v0.1.24
[INFO] [stderr]    Compiling async-trait v0.1.83
[INFO] [stderr]    Compiling unicode-bidi v0.3.17
[INFO] [stderr]    Compiling anyhow v1.0.92
[INFO] [stderr]    Compiling crossbeam-utils v0.8.20
[INFO] [stderr]    Compiling encoding_rs v0.8.35
[INFO] [stderr]    Compiling futures-util v0.3.31
[INFO] [stderr]    Compiling glob v0.3.1
[INFO] [stderr]    Compiling rustls-pki-types v1.10.0
[INFO] [stderr]    Compiling zerocopy v0.7.35
[INFO] [stderr]    Compiling idna v0.5.0
[INFO] [stderr]    Compiling ipnet v2.10.1
[INFO] [stderr]    Compiling http-body v1.0.1
[INFO] [stderr]    Compiling ordered-float v4.4.0
[INFO] [stderr]    Compiling thiserror v1.0.66
[INFO] [stderr]    Compiling tracing v0.1.40
[INFO] [stderr]    Compiling mime v0.3.17
[INFO] [stderr]    Compiling openssl-sys v0.9.104
[INFO] [stderr]    Compiling either v1.13.0
[INFO] [stderr]    Compiling overload v0.1.1
[INFO] [stderr]    Compiling rustls-pemfile v2.2.0
[INFO] [stderr]    Compiling nu-ansi-term v0.46.0
[INFO] [stderr]    Compiling ppv-lite86 v0.2.20
[INFO] [stderr]    Compiling parking_lot_core v0.9.10
[INFO] [stderr]    Compiling mio v1.0.2
[INFO] [stderr]    Compiling socket2 v0.5.7
[INFO] [stderr]    Compiling signal-hook-registry v1.4.2
[INFO] [stderr]    Compiling getrandom v0.2.15
[INFO] [stderr]    Compiling url v2.5.2
[INFO] [stderr]    Compiling sharded-slab v0.1.7
[INFO] [stderr]    Compiling parking_lot v0.12.3
[INFO] [stderr]    Compiling rand_core v0.6.4
[INFO] [stderr]    Compiling http v0.2.12
[INFO] [stderr]    Compiling tracing-log v0.2.0
[INFO] [stderr]    Compiling sync_wrapper v1.0.1
[INFO] [stderr]    Compiling thread_local v1.1.8
[INFO] [stderr]    Compiling tokio v1.41.0
[INFO] [stderr]    Compiling rand_chacha v0.3.1
[INFO] [stderr]    Compiling base64 v0.22.1
[INFO] [stderr]    Compiling urlencoding v2.1.3
[INFO] [stderr]    Compiling crossbeam-channel v0.5.13
[INFO] [stderr]    Compiling portable-atomic v1.9.0
[INFO] [stderr]    Compiling chrono v0.4.38
[INFO] [stderr]    Compiling opentelemetry v0.23.0
[INFO] [stderr]    Compiling rand v0.8.5
[INFO] [stderr]    Compiling tracing-subscriber v0.3.18
[INFO] [stderr]    Compiling opentelemetry v0.22.0
[INFO] [stderr]    Compiling unicode-width v0.1.14
[INFO] [stderr]    Compiling httpdate v1.0.3
[INFO] [stderr]    Compiling http-body v0.4.6
[INFO] [stderr]    Compiling console v0.15.8
[INFO] [stderr]    Compiling number_prefix v0.4.0
[INFO] [stderr]    Compiling matchit v0.8.4
[INFO] [stderr]    Compiling base64 v0.21.7
[INFO] [stderr]    Compiling task-local-extensions v0.1.4
[INFO] [stderr]    Compiling sync_wrapper v0.1.2
[INFO] [stderr]    Compiling rustls-pemfile v1.0.4
[INFO] [stderr]    Compiling indicatif v0.17.8
[INFO] [stderr]    Compiling futures-executor v0.3.31
[INFO] [stderr]    Compiling http-body-util v0.1.2
[INFO] [stderr]    Compiling retry-policies v0.3.0
[INFO] [stderr]    Compiling serde_urlencoded v0.7.1
[INFO] [stderr]    Compiling opentelemetry_sdk v0.22.1
[INFO] [stderr]    Compiling futures v0.3.31
[INFO] [stderr]    Compiling opentelemetry_sdk v0.23.0
[INFO] [stderr]    Compiling serde_json v1.0.132
[INFO] [stderr]    Compiling tracing-opentelemetry v0.23.0
[INFO] [stderr]    Compiling tracing-opentelemetry v0.24.0
[INFO] [stderr]    Compiling tokio-util v0.7.12
[INFO] [stderr]    Compiling tokio-native-tls v0.3.1
[INFO] [stderr]    Compiling tokio-socks v0.5.2
[INFO] [stderr]    Compiling h2 v0.4.6
[INFO] [stderr]    Compiling h2 v0.3.26
[INFO] [stderr]    Compiling hyper v0.14.31
[INFO] [stderr]    Compiling hyper v1.5.0
[INFO] [stderr]    Compiling hyper-util v0.1.10
[INFO] [stderr]    Compiling hyper-tls v0.6.0
[INFO] [stderr]    Compiling reqwest v0.12.9
[INFO] [stderr]    Compiling hyper-tls v0.5.0
[INFO] [stderr]    Compiling reqwest v0.11.27
[INFO] [stderr]    Compiling reqwest-middleware v0.3.3
[INFO] [stderr]    Compiling reqwest-retry v0.5.0
[INFO] [stderr]    Compiling reqwest-tracing v0.5.3
[INFO] [stderr]    Compiling trauma v2.2.5
[INFO] [stderr]    Compiling civitai v0.1.3 (/opt/rustwide/workdir)
[INFO] [stdout] error[E0277]: `?` couldn't convert the error to `trauma::Error`
[INFO] [stdout]   --> src/all_models_info/mod.rs:36:42
[INFO] [stdout]    |
[INFO] [stdout] 36 |         Ok(reqwest::get(self.url()).await?.json().await?)
[INFO] [stdout]    |                                          ^ the trait `From<reqwest::Error>` is not implemented for `trauma::Error`, which is required by `Result<AllModels, trauma::Error>: FromResidual<Result<Infallible, reqwest::Error>>`
[INFO] [stdout]    |
[INFO] [stdout]    = note: the question mark operation (`?`) implicitly performs a conversion on the error value using the `From` trait
[INFO] [stdout]    = help: the following other types implement trait `From<T>`:
[INFO] [stdout]              `trauma::Error` implements `From<reqwest::error::Error>`
[INFO] [stdout]              `trauma::Error` implements `From<std::io::Error>`
[INFO] [stdout]    = note: required for `Result<AllModels, trauma::Error>` to implement `FromResidual<Result<Infallible, reqwest::Error>>`
[INFO] [stdout] 
[INFO] [stdout] 
[INFO] [stdout] error[E0277]: `?` couldn't convert the error to `trauma::Error`
[INFO] [stdout]   --> src/all_models_info/mod.rs:36:56
[INFO] [stdout]    |
[INFO] [stdout] 36 |         Ok(reqwest::get(self.url()).await?.json().await?)
[INFO] [stdout]    |                                                        ^ the trait `From<reqwest::Error>` is not implemented for `trauma::Error`, which is required by `Result<AllModels, trauma::Error>: FromResidual<Result<Infallible, reqwest::Error>>`
[INFO] [stdout]    |
[INFO] [stdout]    = note: the question mark operation (`?`) implicitly performs a conversion on the error value using the `From` trait
[INFO] [stdout]    = help: the following other types implement trait `From<T>`:
[INFO] [stdout]              `trauma::Error` implements `From<reqwest::error::Error>`
[INFO] [stdout]              `trauma::Error` implements `From<std::io::Error>`
[INFO] [stdout]    = note: required for `Result<AllModels, trauma::Error>` to implement `FromResidual<Result<Infallible, reqwest::Error>>`
[INFO] [stdout] 
[INFO] [stdout] 
[INFO] [stdout] error[E0277]: `?` couldn't convert the error to `trauma::Error`
[INFO] [stdout]   --> src/model_info/mod.rs:24:42
[INFO] [stdout]    |
[INFO] [stdout] 24 |         Ok(reqwest::get(self.url()).await?.json().await?)
[INFO] [stdout]    |                                          ^ the trait `From<reqwest::Error>` is not implemented for `trauma::Error`, which is required by `Result<ModelInfo, trauma::Error>: FromResidual<Result<Infallible, reqwest::Error>>`
[INFO] [stdout]    |
[INFO] [stdout]    = note: the question mark operation (`?`) implicitly performs a conversion on the error value using the `From` trait
[INFO] [stdout]    = help: the following other types implement trait `From<T>`:
[INFO] [stdout]              `trauma::Error` implements `From<reqwest::error::Error>`
[INFO] [stdout]              `trauma::Error` implements `From<std::io::Error>`
[INFO] [stdout]    = note: required for `Result<ModelInfo, trauma::Error>` to implement `FromResidual<Result<Infallible, reqwest::Error>>`
[INFO] [stdout] 
[INFO] [stdout] 
[INFO] [stdout] error[E0277]: `?` couldn't convert the error to `trauma::Error`
[INFO] [stdout]   --> src/model_info/mod.rs:24:56
[INFO] [stdout]    |
[INFO] [stdout] 24 |         Ok(reqwest::get(self.url()).await?.json().await?)
[INFO] [stdout]    |                                                        ^ the trait `From<reqwest::Error>` is not implemented for `trauma::Error`, which is required by `Result<ModelInfo, trauma::Error>: FromResidual<Result<Infallible, reqwest::Error>>`
[INFO] [stdout]    |
[INFO] [stdout]    = note: the question mark operation (`?`) implicitly performs a conversion on the error value using the `From` trait
[INFO] [stdout]    = help: the following other types implement trait `From<T>`:
[INFO] [stdout]              `trauma::Error` implements `From<reqwest::error::Error>`
[INFO] [stdout]              `trauma::Error` implements `From<std::io::Error>`
[INFO] [stdout]    = note: required for `Result<ModelInfo, trauma::Error>` to implement `FromResidual<Result<Infallible, reqwest::Error>>`
[INFO] [stdout] 
[INFO] [stdout] 
[INFO] [stdout] error[E0277]: `?` couldn't convert the error to `trauma::Error`
[INFO] [stdout]   --> src/model_version/mod.rs:25:42
[INFO] [stdout]    |
[INFO] [stdout] 25 |         Ok(reqwest::get(self.url()).await?.json().await?)
[INFO] [stdout]    |                                          ^ the trait `From<reqwest::Error>` is not implemented for `trauma::Error`, which is required by `Result<(), trauma::Error>: FromResidual<Result<Infallible, reqwest::Error>>`
[INFO] [stdout]    |
[INFO] [stdout]    = note: the question mark operation (`?`) implicitly performs a conversion on the error value using the `From` trait
[INFO] [stdout]    = help: the following other types implement trait `From<T>`:
[INFO] [stdout]              `trauma::Error` implements `From<reqwest::error::Error>`
[INFO] [stdout]              `trauma::Error` implements `From<std::io::Error>`
[INFO] [stdout]    = note: required for `Result<(), trauma::Error>` to implement `FromResidual<Result<Infallible, reqwest::Error>>`
[INFO] [stdout] 
[INFO] [stdout] 
[INFO] [stdout] error[E0277]: `?` couldn't convert the error to `trauma::Error`
[INFO] [stdout]   --> src/model_version/mod.rs:25:56
[INFO] [stdout]    |
[INFO] [stdout] 25 |         Ok(reqwest::get(self.url()).await?.json().await?)
[INFO] [stdout]    |                                                        ^ the trait `From<reqwest::Error>` is not implemented for `trauma::Error`, which is required by `Result<(), trauma::Error>: FromResidual<Result<Infallible, reqwest::Error>>`
[INFO] [stdout]    |
[INFO] [stdout]    = note: the question mark operation (`?`) implicitly performs a conversion on the error value using the `From` trait
[INFO] [stdout]    = help: the following other types implement trait `From<T>`:
[INFO] [stdout]              `trauma::Error` implements `From<reqwest::error::Error>`
[INFO] [stdout]              `trauma::Error` implements `From<std::io::Error>`
[INFO] [stdout]    = note: required for `Result<(), trauma::Error>` to implement `FromResidual<Result<Infallible, reqwest::Error>>`
[INFO] [stdout] 
[INFO] [stdout] 
[INFO] [stdout] For more information about this error, try `rustc --explain E0277`.
[INFO] [stdout] 
[INFO] [stderr] error: could not compile `civitai` (lib) due to 6 previous errors
[INFO] [stderr] warning: build failed, waiting for other jobs to finish...
[INFO] running `Command { std: "docker" "inspect" "288eb06dac9d136b8778b1edee50267d8fd26878ba0784b692beff2f8d0ccadb", kill_on_drop: false }`
[INFO] running `Command { std: "docker" "rm" "-f" "288eb06dac9d136b8778b1edee50267d8fd26878ba0784b692beff2f8d0ccadb", kill_on_drop: false }`
[INFO] [stdout] 288eb06dac9d136b8778b1edee50267d8fd26878ba0784b692beff2f8d0ccadb
