[INFO] fetching crate citadel_wire 0.9.0...
[INFO] testing citadel_wire-0.9.0 against nightly-2024-10-28+rustflags=-Zrandomize-layout for randomize-layout
[INFO] extracting crate citadel_wire 0.9.0 into /workspace/builds/worker-5-tc2/source
[INFO] validating manifest of crates.io crate citadel_wire 0.9.0 on toolchain nightly-2024-10-28
[INFO] running `Command { std: CARGO_HOME="/workspace/cargo-home" RUSTUP_HOME="/workspace/rustup-home" "/workspace/cargo-home/bin/cargo" "+nightly-2024-10-28" "metadata" "--manifest-path" "Cargo.toml" "--no-deps", kill_on_drop: false }`
[INFO] started tweaking crates.io crate citadel_wire 0.9.0
[INFO] finished tweaking crates.io crate citadel_wire 0.9.0
[INFO] tweaked toml for crates.io crate citadel_wire 0.9.0 written to /workspace/builds/worker-5-tc2/source/Cargo.toml
[INFO] crate crates.io crate citadel_wire 0.9.0 already has a lockfile, it will not be regenerated
[INFO] running `Command { std: CARGO_HOME="/workspace/cargo-home" RUSTUP_HOME="/workspace/rustup-home" "/workspace/cargo-home/bin/cargo" "+nightly-2024-10-28" "fetch" "--manifest-path" "Cargo.toml", kill_on_drop: false }`
[INFO] running `Command { std: "docker" "create" "-v" "/var/lib/crater-agent-workspace/builds/worker-5-tc2/target:/opt/rustwide/target:rw,Z" "-v" "/var/lib/crater-agent-workspace/builds/worker-5-tc2/source:/opt/rustwide/workdir:ro,Z" "-v" "/var/lib/crater-agent-workspace/cargo-home:/opt/rustwide/cargo-home:ro,Z" "-v" "/var/lib/crater-agent-workspace/rustup-home:/opt/rustwide/rustup-home:ro,Z" "-e" "SOURCE_DIR=/opt/rustwide/workdir" "-e" "CARGO_TARGET_DIR=/opt/rustwide/target" "-e" "CARGO_HOME=/opt/rustwide/cargo-home" "-e" "RUSTUP_HOME=/opt/rustwide/rustup-home" "-w" "/opt/rustwide/workdir" "-m" "1610612736" "--user" "0:0" "--network" "none" "ghcr.io/rust-lang/crates-build-env/linux@sha256:4a844ea9eb2546a2d2c7022eacef16ef2e8229c7fbb2c7d4d55a9ceca922f72d" "/opt/rustwide/cargo-home/bin/cargo" "+nightly-2024-10-28" "metadata" "--no-deps" "--format-version=1", kill_on_drop: false }`
[INFO] [stdout] bc77f7ff2d85143de1ddb250deedd241fe5f211d281db24903a0f4de7732ff85
[INFO] running `Command { std: "docker" "start" "-a" "bc77f7ff2d85143de1ddb250deedd241fe5f211d281db24903a0f4de7732ff85", kill_on_drop: false }`
[INFO] running `Command { std: "docker" "inspect" "bc77f7ff2d85143de1ddb250deedd241fe5f211d281db24903a0f4de7732ff85", kill_on_drop: false }`
[INFO] running `Command { std: "docker" "rm" "-f" "bc77f7ff2d85143de1ddb250deedd241fe5f211d281db24903a0f4de7732ff85", kill_on_drop: false }`
[INFO] [stdout] bc77f7ff2d85143de1ddb250deedd241fe5f211d281db24903a0f4de7732ff85
[INFO] running `Command { std: "docker" "create" "-v" "/var/lib/crater-agent-workspace/builds/worker-5-tc2/target:/opt/rustwide/target:rw,Z" "-v" "/var/lib/crater-agent-workspace/builds/worker-5-tc2/source:/opt/rustwide/workdir:ro,Z" "-v" "/var/lib/crater-agent-workspace/cargo-home:/opt/rustwide/cargo-home:ro,Z" "-v" "/var/lib/crater-agent-workspace/rustup-home:/opt/rustwide/rustup-home:ro,Z" "-e" "SOURCE_DIR=/opt/rustwide/workdir" "-e" "CARGO_TARGET_DIR=/opt/rustwide/target" "-e" "CARGO_INCREMENTAL=0" "-e" "RUST_BACKTRACE=full" "-e" "RUSTFLAGS=--cap-lints=forbid -Zrandomize-layout" "-e" "RUSTDOCFLAGS=--cap-lints=forbid" "-e" "CARGO_HOME=/opt/rustwide/cargo-home" "-e" "RUSTUP_HOME=/opt/rustwide/rustup-home" "-w" "/opt/rustwide/workdir" "-m" "1610612736" "--user" "0:0" "--network" "none" "ghcr.io/rust-lang/crates-build-env/linux@sha256:4a844ea9eb2546a2d2c7022eacef16ef2e8229c7fbb2c7d4d55a9ceca922f72d" "/opt/rustwide/cargo-home/bin/cargo" "+nightly-2024-10-28" "build" "--frozen" "--message-format=json", kill_on_drop: false }`
[INFO] [stdout] 55f6bf943986bc05dfbfdfdb69762fb1788b59fa5f8cd7509c9d05b0d1eed46a
[INFO] running `Command { std: "docker" "start" "-a" "55f6bf943986bc05dfbfdfdb69762fb1788b59fa5f8cd7509c9d05b0d1eed46a", kill_on_drop: false }`
[INFO] [stderr]    Compiling proc-macro2 v1.0.79
[INFO] [stderr]    Compiling autocfg v1.1.0
[INFO] [stderr]    Compiling cc v1.0.90
[INFO] [stderr]    Compiling pin-project-lite v0.2.13
[INFO] [stderr]    Compiling parking_lot_core v0.9.9
[INFO] [stderr]    Compiling log v0.4.21
[INFO] [stderr]    Compiling smallvec v1.13.2
[INFO] [stderr]    Compiling futures-channel v0.3.30
[INFO] [stderr]    Compiling itoa v1.0.10
[INFO] [stderr]    Compiling futures-io v0.3.30
[INFO] [stderr]    Compiling memchr v2.7.1
[INFO] [stderr]    Compiling getrandom v0.2.12
[INFO] [stderr]    Compiling mio v0.8.11
[INFO] [stderr]    Compiling signal-hook-registry v1.4.1
[INFO] [stderr]    Compiling serde v1.0.197
[INFO] [stderr]    Compiling rustls v0.21.10
[INFO] [stderr]    Compiling unicode-normalization v0.1.23
[INFO] [stderr]    Compiling http v0.2.12
[INFO] [stderr]    Compiling unicode-bidi v0.3.15
[INFO] [stderr]    Compiling thiserror v1.0.58
[INFO] [stderr]    Compiling rand_core v0.6.4
[INFO] [stderr]    Compiling try-lock v0.2.5
[INFO] [stderr]    Compiling rustls-pemfile v1.0.4
[INFO] [stderr]    Compiling async-trait v0.1.79
[INFO] [stderr]    Compiling tower-service v0.3.2
[INFO] [stderr]    Compiling want v0.3.1
[INFO] [stderr]    Compiling openssl-probe v0.1.5
[INFO] [stderr]    Compiling lock_api v0.4.11
[INFO] [stderr]    Compiling slab v0.4.9
[INFO] [stderr]    Compiling rand_chacha v0.3.1
[INFO] [stderr]    Compiling memoffset v0.7.1
[INFO] [stderr]    Compiling rustls-native-certs v0.6.3
[INFO] [stderr]    Compiling ipnet v2.9.0
[INFO] [stderr]    Compiling crypto-common v0.1.6
[INFO] [stderr]    Compiling anyhow v1.0.81
[INFO] [stderr]    Compiling syn v1.0.109
[INFO] [stderr]    Compiling time v0.3.34
[INFO] [stderr]    Compiling idna v0.5.0
[INFO] [stderr]    Compiling rand v0.8.5
[INFO] [stderr]    Compiling digest v0.10.7
[INFO] [stderr]    Compiling parking_lot v0.12.1
[INFO] [stderr]    Compiling quote v1.0.35
[INFO] [stderr]    Compiling encoding_rs v0.8.33
[INFO] [stderr]    Compiling xml-rs v0.8.19
[INFO] [stderr]    Compiling nix v0.26.4
[INFO] [stderr]    Compiling sync_wrapper v0.1.2
[INFO] [stderr]    Compiling crc-catalog v2.4.0
[INFO] [stderr]    Compiling openssl v0.10.64
[INFO] [stderr]    Compiling syn v2.0.55
[INFO] [stderr]    Compiling http-body v0.4.6
[INFO] [stderr]    Compiling lazy_static v1.4.0
[INFO] [stderr]    Compiling url v2.5.0
[INFO] [stderr]    Compiling rustc-hash v1.1.0
[INFO] [stderr]    Compiling webpki-roots v0.25.4
[INFO] [stderr]    Compiling wildmatch v1.1.0
[INFO] [stderr]    Compiling crc v3.0.1
[INFO] [stderr]    Compiling md-5 v0.10.6
[INFO] [stderr]    Compiling yasna v0.5.2
[INFO] [stderr]    Compiling pem v3.0.3
[INFO] [stderr]    Compiling bitflags v2.5.0
[INFO] [stderr]    Compiling sync_wrapper v1.0.0
[INFO] [stderr]    Compiling ring v0.17.8
[INFO] [stderr]    Compiling ring v0.16.20
[INFO] [stderr]    Compiling openssl-sys v0.9.101
[INFO] [stderr]    Compiling xmltree v0.10.3
[INFO] [stderr]    Compiling either v1.10.0
[INFO] [stderr]    Compiling attohttpc v0.16.3
[INFO] [stderr]    Compiling itertools v0.11.0
[INFO] [stderr]    Compiling async-trait-with-sync v0.1.36
[INFO] [stderr]    Compiling tokio-macros v2.2.0
[INFO] [stderr]    Compiling tracing-attributes v0.1.27
[INFO] [stderr]    Compiling futures-macro v0.3.30
[INFO] [stderr]    Compiling serde_derive v1.0.197
[INFO] [stderr]    Compiling thiserror-impl v1.0.58
[INFO] [stderr]    Compiling async-stream-impl v0.3.5
[INFO] [stderr]    Compiling openssl-macros v0.1.1
[INFO] [stderr]    Compiling async-stream v0.3.5
[INFO] [stderr]    Compiling rcgen v0.11.3
[INFO] [stderr]    Compiling tokio v1.36.0
[INFO] [stderr]    Compiling futures-util v0.3.30
[INFO] [stderr]    Compiling tracing v0.1.40
[INFO] [stderr]    Compiling quinn-udp v0.4.1
[INFO] [stderr]    Compiling sct v0.7.1
[INFO] [stderr]    Compiling rustls-webpki v0.101.7
[INFO] [stderr]    Compiling futures-executor v0.3.30
[INFO] [stderr]    Compiling quinn-proto v0.10.6
[INFO] [stderr]    Compiling futures v0.3.30
[INFO] [stderr]    Compiling tokio-util v0.7.10
[INFO] [stderr]    Compiling tokio-rustls v0.24.1
[INFO] [stderr]    Compiling citadel_io v0.8.0
[INFO] [stderr]    Compiling webrtc-util v0.8.1
[INFO] [stderr]    Compiling serde_urlencoded v0.7.1
[INFO] [stderr]    Compiling bincode2 v2.0.1
[INFO] [stderr]    Compiling uuid v1.8.0
[INFO] [stderr]    Compiling h2 v0.3.25
[INFO] [stderr]    Compiling stun v0.5.1
[INFO] [stderr]    Compiling netbeam v0.8.0
[INFO] [stderr]    Compiling quinn v0.10.2
[INFO] [stderr]    Compiling hyper v0.14.28
[INFO] [stderr]    Compiling hyper-rustls v0.24.2
[INFO] [stderr]    Compiling igd v0.12.1
[INFO] [stderr]    Compiling reqwest v0.11.27
[INFO] [stderr]    Compiling async_ip v0.8.0
[INFO] [stderr]    Compiling citadel_wire v0.9.0 (/opt/rustwide/workdir)
[INFO] [stderr]     Finished `dev` profile [unoptimized + debuginfo] target(s) in 37.49s
[INFO] running `Command { std: "docker" "inspect" "55f6bf943986bc05dfbfdfdb69762fb1788b59fa5f8cd7509c9d05b0d1eed46a", kill_on_drop: false }`
[INFO] running `Command { std: "docker" "rm" "-f" "55f6bf943986bc05dfbfdfdb69762fb1788b59fa5f8cd7509c9d05b0d1eed46a", kill_on_drop: false }`
[INFO] [stdout] 55f6bf943986bc05dfbfdfdb69762fb1788b59fa5f8cd7509c9d05b0d1eed46a
[INFO] running `Command { std: "docker" "create" "-v" "/var/lib/crater-agent-workspace/builds/worker-5-tc2/target:/opt/rustwide/target:rw,Z" "-v" "/var/lib/crater-agent-workspace/builds/worker-5-tc2/source:/opt/rustwide/workdir:ro,Z" "-v" "/var/lib/crater-agent-workspace/cargo-home:/opt/rustwide/cargo-home:ro,Z" "-v" "/var/lib/crater-agent-workspace/rustup-home:/opt/rustwide/rustup-home:ro,Z" "-e" "SOURCE_DIR=/opt/rustwide/workdir" "-e" "CARGO_TARGET_DIR=/opt/rustwide/target" "-e" "CARGO_INCREMENTAL=0" "-e" "RUST_BACKTRACE=full" "-e" "RUSTFLAGS=--cap-lints=forbid -Zrandomize-layout" "-e" "RUSTDOCFLAGS=--cap-lints=forbid" "-e" "CARGO_HOME=/opt/rustwide/cargo-home" "-e" "RUSTUP_HOME=/opt/rustwide/rustup-home" "-w" "/opt/rustwide/workdir" "-m" "1610612736" "--user" "0:0" "--network" "none" "ghcr.io/rust-lang/crates-build-env/linux@sha256:4a844ea9eb2546a2d2c7022eacef16ef2e8229c7fbb2c7d4d55a9ceca922f72d" "/opt/rustwide/cargo-home/bin/cargo" "+nightly-2024-10-28" "test" "--frozen" "--no-run" "--message-format=json", kill_on_drop: false }`
[INFO] [stdout] ce5dc6ceb0975dca77bda76b8765479ea3824f4bb88063684efb0e438d7c66a3
[INFO] running `Command { std: "docker" "start" "-a" "ce5dc6ceb0975dca77bda76b8765479ea3824f4bb88063684efb0e438d7c66a3", kill_on_drop: false }`
[INFO] [stderr]    Compiling syn v2.0.55
[INFO] [stderr]    Compiling semver v1.0.22
[INFO] [stderr]    Compiling memchr v2.7.1
[INFO] [stderr]    Compiling regex-syntax v0.8.2
[INFO] [stderr]    Compiling glob v0.3.1
[INFO] [stderr]    Compiling relative-path v1.9.2
[INFO] [stderr]    Compiling futures-timer v3.0.3
[INFO] [stderr]    Compiling rustc_version v0.4.0
[INFO] [stderr]    Compiling aho-corasick v1.1.3
[INFO] [stderr]    Compiling rstest_macros v0.18.2
[INFO] [stderr]    Compiling regex-automata v0.4.6
[INFO] [stderr]    Compiling regex v1.10.4
[INFO] [stderr]    Compiling tokio-macros v2.2.0
[INFO] [stderr]    Compiling tracing-attributes v0.1.27
[INFO] [stderr]    Compiling futures-macro v0.3.30
[INFO] [stderr]    Compiling serde_derive v1.0.197
[INFO] [stderr]    Compiling thiserror-impl v1.0.58
[INFO] [stderr]    Compiling async-trait v0.1.79
[INFO] [stderr]    Compiling async-stream-impl v0.3.5
[INFO] [stderr]    Compiling openssl-macros v0.1.1
[INFO] [stderr]    Compiling openssl v0.10.64
[INFO] [stderr]    Compiling async-stream v0.3.5
[INFO] [stderr]    Compiling tokio v1.36.0
[INFO] [stderr]    Compiling thiserror v1.0.58
[INFO] [stderr]    Compiling futures-util v0.3.30
[INFO] [stderr]    Compiling tracing v0.1.40
[INFO] [stderr]    Compiling quinn-proto v0.10.6
[INFO] [stderr]    Compiling quinn-udp v0.4.1
[INFO] [stderr]    Compiling serde v1.0.197
[INFO] [stderr]    Compiling futures-executor v0.3.30
[INFO] [stderr]    Compiling futures v0.3.30
[INFO] [stderr]    Compiling rstest v0.18.2
[INFO] [stderr]    Compiling tokio-util v0.7.10
[INFO] [stderr]    Compiling tokio-rustls v0.24.1
[INFO] [stderr]    Compiling webrtc-util v0.8.1
[INFO] [stderr]    Compiling citadel_io v0.8.0
[INFO] [stderr]    Compiling quinn v0.10.2
[INFO] [stderr]    Compiling serde_urlencoded v0.7.1
[INFO] [stderr]    Compiling bincode2 v2.0.1
[INFO] [stderr]    Compiling uuid v1.8.0
[INFO] [stderr]    Compiling h2 v0.3.25
[INFO] [stderr]    Compiling stun v0.5.1
[INFO] [stderr]    Compiling netbeam v0.8.0
[INFO] [stderr]    Compiling hyper v0.14.28
[INFO] [stderr]    Compiling hyper-rustls v0.24.2
[INFO] [stderr]    Compiling igd v0.12.1
[INFO] [stderr]    Compiling reqwest v0.11.27
[INFO] [stderr]    Compiling async_ip v0.8.0
[INFO] [stderr]    Compiling citadel_wire v0.9.0 (/opt/rustwide/workdir)
[INFO] [stdout] error[E0433]: failed to resolve: use of undeclared crate or module `citadel_logging`
[INFO] [stdout]    --> src/udp_traversal/udp_hole_puncher.rs:179:9
[INFO] [stdout]     |
[INFO] [stdout] 179 |         citadel_logging::setup_log();
[INFO] [stdout]     |         ^^^^^^^^^^^^^^^ use of undeclared crate or module `citadel_logging`
[INFO] [stdout] 
[INFO] [stdout] 
[INFO] [stdout] error[E0433]: failed to resolve: use of undeclared crate or module `citadel_logging`
[INFO] [stdout]    --> src/standard/quic.rs:382:9
[INFO] [stdout]     |
[INFO] [stdout] 382 |         citadel_logging::setup_log();
[INFO] [stdout]     |         ^^^^^^^^^^^^^^^ use of undeclared crate or module `citadel_logging`
[INFO] [stdout] 
[INFO] [stdout] 
[INFO] [stdout] error[E0433]: failed to resolve: use of undeclared crate or module `citadel_logging`
[INFO] [stdout]    --> src/standard/socket_helpers.rs:203:9
[INFO] [stdout]     |
[INFO] [stdout] 203 |         citadel_logging::setup_log();
[INFO] [stdout]     |         ^^^^^^^^^^^^^^^ use of undeclared crate or module `citadel_logging`
[INFO] [stdout] 
[INFO] [stdout] 
[INFO] [stdout] error[E0433]: failed to resolve: use of undeclared crate or module `citadel_logging`
[INFO] [stdout]    --> src/standard/socket_helpers.rs:235:9
[INFO] [stdout]     |
[INFO] [stdout] 235 |         citadel_logging::setup_log();
[INFO] [stdout]     |         ^^^^^^^^^^^^^^^ use of undeclared crate or module `citadel_logging`
[INFO] [stdout] 
[INFO] [stdout] 
[INFO] [stdout] error[E0433]: failed to resolve: use of undeclared crate or module `citadel_logging`
[INFO] [stdout]    --> src/standard/nat_identification.rs:615:9
[INFO] [stdout]     |
[INFO] [stdout] 615 |         citadel_logging::setup_log();
[INFO] [stdout]     |         ^^^^^^^^^^^^^^^ use of undeclared crate or module `citadel_logging`
[INFO] [stdout] 
[INFO] [stdout] 
[INFO] [stdout] For more information about this error, try `rustc --explain E0433`.
[INFO] [stdout] 
[INFO] [stderr] error: could not compile `citadel_wire` (lib test) due to 5 previous errors
[INFO] [stderr] warning: build failed, waiting for other jobs to finish...
[INFO] running `Command { std: "docker" "inspect" "ce5dc6ceb0975dca77bda76b8765479ea3824f4bb88063684efb0e438d7c66a3", kill_on_drop: false }`
[INFO] running `Command { std: "docker" "rm" "-f" "ce5dc6ceb0975dca77bda76b8765479ea3824f4bb88063684efb0e438d7c66a3", kill_on_drop: false }`
[INFO] [stdout] ce5dc6ceb0975dca77bda76b8765479ea3824f4bb88063684efb0e438d7c66a3
