[INFO] fetching crate citadel_crypt 0.9.0...
[INFO] testing citadel_crypt-0.9.0 against nightly-2024-10-28 for randomize-layout
[INFO] extracting crate citadel_crypt 0.9.0 into /workspace/builds/worker-3-tc1/source
[INFO] validating manifest of crates.io crate citadel_crypt 0.9.0 on toolchain nightly-2024-10-28
[INFO] running `Command { std: CARGO_HOME="/workspace/cargo-home" RUSTUP_HOME="/workspace/rustup-home" "/workspace/cargo-home/bin/cargo" "+nightly-2024-10-28" "metadata" "--manifest-path" "Cargo.toml" "--no-deps", kill_on_drop: false }`
[INFO] started tweaking crates.io crate citadel_crypt 0.9.0
[INFO] finished tweaking crates.io crate citadel_crypt 0.9.0
[INFO] tweaked toml for crates.io crate citadel_crypt 0.9.0 written to /workspace/builds/worker-3-tc1/source/Cargo.toml
[INFO] running `Command { std: CARGO_HOME="/workspace/cargo-home" RUSTUP_HOME="/workspace/rustup-home" "/workspace/cargo-home/bin/cargo" "+nightly-2024-10-28" "generate-lockfile" "--manifest-path" "Cargo.toml", kill_on_drop: false }`
[INFO] [stderr]     Updating crates.io index
[INFO] [stderr]      Locking 180 packages to latest compatible versions
[INFO] [stderr]       Adding sysinfo v0.29.11 (available: v0.32.0)
[INFO] running `Command { std: CARGO_HOME="/workspace/cargo-home" RUSTUP_HOME="/workspace/rustup-home" "/workspace/cargo-home/bin/cargo" "+nightly-2024-10-28" "fetch" "--manifest-path" "Cargo.toml", kill_on_drop: false }`
[INFO] [stderr]  Downloading crates ...
[INFO] [stderr]   Downloaded citadel_pqcrypto v0.9.0
[INFO] [stderr]   Downloaded packed_struct v0.10.1
[INFO] [stderr]   Downloaded pqcrypto-traits-wasi v0.3.4
[INFO] [stderr]   Downloaded serde-big-array v0.5.1
[INFO] [stderr]   Downloaded rust-argon2 v2.1.0
[INFO] [stderr]   Downloaded oqs v0.9.0
[INFO] [stderr]   Downloaded citadel_io v0.8.0
[INFO] [stderr]   Downloaded citadel_types v0.8.0
[INFO] [stderr]   Downloaded ascon v0.3.1
[INFO] [stderr]   Downloaded bincode2 v2.0.1
[INFO] [stderr]   Downloaded packed_struct_codegen v0.10.1
[INFO] [stderr]   Downloaded kyber-pke v0.5.0
[INFO] [stderr]   Downloaded build-deps v0.1.4
[INFO] [stderr]   Downloaded pqc_kyber_kyberslash v0.7.1
[INFO] [stderr]   Downloaded ascon-aead v0.4.2
[INFO] [stderr]   Downloaded oqs-sys v0.9.1+liboqs-0.9.0
[INFO] [stderr]   Downloaded pqcrypto-falcon-wasi v0.2.14
[INFO] [stderr]   Downloaded pqcrypto-internals-wasi v0.2.5
[INFO] running `Command { std: "docker" "create" "-v" "/var/lib/crater-agent-workspace/builds/worker-3-tc1/target:/opt/rustwide/target:rw,Z" "-v" "/var/lib/crater-agent-workspace/builds/worker-3-tc1/source:/opt/rustwide/workdir:ro,Z" "-v" "/var/lib/crater-agent-workspace/cargo-home:/opt/rustwide/cargo-home:ro,Z" "-v" "/var/lib/crater-agent-workspace/rustup-home:/opt/rustwide/rustup-home:ro,Z" "-e" "SOURCE_DIR=/opt/rustwide/workdir" "-e" "CARGO_TARGET_DIR=/opt/rustwide/target" "-e" "CARGO_HOME=/opt/rustwide/cargo-home" "-e" "RUSTUP_HOME=/opt/rustwide/rustup-home" "-w" "/opt/rustwide/workdir" "-m" "1610612736" "--user" "0:0" "--network" "none" "ghcr.io/rust-lang/crates-build-env/linux@sha256:4a844ea9eb2546a2d2c7022eacef16ef2e8229c7fbb2c7d4d55a9ceca922f72d" "/opt/rustwide/cargo-home/bin/cargo" "+nightly-2024-10-28" "metadata" "--no-deps" "--format-version=1", kill_on_drop: false }`
[INFO] [stdout] 8e8143c70811f365d902f28c379e5b14177fe198ad42a6108687770ed46fca46
[INFO] running `Command { std: "docker" "start" "-a" "8e8143c70811f365d902f28c379e5b14177fe198ad42a6108687770ed46fca46", kill_on_drop: false }`
[INFO] running `Command { std: "docker" "inspect" "8e8143c70811f365d902f28c379e5b14177fe198ad42a6108687770ed46fca46", kill_on_drop: false }`
[INFO] running `Command { std: "docker" "rm" "-f" "8e8143c70811f365d902f28c379e5b14177fe198ad42a6108687770ed46fca46", kill_on_drop: false }`
[INFO] [stdout] 8e8143c70811f365d902f28c379e5b14177fe198ad42a6108687770ed46fca46
[INFO] running `Command { std: "docker" "create" "-v" "/var/lib/crater-agent-workspace/builds/worker-3-tc1/target:/opt/rustwide/target:rw,Z" "-v" "/var/lib/crater-agent-workspace/builds/worker-3-tc1/source:/opt/rustwide/workdir:ro,Z" "-v" "/var/lib/crater-agent-workspace/cargo-home:/opt/rustwide/cargo-home:ro,Z" "-v" "/var/lib/crater-agent-workspace/rustup-home:/opt/rustwide/rustup-home:ro,Z" "-e" "SOURCE_DIR=/opt/rustwide/workdir" "-e" "CARGO_TARGET_DIR=/opt/rustwide/target" "-e" "CARGO_INCREMENTAL=0" "-e" "RUST_BACKTRACE=full" "-e" "RUSTFLAGS=--cap-lints=forbid" "-e" "RUSTDOCFLAGS=--cap-lints=forbid" "-e" "CARGO_HOME=/opt/rustwide/cargo-home" "-e" "RUSTUP_HOME=/opt/rustwide/rustup-home" "-w" "/opt/rustwide/workdir" "-m" "1610612736" "--user" "0:0" "--network" "none" "ghcr.io/rust-lang/crates-build-env/linux@sha256:4a844ea9eb2546a2d2c7022eacef16ef2e8229c7fbb2c7d4d55a9ceca922f72d" "/opt/rustwide/cargo-home/bin/cargo" "+nightly-2024-10-28" "build" "--frozen" "--message-format=json", kill_on_drop: false }`
[INFO] [stdout] 8f857973ede174775bc6e4430037b5560868de553e2d60329731ca8df8340637
[INFO] running `Command { std: "docker" "start" "-a" "8f857973ede174775bc6e4430037b5560868de553e2d60329731ca8df8340637", kill_on_drop: false }`
[INFO] [stderr]    Compiling serde v1.0.214
[INFO] [stderr]    Compiling byteorder v1.5.0
[INFO] [stderr]    Compiling glob v0.3.1
[INFO] [stderr]    Compiling scopeguard v1.2.0
[INFO] [stderr]    Compiling prettyplease v0.2.25
[INFO] [stderr]    Compiling rustix v0.38.38
[INFO] [stderr]    Compiling generic-array v0.14.7
[INFO] [stderr]    Compiling lock_api v0.4.12
[INFO] [stderr]    Compiling libc v0.2.161
[INFO] [stderr]    Compiling regex-syntax v0.8.5
[INFO] [stderr]    Compiling minimal-lexical v0.2.1
[INFO] [stderr]    Compiling memchr v2.7.4
[INFO] [stderr]    Compiling syn v2.0.86
[INFO] [stderr]    Compiling linux-raw-sys v0.4.14
[INFO] [stderr]    Compiling bitflags v2.6.0
[INFO] [stderr]    Compiling libloading v0.8.5
[INFO] [stderr]    Compiling either v1.13.0
[INFO] [stderr]    Compiling home v0.5.9
[INFO] [stderr]    Compiling bindgen v0.68.1
[INFO] [stderr]    Compiling subtle v2.6.1
[INFO] [stderr]    Compiling heapless v0.7.17
[INFO] [stderr]    Compiling rustc-hash v1.1.0
[INFO] [stderr]    Compiling lazycell v1.3.0
[INFO] [stderr]    Compiling peeking_take_while v0.1.2
[INFO] [stderr]    Compiling lazy_static v1.5.0
[INFO] [stderr]    Compiling log v0.4.22
[INFO] [stderr]    Compiling hash32 v0.2.1
[INFO] [stderr]    Compiling cmake v0.1.51
[INFO] [stderr]    Compiling build-deps v0.1.4
[INFO] [stderr]    Compiling pkg-config v0.3.31
[INFO] [stderr]    Compiling syn v1.0.109
[INFO] [stderr]    Compiling stable_deref_trait v1.2.0
[INFO] [stderr]    Compiling rustversion v1.0.18
[INFO] [stderr]    Compiling radium v0.7.0
[INFO] [stderr]    Compiling opaque-debug v0.3.1
[INFO] [stderr]    Compiling tap v1.0.1
[INFO] [stderr]    Compiling parking_lot_core v0.9.10
[INFO] [stderr]    Compiling clang-sys v1.8.1
[INFO] [stderr]    Compiling heck v0.5.0
[INFO] [stderr]    Compiling funty v2.0.0
[INFO] [stderr]    Compiling futures-core v0.3.31
[INFO] [stderr]    Compiling wyz v0.5.1
[INFO] [stderr]    Compiling pqc_kyber_kyberslash v0.7.1
[INFO] [stderr]    Compiling nom v7.1.3
[INFO] [stderr]    Compiling smallvec v1.13.2
[INFO] [stderr]    Compiling packed_struct v0.10.1
[INFO] [stderr]    Compiling mio v1.0.2
[INFO] [stderr]    Compiling socket2 v0.5.7
[INFO] [stderr]    Compiling num-traits v0.2.19
[INFO] [stderr]    Compiling futures-sink v0.3.31
[INFO] [stderr]    Compiling oqs v0.9.0
[INFO] [stderr]    Compiling cty v0.2.2
[INFO] [stderr]    Compiling static_assertions v1.1.0
[INFO] [stderr]    Compiling twox-hash v1.6.3
[INFO] [stderr]    Compiling bitvec v1.0.1
[INFO] [stderr]    Compiling uuid v1.11.0
[INFO] [stderr]    Compiling futures-task v0.3.31
[INFO] [stderr]    Compiling keccak v0.1.5
[INFO] [stderr]    Compiling arrayref v0.3.9
[INFO] [stderr]    Compiling ascon v0.3.1
[INFO] [stderr]    Compiling constant_time_eq v0.3.1
[INFO] [stderr]    Compiling futures-util v0.3.31
[INFO] [stderr]    Compiling futures-channel v0.3.31
[INFO] [stderr]    Compiling futures-io v0.3.31
[INFO] [stderr]    Compiling base64 v0.21.7
[INFO] [stderr]    Compiling sysinfo v0.29.11
[INFO] [stderr]    Compiling cstr_core v0.2.6
[INFO] [stderr]    Compiling rayon v1.10.0
[INFO] [stderr]    Compiling regex-automata v0.4.8
[INFO] [stderr]    Compiling num-integer v0.1.46
[INFO] [stderr]    Compiling which v4.4.2
[INFO] [stderr]    Compiling cexpr v0.6.0
[INFO] [stderr]    Compiling futures v0.3.31
[INFO] [stderr]    Compiling regex v1.11.1
[INFO] [stderr]    Compiling packed_struct_codegen v0.10.1
[INFO] [stderr]    Compiling serde_derive v1.0.214
[INFO] [stderr]    Compiling zeroize_derive v1.4.2
[INFO] [stderr]    Compiling zerocopy-derive v0.7.35
[INFO] [stderr]    Compiling strum_macros v0.26.4
[INFO] [stderr]    Compiling tokio-macros v2.4.0
[INFO] [stderr]    Compiling auto_impl v1.2.0
[INFO] [stderr]    Compiling async-trait v0.1.83
[INFO] [stderr]    Compiling tokio v1.41.0
[INFO] [stderr]    Compiling zerocopy v0.7.35
[INFO] [stderr]    Compiling ppv-lite86 v0.2.20
[INFO] [stderr]    Compiling rand_chacha v0.3.1
[INFO] [stderr]    Compiling strum v0.26.3
[INFO] [stderr]    Compiling rand v0.8.5
[INFO] [stderr]    Compiling tokio-stream v0.1.16
[INFO] [stderr]    Compiling oqs-sys v0.9.1+liboqs-0.9.0
[INFO] [stderr]    Compiling zeroize v1.8.1
[INFO] [stderr]    Compiling bytes v1.8.0
[INFO] [stderr]    Compiling bincode2 v2.0.1
[INFO] [stderr]    Compiling arrayvec v0.7.6
[INFO] [stderr]    Compiling serde-big-array v0.5.1
[INFO] [stderr]    Compiling spin v0.9.8
[INFO] [stderr]    Compiling parking_lot v0.12.3
[INFO] [stderr]    Compiling blake2b_simd v1.0.2
[INFO] [stderr]    Compiling citadel_io v0.8.0
[INFO] [stderr]    Compiling crypto-common v0.1.6
[INFO] [stderr]    Compiling inout v0.1.3
[INFO] [stderr]    Compiling block-buffer v0.10.4
[INFO] [stderr]    Compiling universal-hash v0.5.1
[INFO] [stderr]    Compiling digest v0.10.7
[INFO] [stderr]    Compiling cipher v0.4.4
[INFO] [stderr]    Compiling polyval v0.6.2
[INFO] [stderr]    Compiling poly1305 v0.8.0
[INFO] [stderr]    Compiling rust-argon2 v2.1.0
[INFO] [stderr]    Compiling sha2 v0.10.8
[INFO] [stderr]    Compiling sha3 v0.10.8
[INFO] [stderr]    Compiling aead v0.5.2
[INFO] [stderr]    Compiling ghash v0.5.1
[INFO] [stderr]    Compiling ctr v0.9.2
[INFO] [stderr]    Compiling aes v0.8.4
[INFO] [stderr]    Compiling chacha20 v0.9.1
[INFO] [stderr]    Compiling ascon-aead v0.4.2
[INFO] [stderr]    Compiling chacha20poly1305 v0.10.1
[INFO] [stderr]    Compiling aes-gcm v0.10.3
[INFO] [stderr]    Compiling kyber-pke v0.5.0
[INFO] [stderr]    Compiling citadel_types v0.8.0
[INFO] [stderr]    Compiling citadel_pqcrypto v0.9.0
[INFO] [stderr]    Compiling citadel_crypt v0.9.0 (/opt/rustwide/workdir)
[INFO] [stderr]     Finished `dev` profile [unoptimized + debuginfo] target(s) in 33.48s
[INFO] running `Command { std: "docker" "inspect" "8f857973ede174775bc6e4430037b5560868de553e2d60329731ca8df8340637", kill_on_drop: false }`
[INFO] running `Command { std: "docker" "rm" "-f" "8f857973ede174775bc6e4430037b5560868de553e2d60329731ca8df8340637", kill_on_drop: false }`
[INFO] [stdout] 8f857973ede174775bc6e4430037b5560868de553e2d60329731ca8df8340637
[INFO] running `Command { std: "docker" "create" "-v" "/var/lib/crater-agent-workspace/builds/worker-3-tc1/target:/opt/rustwide/target:rw,Z" "-v" "/var/lib/crater-agent-workspace/builds/worker-3-tc1/source:/opt/rustwide/workdir:ro,Z" "-v" "/var/lib/crater-agent-workspace/cargo-home:/opt/rustwide/cargo-home:ro,Z" "-v" "/var/lib/crater-agent-workspace/rustup-home:/opt/rustwide/rustup-home:ro,Z" "-e" "SOURCE_DIR=/opt/rustwide/workdir" "-e" "CARGO_TARGET_DIR=/opt/rustwide/target" "-e" "CARGO_INCREMENTAL=0" "-e" "RUST_BACKTRACE=full" "-e" "RUSTFLAGS=--cap-lints=forbid" "-e" "RUSTDOCFLAGS=--cap-lints=forbid" "-e" "CARGO_HOME=/opt/rustwide/cargo-home" "-e" "RUSTUP_HOME=/opt/rustwide/rustup-home" "-w" "/opt/rustwide/workdir" "-m" "1610612736" "--user" "0:0" "--network" "none" "ghcr.io/rust-lang/crates-build-env/linux@sha256:4a844ea9eb2546a2d2c7022eacef16ef2e8229c7fbb2c7d4d55a9ceca922f72d" "/opt/rustwide/cargo-home/bin/cargo" "+nightly-2024-10-28" "test" "--frozen" "--no-run" "--message-format=json", kill_on_drop: false }`
[INFO] [stdout] 3d234eba2d9a0208b5677e9583cd7d58d65a1dbc85e6256921861dfe2700a72e
[INFO] running `Command { std: "docker" "start" "-a" "3d234eba2d9a0208b5677e9583cd7d58d65a1dbc85e6256921861dfe2700a72e", kill_on_drop: false }`
[INFO] [stderr]    Compiling citadel_crypt v0.9.0 (/opt/rustwide/workdir)
[INFO] [stdout] error: couldn't read `tests/../../resources/TheBridge.pdf`: No such file or directory (os error 2)
[INFO] [stdout]    --> tests/primary.rs:892:19
[INFO] [stdout]     |
[INFO] [stdout] 892 |         let cmp = include_bytes!("../../resources/TheBridge.pdf");
[INFO] [stdout]     |                   ^^^^^^^^^^^^^^^^^^^^^^^^^^^^^^^^^^^^^^^^^^^^^^^
[INFO] [stdout]     |
[INFO] [stdout]     = note: this error originates in the macro `include_bytes` (in Nightly builds, run with -Z macro-backtrace for more info)
[INFO] [stdout] 
[INFO] [stdout] 
[INFO] [stdout] error: functions used as tests can not have any arguments
[INFO] [stdout]    --> tests/primary.rs:797:11
[INFO] [stdout]     |
[INFO] [stdout] 797 |       async fn encrypt_decrypt_file_transfer(
[INFO] [stdout]     |  ___________^
[INFO] [stdout] 798 | |         #[case] enx: EncryptionAlgorithm,
[INFO] [stdout] 799 | |         #[case] kem: KemAlgorithm,
[INFO] [stdout] 800 | |         #[case] sig: SigAlgorithm,
[INFO] [stdout] ...   |
[INFO] [stdout] 812 | |         assert_eq!(bytes, bytes_ret);
[INFO] [stdout] 813 | |     }
[INFO] [stdout]     | |_____^
[INFO] [stdout] 
[INFO] [stdout] 
[INFO] [stdout] error: functions used as tests can not have any arguments
[INFO] [stdout]    --> tests/primary.rs:838:11
[INFO] [stdout]     |
[INFO] [stdout] 838 |       async fn encrypt_decrypt_file_transfer_remote(
[INFO] [stdout]     |  ___________^
[INFO] [stdout] 839 | |         #[case] enx: EncryptionAlgorithm,
[INFO] [stdout] 840 | |         #[case] kem: KemAlgorithm,
[INFO] [stdout] 841 | |         #[case] sig: SigAlgorithm,
[INFO] [stdout] ...   |
[INFO] [stdout] 859 | |         assert!(sa_bob.local_decrypt(&bytes_ret, security_level).is_err());
[INFO] [stdout] 860 | |     }
[INFO] [stdout]     | |_____^
[INFO] [stdout] 
[INFO] [stdout] 
[INFO] [stdout] error[E0432]: unresolved import `rstest`
[INFO] [stdout]   --> tests/primary.rs:20:9
[INFO] [stdout]    |
[INFO] [stdout] 20 |     use rstest::rstest;
[INFO] [stdout]    |         ^^^^^^ use of undeclared crate or module `rstest`
[INFO] [stdout] 
[INFO] [stdout] 
[INFO] [stdout] error[E0433]: failed to resolve: use of undeclared crate or module `lazy_static`
[INFO] [stdout]   --> tests/primary.rs:24:5
[INFO] [stdout]    |
[INFO] [stdout] 24 |     lazy_static::lazy_static! {
[INFO] [stdout]    |     ^^^^^^^^^^^ use of undeclared crate or module `lazy_static`
[INFO] [stdout] 
[INFO] [stdout] 
[INFO] [stdout] error: cannot find attribute `case` in this scope
[INFO] [stdout]    --> tests/primary.rs:350:7
[INFO] [stdout]     |
[INFO] [stdout] 350 |     #[case(
[INFO] [stdout]     |       ^^^^
[INFO] [stdout] 
[INFO] [stdout] 
[INFO] [stdout] error: cannot find attribute `case` in this scope
[INFO] [stdout]    --> tests/primary.rs:355:7
[INFO] [stdout]     |
[INFO] [stdout] 355 |     #[case(
[INFO] [stdout]     |       ^^^^
[INFO] [stdout] 
[INFO] [stdout] 
[INFO] [stdout] error: cannot find attribute `case` in this scope
[INFO] [stdout]    --> tests/primary.rs:360:7
[INFO] [stdout]     |
[INFO] [stdout] 360 |     #[case(
[INFO] [stdout]     |       ^^^^
[INFO] [stdout] 
[INFO] [stdout] 
[INFO] [stdout] error: cannot find attribute `case` in this scope
[INFO] [stdout]    --> tests/primary.rs:365:7
[INFO] [stdout]     |
[INFO] [stdout] 365 |     #[case(
[INFO] [stdout]     |       ^^^^
[INFO] [stdout] 
[INFO] [stdout] 
[INFO] [stdout] error: cannot find attribute `case` in this scope
[INFO] [stdout]    --> tests/primary.rs:371:11
[INFO] [stdout]     |
[INFO] [stdout] 371 |         #[case] enx: EncryptionAlgorithm,
[INFO] [stdout]     |           ^^^^
[INFO] [stdout] 
[INFO] [stdout] 
[INFO] [stdout] error: cannot find attribute `case` in this scope
[INFO] [stdout]    --> tests/primary.rs:372:11
[INFO] [stdout]     |
[INFO] [stdout] 372 |         #[case] kem: KemAlgorithm,
[INFO] [stdout]     |           ^^^^
[INFO] [stdout] 
[INFO] [stdout] 
[INFO] [stdout] error: cannot find attribute `case` in this scope
[INFO] [stdout]    --> tests/primary.rs:373:11
[INFO] [stdout]     |
[INFO] [stdout] 373 |         #[case] sig: SigAlgorithm,
[INFO] [stdout]     |           ^^^^
[INFO] [stdout] 
[INFO] [stdout] 
[INFO] [stdout] error: cannot find attribute `case` in this scope
[INFO] [stdout]    --> tests/primary.rs:496:7
[INFO] [stdout]     |
[INFO] [stdout] 496 |     #[case(
[INFO] [stdout]     |       ^^^^
[INFO] [stdout] 
[INFO] [stdout] 
[INFO] [stdout] error: cannot find attribute `case` in this scope
[INFO] [stdout]    --> tests/primary.rs:501:7
[INFO] [stdout]     |
[INFO] [stdout] 501 |     #[case(
[INFO] [stdout]     |       ^^^^
[INFO] [stdout] 
[INFO] [stdout] 
[INFO] [stdout] error: cannot find attribute `case` in this scope
[INFO] [stdout]    --> tests/primary.rs:506:7
[INFO] [stdout]     |
[INFO] [stdout] 506 |     #[case(
[INFO] [stdout]     |       ^^^^
[INFO] [stdout] 
[INFO] [stdout] 
[INFO] [stdout] error: cannot find attribute `case` in this scope
[INFO] [stdout]    --> tests/primary.rs:511:7
[INFO] [stdout]     |
[INFO] [stdout] 511 |     #[case(
[INFO] [stdout]     |       ^^^^
[INFO] [stdout] 
[INFO] [stdout] 
[INFO] [stdout] error: cannot find attribute `case` in this scope
[INFO] [stdout]    --> tests/primary.rs:517:11
[INFO] [stdout]     |
[INFO] [stdout] 517 |         #[case] enx: EncryptionAlgorithm,
[INFO] [stdout]     |           ^^^^
[INFO] [stdout] 
[INFO] [stdout] 
[INFO] [stdout] error: cannot find attribute `case` in this scope
[INFO] [stdout]    --> tests/primary.rs:518:11
[INFO] [stdout]     |
[INFO] [stdout] 518 |         #[case] kem: KemAlgorithm,
[INFO] [stdout]     |           ^^^^
[INFO] [stdout] 
[INFO] [stdout] 
[INFO] [stdout] error: cannot find attribute `case` in this scope
[INFO] [stdout]    --> tests/primary.rs:519:11
[INFO] [stdout]     |
[INFO] [stdout] 519 |         #[case] sig: SigAlgorithm,
[INFO] [stdout]     |           ^^^^
[INFO] [stdout] 
[INFO] [stdout] 
[INFO] [stdout] error: cannot find attribute `case` in this scope
[INFO] [stdout]    --> tests/primary.rs:591:7
[INFO] [stdout]     |
[INFO] [stdout] 591 |     #[case(
[INFO] [stdout]     |       ^^^^
[INFO] [stdout] 
[INFO] [stdout] 
[INFO] [stdout] error: cannot find attribute `case` in this scope
[INFO] [stdout]    --> tests/primary.rs:596:7
[INFO] [stdout]     |
[INFO] [stdout] 596 |     #[case(
[INFO] [stdout]     |       ^^^^
[INFO] [stdout] 
[INFO] [stdout] 
[INFO] [stdout] error: cannot find attribute `case` in this scope
[INFO] [stdout]    --> tests/primary.rs:601:7
[INFO] [stdout]     |
[INFO] [stdout] 601 |     #[case(
[INFO] [stdout]     |       ^^^^
[INFO] [stdout] 
[INFO] [stdout] 
[INFO] [stdout] error: cannot find attribute `case` in this scope
[INFO] [stdout]    --> tests/primary.rs:606:7
[INFO] [stdout]     |
[INFO] [stdout] 606 |     #[case(
[INFO] [stdout]     |       ^^^^
[INFO] [stdout] 
[INFO] [stdout] 
[INFO] [stdout] error: cannot find attribute `case` in this scope
[INFO] [stdout]    --> tests/primary.rs:612:11
[INFO] [stdout]     |
[INFO] [stdout] 612 |         #[case] enx: EncryptionAlgorithm,
[INFO] [stdout]     |           ^^^^
[INFO] [stdout] 
[INFO] [stdout] 
[INFO] [stdout] error: cannot find attribute `case` in this scope
[INFO] [stdout]    --> tests/primary.rs:613:11
[INFO] [stdout]     |
[INFO] [stdout] 613 |         #[case] kem: KemAlgorithm,
[INFO] [stdout]     |           ^^^^
[INFO] [stdout] 
[INFO] [stdout] 
[INFO] [stdout] error: cannot find attribute `case` in this scope
[INFO] [stdout]    --> tests/primary.rs:614:11
[INFO] [stdout]     |
[INFO] [stdout] 614 |         #[case] sig: SigAlgorithm,
[INFO] [stdout]     |           ^^^^
[INFO] [stdout] 
[INFO] [stdout] 
[INFO] [stdout] error: cannot find attribute `case` in this scope
[INFO] [stdout]    --> tests/primary.rs:634:7
[INFO] [stdout]     |
[INFO] [stdout] 634 |     #[case(
[INFO] [stdout]     |       ^^^^
[INFO] [stdout] 
[INFO] [stdout] 
[INFO] [stdout] error: cannot find attribute `case` in this scope
[INFO] [stdout]    --> tests/primary.rs:639:7
[INFO] [stdout]     |
[INFO] [stdout] 639 |     #[case(
[INFO] [stdout]     |       ^^^^
[INFO] [stdout] 
[INFO] [stdout] 
[INFO] [stdout] error: cannot find attribute `case` in this scope
[INFO] [stdout]    --> tests/primary.rs:644:7
[INFO] [stdout]     |
[INFO] [stdout] 644 |     #[case(
[INFO] [stdout]     |       ^^^^
[INFO] [stdout] 
[INFO] [stdout] 
[INFO] [stdout] error: cannot find attribute `case` in this scope
[INFO] [stdout]    --> tests/primary.rs:649:7
[INFO] [stdout]     |
[INFO] [stdout] 649 |     #[case(
[INFO] [stdout]     |       ^^^^
[INFO] [stdout] 
[INFO] [stdout] 
[INFO] [stdout] error: cannot find attribute `case` in this scope
[INFO] [stdout]    --> tests/primary.rs:655:11
[INFO] [stdout]     |
[INFO] [stdout] 655 |         #[case] enx: EncryptionAlgorithm,
[INFO] [stdout]     |           ^^^^
[INFO] [stdout] 
[INFO] [stdout] 
[INFO] [stdout] error: cannot find attribute `case` in this scope
[INFO] [stdout]    --> tests/primary.rs:656:11
[INFO] [stdout]     |
[INFO] [stdout] 656 |         #[case] kem: KemAlgorithm,
[INFO] [stdout]     |           ^^^^
[INFO] [stdout] 
[INFO] [stdout] 
[INFO] [stdout] error: cannot find attribute `case` in this scope
[INFO] [stdout]    --> tests/primary.rs:657:11
[INFO] [stdout]     |
[INFO] [stdout] 657 |         #[case] sig: SigAlgorithm,
[INFO] [stdout]     |           ^^^^
[INFO] [stdout] 
[INFO] [stdout] 
[INFO] [stdout] error: cannot find attribute `case` in this scope
[INFO] [stdout]    --> tests/primary.rs:776:7
[INFO] [stdout]     |
[INFO] [stdout] 776 |     #[case(
[INFO] [stdout]     |       ^^^^
[INFO] [stdout] 
[INFO] [stdout] 
[INFO] [stdout] error: cannot find attribute `case` in this scope
[INFO] [stdout]    --> tests/primary.rs:781:7
[INFO] [stdout]     |
[INFO] [stdout] 781 |     #[case(
[INFO] [stdout]     |       ^^^^
[INFO] [stdout] 
[INFO] [stdout] 
[INFO] [stdout] error: cannot find attribute `case` in this scope
[INFO] [stdout]    --> tests/primary.rs:786:7
[INFO] [stdout]     |
[INFO] [stdout] 786 |     #[case(
[INFO] [stdout]     |       ^^^^
[INFO] [stdout] 
[INFO] [stdout] 
[INFO] [stdout] error: cannot find attribute `case` in this scope
[INFO] [stdout]    --> tests/primary.rs:791:7
[INFO] [stdout]     |
[INFO] [stdout] 791 |     #[case(
[INFO] [stdout]     |       ^^^^
[INFO] [stdout] 
[INFO] [stdout] 
[INFO] [stdout] error: cannot find attribute `case` in this scope
[INFO] [stdout]    --> tests/primary.rs:798:11
[INFO] [stdout]     |
[INFO] [stdout] 798 |         #[case] enx: EncryptionAlgorithm,
[INFO] [stdout]     |           ^^^^
[INFO] [stdout] 
[INFO] [stdout] 
[INFO] [stdout] error: cannot find attribute `case` in this scope
[INFO] [stdout]    --> tests/primary.rs:799:11
[INFO] [stdout]     |
[INFO] [stdout] 799 |         #[case] kem: KemAlgorithm,
[INFO] [stdout]     |           ^^^^
[INFO] [stdout] 
[INFO] [stdout] 
[INFO] [stdout] error: cannot find attribute `case` in this scope
[INFO] [stdout]    --> tests/primary.rs:800:11
[INFO] [stdout]     |
[INFO] [stdout] 800 |         #[case] sig: SigAlgorithm,
[INFO] [stdout]     |           ^^^^
[INFO] [stdout] 
[INFO] [stdout] 
[INFO] [stdout] error: cannot find attribute `case` in this scope
[INFO] [stdout]    --> tests/primary.rs:817:7
[INFO] [stdout]     |
[INFO] [stdout] 817 |     #[case(
[INFO] [stdout]     |       ^^^^
[INFO] [stdout] 
[INFO] [stdout] 
[INFO] [stdout] error: cannot find attribute `case` in this scope
[INFO] [stdout]    --> tests/primary.rs:822:7
[INFO] [stdout]     |
[INFO] [stdout] 822 |     #[case(
[INFO] [stdout]     |       ^^^^
[INFO] [stdout] 
[INFO] [stdout] 
[INFO] [stdout] error: cannot find attribute `case` in this scope
[INFO] [stdout]    --> tests/primary.rs:827:7
[INFO] [stdout]     |
[INFO] [stdout] 827 |     #[case(
[INFO] [stdout]     |       ^^^^
[INFO] [stdout] 
[INFO] [stdout] 
[INFO] [stdout] error: cannot find attribute `case` in this scope
[INFO] [stdout]    --> tests/primary.rs:832:7
[INFO] [stdout]     |
[INFO] [stdout] 832 |     #[case(
[INFO] [stdout]     |       ^^^^
[INFO] [stdout] 
[INFO] [stdout] 
[INFO] [stdout] error: cannot find attribute `case` in this scope
[INFO] [stdout]    --> tests/primary.rs:839:11
[INFO] [stdout]     |
[INFO] [stdout] 839 |         #[case] enx: EncryptionAlgorithm,
[INFO] [stdout]     |           ^^^^
[INFO] [stdout] 
[INFO] [stdout] 
[INFO] [stdout] error: cannot find attribute `case` in this scope
[INFO] [stdout]    --> tests/primary.rs:840:11
[INFO] [stdout]     |
[INFO] [stdout] 840 |         #[case] kem: KemAlgorithm,
[INFO] [stdout]     |           ^^^^
[INFO] [stdout] 
[INFO] [stdout] 
[INFO] [stdout] error: cannot find attribute `case` in this scope
[INFO] [stdout]    --> tests/primary.rs:841:11
[INFO] [stdout]     |
[INFO] [stdout] 841 |         #[case] sig: SigAlgorithm,
[INFO] [stdout]     |           ^^^^
[INFO] [stdout] 
[INFO] [stdout] 
[INFO] [stdout] error: cannot find attribute `values` in this scope
[INFO] [stdout]    --> tests/primary.rs:842:11
[INFO] [stdout]     |
[INFO] [stdout] 842 |         #[values(SecurityLevel::Standard, SecurityLevel::Reinforced)] security_level: SecurityLevel,
[INFO] [stdout]     |           ^^^^^^
[INFO] [stdout] 
[INFO] [stdout] 
[INFO] [stdout] error: cannot find attribute `case` in this scope
[INFO] [stdout]    --> tests/primary.rs:964:7
[INFO] [stdout]     |
[INFO] [stdout] 964 |     #[case(
[INFO] [stdout]     |       ^^^^
[INFO] [stdout] 
[INFO] [stdout] 
[INFO] [stdout] error: cannot find attribute `case` in this scope
[INFO] [stdout]    --> tests/primary.rs:969:7
[INFO] [stdout]     |
[INFO] [stdout] 969 |     #[case(
[INFO] [stdout]     |       ^^^^
[INFO] [stdout] 
[INFO] [stdout] 
[INFO] [stdout] error: cannot find attribute `case` in this scope
[INFO] [stdout]    --> tests/primary.rs:974:7
[INFO] [stdout]     |
[INFO] [stdout] 974 |     #[case(
[INFO] [stdout]     |       ^^^^
[INFO] [stdout] 
[INFO] [stdout] 
[INFO] [stdout] error: cannot find attribute `case` in this scope
[INFO] [stdout]    --> tests/primary.rs:979:7
[INFO] [stdout]     |
[INFO] [stdout] 979 |     #[case(
[INFO] [stdout]     |       ^^^^
[INFO] [stdout] 
[INFO] [stdout] 
[INFO] [stdout] error: cannot find attribute `case` in this scope
[INFO] [stdout]    --> tests/primary.rs:985:11
[INFO] [stdout]     |
[INFO] [stdout] 985 |         #[case] enx: EncryptionAlgorithm,
[INFO] [stdout]     |           ^^^^
[INFO] [stdout] 
[INFO] [stdout] 
[INFO] [stdout] error: cannot find attribute `case` in this scope
[INFO] [stdout]    --> tests/primary.rs:986:11
[INFO] [stdout]     |
[INFO] [stdout] 986 |         #[case] kem: KemAlgorithm,
[INFO] [stdout]     |           ^^^^
[INFO] [stdout] 
[INFO] [stdout] 
[INFO] [stdout] error: cannot find attribute `case` in this scope
[INFO] [stdout]    --> tests/primary.rs:987:11
[INFO] [stdout]     |
[INFO] [stdout] 987 |         #[case] sig: SigAlgorithm,
[INFO] [stdout]     |           ^^^^
[INFO] [stdout] 
[INFO] [stdout] 
[INFO] [stdout] error: cannot find attribute `case` in this scope
[INFO] [stdout]    --> tests/primary.rs:999:7
[INFO] [stdout]     |
[INFO] [stdout] 999 |     #[case(
[INFO] [stdout]     |       ^^^^
[INFO] [stdout] 
[INFO] [stdout] 
[INFO] [stdout] error: cannot find attribute `case` in this scope
[INFO] [stdout]     --> tests/primary.rs:1005:11
[INFO] [stdout]      |
[INFO] [stdout] 1005 |         #[case] enx: EncryptionAlgorithm,
[INFO] [stdout]      |           ^^^^
[INFO] [stdout] 
[INFO] [stdout] 
[INFO] [stdout] error: cannot find attribute `case` in this scope
[INFO] [stdout]     --> tests/primary.rs:1006:11
[INFO] [stdout]      |
[INFO] [stdout] 1006 |         #[case] kem: KemAlgorithm,
[INFO] [stdout]      |           ^^^^
[INFO] [stdout] 
[INFO] [stdout] 
[INFO] [stdout] error: cannot find attribute `case` in this scope
[INFO] [stdout]     --> tests/primary.rs:1007:11
[INFO] [stdout]      |
[INFO] [stdout] 1007 |         #[case] sig: SigAlgorithm,
[INFO] [stdout]      |           ^^^^
[INFO] [stdout] 
[INFO] [stdout] 
[INFO] [stdout] error: cannot find attribute `case` in this scope
[INFO] [stdout]     --> tests/primary.rs:1023:7
[INFO] [stdout]      |
[INFO] [stdout] 1023 |     #[case(
[INFO] [stdout]      |       ^^^^
[INFO] [stdout] 
[INFO] [stdout] 
[INFO] [stdout] error: cannot find attribute `case` in this scope
[INFO] [stdout]     --> tests/primary.rs:1028:7
[INFO] [stdout]      |
[INFO] [stdout] 1028 |     #[case(
[INFO] [stdout]      |       ^^^^
[INFO] [stdout] 
[INFO] [stdout] 
[INFO] [stdout] error: cannot find attribute `case` in this scope
[INFO] [stdout]     --> tests/primary.rs:1033:7
[INFO] [stdout]      |
[INFO] [stdout] 1033 |     #[case(
[INFO] [stdout]      |       ^^^^
[INFO] [stdout] 
[INFO] [stdout] 
[INFO] [stdout] error: cannot find attribute `case` in this scope
[INFO] [stdout]     --> tests/primary.rs:1038:7
[INFO] [stdout]      |
[INFO] [stdout] 1038 |     #[case(
[INFO] [stdout]      |       ^^^^
[INFO] [stdout] 
[INFO] [stdout] 
[INFO] [stdout] error: cannot find attribute `case` in this scope
[INFO] [stdout]     --> tests/primary.rs:1044:11
[INFO] [stdout]      |
[INFO] [stdout] 1044 |         #[case] enx: EncryptionAlgorithm,
[INFO] [stdout]      |           ^^^^
[INFO] [stdout] 
[INFO] [stdout] 
[INFO] [stdout] error: cannot find attribute `case` in this scope
[INFO] [stdout]     --> tests/primary.rs:1045:11
[INFO] [stdout]      |
[INFO] [stdout] 1045 |         #[case] kem: KemAlgorithm,
[INFO] [stdout]      |           ^^^^
[INFO] [stdout] 
[INFO] [stdout] 
[INFO] [stdout] error: cannot find attribute `case` in this scope
[INFO] [stdout]     --> tests/primary.rs:1046:11
[INFO] [stdout]      |
[INFO] [stdout] 1046 |         #[case] sig: SigAlgorithm,
[INFO] [stdout]      |           ^^^^
[INFO] [stdout] 
[INFO] [stdout] 
[INFO] [stdout] error: cannot find attribute `case` in this scope
[INFO] [stdout]     --> tests/primary.rs:1057:7
[INFO] [stdout]      |
[INFO] [stdout] 1057 |     #[case(
[INFO] [stdout]      |       ^^^^
[INFO] [stdout] 
[INFO] [stdout] 
[INFO] [stdout] error: cannot find attribute `case` in this scope
[INFO] [stdout]     --> tests/primary.rs:1062:7
[INFO] [stdout]      |
[INFO] [stdout] 1062 |     #[case(
[INFO] [stdout]      |       ^^^^
[INFO] [stdout] 
[INFO] [stdout] 
[INFO] [stdout] error: cannot find attribute `case` in this scope
[INFO] [stdout]     --> tests/primary.rs:1067:7
[INFO] [stdout]      |
[INFO] [stdout] 1067 |     #[case(
[INFO] [stdout]      |       ^^^^
[INFO] [stdout] 
[INFO] [stdout] 
[INFO] [stdout] error: cannot find attribute `case` in this scope
[INFO] [stdout]     --> tests/primary.rs:1072:7
[INFO] [stdout]      |
[INFO] [stdout] 1072 |     #[case(
[INFO] [stdout]      |       ^^^^
[INFO] [stdout] 
[INFO] [stdout] 
[INFO] [stdout] error: cannot find attribute `case` in this scope
[INFO] [stdout]     --> tests/primary.rs:1078:11
[INFO] [stdout]      |
[INFO] [stdout] 1078 |         #[case] enx: EncryptionAlgorithm,
[INFO] [stdout]      |           ^^^^
[INFO] [stdout] 
[INFO] [stdout] 
[INFO] [stdout] error: cannot find attribute `case` in this scope
[INFO] [stdout]     --> tests/primary.rs:1079:11
[INFO] [stdout]      |
[INFO] [stdout] 1079 |         #[case] kem: KemAlgorithm,
[INFO] [stdout]      |           ^^^^
[INFO] [stdout] 
[INFO] [stdout] 
[INFO] [stdout] error: cannot find attribute `case` in this scope
[INFO] [stdout]     --> tests/primary.rs:1080:11
[INFO] [stdout]      |
[INFO] [stdout] 1080 |         #[case] sig: SigAlgorithm,
[INFO] [stdout]      |           ^^^^
[INFO] [stdout] 
[INFO] [stdout] 
[INFO] [stdout] error[E0425]: cannot find value `PRE_SHARED_KEYS` in this scope
[INFO] [stdout]    --> tests/primary.rs:225:22
[INFO] [stdout]     |
[INFO] [stdout] 225 |                     &PRE_SHARED_KEYS,
[INFO] [stdout]     |                      ^^^^^^^^^^^^^^^ not found in this scope
[INFO] [stdout] 
[INFO] [stdout] 
[INFO] [stdout] error[E0425]: cannot find value `PRE_SHARED_KEYS` in this scope
[INFO] [stdout]    --> tests/primary.rs:226:22
[INFO] [stdout]     |
[INFO] [stdout] 226 |                     &PRE_SHARED_KEYS,
[INFO] [stdout]     |                      ^^^^^^^^^^^^^^^ not found in this scope
[INFO] [stdout] 
[INFO] [stdout] 
[INFO] [stdout] error[E0425]: cannot find value `PRE_SHARED_KEYS` in this scope
[INFO] [stdout]    --> tests/primary.rs:232:22
[INFO] [stdout]     |
[INFO] [stdout] 232 |                     &PRE_SHARED_KEYS,
[INFO] [stdout]     |                      ^^^^^^^^^^^^^^^ not found in this scope
[INFO] [stdout] 
[INFO] [stdout] 
[INFO] [stdout] error[E0425]: cannot find value `PRE_SHARED_KEYS` in this scope
[INFO] [stdout]    --> tests/primary.rs:233:22
[INFO] [stdout]     |
[INFO] [stdout] 233 |                     &PRE_SHARED_KEYS,
[INFO] [stdout]     |                      ^^^^^^^^^^^^^^^ not found in this scope
[INFO] [stdout] 
[INFO] [stdout] 
[INFO] [stdout] error[E0425]: cannot find value `PRE_SHARED_KEYS` in this scope
[INFO] [stdout]    --> tests/primary.rs:248:22
[INFO] [stdout]     |
[INFO] [stdout] 248 |                     &PRE_SHARED_KEYS,
[INFO] [stdout]     |                      ^^^^^^^^^^^^^^^ not found in this scope
[INFO] [stdout] 
[INFO] [stdout] 
[INFO] [stdout] error[E0425]: cannot find value `PRE_SHARED_KEYS` in this scope
[INFO] [stdout]    --> tests/primary.rs:249:22
[INFO] [stdout]     |
[INFO] [stdout] 249 |                     &PRE_SHARED_KEYS,
[INFO] [stdout]     |                      ^^^^^^^^^^^^^^^ not found in this scope
[INFO] [stdout] 
[INFO] [stdout] 
[INFO] [stdout] error[E0425]: cannot find value `PRE_SHARED_KEYS` in this scope
[INFO] [stdout]    --> tests/primary.rs:255:22
[INFO] [stdout]     |
[INFO] [stdout] 255 |                     &PRE_SHARED_KEYS,
[INFO] [stdout]     |                      ^^^^^^^^^^^^^^^ not found in this scope
[INFO] [stdout] 
[INFO] [stdout] 
[INFO] [stdout] error[E0425]: cannot find value `PRE_SHARED_KEYS` in this scope
[INFO] [stdout]    --> tests/primary.rs:256:22
[INFO] [stdout]     |
[INFO] [stdout] 256 |                     &PRE_SHARED_KEYS,
[INFO] [stdout]     |                      ^^^^^^^^^^^^^^^ not found in this scope
[INFO] [stdout] 
[INFO] [stdout] 
[INFO] [stdout] error[E0425]: cannot find value `PRE_SHARED_KEYS` in this scope
[INFO] [stdout]    --> tests/primary.rs:270:18
[INFO] [stdout]     |
[INFO] [stdout] 270 |                 &PRE_SHARED_KEYS,
[INFO] [stdout]     |                  ^^^^^^^^^^^^^^^ not found in this scope
[INFO] [stdout] 
[INFO] [stdout] 
[INFO] [stdout] error[E0425]: cannot find value `PRE_SHARED_KEYS` in this scope
[INFO] [stdout]    --> tests/primary.rs:271:18
[INFO] [stdout]     |
[INFO] [stdout] 271 |                 &PRE_SHARED_KEYS,
[INFO] [stdout]     |                  ^^^^^^^^^^^^^^^ not found in this scope
[INFO] [stdout] 
[INFO] [stdout] 
[INFO] [stdout] error[E0425]: cannot find value `PRE_SHARED_KEYS` in this scope
[INFO] [stdout]    --> tests/primary.rs:390:14
[INFO] [stdout]     |
[INFO] [stdout] 390 |             &PRE_SHARED_KEYS,
[INFO] [stdout]     |              ^^^^^^^^^^^^^^^ not found in this scope
[INFO] [stdout] 
[INFO] [stdout] 
[INFO] [stdout] error[E0425]: cannot find value `PRE_SHARED_KEYS` in this scope
[INFO] [stdout]    --> tests/primary.rs:391:14
[INFO] [stdout]     |
[INFO] [stdout] 391 |             &PRE_SHARED_KEYS,
[INFO] [stdout]     |              ^^^^^^^^^^^^^^^ not found in this scope
[INFO] [stdout] 
[INFO] [stdout] 
[INFO] [stdout] error[E0425]: cannot find value `PRE_SHARED_KEYS` in this scope
[INFO] [stdout]    --> tests/primary.rs:404:26
[INFO] [stdout]     |
[INFO] [stdout] 404 |                         &PRE_SHARED_KEYS,
[INFO] [stdout]     |                          ^^^^^^^^^^^^^^^ not found in this scope
[INFO] [stdout] 
[INFO] [stdout] 
[INFO] [stdout] error[E0425]: cannot find value `PRE_SHARED_KEYS` in this scope
[INFO] [stdout]    --> tests/primary.rs:405:26
[INFO] [stdout]     |
[INFO] [stdout] 405 |                         &PRE_SHARED_KEYS,
[INFO] [stdout]     |                          ^^^^^^^^^^^^^^^ not found in this scope
[INFO] [stdout] 
[INFO] [stdout] 
[INFO] [stdout] error[E0425]: cannot find value `PRE_SHARED_KEYS` in this scope
[INFO] [stdout]    --> tests/primary.rs:445:22
[INFO] [stdout]     |
[INFO] [stdout] 445 |                     &PRE_SHARED_KEYS,
[INFO] [stdout]     |                      ^^^^^^^^^^^^^^^ not found in this scope
[INFO] [stdout] 
[INFO] [stdout] 
[INFO] [stdout] error[E0425]: cannot find value `PRE_SHARED_KEYS` in this scope
[INFO] [stdout]    --> tests/primary.rs:446:22
[INFO] [stdout]     |
[INFO] [stdout] 446 |                     &PRE_SHARED_KEYS,
[INFO] [stdout]     |                      ^^^^^^^^^^^^^^^ not found in this scope
[INFO] [stdout] 
[INFO] [stdout] 
[INFO] [stdout] error[E0425]: cannot find value `PRE_SHARED_KEYS` in this scope
[INFO] [stdout]    --> tests/primary.rs:539:14
[INFO] [stdout]     |
[INFO] [stdout] 539 |             &PRE_SHARED_KEYS,
[INFO] [stdout]     |              ^^^^^^^^^^^^^^^ not found in this scope
[INFO] [stdout] 
[INFO] [stdout] 
[INFO] [stdout] error[E0425]: cannot find value `PRE_SHARED_KEYS` in this scope
[INFO] [stdout]    --> tests/primary.rs:540:14
[INFO] [stdout]     |
[INFO] [stdout] 540 |             &PRE_SHARED_KEYS,
[INFO] [stdout]     |              ^^^^^^^^^^^^^^^ not found in this scope
[INFO] [stdout] 
[INFO] [stdout] 
[INFO] [stdout] error[E0425]: cannot find value `PRE_SHARED_KEYS` in this scope
[INFO] [stdout]    --> tests/primary.rs:561:26
[INFO] [stdout]     |
[INFO] [stdout] 561 |                         &PRE_SHARED_KEYS,
[INFO] [stdout]     |                          ^^^^^^^^^^^^^^^ not found in this scope
[INFO] [stdout] 
[INFO] [stdout] 
[INFO] [stdout] error[E0425]: cannot find value `PRE_SHARED_KEYS` in this scope
[INFO] [stdout]    --> tests/primary.rs:562:26
[INFO] [stdout]     |
[INFO] [stdout] 562 |                         &PRE_SHARED_KEYS,
[INFO] [stdout]     |                          ^^^^^^^^^^^^^^^ not found in this scope
[INFO] [stdout] 
[INFO] [stdout] 
[INFO] [stdout] error[E0425]: cannot find value `PRE_SHARED_KEYS` in this scope
[INFO] [stdout]    --> tests/primary.rs:705:14
[INFO] [stdout]     |
[INFO] [stdout] 705 |             &PRE_SHARED_KEYS,
[INFO] [stdout]     |              ^^^^^^^^^^^^^^^ not found in this scope
[INFO] [stdout] 
[INFO] [stdout] 
[INFO] [stdout] error[E0425]: cannot find value `PRE_SHARED_KEYS` in this scope
[INFO] [stdout]    --> tests/primary.rs:706:14
[INFO] [stdout]     |
[INFO] [stdout] 706 |             &PRE_SHARED_KEYS,
[INFO] [stdout]     |              ^^^^^^^^^^^^^^^ not found in this scope
[INFO] [stdout] 
[INFO] [stdout] 
[INFO] [stdout] error[E0425]: cannot find value `PRE_SHARED_KEYS` in this scope
[INFO] [stdout]    --> tests/primary.rs:713:14
[INFO] [stdout]     |
[INFO] [stdout] 713 |             &PRE_SHARED_KEYS,
[INFO] [stdout]     |              ^^^^^^^^^^^^^^^ not found in this scope
[INFO] [stdout] 
[INFO] [stdout] 
[INFO] [stdout] error[E0425]: cannot find value `PRE_SHARED_KEYS` in this scope
[INFO] [stdout]    --> tests/primary.rs:714:14
[INFO] [stdout]     |
[INFO] [stdout] 714 |             &PRE_SHARED_KEYS,
[INFO] [stdout]     |              ^^^^^^^^^^^^^^^ not found in this scope
[INFO] [stdout] 
[INFO] [stdout] 
[INFO] [stdout] error[E0425]: cannot find value `PRE_SHARED_KEYS` in this scope
[INFO] [stdout]    --> tests/primary.rs:880:14
[INFO] [stdout]     |
[INFO] [stdout] 880 |             &PRE_SHARED_KEYS,
[INFO] [stdout]     |              ^^^^^^^^^^^^^^^ not found in this scope
[INFO] [stdout] 
[INFO] [stdout] 
[INFO] [stdout] error[E0425]: cannot find value `PRE_SHARED_KEYS` in this scope
[INFO] [stdout]    --> tests/primary.rs:881:14
[INFO] [stdout]     |
[INFO] [stdout] 881 |             &PRE_SHARED_KEYS,
[INFO] [stdout]     |              ^^^^^^^^^^^^^^^ not found in this scope
[INFO] [stdout] 
[INFO] [stdout] 
[INFO] [stdout] error[E0425]: cannot find value `PRE_SHARED_KEYS` in this scope
[INFO] [stdout]    --> tests/primary.rs:888:14
[INFO] [stdout]     |
[INFO] [stdout] 888 |             &PRE_SHARED_KEYS,
[INFO] [stdout]     |              ^^^^^^^^^^^^^^^ not found in this scope
[INFO] [stdout] 
[INFO] [stdout] 
[INFO] [stdout] error[E0425]: cannot find value `PRE_SHARED_KEYS` in this scope
[INFO] [stdout]    --> tests/primary.rs:889:14
[INFO] [stdout]     |
[INFO] [stdout] 889 |             &PRE_SHARED_KEYS,
[INFO] [stdout]     |              ^^^^^^^^^^^^^^^ not found in this scope
[INFO] [stdout] 
[INFO] [stdout] 
[INFO] [stdout] error[E0425]: cannot find value `PRE_SHARED_KEYS` in this scope
[INFO] [stdout]     --> tests/primary.rs:1012:14
[INFO] [stdout]      |
[INFO] [stdout] 1012 |             &PRE_SHARED_KEYS,
[INFO] [stdout]      |              ^^^^^^^^^^^^^^^ not found in this scope
[INFO] [stdout] 
[INFO] [stdout] 
[INFO] [stdout] error[E0425]: cannot find value `PRE_SHARED_KEYS2` in this scope
[INFO] [stdout]     --> tests/primary.rs:1013:14
[INFO] [stdout]      |
[INFO] [stdout] 1013 |             &PRE_SHARED_KEYS2,
[INFO] [stdout]      |              ^^^^^^^^^^^^^^^^ not found in this scope
[INFO] [stdout] 
[INFO] [stdout] 
[INFO] [stdout] error[E0425]: cannot find value `PRE_SHARED_KEYS` in this scope
[INFO] [stdout]     --> tests/primary.rs:1095:41
[INFO] [stdout]      |
[INFO] [stdout] 1095 |         test_harness_with_psks(params, &PRE_SHARED_KEYS, &PRE_SHARED_KEYS, fx);
[INFO] [stdout]      |                                         ^^^^^^^^^^^^^^^ not found in this scope
[INFO] [stdout] 
[INFO] [stdout] 
[INFO] [stdout] error[E0425]: cannot find value `PRE_SHARED_KEYS` in this scope
[INFO] [stdout]     --> tests/primary.rs:1095:59
[INFO] [stdout]      |
[INFO] [stdout] 1095 |         test_harness_with_psks(params, &PRE_SHARED_KEYS, &PRE_SHARED_KEYS, fx);
[INFO] [stdout]      |                                                           ^^^^^^^^^^^^^^^ not found in this scope
[INFO] [stdout] 
[INFO] [stdout] 
[INFO] [stdout] warning: unexpected `cfg` condition value: `fcm`
[INFO] [stdout]    --> tests/primary.rs:376:15
[INFO] [stdout]     |
[INFO] [stdout] 376 |         #[cfg(feature = "fcm")]
[INFO] [stdout]     |               ^^^^^^^^^^^^^^^
[INFO] [stdout]     |
[INFO] [stdout]     = note: expected values for `feature` are: `default`, `filesystem`, `std`, and `wasm`
[INFO] [stdout]     = help: consider adding `fcm` as a feature in `Cargo.toml`
[INFO] [stdout]     = note: see <https://doc.rust-lang.org/nightly/rustc/check-cfg/cargo-specifics.html> for more information about checking conditional configuration
[INFO] [stdout]     = note: `#[warn(unexpected_cfgs)]` on by default
[INFO] [stdout] 
[INFO] [stdout] 
[INFO] [stdout] warning: unexpected `cfg` condition value: `fcm`
[INFO] [stdout]    --> tests/primary.rs:522:15
[INFO] [stdout]     |
[INFO] [stdout] 522 |         #[cfg(feature = "fcm")]
[INFO] [stdout]     |               ^^^^^^^^^^^^^^^
[INFO] [stdout]     |
[INFO] [stdout]     = note: expected values for `feature` are: `default`, `filesystem`, `std`, and `wasm`
[INFO] [stdout]     = help: consider adding `fcm` as a feature in `Cargo.toml`
[INFO] [stdout]     = note: see <https://doc.rust-lang.org/nightly/rustc/check-cfg/cargo-specifics.html> for more information about checking conditional configuration
[INFO] [stdout] 
[INFO] [stdout] 
[INFO] [stdout] warning: unexpected `cfg` condition value: `fcm`
[INFO] [stdout]    --> tests/primary.rs:623:15
[INFO] [stdout]     |
[INFO] [stdout] 623 |         #[cfg(feature = "fcm")]
[INFO] [stdout]     |               ^^^^^^^^^^^^^^^
[INFO] [stdout]     |
[INFO] [stdout]     = note: expected values for `feature` are: `default`, `filesystem`, `std`, and `wasm`
[INFO] [stdout]     = help: consider adding `fcm` as a feature in `Cargo.toml`
[INFO] [stdout]     = note: see <https://doc.rust-lang.org/nightly/rustc/check-cfg/cargo-specifics.html> for more information about checking conditional configuration
[INFO] [stdout] 
[INFO] [stdout] 
[INFO] [stdout] warning: unexpected `cfg` condition value: `fcm`
[INFO] [stdout]    --> tests/primary.rs:681:15
[INFO] [stdout]     |
[INFO] [stdout] 681 |         #[cfg(feature = "fcm")]
[INFO] [stdout]     |               ^^^^^^^^^^^^^^^
[INFO] [stdout]     |
[INFO] [stdout]     = note: expected values for `feature` are: `default`, `filesystem`, `std`, and `wasm`
[INFO] [stdout]     = help: consider adding `fcm` as a feature in `Cargo.toml`
[INFO] [stdout]     = note: see <https://doc.rust-lang.org/nightly/rustc/check-cfg/cargo-specifics.html> for more information about checking conditional configuration
[INFO] [stdout] 
[INFO] [stdout] 
[INFO] [stdout] error[E0433]: failed to resolve: use of undeclared crate or module `citadel_logging`
[INFO] [stdout]   --> tests/primary.rs:33:9
[INFO] [stdout]    |
[INFO] [stdout] 33 |         citadel_logging::setup_log();
[INFO] [stdout]    |         ^^^^^^^^^^^^^^^ use of undeclared crate or module `citadel_logging`
[INFO] [stdout] 
[INFO] [stdout] 
[INFO] [stdout] error[E0433]: failed to resolve: use of undeclared crate or module `citadel_logging`
[INFO] [stdout]   --> tests/primary.rs:44:9
[INFO] [stdout]    |
[INFO] [stdout] 44 |         citadel_logging::setup_log();
[INFO] [stdout]    |         ^^^^^^^^^^^^^^^ use of undeclared crate or module `citadel_logging`
[INFO] [stdout] 
[INFO] [stdout] 
[INFO] [stdout] error[E0433]: failed to resolve: use of undeclared crate or module `citadel_logging`
[INFO] [stdout]    --> tests/primary.rs:198:9
[INFO] [stdout]     |
[INFO] [stdout] 198 |         citadel_logging::setup_log();
[INFO] [stdout]     |         ^^^^^^^^^^^^^^^ use of undeclared crate or module `citadel_logging`
[INFO] [stdout] 
[INFO] [stdout] 
[INFO] [stdout] error[E0433]: failed to resolve: use of undeclared crate or module `citadel_logging`
[INFO] [stdout]    --> tests/primary.rs:218:9
[INFO] [stdout]     |
[INFO] [stdout] 218 |         citadel_logging::setup_log();
[INFO] [stdout]     |         ^^^^^^^^^^^^^^^ use of undeclared crate or module `citadel_logging`
[INFO] [stdout] 
[INFO] [stdout] 
[INFO] [stdout] error[E0433]: failed to resolve: use of undeclared crate or module `citadel_logging`
[INFO] [stdout]    --> tests/primary.rs:241:9
[INFO] [stdout]     |
[INFO] [stdout] 241 |         citadel_logging::setup_log();
[INFO] [stdout]     |         ^^^^^^^^^^^^^^^ use of undeclared crate or module `citadel_logging`
[INFO] [stdout] 
[INFO] [stdout] 
[INFO] [stdout] error[E0433]: failed to resolve: use of undeclared crate or module `citadel_logging`
[INFO] [stdout]    --> tests/primary.rs:264:9
[INFO] [stdout]     |
[INFO] [stdout] 264 |         citadel_logging::setup_log();
[INFO] [stdout]     |         ^^^^^^^^^^^^^^^ use of undeclared crate or module `citadel_logging`
[INFO] [stdout] 
[INFO] [stdout] 
[INFO] [stdout] error[E0433]: failed to resolve: use of undeclared crate or module `citadel_logging`
[INFO] [stdout]    --> tests/primary.rs:381:9
[INFO] [stdout]     |
[INFO] [stdout] 381 |         citadel_logging::setup_log();
[INFO] [stdout]     |         ^^^^^^^^^^^^^^^ use of undeclared crate or module `citadel_logging`
[INFO] [stdout] 
[INFO] [stdout] 
[INFO] [stdout] error[E0433]: failed to resolve: use of undeclared crate or module `citadel_logging`
[INFO] [stdout]    --> tests/primary.rs:531:9
[INFO] [stdout]     |
[INFO] [stdout] 531 |         citadel_logging::setup_log();
[INFO] [stdout]     |         ^^^^^^^^^^^^^^^ use of undeclared crate or module `citadel_logging`
[INFO] [stdout] 
[INFO] [stdout] 
[INFO] [stdout] error[E0433]: failed to resolve: use of undeclared crate or module `citadel_logging`
[INFO] [stdout]    --> tests/primary.rs:694:9
[INFO] [stdout]     |
[INFO] [stdout] 694 |         citadel_logging::setup_log();
[INFO] [stdout]     |         ^^^^^^^^^^^^^^^ use of undeclared crate or module `citadel_logging`
[INFO] [stdout] 
[INFO] [stdout] 
[INFO] [stdout] error[E0433]: failed to resolve: use of undeclared crate or module `citadel_logging`
[INFO] [stdout]    --> tests/primary.rs:802:9
[INFO] [stdout]     |
[INFO] [stdout] 802 |         citadel_logging::setup_log();
[INFO] [stdout]     |         ^^^^^^^^^^^^^^^ use of undeclared crate or module `citadel_logging`
[INFO] [stdout] 
[INFO] [stdout] 
[INFO] [stdout] error[E0433]: failed to resolve: use of undeclared crate or module `citadel_logging`
[INFO] [stdout]    --> tests/primary.rs:844:9
[INFO] [stdout]     |
[INFO] [stdout] 844 |         citadel_logging::setup_log();
[INFO] [stdout]     |         ^^^^^^^^^^^^^^^ use of undeclared crate or module `citadel_logging`
[INFO] [stdout] 
[INFO] [stdout] 
[INFO] [stdout] error[E0433]: failed to resolve: use of undeclared crate or module `citadel_logging`
[INFO] [stdout]    --> tests/primary.rs:989:9
[INFO] [stdout]     |
[INFO] [stdout] 989 |         citadel_logging::setup_log();
[INFO] [stdout]     |         ^^^^^^^^^^^^^^^ use of undeclared crate or module `citadel_logging`
[INFO] [stdout] 
[INFO] [stdout] 
[INFO] [stdout] error[E0433]: failed to resolve: use of undeclared crate or module `citadel_logging`
[INFO] [stdout]     --> tests/primary.rs:1009:9
[INFO] [stdout]      |
[INFO] [stdout] 1009 |         citadel_logging::setup_log_no_panic_hook();
[INFO] [stdout]      |         ^^^^^^^^^^^^^^^ use of undeclared crate or module `citadel_logging`
[INFO] [stdout] 
[INFO] [stdout] 
[INFO] [stdout] error[E0433]: failed to resolve: use of undeclared crate or module `citadel_logging`
[INFO] [stdout]     --> tests/primary.rs:1048:9
[INFO] [stdout]      |
[INFO] [stdout] 1048 |         citadel_logging::setup_log();
[INFO] [stdout]      |         ^^^^^^^^^^^^^^^ use of undeclared crate or module `citadel_logging`
[INFO] [stdout] 
[INFO] [stdout] 
[INFO] [stdout] error[E0433]: failed to resolve: use of undeclared crate or module `citadel_logging`
[INFO] [stdout]     --> tests/primary.rs:1082:9
[INFO] [stdout]      |
[INFO] [stdout] 1082 |         citadel_logging::setup_log();
[INFO] [stdout]      |         ^^^^^^^^^^^^^^^ use of undeclared crate or module `citadel_logging`
[INFO] [stdout] 
[INFO] [stdout] 
[INFO] [stdout] Some errors have detailed explanations: E0425, E0432, E0433.
[INFO] [stdout] 
[INFO] [stdout] For more information about an error, try `rustc --explain E0425`.
[INFO] [stdout] 
[INFO] [stderr] error: could not compile `citadel_crypt` (test "primary") due to 120 previous errors; 4 warnings emitted
[INFO] [stderr] warning: build failed, waiting for other jobs to finish...
[INFO] [stdout] error[E0433]: failed to resolve: use of undeclared crate or module `citadel_logging`
[INFO] [stdout]    --> src/secure_buffer/partitioned_sec_buffer.rs:138:9
[INFO] [stdout]     |
[INFO] [stdout] 138 |         citadel_logging::setup_log_no_panic_hook();
[INFO] [stdout]     |         ^^^^^^^^^^^^^^^ use of undeclared crate or module `citadel_logging`
[INFO] [stdout] 
[INFO] [stdout] 
[INFO] [stdout] error[E0433]: failed to resolve: use of undeclared crate or module `citadel_logging`
[INFO] [stdout]    --> src/secure_buffer/partitioned_sec_buffer.rs:144:9
[INFO] [stdout]     |
[INFO] [stdout] 144 |         citadel_logging::setup_log();
[INFO] [stdout]     |         ^^^^^^^^^^^^^^^ use of undeclared crate or module `citadel_logging`
[INFO] [stdout] 
[INFO] [stdout] 
[INFO] [stdout] error[E0433]: failed to resolve: use of undeclared crate or module `citadel_logging`
[INFO] [stdout]    --> src/secure_buffer/partitioned_sec_buffer.rs:154:9
[INFO] [stdout]     |
[INFO] [stdout] 154 |         citadel_logging::setup_log_no_panic_hook();
[INFO] [stdout]     |         ^^^^^^^^^^^^^^^ use of undeclared crate or module `citadel_logging`
[INFO] [stdout] 
[INFO] [stdout] 
[INFO] [stdout] error[E0433]: failed to resolve: use of undeclared crate or module `citadel_logging`
[INFO] [stdout]    --> src/secure_buffer/partitioned_sec_buffer.rs:162:9
[INFO] [stdout]     |
[INFO] [stdout] 162 |         citadel_logging::setup_log_no_panic_hook();
[INFO] [stdout]     |         ^^^^^^^^^^^^^^^ use of undeclared crate or module `citadel_logging`
[INFO] [stdout] 
[INFO] [stdout] 
[INFO] [stdout] error[E0433]: failed to resolve: use of undeclared crate or module `citadel_logging`
[INFO] [stdout]    --> src/secure_buffer/partitioned_sec_buffer.rs:170:9
[INFO] [stdout]     |
[INFO] [stdout] 170 |         citadel_logging::setup_log();
[INFO] [stdout]     |         ^^^^^^^^^^^^^^^ use of undeclared crate or module `citadel_logging`
[INFO] [stdout] 
[INFO] [stdout] 
[INFO] [stdout] error[E0433]: failed to resolve: use of undeclared crate or module `citadel_logging`
[INFO] [stdout]    --> src/secure_buffer/partitioned_sec_buffer.rs:184:9
[INFO] [stdout]     |
[INFO] [stdout] 184 |         citadel_logging::setup_log();
[INFO] [stdout]     |         ^^^^^^^^^^^^^^^ use of undeclared crate or module `citadel_logging`
[INFO] [stdout] 
[INFO] [stdout] 
[INFO] [stdout] error[E0433]: failed to resolve: use of undeclared crate or module `citadel_logging`
[INFO] [stdout]    --> src/secure_buffer/partitioned_sec_buffer.rs:199:9
[INFO] [stdout]     |
[INFO] [stdout] 199 |         citadel_logging::setup_log_no_panic_hook();
[INFO] [stdout]     |         ^^^^^^^^^^^^^^^ use of undeclared crate or module `citadel_logging`
[INFO] [stdout] 
[INFO] [stdout] 
[INFO] [stdout] error[E0433]: failed to resolve: use of undeclared crate or module `citadel_logging`
[INFO] [stdout]    --> src/secure_buffer/partitioned_sec_buffer.rs:207:9
[INFO] [stdout]     |
[INFO] [stdout] 207 |         citadel_logging::setup_log();
[INFO] [stdout]     |         ^^^^^^^^^^^^^^^ use of undeclared crate or module `citadel_logging`
[INFO] [stdout] 
[INFO] [stdout] 
[INFO] [stdout] For more information about this error, try `rustc --explain E0433`.
[INFO] [stdout] 
[INFO] [stderr] error: could not compile `citadel_crypt` (lib test) due to 8 previous errors
[INFO] running `Command { std: "docker" "inspect" "3d234eba2d9a0208b5677e9583cd7d58d65a1dbc85e6256921861dfe2700a72e", kill_on_drop: false }`
[INFO] running `Command { std: "docker" "rm" "-f" "3d234eba2d9a0208b5677e9583cd7d58d65a1dbc85e6256921861dfe2700a72e", kill_on_drop: false }`
[INFO] [stdout] 3d234eba2d9a0208b5677e9583cd7d58d65a1dbc85e6256921861dfe2700a72e
