[INFO] fetching crate ciboulette 0.1.4...
[INFO] testing ciboulette-0.1.4 against nightly-2024-10-28 for randomize-layout
[INFO] extracting crate ciboulette 0.1.4 into /workspace/builds/worker-3-tc1/source
[INFO] validating manifest of crates.io crate ciboulette 0.1.4 on toolchain nightly-2024-10-28
[INFO] running `Command { std: CARGO_HOME="/workspace/cargo-home" RUSTUP_HOME="/workspace/rustup-home" "/workspace/cargo-home/bin/cargo" "+nightly-2024-10-28" "metadata" "--manifest-path" "Cargo.toml" "--no-deps", kill_on_drop: false }`
[INFO] started tweaking crates.io crate ciboulette 0.1.4
[INFO] finished tweaking crates.io crate ciboulette 0.1.4
[INFO] tweaked toml for crates.io crate ciboulette 0.1.4 written to /workspace/builds/worker-3-tc1/source/Cargo.toml
[INFO] running `Command { std: CARGO_HOME="/workspace/cargo-home" RUSTUP_HOME="/workspace/rustup-home" "/workspace/cargo-home/bin/cargo" "+nightly-2024-10-28" "generate-lockfile" "--manifest-path" "Cargo.toml", kill_on_drop: false }`
[INFO] [stderr]     Updating crates.io index
[INFO] [stderr]      Locking 195 packages to latest compatible versions
[INFO] [stderr]       Adding criterion v0.3.6 (available: v0.5.1)
[INFO] [stderr]       Adding indexmap v1.9.3 (available: v2.6.0)
[INFO] [stderr]       Adding itertools v0.10.5 (available: v0.13.0)
[INFO] [stderr]       Adding petgraph v0.5.1 (available: v0.6.5)
[INFO] [stderr]       Adding sqlx v0.5.13 (available: v0.8.2)
[INFO] [stderr]       Adding uuid v0.8.2 (available: v1.11.0)
[INFO] running `Command { std: CARGO_HOME="/workspace/cargo-home" RUSTUP_HOME="/workspace/rustup-home" "/workspace/cargo-home/bin/cargo" "+nightly-2024-10-28" "fetch" "--manifest-path" "Cargo.toml", kill_on_drop: false }`
[INFO] [stderr]  Downloading crates ...
[INFO] [stderr]   Downloaded sqlx-rt v0.5.13
[INFO] [stderr]   Downloaded sqlx v0.5.13
[INFO] [stderr]   Downloaded cargo-husky v1.5.0
[INFO] [stderr]   Downloaded atoi v0.4.0
[INFO] [stderr]   Downloaded hashlink v0.7.0
[INFO] [stderr]   Downloaded arcstr v1.2.0
[INFO] [stderr]   Downloaded messy_json v0.2.3
[INFO] [stderr]   Downloaded futures-intrusive v0.4.2
[INFO] [stderr]   Downloaded sqlx-macros v0.5.13
[INFO] [stderr]   Downloaded sqlx-core v0.5.13
[INFO] running `Command { std: "docker" "create" "-v" "/var/lib/crater-agent-workspace/builds/worker-3-tc1/target:/opt/rustwide/target:rw,Z" "-v" "/var/lib/crater-agent-workspace/builds/worker-3-tc1/source:/opt/rustwide/workdir:ro,Z" "-v" "/var/lib/crater-agent-workspace/cargo-home:/opt/rustwide/cargo-home:ro,Z" "-v" "/var/lib/crater-agent-workspace/rustup-home:/opt/rustwide/rustup-home:ro,Z" "-e" "SOURCE_DIR=/opt/rustwide/workdir" "-e" "CARGO_TARGET_DIR=/opt/rustwide/target" "-e" "CARGO_HOME=/opt/rustwide/cargo-home" "-e" "RUSTUP_HOME=/opt/rustwide/rustup-home" "-w" "/opt/rustwide/workdir" "-m" "1610612736" "--user" "0:0" "--network" "none" "ghcr.io/rust-lang/crates-build-env/linux@sha256:4a844ea9eb2546a2d2c7022eacef16ef2e8229c7fbb2c7d4d55a9ceca922f72d" "/opt/rustwide/cargo-home/bin/cargo" "+nightly-2024-10-28" "metadata" "--no-deps" "--format-version=1", kill_on_drop: false }`
[INFO] [stdout] ea966dfb96cd60e6b2a8b157b0d869e849c90846593d6266fa65a55aa018abc2
[INFO] running `Command { std: "docker" "start" "-a" "ea966dfb96cd60e6b2a8b157b0d869e849c90846593d6266fa65a55aa018abc2", kill_on_drop: false }`
[INFO] running `Command { std: "docker" "inspect" "ea966dfb96cd60e6b2a8b157b0d869e849c90846593d6266fa65a55aa018abc2", kill_on_drop: false }`
[INFO] running `Command { std: "docker" "rm" "-f" "ea966dfb96cd60e6b2a8b157b0d869e849c90846593d6266fa65a55aa018abc2", kill_on_drop: false }`
[INFO] [stdout] ea966dfb96cd60e6b2a8b157b0d869e849c90846593d6266fa65a55aa018abc2
[INFO] running `Command { std: "docker" "create" "-v" "/var/lib/crater-agent-workspace/builds/worker-3-tc1/target:/opt/rustwide/target:rw,Z" "-v" "/var/lib/crater-agent-workspace/builds/worker-3-tc1/source:/opt/rustwide/workdir:ro,Z" "-v" "/var/lib/crater-agent-workspace/cargo-home:/opt/rustwide/cargo-home:ro,Z" "-v" "/var/lib/crater-agent-workspace/rustup-home:/opt/rustwide/rustup-home:ro,Z" "-e" "SOURCE_DIR=/opt/rustwide/workdir" "-e" "CARGO_TARGET_DIR=/opt/rustwide/target" "-e" "CARGO_INCREMENTAL=0" "-e" "RUST_BACKTRACE=full" "-e" "RUSTFLAGS=--cap-lints=forbid" "-e" "RUSTDOCFLAGS=--cap-lints=forbid" "-e" "CARGO_HOME=/opt/rustwide/cargo-home" "-e" "RUSTUP_HOME=/opt/rustwide/rustup-home" "-w" "/opt/rustwide/workdir" "-m" "1610612736" "--user" "0:0" "--network" "none" "ghcr.io/rust-lang/crates-build-env/linux@sha256:4a844ea9eb2546a2d2c7022eacef16ef2e8229c7fbb2c7d4d55a9ceca922f72d" "/opt/rustwide/cargo-home/bin/cargo" "+nightly-2024-10-28" "build" "--frozen" "--message-format=json", kill_on_drop: false }`
[INFO] [stdout] 1e57e56f90ee6a0495eb35c83209bd75221f121e4ab6093aeb034823217703c1
[INFO] running `Command { std: "docker" "start" "-a" "1e57e56f90ee6a0495eb35c83209bd75221f121e4ab6093aeb034823217703c1", kill_on_drop: false }`
[INFO] [stderr]    Compiling serde v1.0.214
[INFO] [stderr]    Compiling tinyvec_macros v0.1.1
[INFO] [stderr]    Compiling cfg-if v1.0.0
[INFO] [stderr]    Compiling ryu v1.0.18
[INFO] [stderr]    Compiling serde_json v1.0.132
[INFO] [stderr]    Compiling itoa v1.0.11
[INFO] [stderr]    Compiling percent-encoding v2.3.1
[INFO] [stderr]    Compiling memchr v2.7.4
[INFO] [stderr]    Compiling hashbrown v0.12.3
[INFO] [stderr]    Compiling unicode-bidi v0.3.17
[INFO] [stderr]    Compiling either v1.13.0
[INFO] [stderr]    Compiling fixedbitset v0.2.0
[INFO] [stderr]    Compiling indexmap v1.9.3
[INFO] [stderr]    Compiling libc v0.2.161
[INFO] [stderr]    Compiling proc-macro-error-attr2 v2.0.0
[INFO] [stderr]    Compiling thiserror-impl v1.0.66
[INFO] [stderr]    Compiling tinyvec v1.8.0
[INFO] [stderr]    Compiling lazy_static v1.5.0
[INFO] [stderr]    Compiling form_urlencoded v1.2.1
[INFO] [stderr]    Compiling itertools v0.10.5
[INFO] [stderr]    Compiling proc-macro-error2 v2.0.1
[INFO] [stderr]    Compiling getset v0.1.3
[INFO] [stderr]    Compiling getrandom v0.2.15
[INFO] [stderr]    Compiling unicode-normalization v0.1.24
[INFO] [stderr]    Compiling thiserror v1.0.66
[INFO] [stderr]    Compiling idna v0.5.0
[INFO] [stderr]    Compiling url v2.5.2
[INFO] [stderr]    Compiling arcstr v1.2.0
[INFO] [stderr]    Compiling uuid v0.8.2
[INFO] [stderr]    Compiling serde_urlencoded v0.7.1
[INFO] [stderr]    Compiling petgraph v0.5.1
[INFO] [stderr]    Compiling messy_json v0.2.3
[INFO] [stderr]    Compiling ciboulette v0.1.4 (/opt/rustwide/workdir)
[INFO] [stdout] warning: field `marker` is never read
[INFO] [stdout]   --> src/body/body_optional_data.rs:37:5
[INFO] [stdout]    |
[INFO] [stdout] 36 | pub struct CibouletteOptionalDataVisitor<T> {
[INFO] [stdout]    |            ----------------------------- field in this struct
[INFO] [stdout] 37 |     marker: Option<std::marker::PhantomData<T>>,
[INFO] [stdout]    |     ^^^^^^
[INFO] [stdout]    |
[INFO] [stdout]    = note: `CibouletteOptionalDataVisitor` has derived impls for the traits `Debug` and `Clone`, but these are intentionally ignored during dead code analysis
[INFO] [stdout]    = note: `#[warn(dead_code)]` on by default
[INFO] [stdout] 
[INFO] [stdout] 
[INFO] [stdout] warning: call to `.borrow()` on a reference in this situation does nothing
[INFO] [stdout]   --> src/query/sorting.rs:23:30
[INFO] [stdout]    |
[INFO] [stdout] 23 |                 Cow::Owned(el.borrow().split_at(1).1.to_string()),
[INFO] [stdout]    |                              ^^^^^^^^^ help: remove this redundant call
[INFO] [stdout]    |
[INFO] [stdout]    = note: the type `str` does not implement `Borrow`, so calling `borrow` on `&str` copies the reference, which does not do anything and can be removed
[INFO] [stdout]    = note: `#[warn(noop_method_call)]` on by default
[INFO] [stdout] 
[INFO] [stdout] 
[INFO] [stdout] warning: call to `.borrow()` on a reference in this situation does nothing
[INFO] [stdout]   --> src/query/sorting.rs:29:30
[INFO] [stdout]    |
[INFO] [stdout] 29 |                 Cow::Owned(el.borrow().split_at(1).1.to_string()),
[INFO] [stdout]    |                              ^^^^^^^^^ help: remove this redundant call
[INFO] [stdout]    |
[INFO] [stdout]    = note: the type `str` does not implement `Borrow`, so calling `borrow` on `&str` copies the reference, which does not do anything and can be removed
[INFO] [stdout] 
[INFO] [stdout] 
[INFO] [stdout] warning: call to `.borrow()` on a reference in this situation does nothing
[INFO] [stdout]   --> src/query/sorting.rs:35:30
[INFO] [stdout]    |
[INFO] [stdout] 35 |                 Cow::Owned(el.borrow().to_string()),
[INFO] [stdout]    |                              ^^^^^^^^^ help: remove this redundant call
[INFO] [stdout]    |
[INFO] [stdout]    = note: the type `str` does not implement `Borrow`, so calling `borrow` on `&str` copies the reference, which does not do anything and can be removed
[INFO] [stdout] 
[INFO] [stdout] 
[INFO] [stderr]     Finished `dev` profile [unoptimized + debuginfo] target(s) in 5.31s
[INFO] running `Command { std: "docker" "inspect" "1e57e56f90ee6a0495eb35c83209bd75221f121e4ab6093aeb034823217703c1", kill_on_drop: false }`
[INFO] running `Command { std: "docker" "rm" "-f" "1e57e56f90ee6a0495eb35c83209bd75221f121e4ab6093aeb034823217703c1", kill_on_drop: false }`
[INFO] [stdout] 1e57e56f90ee6a0495eb35c83209bd75221f121e4ab6093aeb034823217703c1
[INFO] running `Command { std: "docker" "create" "-v" "/var/lib/crater-agent-workspace/builds/worker-3-tc1/target:/opt/rustwide/target:rw,Z" "-v" "/var/lib/crater-agent-workspace/builds/worker-3-tc1/source:/opt/rustwide/workdir:ro,Z" "-v" "/var/lib/crater-agent-workspace/cargo-home:/opt/rustwide/cargo-home:ro,Z" "-v" "/var/lib/crater-agent-workspace/rustup-home:/opt/rustwide/rustup-home:ro,Z" "-e" "SOURCE_DIR=/opt/rustwide/workdir" "-e" "CARGO_TARGET_DIR=/opt/rustwide/target" "-e" "CARGO_INCREMENTAL=0" "-e" "RUST_BACKTRACE=full" "-e" "RUSTFLAGS=--cap-lints=forbid" "-e" "RUSTDOCFLAGS=--cap-lints=forbid" "-e" "CARGO_HOME=/opt/rustwide/cargo-home" "-e" "RUSTUP_HOME=/opt/rustwide/rustup-home" "-w" "/opt/rustwide/workdir" "-m" "1610612736" "--user" "0:0" "--network" "none" "ghcr.io/rust-lang/crates-build-env/linux@sha256:4a844ea9eb2546a2d2c7022eacef16ef2e8229c7fbb2c7d4d55a9ceca922f72d" "/opt/rustwide/cargo-home/bin/cargo" "+nightly-2024-10-28" "test" "--frozen" "--no-run" "--message-format=json", kill_on_drop: false }`
[INFO] [stdout] 670cf1e8484b4d1a85f2151631a6530941eceb9f1f79f4abe1d3734172c2ae38
[INFO] running `Command { std: "docker" "start" "-a" "670cf1e8484b4d1a85f2151631a6530941eceb9f1f79f4abe1d3734172c2ae38", kill_on_drop: false }`
[INFO] [stderr]    Compiling itertools v0.10.5
[INFO] [stderr]    Compiling num-traits v0.2.19
[INFO] [stderr]    Compiling cargo-husky v1.5.0
[INFO] [stderr]    Compiling getrandom v0.2.15
[INFO] [stderr]    Compiling fixedbitset v0.2.0
[INFO] [stderr]    Compiling doc-comment v0.3.3
[INFO] [stderr]    Compiling console v0.15.8
[INFO] [stderr]    Compiling serde v1.0.214
[INFO] [stderr]    Compiling thiserror v1.0.66
[INFO] [stderr]    Compiling rayon v1.10.0
[INFO] [stderr]    Compiling pest v2.7.14
[INFO] [stderr]    Compiling plotters v0.3.7
[INFO] [stderr]    Compiling pest_meta v2.7.14
[INFO] [stderr]    Compiling criterion-plot v0.4.5
[INFO] [stderr]    Compiling pest_generator v2.7.14
[INFO] [stderr]    Compiling serde_json v1.0.132
[INFO] [stderr]    Compiling indexmap v1.9.3
[INFO] [stderr]    Compiling uuid v0.8.2
[INFO] [stderr]    Compiling arcstr v1.2.0
[INFO] [stderr]    Compiling pest_derive v2.7.14
[INFO] [stderr]    Compiling serde_urlencoded v0.7.1
[INFO] [stderr]    Compiling csv v1.3.0
[INFO] [stderr]    Compiling serde_cbor v0.11.2
[INFO] [stderr]    Compiling petgraph v0.5.1
[INFO] [stderr]    Compiling insta v1.41.1
[INFO] [stderr]    Compiling tinytemplate v1.2.1
[INFO] [stderr]    Compiling messy_json v0.2.3
[INFO] [stderr]    Compiling criterion v0.3.6
[INFO] [stderr]    Compiling ciboulette v0.1.4 (/opt/rustwide/workdir)
[INFO] [stdout] warning: field `marker` is never read
[INFO] [stdout]   --> src/body/body_optional_data.rs:37:5
[INFO] [stdout]    |
[INFO] [stdout] 36 | pub struct CibouletteOptionalDataVisitor<T> {
[INFO] [stdout]    |            ----------------------------- field in this struct
[INFO] [stdout] 37 |     marker: Option<std::marker::PhantomData<T>>,
[INFO] [stdout]    |     ^^^^^^
[INFO] [stdout]    |
[INFO] [stdout]    = note: `CibouletteOptionalDataVisitor` has derived impls for the traits `Debug` and `Clone`, but these are intentionally ignored during dead code analysis
[INFO] [stdout]    = note: `#[warn(dead_code)]` on by default
[INFO] [stdout] 
[INFO] [stdout] 
[INFO] [stdout] warning: call to `.borrow()` on a reference in this situation does nothing
[INFO] [stdout]   --> src/query/sorting.rs:23:30
[INFO] [stdout]    |
[INFO] [stdout] 23 |                 Cow::Owned(el.borrow().split_at(1).1.to_string()),
[INFO] [stdout]    |                              ^^^^^^^^^ help: remove this redundant call
[INFO] [stdout]    |
[INFO] [stdout]    = note: the type `str` does not implement `Borrow`, so calling `borrow` on `&str` copies the reference, which does not do anything and can be removed
[INFO] [stdout]    = note: `#[warn(noop_method_call)]` on by default
[INFO] [stdout] 
[INFO] [stdout] 
[INFO] [stdout] warning: call to `.borrow()` on a reference in this situation does nothing
[INFO] [stdout]   --> src/query/sorting.rs:29:30
[INFO] [stdout]    |
[INFO] [stdout] 29 |                 Cow::Owned(el.borrow().split_at(1).1.to_string()),
[INFO] [stdout]    |                              ^^^^^^^^^ help: remove this redundant call
[INFO] [stdout]    |
[INFO] [stdout]    = note: the type `str` does not implement `Borrow`, so calling `borrow` on `&str` copies the reference, which does not do anything and can be removed
[INFO] [stdout] 
[INFO] [stdout] 
[INFO] [stdout] warning: call to `.borrow()` on a reference in this situation does nothing
[INFO] [stdout]   --> src/query/sorting.rs:35:30
[INFO] [stdout]    |
[INFO] [stdout] 35 |                 Cow::Owned(el.borrow().to_string()),
[INFO] [stdout]    |                              ^^^^^^^^^ help: remove this redundant call
[INFO] [stdout]    |
[INFO] [stdout]    = note: the type `str` does not implement `Borrow`, so calling `borrow` on `&str` copies the reference, which does not do anything and can be removed
[INFO] [stdout] 
[INFO] [stdout] 
[INFO] [stdout] error[E0433]: failed to resolve: use of undeclared crate or module `ciboulette_test_helper`
[INFO] [stdout]   --> src/body/tests/mod.rs:11:5
[INFO] [stdout]    |
[INFO] [stdout] 11 | use ciboulette_test_helper::ciboulette::*;
[INFO] [stdout]    |     ^^^^^^^^^^^^^^^^^^^^^^ use of undeclared crate or module `ciboulette_test_helper`
[INFO] [stdout] 
[INFO] [stdout] 
[INFO] [stdout] error[E0433]: failed to resolve: use of undeclared crate or module `ciboulette_test_helper`
[INFO] [stdout]  --> src/path/tests/mod.rs:3:5
[INFO] [stdout]   |
[INFO] [stdout] 3 | use ciboulette_test_helper::ciboulette::*;
[INFO] [stdout]   |     ^^^^^^^^^^^^^^^^^^^^^^ use of undeclared crate or module `ciboulette_test_helper`
[INFO] [stdout] 
[INFO] [stdout] 
[INFO] [stdout] error[E0432]: unresolved import `ciboulette_test_helper`
[INFO] [stdout]   --> src/body/tests/mod.rs:12:5
[INFO] [stdout]    |
[INFO] [stdout] 12 | use ciboulette_test_helper::*;
[INFO] [stdout]    |     ^^^^^^^^^^^^^^^^^^^^^^ use of undeclared crate or module `ciboulette_test_helper`
[INFO] [stdout] 
[INFO] [stdout] 
[INFO] [stdout] error[E0433]: failed to resolve: use of undeclared crate or module `ciboulette_test_helper`
[INFO] [stdout]  --> src/query/tests/mod.rs:1:5
[INFO] [stdout]   |
[INFO] [stdout] 1 | use ciboulette_test_helper::ciboulette::*;
[INFO] [stdout]   |     ^^^^^^^^^^^^^^^^^^^^^^ use of undeclared crate or module `ciboulette_test_helper`
[INFO] [stdout] 
[INFO] [stdout] 
[INFO] [stdout] error[E0432]: unresolved import `ciboulette_test_helper`
[INFO] [stdout]  --> src/path/tests/mod.rs:4:5
[INFO] [stdout]   |
[INFO] [stdout] 4 | use ciboulette_test_helper::*;
[INFO] [stdout]   |     ^^^^^^^^^^^^^^^^^^^^^^ use of undeclared crate or module `ciboulette_test_helper`
[INFO] [stdout] 
[INFO] [stdout] 
[INFO] [stdout] error[E0433]: failed to resolve: use of undeclared crate or module `ciboulette_test_helper`
[INFO] [stdout]  --> src/responses/tests/mod.rs:7:5
[INFO] [stdout]   |
[INFO] [stdout] 7 | use ciboulette_test_helper::ciboulette::*;
[INFO] [stdout]   |     ^^^^^^^^^^^^^^^^^^^^^^ use of undeclared crate or module `ciboulette_test_helper`
[INFO] [stdout] 
[INFO] [stdout] 
[INFO] [stdout] error[E0432]: unresolved import `ciboulette_test_helper`
[INFO] [stdout]  --> src/query/tests/mod.rs:2:5
[INFO] [stdout]   |
[INFO] [stdout] 2 | use ciboulette_test_helper::*;
[INFO] [stdout]   |     ^^^^^^^^^^^^^^^^^^^^^^ use of undeclared crate or module `ciboulette_test_helper`
[INFO] [stdout] 
[INFO] [stdout] 
[INFO] [stdout] error[E0433]: failed to resolve: use of undeclared crate or module `ciboulette_test_helper`
[INFO] [stdout]  --> src/tests/mod.rs:9:5
[INFO] [stdout]   |
[INFO] [stdout] 9 | use ciboulette_test_helper::ciboulette::*;
[INFO] [stdout]   |     ^^^^^^^^^^^^^^^^^^^^^^ use of undeclared crate or module `ciboulette_test_helper`
[INFO] [stdout] 
[INFO] [stdout] 
[INFO] [stdout] error[E0432]: unresolved import `ciboulette_test_helper`
[INFO] [stdout]  --> src/responses/tests/mod.rs:8:5
[INFO] [stdout]   |
[INFO] [stdout] 8 | use ciboulette_test_helper::*;
[INFO] [stdout]   |     ^^^^^^^^^^^^^^^^^^^^^^ use of undeclared crate or module `ciboulette_test_helper`
[INFO] [stdout] 
[INFO] [stdout] 
[INFO] [stdout] error[E0432]: unresolved import `ciboulette_test_helper`
[INFO] [stdout]   --> src/tests/mod.rs:10:5
[INFO] [stdout]    |
[INFO] [stdout] 10 | use ciboulette_test_helper::*;
[INFO] [stdout]    |     ^^^^^^^^^^^^^^^^^^^^^^ use of undeclared crate or module `ciboulette_test_helper`
[INFO] [stdout] 
[INFO] [stdout] 
[INFO] [stdout] error: cannot find macro `assert_json_snapshot` in this scope
[INFO] [stdout]    --> src/responses/tests/delete_success.rs:19:5
[INFO] [stdout]     |
[INFO] [stdout] 19  |     assert_json_snapshot!(response);
[INFO] [stdout]     |     ^^^^^^^^^^^^^^^^^^^^ help: a macro with a similar name exists: `assert_debug_snapshot`
[INFO] [stdout]     |
[INFO] [stdout]    ::: /opt/rustwide/cargo-home/registry/src/index.crates.io-6f17d22bba15001f/insta-1.41.1/src/macros.rs:308:1
[INFO] [stdout]     |
[INFO] [stdout] 308 | macro_rules! assert_debug_snapshot {
[INFO] [stdout]     | ---------------------------------- similarly named macro `assert_debug_snapshot` defined here
[INFO] [stdout] 
[INFO] [stdout] 
[INFO] [stdout] error: cannot find macro `assert_json_snapshot` in this scope
[INFO] [stdout]    --> src/responses/tests/insert_success.rs:39:5
[INFO] [stdout]     |
[INFO] [stdout] 39  |     assert_json_snapshot!(response);
[INFO] [stdout]     |     ^^^^^^^^^^^^^^^^^^^^ help: a macro with a similar name exists: `assert_debug_snapshot`
[INFO] [stdout]     |
[INFO] [stdout]    ::: /opt/rustwide/cargo-home/registry/src/index.crates.io-6f17d22bba15001f/insta-1.41.1/src/macros.rs:308:1
[INFO] [stdout]     |
[INFO] [stdout] 308 | macro_rules! assert_debug_snapshot {
[INFO] [stdout]     | ---------------------------------- similarly named macro `assert_debug_snapshot` defined here
[INFO] [stdout] 
[INFO] [stdout] 
[INFO] [stdout] error: cannot find macro `assert_json_snapshot` in this scope
[INFO] [stdout]    --> src/responses/tests/insert_success.rs:68:5
[INFO] [stdout]     |
[INFO] [stdout] 68  |     assert_json_snapshot!(response);
[INFO] [stdout]     |     ^^^^^^^^^^^^^^^^^^^^ help: a macro with a similar name exists: `assert_debug_snapshot`
[INFO] [stdout]     |
[INFO] [stdout]    ::: /opt/rustwide/cargo-home/registry/src/index.crates.io-6f17d22bba15001f/insta-1.41.1/src/macros.rs:308:1
[INFO] [stdout]     |
[INFO] [stdout] 308 | macro_rules! assert_debug_snapshot {
[INFO] [stdout]     | ---------------------------------- similarly named macro `assert_debug_snapshot` defined here
[INFO] [stdout] 
[INFO] [stdout] 
[INFO] [stdout] error: cannot find macro `assert_json_snapshot` in this scope
[INFO] [stdout]    --> src/responses/tests/select_success.rs:29:5
[INFO] [stdout]     |
[INFO] [stdout] 29  |     assert_json_snapshot!(response);
[INFO] [stdout]     |     ^^^^^^^^^^^^^^^^^^^^ help: a macro with a similar name exists: `assert_debug_snapshot`
[INFO] [stdout]     |
[INFO] [stdout]    ::: /opt/rustwide/cargo-home/registry/src/index.crates.io-6f17d22bba15001f/insta-1.41.1/src/macros.rs:308:1
[INFO] [stdout]     |
[INFO] [stdout] 308 | macro_rules! assert_debug_snapshot {
[INFO] [stdout]     | ---------------------------------- similarly named macro `assert_debug_snapshot` defined here
[INFO] [stdout] 
[INFO] [stdout] 
[INFO] [stdout] error: cannot find macro `assert_json_snapshot` in this scope
[INFO] [stdout]    --> src/responses/tests/select_success.rs:57:5
[INFO] [stdout]     |
[INFO] [stdout] 57  |     assert_json_snapshot!(response);
[INFO] [stdout]     |     ^^^^^^^^^^^^^^^^^^^^ help: a macro with a similar name exists: `assert_debug_snapshot`
[INFO] [stdout]     |
[INFO] [stdout]    ::: /opt/rustwide/cargo-home/registry/src/index.crates.io-6f17d22bba15001f/insta-1.41.1/src/macros.rs:308:1
[INFO] [stdout]     |
[INFO] [stdout] 308 | macro_rules! assert_debug_snapshot {
[INFO] [stdout]     | ---------------------------------- similarly named macro `assert_debug_snapshot` defined here
[INFO] [stdout] 
[INFO] [stdout] 
[INFO] [stdout] error: cannot find macro `assert_json_snapshot` in this scope
[INFO] [stdout]    --> src/responses/tests/select_success.rs:102:5
[INFO] [stdout]     |
[INFO] [stdout] 102 |     assert_json_snapshot!(response);
[INFO] [stdout]     |     ^^^^^^^^^^^^^^^^^^^^ help: a macro with a similar name exists: `assert_debug_snapshot`
[INFO] [stdout]     |
[INFO] [stdout]    ::: /opt/rustwide/cargo-home/registry/src/index.crates.io-6f17d22bba15001f/insta-1.41.1/src/macros.rs:308:1
[INFO] [stdout]     |
[INFO] [stdout] 308 | macro_rules! assert_debug_snapshot {
[INFO] [stdout]     | ---------------------------------- similarly named macro `assert_debug_snapshot` defined here
[INFO] [stdout] 
[INFO] [stdout] 
[INFO] [stdout] error: cannot find macro `assert_json_snapshot` in this scope
[INFO] [stdout]    --> src/responses/tests/select_success.rs:160:5
[INFO] [stdout]     |
[INFO] [stdout] 160 |     assert_json_snapshot!(response);
[INFO] [stdout]     |     ^^^^^^^^^^^^^^^^^^^^ help: a macro with a similar name exists: `assert_debug_snapshot`
[INFO] [stdout]     |
[INFO] [stdout]    ::: /opt/rustwide/cargo-home/registry/src/index.crates.io-6f17d22bba15001f/insta-1.41.1/src/macros.rs:308:1
[INFO] [stdout]     |
[INFO] [stdout] 308 | macro_rules! assert_debug_snapshot {
[INFO] [stdout]     | ---------------------------------- similarly named macro `assert_debug_snapshot` defined here
[INFO] [stdout] 
[INFO] [stdout] 
[INFO] [stdout] error: cannot find macro `assert_json_snapshot` in this scope
[INFO] [stdout]    --> src/responses/tests/select_success.rs:209:5
[INFO] [stdout]     |
[INFO] [stdout] 209 |     assert_json_snapshot!(response);
[INFO] [stdout]     |     ^^^^^^^^^^^^^^^^^^^^ help: a macro with a similar name exists: `assert_debug_snapshot`
[INFO] [stdout]     |
[INFO] [stdout]    ::: /opt/rustwide/cargo-home/registry/src/index.crates.io-6f17d22bba15001f/insta-1.41.1/src/macros.rs:308:1
[INFO] [stdout]     |
[INFO] [stdout] 308 | macro_rules! assert_debug_snapshot {
[INFO] [stdout]     | ---------------------------------- similarly named macro `assert_debug_snapshot` defined here
[INFO] [stdout] 
[INFO] [stdout] 
[INFO] [stdout] error: cannot find macro `assert_json_snapshot` in this scope
[INFO] [stdout]    --> src/responses/tests/select_success.rs:265:5
[INFO] [stdout]     |
[INFO] [stdout] 265 |     assert_json_snapshot!(response);
[INFO] [stdout]     |     ^^^^^^^^^^^^^^^^^^^^ help: a macro with a similar name exists: `assert_debug_snapshot`
[INFO] [stdout]     |
[INFO] [stdout]    ::: /opt/rustwide/cargo-home/registry/src/index.crates.io-6f17d22bba15001f/insta-1.41.1/src/macros.rs:308:1
[INFO] [stdout]     |
[INFO] [stdout] 308 | macro_rules! assert_debug_snapshot {
[INFO] [stdout]     | ---------------------------------- similarly named macro `assert_debug_snapshot` defined here
[INFO] [stdout] 
[INFO] [stdout] 
[INFO] [stdout] error: cannot find macro `assert_json_snapshot` in this scope
[INFO] [stdout]    --> src/responses/tests/select_success.rs:303:5
[INFO] [stdout]     |
[INFO] [stdout] 303 |     assert_json_snapshot!(response);
[INFO] [stdout]     |     ^^^^^^^^^^^^^^^^^^^^ help: a macro with a similar name exists: `assert_debug_snapshot`
[INFO] [stdout]     |
[INFO] [stdout]    ::: /opt/rustwide/cargo-home/registry/src/index.crates.io-6f17d22bba15001f/insta-1.41.1/src/macros.rs:308:1
[INFO] [stdout]     |
[INFO] [stdout] 308 | macro_rules! assert_debug_snapshot {
[INFO] [stdout]     | ---------------------------------- similarly named macro `assert_debug_snapshot` defined here
[INFO] [stdout] 
[INFO] [stdout] 
[INFO] [stdout] error: cannot find macro `assert_json_snapshot` in this scope
[INFO] [stdout]    --> src/responses/tests/select_success.rs:343:5
[INFO] [stdout]     |
[INFO] [stdout] 343 |     assert_json_snapshot!(response);
[INFO] [stdout]     |     ^^^^^^^^^^^^^^^^^^^^ help: a macro with a similar name exists: `assert_debug_snapshot`
[INFO] [stdout]     |
[INFO] [stdout]    ::: /opt/rustwide/cargo-home/registry/src/index.crates.io-6f17d22bba15001f/insta-1.41.1/src/macros.rs:308:1
[INFO] [stdout]     |
[INFO] [stdout] 308 | macro_rules! assert_debug_snapshot {
[INFO] [stdout]     | ---------------------------------- similarly named macro `assert_debug_snapshot` defined here
[INFO] [stdout] 
[INFO] [stdout] 
[INFO] [stdout] error: cannot find macro `assert_json_snapshot` in this scope
[INFO] [stdout]    --> src/responses/tests/select_success.rs:372:5
[INFO] [stdout]     |
[INFO] [stdout] 372 |     assert_json_snapshot!(response);
[INFO] [stdout]     |     ^^^^^^^^^^^^^^^^^^^^ help: a macro with a similar name exists: `assert_debug_snapshot`
[INFO] [stdout]     |
[INFO] [stdout]    ::: /opt/rustwide/cargo-home/registry/src/index.crates.io-6f17d22bba15001f/insta-1.41.1/src/macros.rs:308:1
[INFO] [stdout]     |
[INFO] [stdout] 308 | macro_rules! assert_debug_snapshot {
[INFO] [stdout]     | ---------------------------------- similarly named macro `assert_debug_snapshot` defined here
[INFO] [stdout] 
[INFO] [stdout] 
[INFO] [stdout] error: cannot find macro `assert_json_snapshot` in this scope
[INFO] [stdout]    --> src/responses/tests/select_success.rs:412:5
[INFO] [stdout]     |
[INFO] [stdout] 412 |     assert_json_snapshot!(response);
[INFO] [stdout]     |     ^^^^^^^^^^^^^^^^^^^^ help: a macro with a similar name exists: `assert_debug_snapshot`
[INFO] [stdout]     |
[INFO] [stdout]    ::: /opt/rustwide/cargo-home/registry/src/index.crates.io-6f17d22bba15001f/insta-1.41.1/src/macros.rs:308:1
[INFO] [stdout]     |
[INFO] [stdout] 308 | macro_rules! assert_debug_snapshot {
[INFO] [stdout]     | ---------------------------------- similarly named macro `assert_debug_snapshot` defined here
[INFO] [stdout] 
[INFO] [stdout] 
[INFO] [stdout] error: cannot find macro `assert_json_snapshot` in this scope
[INFO] [stdout]    --> src/responses/tests/select_success.rs:461:5
[INFO] [stdout]     |
[INFO] [stdout] 461 |     assert_json_snapshot!(response);
[INFO] [stdout]     |     ^^^^^^^^^^^^^^^^^^^^ help: a macro with a similar name exists: `assert_debug_snapshot`
[INFO] [stdout]     |
[INFO] [stdout]    ::: /opt/rustwide/cargo-home/registry/src/index.crates.io-6f17d22bba15001f/insta-1.41.1/src/macros.rs:308:1
[INFO] [stdout]     |
[INFO] [stdout] 308 | macro_rules! assert_debug_snapshot {
[INFO] [stdout]     | ---------------------------------- similarly named macro `assert_debug_snapshot` defined here
[INFO] [stdout] 
[INFO] [stdout] 
[INFO] [stdout] error: cannot find macro `assert_json_snapshot` in this scope
[INFO] [stdout]    --> src/responses/tests/select_success.rs:520:5
[INFO] [stdout]     |
[INFO] [stdout] 520 |     assert_json_snapshot!(response);
[INFO] [stdout]     |     ^^^^^^^^^^^^^^^^^^^^ help: a macro with a similar name exists: `assert_debug_snapshot`
[INFO] [stdout]     |
[INFO] [stdout]    ::: /opt/rustwide/cargo-home/registry/src/index.crates.io-6f17d22bba15001f/insta-1.41.1/src/macros.rs:308:1
[INFO] [stdout]     |
[INFO] [stdout] 308 | macro_rules! assert_debug_snapshot {
[INFO] [stdout]     | ---------------------------------- similarly named macro `assert_debug_snapshot` defined here
[INFO] [stdout] 
[INFO] [stdout] 
[INFO] [stdout] error: cannot find macro `assert_json_snapshot` in this scope
[INFO] [stdout]    --> src/responses/tests/update_success.rs:40:5
[INFO] [stdout]     |
[INFO] [stdout] 40  |     assert_json_snapshot!(response);
[INFO] [stdout]     |     ^^^^^^^^^^^^^^^^^^^^ help: a macro with a similar name exists: `assert_debug_snapshot`
[INFO] [stdout]     |
[INFO] [stdout]    ::: /opt/rustwide/cargo-home/registry/src/index.crates.io-6f17d22bba15001f/insta-1.41.1/src/macros.rs:308:1
[INFO] [stdout]     |
[INFO] [stdout] 308 | macro_rules! assert_debug_snapshot {
[INFO] [stdout]     | ---------------------------------- similarly named macro `assert_debug_snapshot` defined here
[INFO] [stdout] 
[INFO] [stdout] 
[INFO] [stdout] warning: unused import: `super::*`
[INFO] [stdout]  --> src/body/tests/bogus_deserialize.rs:1:5
[INFO] [stdout]   |
[INFO] [stdout] 1 | use super::*;
[INFO] [stdout]   |     ^^^^^^^^
[INFO] [stdout]   |
[INFO] [stdout]   = note: `#[warn(unused_imports)]` on by default
[INFO] [stdout] 
[INFO] [stdout] 
[INFO] [stdout] warning: unused import: `super::*`
[INFO] [stdout]  --> src/body/tests/check_linkage.rs:1:5
[INFO] [stdout]   |
[INFO] [stdout] 1 | use super::*;
[INFO] [stdout]   |     ^^^^^^^^
[INFO] [stdout] 
[INFO] [stdout] 
[INFO] [stdout] warning: unused import: `super::*`
[INFO] [stdout]  --> src/body/tests/check_uniqueness.rs:1:5
[INFO] [stdout]   |
[INFO] [stdout] 1 | use super::*;
[INFO] [stdout]   |     ^^^^^^^^
[INFO] [stdout] 
[INFO] [stdout] 
[INFO] [stdout] warning: unused import: `super::*`
[INFO] [stdout]  --> src/body/tests/key_clash.rs:1:5
[INFO] [stdout]   |
[INFO] [stdout] 1 | use super::*;
[INFO] [stdout]   |     ^^^^^^^^
[INFO] [stdout] 
[INFO] [stdout] 
[INFO] [stdout] warning: unused import: `super::*`
[INFO] [stdout]  --> src/body/tests/parsing_id.rs:1:5
[INFO] [stdout]   |
[INFO] [stdout] 1 | use super::*;
[INFO] [stdout]   |     ^^^^^^^^
[INFO] [stdout] 
[INFO] [stdout] 
[INFO] [stdout] warning: unused import: `super::*`
[INFO] [stdout]  --> src/body/tests/request_data.rs:1:5
[INFO] [stdout]   |
[INFO] [stdout] 1 | use super::*;
[INFO] [stdout]   |     ^^^^^^^^
[INFO] [stdout] 
[INFO] [stdout] 
[INFO] [stdout] warning: unused import: `super::*`
[INFO] [stdout]  --> src/body/tests/top_level_quick_checks.rs:1:5
[INFO] [stdout]   |
[INFO] [stdout] 1 | use super::*;
[INFO] [stdout]   |     ^^^^^^^^
[INFO] [stdout] 
[INFO] [stdout] 
[INFO] [stdout] warning: unused import: `serde::Deserialize`
[INFO] [stdout]   --> src/body/tests/mod.rs:13:5
[INFO] [stdout]    |
[INFO] [stdout] 13 | use serde::Deserialize;
[INFO] [stdout]    |     ^^^^^^^^^^^^^^^^^^
[INFO] [stdout] 
[INFO] [stdout] 
[INFO] [stdout] warning: unused import: `std::convert::TryFrom`
[INFO] [stdout]  --> src/responses/tests/mod.rs:3:5
[INFO] [stdout]   |
[INFO] [stdout] 3 | use std::convert::TryFrom;
[INFO] [stdout]   |     ^^^^^^^^^^^^^^^^^^^^^
[INFO] [stdout] 
[INFO] [stdout] 
[INFO] [stdout] warning: unused import: `insta::*`
[INFO] [stdout]  --> src/responses/tests/mod.rs:9:5
[INFO] [stdout]   |
[INFO] [stdout] 9 | use insta::*;
[INFO] [stdout]   |     ^^^^^^^^
[INFO] [stdout] 
[INFO] [stdout] 
[INFO] [stdout] Some errors have detailed explanations: E0432, E0433.
[INFO] [stdout] 
[INFO] [stdout] For more information about an error, try `rustc --explain E0432`.
[INFO] [stdout] 
[INFO] [stderr] error: could not compile `ciboulette` (lib test) due to 26 previous errors; 10 warnings emitted
[INFO] running `Command { std: "docker" "inspect" "670cf1e8484b4d1a85f2151631a6530941eceb9f1f79f4abe1d3734172c2ae38", kill_on_drop: false }`
[INFO] running `Command { std: "docker" "rm" "-f" "670cf1e8484b4d1a85f2151631a6530941eceb9f1f79f4abe1d3734172c2ae38", kill_on_drop: false }`
[INFO] [stdout] 670cf1e8484b4d1a85f2151631a6530941eceb9f1f79f4abe1d3734172c2ae38
