[INFO] fetching crate chromaprint-rust 0.1.3...
[INFO] testing chromaprint-rust-0.1.3 against nightly-2024-10-28 for randomize-layout
[INFO] extracting crate chromaprint-rust 0.1.3 into /workspace/builds/worker-5-tc1/source
[INFO] validating manifest of crates.io crate chromaprint-rust 0.1.3 on toolchain nightly-2024-10-28
[INFO] running `Command { std: CARGO_HOME="/workspace/cargo-home" RUSTUP_HOME="/workspace/rustup-home" "/workspace/cargo-home/bin/cargo" "+nightly-2024-10-28" "metadata" "--manifest-path" "Cargo.toml" "--no-deps", kill_on_drop: false }`
[INFO] started tweaking crates.io crate chromaprint-rust 0.1.3
[INFO] finished tweaking crates.io crate chromaprint-rust 0.1.3
[INFO] tweaked toml for crates.io crate chromaprint-rust 0.1.3 written to /workspace/builds/worker-5-tc1/source/Cargo.toml
[INFO] running `Command { std: CARGO_HOME="/workspace/cargo-home" RUSTUP_HOME="/workspace/rustup-home" "/workspace/cargo-home/bin/cargo" "+nightly-2024-10-28" "generate-lockfile" "--manifest-path" "Cargo.toml", kill_on_drop: false }`
[INFO] [stderr]     Updating crates.io index
[INFO] [stderr]      Locking 69 packages to latest compatible versions
[INFO] running `Command { std: CARGO_HOME="/workspace/cargo-home" RUSTUP_HOME="/workspace/rustup-home" "/workspace/cargo-home/bin/cargo" "+nightly-2024-10-28" "fetch" "--manifest-path" "Cargo.toml", kill_on_drop: false }`
[INFO] [stderr]  Downloading crates ...
[INFO] [stderr]   Downloaded cmake v0.1.51
[INFO] [stderr]   Downloaded chromaprint-sys-next v1.5.3
[INFO] running `Command { std: "docker" "create" "-v" "/var/lib/crater-agent-workspace/builds/worker-5-tc1/target:/opt/rustwide/target:rw,Z" "-v" "/var/lib/crater-agent-workspace/builds/worker-5-tc1/source:/opt/rustwide/workdir:ro,Z" "-v" "/var/lib/crater-agent-workspace/cargo-home:/opt/rustwide/cargo-home:ro,Z" "-v" "/var/lib/crater-agent-workspace/rustup-home:/opt/rustwide/rustup-home:ro,Z" "-e" "SOURCE_DIR=/opt/rustwide/workdir" "-e" "CARGO_TARGET_DIR=/opt/rustwide/target" "-e" "CARGO_HOME=/opt/rustwide/cargo-home" "-e" "RUSTUP_HOME=/opt/rustwide/rustup-home" "-w" "/opt/rustwide/workdir" "-m" "1610612736" "--user" "0:0" "--network" "none" "ghcr.io/rust-lang/crates-build-env/linux@sha256:4a844ea9eb2546a2d2c7022eacef16ef2e8229c7fbb2c7d4d55a9ceca922f72d" "/opt/rustwide/cargo-home/bin/cargo" "+nightly-2024-10-28" "metadata" "--no-deps" "--format-version=1", kill_on_drop: false }`
[INFO] [stdout] 7fe3b4a009653268c5c17605ad43ec6f536e3b54281179ca6a4f9ec7fdc856ca
[INFO] running `Command { std: "docker" "start" "-a" "7fe3b4a009653268c5c17605ad43ec6f536e3b54281179ca6a4f9ec7fdc856ca", kill_on_drop: false }`
[INFO] running `Command { std: "docker" "inspect" "7fe3b4a009653268c5c17605ad43ec6f536e3b54281179ca6a4f9ec7fdc856ca", kill_on_drop: false }`
[INFO] running `Command { std: "docker" "rm" "-f" "7fe3b4a009653268c5c17605ad43ec6f536e3b54281179ca6a4f9ec7fdc856ca", kill_on_drop: false }`
[INFO] [stdout] 7fe3b4a009653268c5c17605ad43ec6f536e3b54281179ca6a4f9ec7fdc856ca
[INFO] running `Command { std: "docker" "create" "-v" "/var/lib/crater-agent-workspace/builds/worker-5-tc1/target:/opt/rustwide/target:rw,Z" "-v" "/var/lib/crater-agent-workspace/builds/worker-5-tc1/source:/opt/rustwide/workdir:ro,Z" "-v" "/var/lib/crater-agent-workspace/cargo-home:/opt/rustwide/cargo-home:ro,Z" "-v" "/var/lib/crater-agent-workspace/rustup-home:/opt/rustwide/rustup-home:ro,Z" "-e" "SOURCE_DIR=/opt/rustwide/workdir" "-e" "CARGO_TARGET_DIR=/opt/rustwide/target" "-e" "CARGO_INCREMENTAL=0" "-e" "RUST_BACKTRACE=full" "-e" "RUSTFLAGS=--cap-lints=forbid" "-e" "RUSTDOCFLAGS=--cap-lints=forbid" "-e" "CARGO_HOME=/opt/rustwide/cargo-home" "-e" "RUSTUP_HOME=/opt/rustwide/rustup-home" "-w" "/opt/rustwide/workdir" "-m" "1610612736" "--user" "0:0" "--network" "none" "ghcr.io/rust-lang/crates-build-env/linux@sha256:4a844ea9eb2546a2d2c7022eacef16ef2e8229c7fbb2c7d4d55a9ceca922f72d" "/opt/rustwide/cargo-home/bin/cargo" "+nightly-2024-10-28" "build" "--frozen" "--message-format=json", kill_on_drop: false }`
[INFO] [stdout] 9972dc75f92839c37d81e4f3f848448cbd03dc79eafaca9ddeab850eceae7776
[INFO] running `Command { std: "docker" "start" "-a" "9972dc75f92839c37d81e4f3f848448cbd03dc79eafaca9ddeab850eceae7776", kill_on_drop: false }`
[INFO] [stderr]    Compiling autocfg v1.4.0
[INFO] [stderr]    Compiling memchr v2.7.4
[INFO] [stderr]    Compiling proc-macro2 v1.0.89
[INFO] [stderr]    Compiling libc v0.2.161
[INFO] [stderr]    Compiling unicode-ident v1.0.13
[INFO] [stderr]    Compiling glob v0.3.1
[INFO] [stderr]    Compiling regex-syntax v0.8.5
[INFO] [stderr]    Compiling rustix v0.38.38
[INFO] [stderr]    Compiling hashbrown v0.12.3
[INFO] [stderr]    Compiling bitflags v2.6.0
[INFO] [stderr]    Compiling minimal-lexical v0.2.1
[INFO] [stderr]    Compiling os_str_bytes v6.6.1
[INFO] [stderr]    Compiling shlex v1.3.0
[INFO] [stderr]    Compiling termcolor v1.4.1
[INFO] [stderr]    Compiling linux-raw-sys v0.4.14
[INFO] [stderr]    Compiling cfg-if v1.0.0
[INFO] [stderr]    Compiling libloading v0.8.5
[INFO] [stderr]    Compiling humantime v2.1.0
[INFO] [stderr]    Compiling bindgen v0.60.1
[INFO] [stderr]    Compiling log v0.4.22
[INFO] [stderr]    Compiling clap_lex v0.2.4
[INFO] [stderr]    Compiling strsim v0.10.0
[INFO] [stderr]    Compiling textwrap v0.16.1
[INFO] [stderr]    Compiling home v0.5.9
[INFO] [stderr]    Compiling either v1.13.0
[INFO] [stderr]    Compiling bitflags v1.3.2
[INFO] [stderr]    Compiling clang-sys v1.8.1
[INFO] [stderr]    Compiling indexmap v1.9.3
[INFO] [stderr]    Compiling cc v1.1.31
[INFO] [stderr]    Compiling lazy_static v1.5.0
[INFO] [stderr]    Compiling peeking_take_while v0.1.2
[INFO] [stderr]    Compiling aho-corasick v1.1.3
[INFO] [stderr]    Compiling nom v7.1.3
[INFO] [stderr]    Compiling rustc-hash v1.1.0
[INFO] [stderr]    Compiling lazycell v1.3.0
[INFO] [stderr]    Compiling pkg-config v0.3.31
[INFO] [stderr]    Compiling num-traits v0.2.19
[INFO] [stderr]    Compiling thiserror v1.0.66
[INFO] [stderr]    Compiling quote v1.0.37
[INFO] [stderr]    Compiling syn v2.0.86
[INFO] [stderr]    Compiling atty v0.2.14
[INFO] [stderr]    Compiling clap v3.2.25
[INFO] [stderr]    Compiling cmake v0.1.51
[INFO] [stderr]    Compiling which v4.4.2
[INFO] [stderr]    Compiling regex-automata v0.4.8
[INFO] [stderr]    Compiling cexpr v0.6.0
[INFO] [stderr]    Compiling thiserror-impl v1.0.66
[INFO] [stderr]    Compiling regex v1.11.1
[INFO] [stderr]    Compiling env_logger v0.9.3
[INFO] [stderr]    Compiling chromaprint-sys-next v1.5.3
[INFO] [stderr] error: failed to run custom build command for `chromaprint-sys-next v1.5.3`
[INFO] [stderr] note: To improve backtraces for build dependencies, set the CARGO_PROFILE_DEV_BUILD_OVERRIDE_DEBUG=true environment variable to enable debug information generation.
[INFO] [stderr] 
[INFO] [stderr] Caused by:
[INFO] [stderr]   process didn't exit successfully: `/opt/rustwide/target/debug/build/chromaprint-sys-next-948cdd0faefa6cf4/build-script-build` (exit status: 101)
[INFO] [stderr]   --- stdout
[INFO] [stderr]   cargo:rerun-if-changed=build.rs
[INFO] [stderr]   cargo:rerun-if-env-changed=CHROMAPRINT_SYS_DYNAMIC
[INFO] [stderr]   cargo:rerun-if-env-changed=CHROMAPRINT_SYS_STATIC
[INFO] [stderr]   CMAKE_TOOLCHAIN_FILE_x86_64-unknown-linux-gnu = None
[INFO] [stderr]   CMAKE_TOOLCHAIN_FILE_x86_64_unknown_linux_gnu = None
[INFO] [stderr]   HOST_CMAKE_TOOLCHAIN_FILE = None
[INFO] [stderr]   CMAKE_TOOLCHAIN_FILE = None
[INFO] [stderr]   CMAKE_GENERATOR_x86_64-unknown-linux-gnu = None
[INFO] [stderr]   CMAKE_GENERATOR_x86_64_unknown_linux_gnu = None
[INFO] [stderr]   HOST_CMAKE_GENERATOR = None
[INFO] [stderr]   CMAKE_GENERATOR = None
[INFO] [stderr]   CMAKE_PREFIX_PATH_x86_64-unknown-linux-gnu = None
[INFO] [stderr]   CMAKE_PREFIX_PATH_x86_64_unknown_linux_gnu = None
[INFO] [stderr]   HOST_CMAKE_PREFIX_PATH = None
[INFO] [stderr]   CMAKE_PREFIX_PATH = None
[INFO] [stderr]   CMAKE_x86_64-unknown-linux-gnu = None
[INFO] [stderr]   CMAKE_x86_64_unknown_linux_gnu = None
[INFO] [stderr]   HOST_CMAKE = None
[INFO] [stderr]   CMAKE = None
[INFO] [stderr]   running: cd "/opt/rustwide/target/debug/build/chromaprint-sys-next-32151c9d2bb1e2f3/out/build" && CMAKE_PREFIX_PATH="" "cmake" "/opt/rustwide/cargo-home/registry/src/index.crates.io-6f17d22bba15001f/chromaprint-sys-next-1.5.3/src/chromaprint" "-DCMAKE_INSTALL_PREFIX=/opt/rustwide/target/debug/build/chromaprint-sys-next-32151c9d2bb1e2f3/out" "-DCMAKE_C_FLAGS= -ffunction-sections -fdata-sections -fPIC -m64" "-DCMAKE_C_COMPILER=/usr/bin/cc" "-DCMAKE_CXX_FLAGS= -ffunction-sections -fdata-sections -fPIC -m64" "-DCMAKE_CXX_COMPILER=/usr/bin/c++" "-DCMAKE_ASM_FLAGS= -ffunction-sections -fdata-sections -fPIC -m64" "-DCMAKE_ASM_COMPILER=/usr/bin/cc" "-DCMAKE_BUILD_TYPE=Debug"
[INFO] [stderr]   -- The C compiler identification is GNU 11.4.0
[INFO] [stderr]   -- The CXX compiler identification is GNU 11.4.0
[INFO] [stderr]   -- Detecting C compiler ABI info
[INFO] [stderr]   -- Detecting C compiler ABI info - done
[INFO] [stderr]   -- Check for working C compiler: /usr/bin/cc - skipped
[INFO] [stderr]   -- Detecting C compile features
[INFO] [stderr]   -- Detecting C compile features - done
[INFO] [stderr]   -- Detecting CXX compiler ABI info
[INFO] [stderr]   -- Detecting CXX compiler ABI info - done
[INFO] [stderr]   -- Check for working CXX compiler: /usr/bin/c++ - skipped
[INFO] [stderr]   -- Detecting CXX compile features
[INFO] [stderr]   -- Detecting CXX compile features - done
[INFO] [stderr]   -- Looking for pthread.h
[INFO] [stderr]   -- Looking for pthread.h - found
[INFO] [stderr]   -- Performing Test CMAKE_HAVE_LIBC_PTHREAD
[INFO] [stderr]   -- Performing Test CMAKE_HAVE_LIBC_PTHREAD - Success
[INFO] [stderr]   -- Found Threads: TRUE  
[INFO] [stderr]   -- Looking for lrintf
[INFO] [stderr]   -- Looking for lrintf - found
[INFO] [stderr]   -- Looking for round
[INFO] [stderr]   -- Looking for round - found
[INFO] [stderr]   -- Looking for av_packet_unref
[INFO] [stderr]   -- Looking for av_packet_unref - found
[INFO] [stderr]   -- Looking for av_frame_alloc
[INFO] [stderr]   -- Looking for av_frame_alloc - found
[INFO] [stderr]   -- Looking for av_frame_free
[INFO] [stderr]   -- Looking for av_frame_free - found
[INFO] [stderr]   -- Found KissFFT: /opt/rustwide/cargo-home/registry/src/index.crates.io-6f17d22bba15001f/chromaprint-sys-next-1.5.3/src/chromaprint/src/3rdparty/kissfft  
[INFO] [stderr]   -- Using avfft for FFT calculations
[INFO] [stderr]   -- Using swresample for audio conversion
[INFO] [stderr]   -- Found GTest: /opt/rustwide/cargo-home/registry/src/index.crates.io-6f17d22bba15001f/chromaprint-sys-next-1.5.3/src/chromaprint/src/3rdparty/googletest/googletest  
[INFO] [stderr]   -- Configuring done
[INFO] [stderr]   -- Generating done
[INFO] [stderr]   -- Build files have been written to: /opt/rustwide/target/debug/build/chromaprint-sys-next-32151c9d2bb1e2f3/out/build
[INFO] [stderr]   running: cd "/opt/rustwide/target/debug/build/chromaprint-sys-next-32151c9d2bb1e2f3/out/build" && MAKEFLAGS="-j --jobserver-fds=8,9 --jobserver-auth=8,9" "cmake" "--build" "." "--target" "install" "--config" "Debug"
[INFO] [stderr]   [  2%] Building CXX object tests/CMakeFiles/gtest.dir/__/src/3rdparty/googletest/googletest/src/gtest-all.cc.o
[INFO] [stderr]   [  4%] Building CXX object src/CMakeFiles/chromaprint_objs.dir/audio_processor.cpp.o
[INFO] [stderr]   [  6%] Building C object src/CMakeFiles/chromaprint_objs.dir/avresample/resample2.c.o
[INFO] [stderr]   [  8%] Building CXX object src/CMakeFiles/chromaprint_objs.dir/fft_lib_avfft.cpp.o
[INFO] [stderr]   [ 10%] Building CXX object src/CMakeFiles/chromaprint_objs.dir/chroma.cpp.o
[INFO] [stderr]   [ 15%] Building CXX object src/CMakeFiles/chromaprint_objs.dir/chroma_resampler.cpp.o
[INFO] [stderr]   [ 13%] Building CXX object src/CMakeFiles/chromaprint_objs.dir/chroma_filter.cpp.o
[INFO] [stderr]   [ 17%] Building CXX object src/CMakeFiles/chromaprint_objs.dir/fft.cpp.o
[INFO] [stderr]   [ 19%] Building CXX object src/CMakeFiles/chromaprint_objs.dir/fingerprinter.cpp.o
[INFO] [stderr]   [ 21%] Building CXX object src/CMakeFiles/chromaprint_objs.dir/spectrum.cpp.o
[INFO] [stderr]   [ 23%] Building CXX object src/CMakeFiles/chromaprint_objs.dir/image_builder.cpp.o
[INFO] [stderr]   [ 26%] Building CXX object src/CMakeFiles/chromaprint_objs.dir/simhash.cpp.o
[INFO] [stderr]   [ 28%] Building CXX object src/CMakeFiles/chromaprint_objs.dir/silence_remover.cpp.o
[INFO] [stderr]   [ 30%] Building CXX object src/CMakeFiles/chromaprint_objs.dir/fingerprint_compressor.cpp.o
[INFO] [stderr]   [ 32%] Building CXX object src/CMakeFiles/chromaprint_objs.dir/fingerprint_calculator.cpp.o
[INFO] [stderr]   [ 34%] Building CXX object src/CMakeFiles/chromaprint_objs.dir/fingerprint_decompressor.cpp.o
[INFO] [stderr]   [ 36%] Building CXX object src/CMakeFiles/chromaprint_objs.dir/fingerprinter_configuration.cpp.o
[INFO] [stderr]   [ 39%] Building CXX object src/CMakeFiles/chromaprint_objs.dir/fingerprint_matcher.cpp.o
[INFO] [stderr]   [ 41%] Building CXX object src/CMakeFiles/chromaprint_objs.dir/utils/base64.cpp.o
[INFO] [stderr]   [ 41%] Built target chromaprint_objs
[INFO] [stderr]   [ 43%] Building CXX object src/CMakeFiles/chromaprint.dir/chromaprint.cpp.o
[INFO] [stderr]   [ 45%] Linking CXX shared library libchromaprint.so
[INFO] [stderr]   [ 45%] Built target chromaprint
[INFO] [stderr]   [ 47%] Linking CXX static library libgtest.a
[INFO] [stderr]   [ 47%] Built target gtest
[INFO] [stderr]   [ 50%] Building CXX object tests/CMakeFiles/all_tests.dir/main.cpp.o
[INFO] [stderr]   [ 52%] Building CXX object tests/CMakeFiles/all_tests.dir/test_utils.cpp.o
[INFO] [stderr]   [ 56%] Building CXX object tests/CMakeFiles/all_tests.dir/test_audio_processor.cpp.o
[INFO] [stderr]   [ 56%] Building CXX object tests/CMakeFiles/all_tests.dir/test_filter.cpp.o
[INFO] [stderr]   [ 58%] Building CXX object tests/CMakeFiles/all_tests.dir/test_filter_utils.cpp.o
[INFO] [stderr]   [ 60%] Building CXX object tests/CMakeFiles/all_tests.dir/test_quantizer.cpp.o
[INFO] [stderr]   [ 65%] Building CXX object tests/CMakeFiles/all_tests.dir/test_simhash.cpp.o
[INFO] [stderr]   [ 65%] Building CXX object tests/CMakeFiles/all_tests.dir/test_api.cpp.o
[INFO] [stderr]   [ 67%] Building CXX object tests/CMakeFiles/all_tests.dir/test_chromaprint.cpp.o
[INFO] [stderr]   [ 69%] Building CXX object tests/CMakeFiles/all_tests.dir/test_chroma.cpp.o
[INFO] [stderr]   [ 71%] Building CXX object tests/CMakeFiles/all_tests.dir/test_chroma_filter.cpp.o
[INFO] [stderr]   [ 73%] Building CXX object tests/CMakeFiles/all_tests.dir/test_chroma_resampler.cpp.o
[INFO] [stderr]   [ 76%] Building CXX object tests/CMakeFiles/all_tests.dir/test_fingerprint_compressor.cpp.o
[INFO] [stderr]   [ 78%] Building CXX object tests/CMakeFiles/all_tests.dir/test_fingerprint_matcher.cpp.o
[INFO] [stderr]   [ 80%] Building CXX object tests/CMakeFiles/all_tests.dir/test_fingerprint_decompressor.cpp.o
[INFO] [stderr]   [ 82%] Building CXX object tests/CMakeFiles/all_tests.dir/test_silence_remover.cpp.o
[INFO] [stderr] 
[INFO] [stderr]   --- stderr
[INFO] [stderr]   CMake Warning:
[INFO] [stderr]     Manually-specified variables were not used by the project:
[INFO] [stderr] 
[INFO] [stderr]       CMAKE_ASM_COMPILER
[INFO] [stderr]       CMAKE_ASM_FLAGS
[INFO] [stderr] 
[INFO] [stderr] 
[INFO] [stderr]   c++: fatal error: Killed signal terminated program cc1plus
[INFO] [stderr]   compilation terminated.
[INFO] [stderr]   gmake[2]: *** [tests/CMakeFiles/all_tests.dir/build.make:216: tests/CMakeFiles/all_tests.dir/test_chroma_filter.cpp.o] Error 1
[INFO] [stderr]   gmake[2]: *** Waiting for unfinished jobs....
[INFO] [stderr]   In file included from /opt/rustwide/cargo-home/registry/src/index.crates.io-6f17d22bba15001f/chromaprint-sys-next-1.5.3/src/chromaprint/tests/test_simhash.cpp:1:
[INFO] [stderr]   /opt/rustwide/cargo-home/registry/src/index.crates.io-6f17d22bba15001f/chromaprint-sys-next-1.5.3/src/chromaprint/src/3rdparty/googletest/googletest/include/gtest/gtest.h: In instantiation of 'testing::AssertionResult testing::internal::CmpHelperLE(const char*, const char*, const T1&, const T2&) [with T1 = int; T2 = unsigned int]':
[INFO] [stderr]   /opt/rustwide/cargo-home/registry/src/index.crates.io-6f17d22bba15001f/chromaprint-sys-next-1.5.3/src/chromaprint/tests/test_simhash.cpp:25:5:   required from here
[INFO] [stderr]   /opt/rustwide/cargo-home/registry/src/index.crates.io-6f17d22bba15001f/chromaprint-sys-next-1.5.3/src/chromaprint/src/3rdparty/googletest/googletest/include/gtest/gtest.h:1626:28: warning: comparison of integer expressions of different signedness: 'const int' and 'const unsigned int' [-Wsign-compare]
[INFO] [stderr]    1626 | GTEST_IMPL_CMP_HELPER_(LE, <=)
[INFO] [stderr]         |                            ^
[INFO] [stderr]   /opt/rustwide/cargo-home/registry/src/index.crates.io-6f17d22bba15001f/chromaprint-sys-next-1.5.3/src/chromaprint/src/3rdparty/googletest/googletest/include/gtest/gtest.h:1614:12: note: in definition of macro 'GTEST_IMPL_CMP_HELPER_'
[INFO] [stderr]    1614 |   if (val1 op val2) {\
[INFO] [stderr]         |            ^~
[INFO] [stderr]   c++: fatal error: Killed signal terminated program cc1plus
[INFO] [stderr]   compilation terminated.
[INFO] [stderr]   gmake[2]: *** [tests/CMakeFiles/all_tests.dir/build.make:146: tests/CMakeFiles/all_tests.dir/test_filter_utils.cpp.o] Error 1
[INFO] [stderr]   In file included from /opt/rustwide/cargo-home/registry/src/index.crates.io-6f17d22bba15001f/chromaprint-sys-next-1.5.3/src/chromaprint/tests/test_audio_processor.cpp:1:
[INFO] [stderr]   /opt/rustwide/cargo-home/registry/src/index.crates.io-6f17d22bba15001f/chromaprint-sys-next-1.5.3/src/chromaprint/src/3rdparty/googletest/googletest/include/gtest/gtest.h: In instantiation of 'testing::AssertionResult testing::internal::CmpHelperEQ(const char*, const char*, const T1&, const T2&) [with T1 = int; T2 = long unsigned int]':
[INFO] [stderr]   /opt/rustwide/cargo-home/registry/src/index.crates.io-6f17d22bba15001f/chromaprint-sys-next-1.5.3/src/chromaprint/src/3rdparty/googletest/googletest/include/gtest/gtest.h:1564:23:   required from 'static testing::AssertionResult testing::internal::EqHelper::Compare(const char*, const char*, const T1&, const T2&) [with T1 = int; T2 = long unsigned int; typename std::enable_if<((! std::is_integral<_Tp>::value) || (! std::is_pointer<_Dp>::value))>::type* <anonymous> = 0]'
[INFO] [stderr]   /opt/rustwide/cargo-home/registry/src/index.crates.io-6f17d22bba15001f/chromaprint-sys-next-1.5.3/src/chromaprint/tests/test_utils.h:16:2:   required from here
[INFO] [stderr]   /opt/rustwide/cargo-home/registry/src/index.crates.io-6f17d22bba15001f/chromaprint-sys-next-1.5.3/src/chromaprint/src/3rdparty/googletest/googletest/include/gtest/gtest.h:1545:11: warning: comparison of integer expressions of different signedness: 'const int' and 'const long unsigned int' [-Wsign-compare]
[INFO] [stderr]    1545 |   if (lhs == rhs) {
[INFO] [stderr]         |       ~~~~^~~~~~
[INFO] [stderr]   In file included from /opt/rustwide/cargo-home/registry/src/index.crates.io-6f17d22bba15001f/chromaprint-sys-next-1.5.3/src/chromaprint/tests/test_api.cpp:1:
[INFO] [stderr]   /opt/rustwide/cargo-home/registry/src/index.crates.io-6f17d22bba15001f/chromaprint-sys-next-1.5.3/src/chromaprint/src/3rdparty/googletest/googletest/include/gtest/gtest.h: In instantiation of 'testing::AssertionResult testing::internal::CmpHelperEQ(const char*, const char*, const T1&, const T2&) [with T1 = int; T2 = long unsigned int]':
[INFO] [stderr]   /opt/rustwide/cargo-home/registry/src/index.crates.io-6f17d22bba15001f/chromaprint-sys-next-1.5.3/src/chromaprint/src/3rdparty/googletest/googletest/include/gtest/gtest.h:1564:23:   required from 'static testing::AssertionResult testing::internal::EqHelper::Compare(const char*, const char*, const T1&, const T2&) [with T1 = int; T2 = long unsigned int; typename std::enable_if<((! std::is_integral<_Tp>::value) || (! std::is_pointer<_Dp>::value))>::type* <anonymous> = 0]'
[INFO] [stderr]   /opt/rustwide/cargo-home/registry/src/index.crates.io-6f17d22bba15001f/chromaprint-sys-next-1.5.3/src/chromaprint/tests/test_utils.h:16:2:   required from here
[INFO] [stderr]   /opt/rustwide/cargo-home/registry/src/index.crates.io-6f17d22bba15001f/chromaprint-sys-next-1.5.3/src/chromaprint/src/3rdparty/googletest/googletest/include/gtest/gtest.h:1545:11: warning: comparison of integer expressions of different signedness: 'const int' and 'const long unsigned int' [-Wsign-compare]
[INFO] [stderr]    1545 |   if (lhs == rhs) {
[INFO] [stderr]         |       ~~~~^~~~~~
[INFO] [stderr]   /opt/rustwide/cargo-home/registry/src/index.crates.io-6f17d22bba15001f/chromaprint-sys-next-1.5.3/src/chromaprint/src/3rdparty/googletest/googletest/include/gtest/gtest.h: In instantiation of 'testing::AssertionResult testing::internal::CmpHelperEQ(const char*, const char*, const T1&, const T2&) [with T1 = int; T2 = unsigned int]':
[INFO] [stderr]   /opt/rustwide/cargo-home/registry/src/index.crates.io-6f17d22bba15001f/chromaprint-sys-next-1.5.3/src/chromaprint/src/3rdparty/googletest/googletest/include/gtest/gtest.h:1564:23:   required from 'static testing::AssertionResult testing::internal::EqHelper::Compare(const char*, const char*, const T1&, const T2&) [with T1 = int; T2 = unsigned int; typename std::enable_if<((! std::is_integral<_Tp>::value) || (! std::is_pointer<_Dp>::value))>::type* <anonymous> = 0]'
[INFO] [stderr]   /opt/rustwide/cargo-home/registry/src/index.crates.io-6f17d22bba15001f/chromaprint-sys-next-1.5.3/src/chromaprint/tests/test_simhash.cpp:9:5:   required from here
[INFO] [stderr]   /opt/rustwide/cargo-home/registry/src/index.crates.io-6f17d22bba15001f/chromaprint-sys-next-1.5.3/src/chromaprint/src/3rdparty/googletest/googletest/include/gtest/gtest.h:1545:11: warning: comparison of integer expressions of different signedness: 'const int' and 'const unsigned int' [-Wsign-compare]
[INFO] [stderr]    1545 |   if (lhs == rhs) {
[INFO] [stderr]         |       ~~~~^~~~~~
[INFO] [stderr]   /opt/rustwide/cargo-home/registry/src/index.crates.io-6f17d22bba15001f/chromaprint-sys-next-1.5.3/src/chromaprint/src/3rdparty/googletest/googletest/include/gtest/gtest.h: In instantiation of 'testing::AssertionResult testing::internal::CmpHelperEQ(const char*, const char*, const T1&, const T2&) [with T1 = int; T2 = unsigned int]':
[INFO] [stderr]   /opt/rustwide/cargo-home/registry/src/index.crates.io-6f17d22bba15001f/chromaprint-sys-next-1.5.3/src/chromaprint/src/3rdparty/googletest/googletest/include/gtest/gtest.h:1564:23:   required from 'static testing::AssertionResult testing::internal::EqHelper::Compare(const char*, const char*, const T1&, const T2&) [with T1 = int; T2 = unsigned int; typename std::enable_if<((! std::is_integral<_Tp>::value) || (! std::is_pointer<_Dp>::value))>::type* <anonymous> = 0]'
[INFO] [stderr]   /opt/rustwide/cargo-home/registry/src/index.crates.io-6f17d22bba15001f/chromaprint-sys-next-1.5.3/src/chromaprint/tests/test_api.cpp:61:2:   required from here
[INFO] [stderr]   /opt/rustwide/cargo-home/registry/src/index.crates.io-6f17d22bba15001f/chromaprint-sys-next-1.5.3/src/chromaprint/src/3rdparty/googletest/googletest/include/gtest/gtest.h:1545:11: warning: comparison of integer expressions of different signedness: 'const int' and 'const unsigned int' [-Wsign-compare]
[INFO] [stderr]   c++: fatal error: Killed signal terminated program cc1plus
[INFO] [stderr]   compilation terminated.
[INFO] [stderr]   In file included from /opt/rustwide/cargo-home/registry/src/index.crates.io-6f17d22bba15001f/chromaprint-sys-next-1.5.3/src/chromaprint/tests/test_utils.cpp:1:
[INFO] [stderr]   /opt/rustwide/cargo-home/registry/src/index.crates.io-6f17d22bba15001f/chromaprint-sys-next-1.5.3/src/chromaprint/src/3rdparty/googletest/googletest/include/gtest/gtest.h: In instantiation of 'testing::AssertionResult testing::internal::CmpHelperEQ(const char*, const char*, const T1&, const T2&) [with T1 = int; T2 = long unsigned int]':
[INFO] [stderr]   /opt/rustwide/cargo-home/registry/src/index.crates.io-6f17d22bba15001f/chromaprint-sys-next-1.5.3/src/chromaprint/src/3rdparty/googletest/googletest/include/gtest/gtest.h:1564:23:   required from 'static testing::AssertionResult testing::internal::EqHelper::Compare(const char*, const char*, const T1&, const T2&) [with T1 = int; T2 = long unsigned int; typename std::enable_if<((! std::is_integral<_Tp>::value) || (! std::is_pointer<_Dp>::value))>::type* <anonymous> = 0]'
[INFO] [stderr]   /opt/rustwide/cargo-home/registry/src/index.crates.io-6f17d22bba15001f/chromaprint-sys-next-1.5.3/src/chromaprint/tests/test_utils.h:16:2:   required from here
[INFO] [stderr]   /opt/rustwide/cargo-home/registry/src/index.crates.io-6f17d22bba15001f/chromaprint-sys-next-1.5.3/src/chromaprint/src/3rdparty/googletest/googletest/include/gtest/gtest.h:1545:11: warning: comparison of integer expressions of different signedness: 'const int' and 'const long unsigned int' [-Wsign-compare]
[INFO] [stderr]    1545 |   if (lhs == rhs) {
[INFO] [stderr]         |       ~~~~^~~~~~
[INFO] [stderr]   /opt/rustwide/cargo-home/registry/src/index.crates.io-6f17d22bba15001f/chromaprint-sys-next-1.5.3/src/chromaprint/src/3rdparty/googletest/googletest/include/gtest/gtest.h: In instantiation of 'testing::AssertionResult testing::internal::CmpHelperEQ(const char*, const char*, const T1&, const T2&) [with T1 = int; T2 = unsigned int]':
[INFO] [stderr]   /opt/rustwide/cargo-home/registry/src/index.crates.io-6f17d22bba15001f/chromaprint-sys-next-1.5.3/src/chromaprint/src/3rdparty/googletest/googletest/include/gtest/gtest.h:1564:23:   required from 'static testing::AssertionResult testing::internal::EqHelper::Compare(const char*, const char*, const T1&, const T2&) [with T1 = int; T2 = unsigned int; typename std::enable_if<((! std::is_integral<_Tp>::value) || (! std::is_pointer<_Dp>::value))>::type* <anonymous> = 0]'
[INFO] [stderr]   /opt/rustwide/cargo-home/registry/src/index.crates.io-6f17d22bba15001f/chromaprint-sys-next-1.5.3/src/chromaprint/tests/test_utils.cpp:76:5:   required from here
[INFO] [stderr]   /opt/rustwide/cargo-home/registry/src/index.crates.io-6f17d22bba15001f/chromaprint-sys-next-1.5.3/src/chromaprint/src/3rdparty/googletest/googletest/include/gtest/gtest.h:1545:11: warning: comparison of integer expressions of different signedness: 'const int' and 'const unsigned int' [-Wsign-compare]
[INFO] [stderr]   /opt/rustwide/cargo-home/registry/src/index.crates.io-6f17d22bba15001f/chromaprint-sys-next-1.5.3/src/chromaprint/src/3rdparty/googletest/googletest/include/gtest/gtest.h: In instantiation of 'testing::AssertionResult testing::internal::CmpHelperEQ(const char*, const char*, const T1&, const T2&) [with T1 = long unsigned int; T2 = int]':
[INFO] [stderr]   /opt/rustwide/cargo-home/registry/src/index.crates.io-6f17d22bba15001f/chromaprint-sys-next-1.5.3/src/chromaprint/src/3rdparty/googletest/googletest/include/gtest/gtest.h:1564:23:   required from 'static testing::AssertionResult testing::internal::EqHelper::Compare(const char*, const char*, const T1&, const T2&) [with T1 = long unsigned int; T2 = int; typename std::enable_if<((! std::is_integral<_Tp>::value) || (! std::is_pointer<_Dp>::value))>::type* <anonymous> = 0]'
[INFO] [stderr]   /opt/rustwide/cargo-home/registry/src/index.crates.io-6f17d22bba15001f/chromaprint-sys-next-1.5.3/src/chromaprint/tests/test_utils.cpp:99:2:   required from here
[INFO] [stderr]   /opt/rustwide/cargo-home/registry/src/index.crates.io-6f17d22bba15001f/chromaprint-sys-next-1.5.3/src/chromaprint/src/3rdparty/googletest/googletest/include/gtest/gtest.h:1545:11: warning: comparison of integer expressions of different signedness: 'const long unsigned int' and 'const int' [-Wsign-compare]
[INFO] [stderr]   gmake[2]: *** [tests/CMakeFiles/all_tests.dir/build.make:160: tests/CMakeFiles/all_tests.dir/test_audio_processor.cpp.o] Error 1
[INFO] [stderr]   c++: fatal error: Killed signal terminated program cc1plus
[INFO] [stderr]   compilation terminated.
[INFO] [stderr]   gmake[2]: *** [tests/CMakeFiles/all_tests.dir/build.make:90: tests/CMakeFiles/all_tests.dir/test_api.cpp.o] Error 1
[INFO] [stderr]   In file included from /opt/rustwide/cargo-home/registry/src/index.crates.io-6f17d22bba15001f/chromaprint-sys-next-1.5.3/src/chromaprint/tests/test_chromaprint.cpp:1:
[INFO] [stderr]   /opt/rustwide/cargo-home/registry/src/index.crates.io-6f17d22bba15001f/chromaprint-sys-next-1.5.3/src/chromaprint/src/3rdparty/googletest/googletest/include/gtest/gtest.h: In instantiation of 'testing::AssertionResult testing::internal::CmpHelperEQ(const char*, const char*, const T1&, const T2&) [with T1 = int; T2 = long unsigned int]':
[INFO] [stderr]   /opt/rustwide/cargo-home/registry/src/index.crates.io-6f17d22bba15001f/chromaprint-sys-next-1.5.3/src/chromaprint/src/3rdparty/googletest/googletest/include/gtest/gtest.h:1564:23:   required from 'static testing::AssertionResult testing::internal::EqHelper::Compare(const char*, const char*, const T1&, const T2&) [with T1 = int; T2 = long unsigned int; typename std::enable_if<((! std::is_integral<_Tp>::value) || (! std::is_pointer<_Dp>::value))>::type* <anonymous> = 0]'
[INFO] [stderr]   /opt/rustwide/cargo-home/registry/src/index.crates.io-6f17d22bba15001f/chromaprint-sys-next-1.5.3/src/chromaprint/tests/test_utils.h:16:2:   required from here
[INFO] [stderr]   /opt/rustwide/cargo-home/registry/src/index.crates.io-6f17d22bba15001f/chromaprint-sys-next-1.5.3/src/chromaprint/src/3rdparty/googletest/googletest/include/gtest/gtest.h:1545:11: warning: comparison of integer expressions of different signedness: 'const int' and 'const long unsigned int' [-Wsign-compare]
[INFO] [stderr]    1545 |   if (lhs == rhs) {
[INFO] [stderr]         |       ~~~~^~~~~~
[INFO] [stderr]   In file included from /opt/rustwide/cargo-home/registry/src/index.crates.io-6f17d22bba15001f/chromaprint-sys-next-1.5.3/src/chromaprint/tests/test_fingerprint_compressor.cpp:1:
[INFO] [stderr]   /opt/rustwide/cargo-home/registry/src/index.crates.io-6f17d22bba15001f/chromaprint-sys-next-1.5.3/src/chromaprint/src/3rdparty/googletest/googletest/include/gtest/gtest.h: In instantiation of 'testing::AssertionResult testing::internal::CmpHelperEQ(const char*, const char*, const T1&, const T2&) [with T1 = int; T2 = long unsigned int]':
[INFO] [stderr]   /opt/rustwide/cargo-home/registry/src/index.crates.io-6f17d22bba15001f/chromaprint-sys-next-1.5.3/src/chromaprint/src/3rdparty/googletest/googletest/include/gtest/gtest.h:1564:23:   required from 'static testing::AssertionResult testing::internal::EqHelper::Compare(const char*, const char*, const T1&, const T2&) [with T1 = int; T2 = long unsigned int; typename std::enable_if<((! std::is_integral<_Tp>::value) || (! std::is_pointer<_Dp>::value))>::type* <anonymous> = 0]'
[INFO] [stderr]   /opt/rustwide/cargo-home/registry/src/index.crates.io-6f17d22bba15001f/chromaprint-sys-next-1.5.3/src/chromaprint/tests/test_utils.h:16:2:   required from here
[INFO] [stderr]   /opt/rustwide/cargo-home/registry/src/index.crates.io-6f17d22bba15001f/chromaprint-sys-next-1.5.3/src/chromaprint/src/3rdparty/googletest/googletest/include/gtest/gtest.h:1545:11: warning: comparison of integer expressions of different signedness: 'const int' and 'const long unsigned int' [-Wsign-compare]
[INFO] [stderr]    1545 |   if (lhs == rhs) {
[INFO] [stderr]         |       ~~~~^~~~~~
[INFO] [stderr]   c++: fatal error: Killed signal terminated program cc1plus
[INFO] [stderr]   compilation terminated.
[INFO] [stderr]   gmake[2]: *** [tests/CMakeFiles/all_tests.dir/build.make:174: tests/CMakeFiles/all_tests.dir/test_simhash.cpp.o] Error 1
[INFO] [stderr]   In file included from /opt/rustwide/cargo-home/registry/src/index.crates.io-6f17d22bba15001f/chromaprint-sys-next-1.5.3/src/chromaprint/tests/test_fingerprint_decompressor.cpp:1:
[INFO] [stderr]   /opt/rustwide/cargo-home/registry/src/index.crates.io-6f17d22bba15001f/chromaprint-sys-next-1.5.3/src/chromaprint/src/3rdparty/googletest/googletest/include/gtest/gtest.h: In instantiation of 'testing::AssertionResult testing::internal::CmpHelperEQ(const char*, const char*, const T1&, const T2&) [with T1 = int; T2 = long unsigned int]':
[INFO] [stderr]   /opt/rustwide/cargo-home/registry/src/index.crates.io-6f17d22bba15001f/chromaprint-sys-next-1.5.3/src/chromaprint/src/3rdparty/googletest/googletest/include/gtest/gtest.h:1564:23:   required from 'static testing::AssertionResult testing::internal::EqHelper::Compare(const char*, const char*, const T1&, const T2&) [with T1 = int; T2 = long unsigned int; typename std::enable_if<((! std::is_integral<_Tp>::value) || (! std::is_pointer<_Dp>::value))>::type* <anonymous> = 0]'
[INFO] [stderr]   /opt/rustwide/cargo-home/registry/src/index.crates.io-6f17d22bba15001f/chromaprint-sys-next-1.5.3/src/chromaprint/tests/test_utils.h:16:2:   required from here
[INFO] [stderr]   /opt/rustwide/cargo-home/registry/src/index.crates.io-6f17d22bba15001f/chromaprint-sys-next-1.5.3/src/chromaprint/src/3rdparty/googletest/googletest/include/gtest/gtest.h:1545:11: warning: comparison of integer expressions of different signedness: 'const int' and 'const long unsigned int' [-Wsign-compare]
[INFO] [stderr]    1545 |   if (lhs == rhs) {
[INFO] [stderr]         |       ~~~~^~~~~~
[INFO] [stderr]   In file included from /opt/rustwide/cargo-home/registry/src/index.crates.io-6f17d22bba15001f/chromaprint-sys-next-1.5.3/src/chromaprint/tests/test_chroma.cpp:3:
[INFO] [stderr]   /opt/rustwide/cargo-home/registry/src/index.crates.io-6f17d22bba15001f/chromaprint-sys-next-1.5.3/src/chromaprint/src/3rdparty/googletest/googletest/include/gtest/gtest.h: In instantiation of 'testing::AssertionResult testing::internal::CmpHelperEQ(const char*, const char*, const T1&, const T2&) [with T1 = int; T2 = long unsigned int]':
[INFO] [stderr]   /opt/rustwide/cargo-home/registry/src/index.crates.io-6f17d22bba15001f/chromaprint-sys-next-1.5.3/src/chromaprint/src/3rdparty/googletest/googletest/include/gtest/gtest.h:1564:23:   required from 'static testing::AssertionResult testing::internal::EqHelper::Compare(const char*, const char*, const T1&, const T2&) [with T1 = int; T2 = long unsigned int; typename std::enable_if<((! std::is_integral<_Tp>::value) || (! std::is_pointer<_Dp>::value))>::type* <anonymous> = 0]'
[INFO] [stderr]   /opt/rustwide/cargo-home/registry/src/index.crates.io-6f17d22bba15001f/chromaprint-sys-next-1.5.3/src/chromaprint/tests/test_chroma.cpp:27:2:   required from here
[INFO] [stderr]   /opt/rustwide/cargo-home/registry/src/index.crates.io-6f17d22bba15001f/chromaprint-sys-next-1.5.3/src/chromaprint/src/3rdparty/googletest/googletest/include/gtest/gtest.h:1545:11: warning: comparison of integer expressions of different signedness: 'const int' and 'const long unsigned int' [-Wsign-compare]
[INFO] [stderr]    1545 |   if (lhs == rhs) {
[INFO] [stderr]         |       ~~~~^~~~~~
[INFO] [stderr]   In file included from /opt/rustwide/cargo-home/registry/src/index.crates.io-6f17d22bba15001f/chromaprint-sys-next-1.5.3/src/chromaprint/tests/test_filter.cpp:4:
[INFO] [stderr]   /opt/rustwide/cargo-home/registry/src/index.crates.io-6f17d22bba15001f/chromaprint-sys-next-1.5.3/src/chromaprint/src/3rdparty/googletest/googletest/include/gtest/gtest.h: In instantiation of 'testing::AssertionResult testing::internal::CmpHelperEQ(const char*, const char*, const T1&, const T2&) [with T1 = int; T2 = long unsigned int]':
[INFO] [stderr]   /opt/rustwide/cargo-home/registry/src/index.crates.io-6f17d22bba15001f/chromaprint-sys-next-1.5.3/src/chromaprint/src/3rdparty/googletest/googletest/include/gtest/gtest.h:1564:23:   required from 'static testing::AssertionResult testing::internal::EqHelper::Compare(const char*, const char*, const T1&, const T2&) [with T1 = int; T2 = long unsigned int; typename std::enable_if<((! std::is_integral<_Tp>::value) || (! std::is_pointer<_Dp>::value))>::type* <anonymous> = 0]'
[INFO] [stderr]   /opt/rustwide/cargo-home/registry/src/index.crates.io-6f17d22bba15001f/chromaprint-sys-next-1.5.3/src/chromaprint/tests/test_utils.h:16:2:   required from here
[INFO] [stderr]   /opt/rustwide/cargo-home/registry/src/index.crates.io-6f17d22bba15001f/chromaprint-sys-next-1.5.3/src/chromaprint/src/3rdparty/googletest/googletest/include/gtest/gtest.h:1545:11: warning: comparison of integer expressions of different signedness: 'const int' and 'const long unsigned int' [-Wsign-compare]
[INFO] [stderr]    1545 |   if (lhs == rhs) {
[INFO] [stderr]         |       ~~~~^~~~~~
[INFO] [stderr]   c++: fatal error: Killed signal terminated program cc1plus
[INFO] [stderr]   compilation terminated.
[INFO] [stderr]   gmake[2]: *** [tests/CMakeFiles/all_tests.dir/build.make:188: tests/CMakeFiles/all_tests.dir/test_chromaprint.cpp.o] Error 1
[INFO] [stderr]   In file included from /opt/rustwide/cargo-home/registry/src/index.crates.io-6f17d22bba15001f/chromaprint-sys-next-1.5.3/src/chromaprint/tests/test_silence_remover.cpp:1:
[INFO] [stderr]   /opt/rustwide/cargo-home/registry/src/index.crates.io-6f17d22bba15001f/chromaprint-sys-next-1.5.3/src/chromaprint/src/3rdparty/googletest/googletest/include/gtest/gtest.h: In instantiation of 'testing::AssertionResult testing::internal::CmpHelperEQ(const char*, const char*, const T1&, const T2&) [with T1 = int; T2 = long unsigned int]':
[INFO] [stderr]   /opt/rustwide/cargo-home/registry/src/index.crates.io-6f17d22bba15001f/chromaprint-sys-next-1.5.3/src/chromaprint/src/3rdparty/googletest/googletest/include/gtest/gtest.h:1564:23:   required from 'static testing::AssertionResult testing::internal::EqHelper::Compare(const char*, const char*, const T1&, const T2&) [with T1 = int; T2 = long unsigned int; typename std::enable_if<((! std::is_integral<_Tp>::value) || (! std::is_pointer<_Dp>::value))>::type* <anonymous> = 0]'
[INFO] [stderr]   /opt/rustwide/cargo-home/registry/src/index.crates.io-6f17d22bba15001f/chromaprint-sys-next-1.5.3/src/chromaprint/tests/test_utils.h:16:2:   required from here
[INFO] [stderr]   /opt/rustwide/cargo-home/registry/src/index.crates.io-6f17d22bba15001f/chromaprint-sys-next-1.5.3/src/chromaprint/src/3rdparty/googletest/googletest/include/gtest/gtest.h:1545:11: warning: comparison of integer expressions of different signedness: 'const int' and 'const long unsigned int' [-Wsign-compare]
[INFO] [stderr]    1545 |   if (lhs == rhs) {
[INFO] [stderr]         |       ~~~~^~~~~~
[INFO] [stderr]   gmake[1]: *** [CMakeFiles/Makefile2:255: tests/CMakeFiles/all_tests.dir/all] Error 2
[INFO] [stderr]   gmake: *** [Makefile:136: all] Error 2
[INFO] [stderr]   thread 'main' panicked at /opt/rustwide/cargo-home/registry/src/index.crates.io-6f17d22bba15001f/cmake-0.1.51/src/lib.rs:1100:5:
[INFO] [stderr] 
[INFO] [stderr]   command did not execute successfully, got: exit status: 2
[INFO] [stderr] 
[INFO] [stderr]   build script failed, must exit now
[INFO] [stderr]   stack backtrace:
[INFO] [stderr]      0:     0x56bc3a8f5f3a - std::backtrace_rs::backtrace::libunwind::trace::h207520d6e9873551
[INFO] [stderr]                                  at /rustc/df4ca44d3fbc9301ee17f30f4d474e6ae4b05252/library/std/src/../../backtrace/src/backtrace/libunwind.rs:116:5
[INFO] [stderr]      1:     0x56bc3a8f5f3a - std::backtrace_rs::backtrace::trace_unsynchronized::h2ed7433f370e3eca
[INFO] [stderr]                                  at /rustc/df4ca44d3fbc9301ee17f30f4d474e6ae4b05252/library/std/src/../../backtrace/src/backtrace/mod.rs:66:5
[INFO] [stderr]      2:     0x56bc3a8f5f3a - std::sys::backtrace::_print_fmt::h916fac51166b18d7
[INFO] [stderr]                                  at /rustc/df4ca44d3fbc9301ee17f30f4d474e6ae4b05252/library/std/src/sys/backtrace.rs:66:9
[INFO] [stderr]      3:     0x56bc3a8f5f3a - <std::sys::backtrace::BacktraceLock::print::DisplayBacktrace as core::fmt::Display>::fmt::ha0a4c9b8ce3802e6
[INFO] [stderr]                                  at /rustc/df4ca44d3fbc9301ee17f30f4d474e6ae4b05252/library/std/src/sys/backtrace.rs:39:26
[INFO] [stderr]      4:     0x56bc3a91f923 - core::fmt::rt::Argument::fmt::h4cfc8587d52b3eb5
[INFO] [stderr]                                  at /rustc/df4ca44d3fbc9301ee17f30f4d474e6ae4b05252/library/core/src/fmt/rt.rs:177:76
[INFO] [stderr]      5:     0x56bc3a91f923 - core::fmt::write::h522cc39e5b36ae9f
[INFO] [stderr]                                  at /rustc/df4ca44d3fbc9301ee17f30f4d474e6ae4b05252/library/core/src/fmt/mod.rs:1190:21
[INFO] [stderr]      6:     0x56bc3a8f27b3 - std::io::Write::write_fmt::hf1c1dcc8cc1287f0
[INFO] [stderr]                                  at /rustc/df4ca44d3fbc9301ee17f30f4d474e6ae4b05252/library/std/src/io/mod.rs:1839:15
[INFO] [stderr]      7:     0x56bc3a8f5d82 - std::sys::backtrace::BacktraceLock::print::h4b9e00b29e9c0942
[INFO] [stderr]                                  at /rustc/df4ca44d3fbc9301ee17f30f4d474e6ae4b05252/library/std/src/sys/backtrace.rs:42:9
[INFO] [stderr]      8:     0x56bc3a8f6f7c - std::panicking::default_hook::{{closure}}::hb59b88280d0324d9
[INFO] [stderr]                                  at /rustc/df4ca44d3fbc9301ee17f30f4d474e6ae4b05252/library/std/src/panicking.rs:268:22
[INFO] [stderr]      9:     0x56bc3a8f6dc2 - std::panicking::default_hook::he1dd496665be4a29
[INFO] [stderr]                                  at /rustc/df4ca44d3fbc9301ee17f30f4d474e6ae4b05252/library/std/src/panicking.rs:295:9
[INFO] [stderr]     10:     0x56bc3a8f75b7 - std::panicking::rust_panic_with_hook::h2ff17fe8f26dfcf8
[INFO] [stderr]                                  at /rustc/df4ca44d3fbc9301ee17f30f4d474e6ae4b05252/library/std/src/panicking.rs:801:13
[INFO] [stderr]     11:     0x56bc3a8f744a - std::panicking::begin_panic_handler::{{closure}}::h4fad77951c07e101
[INFO] [stderr]                                  at /rustc/df4ca44d3fbc9301ee17f30f4d474e6ae4b05252/library/std/src/panicking.rs:674:13
[INFO] [stderr]     12:     0x56bc3a8f6419 - std::sys::backtrace::__rust_end_short_backtrace::hb1a25b3da5d0ea08
[INFO] [stderr]                                  at /rustc/df4ca44d3fbc9301ee17f30f4d474e6ae4b05252/library/std/src/sys/backtrace.rs:170:18
[INFO] [stderr]     13:     0x56bc3a8f70dc - rust_begin_unwind
[INFO] [stderr]                                  at /rustc/df4ca44d3fbc9301ee17f30f4d474e6ae4b05252/library/std/src/panicking.rs:665:5
[INFO] [stderr]     14:     0x56bc3a91dc70 - core::panicking::panic_fmt::ha9db07b529f9b256
[INFO] [stderr]                                  at /rustc/df4ca44d3fbc9301ee17f30f4d474e6ae4b05252/library/core/src/panicking.rs:75:14
[INFO] [stderr]     15:     0x56bc3a3af372 - cmake::fail::he59086db93cdb6d9
[INFO] [stderr]     16:     0x56bc3a3aeb49 - cmake::run::h4c7f681d6e25b67d
[INFO] [stderr]     17:     0x56bc3a3ab53f - cmake::Config::build::hb94199b1acfc6129
[INFO] [stderr]     18:     0x56bc3a39f226 - build_script_build::build_chromaprint::h6a902508eac3f619
[INFO] [stderr]     19:     0x56bc3a39f6c0 - build_script_build::main::h01ca0dfbd3e19313
[INFO] [stderr]     20:     0x56bc3a39c5d3 - core::ops::function::FnOnce::call_once::h9ff461c9f7e65c9f
[INFO] [stderr]     21:     0x56bc3a39c3d6 - std::sys::backtrace::__rust_begin_short_backtrace::ha7a76128db847e2e
[INFO] [stderr]     22:     0x56bc3a39c2c9 - std::rt::lang_start::{{closure}}::h0b629ef92429409d
[INFO] [stderr]     23:     0x56bc3a8ee077 - core::ops::function::impls::<impl core::ops::function::FnOnce<A> for &F>::call_once::hd87d66b906e0ccaf
[INFO] [stderr]                                  at /rustc/df4ca44d3fbc9301ee17f30f4d474e6ae4b05252/library/core/src/ops/function.rs:284:13
[INFO] [stderr]     24:     0x56bc3a8ee077 - std::panicking::try::do_call::hae3703de71fc9e3a
[INFO] [stderr]                                  at /rustc/df4ca44d3fbc9301ee17f30f4d474e6ae4b05252/library/std/src/panicking.rs:557:40
[INFO] [stderr]     25:     0x56bc3a8ee077 - std::panicking::try::h1178330e9a2b2645
[INFO] [stderr]                                  at /rustc/df4ca44d3fbc9301ee17f30f4d474e6ae4b05252/library/std/src/panicking.rs:520:19
[INFO] [stderr]     26:     0x56bc3a8ee077 - std::panic::catch_unwind::h0acf49d2305d32ad
[INFO] [stderr]                                  at /rustc/df4ca44d3fbc9301ee17f30f4d474e6ae4b05252/library/std/src/panic.rs:358:14
[INFO] [stderr]     27:     0x56bc3a8ee077 - std::rt::lang_start_internal::{{closure}}::h2d95182d798177be
[INFO] [stderr]                                  at /rustc/df4ca44d3fbc9301ee17f30f4d474e6ae4b05252/library/std/src/rt.rs:174:48
[INFO] [stderr]     28:     0x56bc3a8ee077 - std::panicking::try::do_call::hb506f5bfe11fd30c
[INFO] [stderr]                                  at /rustc/df4ca44d3fbc9301ee17f30f4d474e6ae4b05252/library/std/src/panicking.rs:557:40
[INFO] [stderr]     29:     0x56bc3a8ee077 - std::panicking::try::h54d825c46bd0fa95
[INFO] [stderr]                                  at /rustc/df4ca44d3fbc9301ee17f30f4d474e6ae4b05252/library/std/src/panicking.rs:520:19
[INFO] [stderr]     30:     0x56bc3a8ee077 - std::panic::catch_unwind::hffbb0ad20c4e9fac
[INFO] [stderr]                                  at /rustc/df4ca44d3fbc9301ee17f30f4d474e6ae4b05252/library/std/src/panic.rs:358:14
[INFO] [stderr]     31:     0x56bc3a8ee077 - std::rt::lang_start_internal::h52c291ef1962c925
[INFO] [stderr]                                  at /rustc/df4ca44d3fbc9301ee17f30f4d474e6ae4b05252/library/std/src/rt.rs:174:20
[INFO] [stderr]     32:     0x56bc3a39c2a7 - std::rt::lang_start::h14e4b94a82a27c4a
[INFO] [stderr]     33:     0x56bc3a39fcb5 - main
[INFO] [stderr]     34:     0x7e7fdb306d90 - <unknown>
[INFO] [stderr]     35:     0x7e7fdb306e40 - __libc_start_main
[INFO] [stderr]     36:     0x56bc3a39bc15 - _start
[INFO] [stderr]     37:                0x0 - <unknown>
[INFO] running `Command { std: "docker" "inspect" "9972dc75f92839c37d81e4f3f848448cbd03dc79eafaca9ddeab850eceae7776", kill_on_drop: false }`
[INFO] running `Command { std: "docker" "rm" "-f" "9972dc75f92839c37d81e4f3f848448cbd03dc79eafaca9ddeab850eceae7776", kill_on_drop: false }`
[INFO] [stdout] 9972dc75f92839c37d81e4f3f848448cbd03dc79eafaca9ddeab850eceae7776
