[INFO] fetching crate chillwm 0.1.1...
[INFO] testing chillwm-0.1.1 against nightly-2024-10-28 for randomize-layout
[INFO] extracting crate chillwm 0.1.1 into /workspace/builds/worker-5-tc1/source
[INFO] validating manifest of crates.io crate chillwm 0.1.1 on toolchain nightly-2024-10-28
[INFO] running `Command { std: CARGO_HOME="/workspace/cargo-home" RUSTUP_HOME="/workspace/rustup-home" "/workspace/cargo-home/bin/cargo" "+nightly-2024-10-28" "metadata" "--manifest-path" "Cargo.toml" "--no-deps", kill_on_drop: false }`
[INFO] started tweaking crates.io crate chillwm 0.1.1
[INFO] finished tweaking crates.io crate chillwm 0.1.1
[INFO] tweaked toml for crates.io crate chillwm 0.1.1 written to /workspace/builds/worker-5-tc1/source/Cargo.toml
[INFO] crate crates.io crate chillwm 0.1.1 already has a lockfile, it will not be regenerated
[INFO] running `Command { std: CARGO_HOME="/workspace/cargo-home" RUSTUP_HOME="/workspace/rustup-home" "/workspace/cargo-home/bin/cargo" "+nightly-2024-10-28" "fetch" "--manifest-path" "Cargo.toml", kill_on_drop: false }`
[INFO] [stderr]  Downloading crates ...
[INFO] [stderr]   Downloaded x11 v2.18.2
[INFO] [stderr]   Downloaded libc v0.2.96
[INFO] running `Command { std: "docker" "create" "-v" "/var/lib/crater-agent-workspace/builds/worker-5-tc1/target:/opt/rustwide/target:rw,Z" "-v" "/var/lib/crater-agent-workspace/builds/worker-5-tc1/source:/opt/rustwide/workdir:ro,Z" "-v" "/var/lib/crater-agent-workspace/cargo-home:/opt/rustwide/cargo-home:ro,Z" "-v" "/var/lib/crater-agent-workspace/rustup-home:/opt/rustwide/rustup-home:ro,Z" "-e" "SOURCE_DIR=/opt/rustwide/workdir" "-e" "CARGO_TARGET_DIR=/opt/rustwide/target" "-e" "CARGO_HOME=/opt/rustwide/cargo-home" "-e" "RUSTUP_HOME=/opt/rustwide/rustup-home" "-w" "/opt/rustwide/workdir" "-m" "1610612736" "--user" "0:0" "--network" "none" "ghcr.io/rust-lang/crates-build-env/linux@sha256:4a844ea9eb2546a2d2c7022eacef16ef2e8229c7fbb2c7d4d55a9ceca922f72d" "/opt/rustwide/cargo-home/bin/cargo" "+nightly-2024-10-28" "metadata" "--no-deps" "--format-version=1", kill_on_drop: false }`
[INFO] [stdout] 53d3afa5a2c5176928311aa41c9a9f8687ebb61cb548d9d56090b9bdd990124c
[INFO] running `Command { std: "docker" "start" "-a" "53d3afa5a2c5176928311aa41c9a9f8687ebb61cb548d9d56090b9bdd990124c", kill_on_drop: false }`
[INFO] running `Command { std: "docker" "inspect" "53d3afa5a2c5176928311aa41c9a9f8687ebb61cb548d9d56090b9bdd990124c", kill_on_drop: false }`
[INFO] running `Command { std: "docker" "rm" "-f" "53d3afa5a2c5176928311aa41c9a9f8687ebb61cb548d9d56090b9bdd990124c", kill_on_drop: false }`
[INFO] [stdout] 53d3afa5a2c5176928311aa41c9a9f8687ebb61cb548d9d56090b9bdd990124c
[INFO] running `Command { std: "docker" "create" "-v" "/var/lib/crater-agent-workspace/builds/worker-5-tc1/target:/opt/rustwide/target:rw,Z" "-v" "/var/lib/crater-agent-workspace/builds/worker-5-tc1/source:/opt/rustwide/workdir:ro,Z" "-v" "/var/lib/crater-agent-workspace/cargo-home:/opt/rustwide/cargo-home:ro,Z" "-v" "/var/lib/crater-agent-workspace/rustup-home:/opt/rustwide/rustup-home:ro,Z" "-e" "SOURCE_DIR=/opt/rustwide/workdir" "-e" "CARGO_TARGET_DIR=/opt/rustwide/target" "-e" "CARGO_INCREMENTAL=0" "-e" "RUST_BACKTRACE=full" "-e" "RUSTFLAGS=--cap-lints=forbid" "-e" "RUSTDOCFLAGS=--cap-lints=forbid" "-e" "CARGO_HOME=/opt/rustwide/cargo-home" "-e" "RUSTUP_HOME=/opt/rustwide/rustup-home" "-w" "/opt/rustwide/workdir" "-m" "1610612736" "--user" "0:0" "--network" "none" "ghcr.io/rust-lang/crates-build-env/linux@sha256:4a844ea9eb2546a2d2c7022eacef16ef2e8229c7fbb2c7d4d55a9ceca922f72d" "/opt/rustwide/cargo-home/bin/cargo" "+nightly-2024-10-28" "build" "--frozen" "--message-format=json", kill_on_drop: false }`
[INFO] [stdout] 01d32f78f2851a36ab99f1fbb7b08dcaafe501c36d4f3dc1e18287ebed446415
[INFO] running `Command { std: "docker" "start" "-a" "01d32f78f2851a36ab99f1fbb7b08dcaafe501c36d4f3dc1e18287ebed446415", kill_on_drop: false }`
[INFO] [stderr]    Compiling libc v0.2.96
[INFO] [stderr]    Compiling pkg-config v0.3.19
[INFO] [stderr]    Compiling cc v1.0.68
[INFO] [stderr]    Compiling glob v0.3.0
[INFO] [stderr]    Compiling x11 v2.18.2
[INFO] [stderr]    Compiling chillwm v0.1.1 (/opt/rustwide/workdir)
[INFO] [stdout] error: linking with `cc` failed: exit status: 1
[INFO] [stdout]   |
[INFO] [stdout]   = note: LC_ALL="C" PATH="/opt/rustwide/rustup-home/toolchains/nightly-2024-10-28-x86_64-unknown-linux-gnu/lib/rustlib/x86_64-unknown-linux-gnu/bin:/opt/rustwide/rustup-home/toolchains/nightly-2024-10-28-x86_64-unknown-linux-gnu/lib/rustlib/x86_64-unknown-linux-gnu/bin/self-contained:/opt/rustwide/cargo-home/bin:/usr/local/sbin:/usr/local/bin:/usr/sbin:/usr/bin:/sbin:/bin" VSLANG="1033" "cc" "-m64" "/tmp/rustc8uxC3p/symbols.o" "/opt/rustwide/target/debug/deps/chillwm-37bef739989daf8d.chillwm.2e2c359fba45c3bb-cgu.0.rcgu.o" "/opt/rustwide/target/debug/deps/chillwm-37bef739989daf8d.atgw0rhqled9b3bkdkz3gjxvj.rcgu.o" "-Wl,--as-needed" "-Wl,-Bstatic" "-lc" "/opt/rustwide/target/debug/deps/libx11-d5cd273b047ffb56.rlib" "/opt/rustwide/target/debug/deps/liblibc-2042ef5984d02e4d.rlib" "/opt/rustwide/rustup-home/toolchains/nightly-2024-10-28-x86_64-unknown-linux-gnu/lib/rustlib/x86_64-unknown-linux-gnu/lib/libstd-fb8c387236db3c10.rlib" "/opt/rustwide/rustup-home/toolchains/nightly-2024-10-28-x86_64-unknown-linux-gnu/lib/rustlib/x86_64-unknown-linux-gnu/lib/libpanic_unwind-b251837809b2f64b.rlib" "/opt/rustwide/rustup-home/toolchains/nightly-2024-10-28-x86_64-unknown-linux-gnu/lib/rustlib/x86_64-unknown-linux-gnu/lib/libobject-cbef83eaa4e01f04.rlib" "/opt/rustwide/rustup-home/toolchains/nightly-2024-10-28-x86_64-unknown-linux-gnu/lib/rustlib/x86_64-unknown-linux-gnu/lib/libmemchr-12a772286de2fca7.rlib" "/opt/rustwide/rustup-home/toolchains/nightly-2024-10-28-x86_64-unknown-linux-gnu/lib/rustlib/x86_64-unknown-linux-gnu/lib/libaddr2line-023bbe5ada7abfc3.rlib" "/opt/rustwide/rustup-home/toolchains/nightly-2024-10-28-x86_64-unknown-linux-gnu/lib/rustlib/x86_64-unknown-linux-gnu/lib/libgimli-de2bcdf10ec69c2b.rlib" "/opt/rustwide/rustup-home/toolchains/nightly-2024-10-28-x86_64-unknown-linux-gnu/lib/rustlib/x86_64-unknown-linux-gnu/lib/librustc_demangle-8e1754df350800fd.rlib" "/opt/rustwide/rustup-home/toolchains/nightly-2024-10-28-x86_64-unknown-linux-gnu/lib/rustlib/x86_64-unknown-linux-gnu/lib/libstd_detect-06c2ab7b9c32e037.rlib" "/opt/rustwide/rustup-home/toolchains/nightly-2024-10-28-x86_64-unknown-linux-gnu/lib/rustlib/x86_64-unknown-linux-gnu/lib/libhashbrown-51d2621fc57a281b.rlib" "/opt/rustwide/rustup-home/toolchains/nightly-2024-10-28-x86_64-unknown-linux-gnu/lib/rustlib/x86_64-unknown-linux-gnu/lib/librustc_std_workspace_alloc-54a930408793772f.rlib" "/opt/rustwide/rustup-home/toolchains/nightly-2024-10-28-x86_64-unknown-linux-gnu/lib/rustlib/x86_64-unknown-linux-gnu/lib/libminiz_oxide-0c7d01cba400dcb2.rlib" "/opt/rustwide/rustup-home/toolchains/nightly-2024-10-28-x86_64-unknown-linux-gnu/lib/rustlib/x86_64-unknown-linux-gnu/lib/libadler-b9f84d69e331b75b.rlib" "/opt/rustwide/rustup-home/toolchains/nightly-2024-10-28-x86_64-unknown-linux-gnu/lib/rustlib/x86_64-unknown-linux-gnu/lib/libunwind-eec95493246aae39.rlib" "/opt/rustwide/rustup-home/toolchains/nightly-2024-10-28-x86_64-unknown-linux-gnu/lib/rustlib/x86_64-unknown-linux-gnu/lib/libcfg_if-6f6676c475e08ab0.rlib" "/opt/rustwide/rustup-home/toolchains/nightly-2024-10-28-x86_64-unknown-linux-gnu/lib/rustlib/x86_64-unknown-linux-gnu/lib/liblibc-799d520624f8b2e0.rlib" "/opt/rustwide/rustup-home/toolchains/nightly-2024-10-28-x86_64-unknown-linux-gnu/lib/rustlib/x86_64-unknown-linux-gnu/lib/liballoc-fcf93d4842acd9a9.rlib" "/opt/rustwide/rustup-home/toolchains/nightly-2024-10-28-x86_64-unknown-linux-gnu/lib/rustlib/x86_64-unknown-linux-gnu/lib/librustc_std_workspace_core-395a38b8e0851c9b.rlib" "/opt/rustwide/rustup-home/toolchains/nightly-2024-10-28-x86_64-unknown-linux-gnu/lib/rustlib/x86_64-unknown-linux-gnu/lib/libcore-d453bab70303062c.rlib" "/opt/rustwide/rustup-home/toolchains/nightly-2024-10-28-x86_64-unknown-linux-gnu/lib/rustlib/x86_64-unknown-linux-gnu/lib/libcompiler_builtins-0e6386368b0a24e8.rlib" "-Wl,-Bdynamic" "-lX11" "-lgcc_s" "-lutil" "-lrt" "-lpthread" "-lm" "-ldl" "-lc" "-B/opt/rustwide/rustup-home/toolchains/nightly-2024-10-28-x86_64-unknown-linux-gnu/lib/rustlib/x86_64-unknown-linux-gnu/bin/gcc-ld" "-fuse-ld=lld" "-Wl,--eh-frame-hdr" "-Wl,-z,noexecstack" "-L" "/opt/rustwide/target/debug/build/chillwm-994c45901996e8f6/out" "-L" "/usr/lib/x86_64-linux-gnu" "-L" "/opt/rustwide/rustup-home/toolchains/nightly-2024-10-28-x86_64-unknown-linux-gnu/lib/rustlib/x86_64-unknown-linux-gnu/lib" "-o" "/opt/rustwide/target/debug/deps/chillwm-37bef739989daf8d" "-Wl,--gc-sections" "-pie" "-Wl,-z,relro,-z,now" "-nodefaultlibs"
[INFO] [stdout]   = note: rust-lld: error: undefined symbol: putchar
[INFO] [stdout]           >>> referenced by error.c:10 (src/c/error.c:10)
[INFO] [stdout]           >>>               error.o:(handle_xlib_error) in archive /opt/rustwide/target/debug/build/chillwm-994c45901996e8f6/out/libc.a
[INFO] [stdout]           
[INFO] [stdout]           rust-lld: error: undefined symbol: __libc_start_main
[INFO] [stdout]           >>> referenced by /usr/lib/gcc/x86_64-linux-gnu/11/../../../x86_64-linux-gnu/Scrt1.o:(_start)
[INFO] [stdout]           
[INFO] [stdout]           rust-lld: error: undefined symbol: memcpy
[INFO] [stdout]           >>> referenced by intrinsics.rs:3298 (/rustc/df4ca44d3fbc9301ee17f30f4d474e6ae4b05252/library/core/src/intrinsics.rs:3298)
[INFO] [stdout]           >>>               /opt/rustwide/target/debug/deps/chillwm-37bef739989daf8d.chillwm.2e2c359fba45c3bb-cgu.0.rcgu.o:(_$LT$T$u20$as$u20$alloc..slice..hack..ConvertVec$GT$::to_vec::h08b49060d4e52db8)
[INFO] [stdout]           >>> referenced by intrinsics.rs:3298 (core/src/intrinsics.rs:3298)
[INFO] [stdout]           >>>               std-fb8c387236db3c10.std.f7f310d09e8e3d3e-cgu.0.rcgu.o:(core::fmt::Write::write_char::h99f3a51af97397b8) in archive /opt/rustwide/rustup-home/toolchains/nightly-2024-10-28-x86_64-unknown-linux-gnu/lib/rustlib/x86_64-unknown-linux-gnu/lib/libstd-fb8c387236db3c10.rlib
[INFO] [stdout]           >>> referenced by intrinsics.rs:3298 (core/src/intrinsics.rs:3298)
[INFO] [stdout]           >>>               std-fb8c387236db3c10.std.f7f310d09e8e3d3e-cgu.0.rcgu.o:(core::slice::sort::shared::smallsort::small_sort_general::h85eb60c06c758dbe) in archive /opt/rustwide/rustup-home/toolchains/nightly-2024-10-28-x86_64-unknown-linux-gnu/lib/rustlib/x86_64-unknown-linux-gnu/lib/libstd-fb8c387236db3c10.rlib
[INFO] [stdout]           >>> referenced 105 more times
[INFO] [stdout]           
[INFO] [stdout]           rust-lld: error: undefined symbol: write
[INFO] [stdout]           >>> referenced by methods.rs:0 (core/src/char/methods.rs:0)
[INFO] [stdout]           >>>               std-fb8c387236db3c10.std.f7f310d09e8e3d3e-cgu.0.rcgu.o:(core::fmt::Write::write_char::hcb8b062a1a1125f7) in archive /opt/rustwide/rustup-home/toolchains/nightly-2024-10-28-x86_64-unknown-linux-gnu/lib/rustlib/x86_64-unknown-linux-gnu/lib/libstd-fb8c387236db3c10.rlib
[INFO] [stdout]           >>> referenced by fd.rs:306 (std/src/sys/pal/unix/fd.rs:306)
[INFO] [stdout]           >>>               std-fb8c387236db3c10.std.f7f310d09e8e3d3e-cgu.0.rcgu.o:(std::io::buffered::bufwriter::BufWriter$LT$W$GT$::flush_buf::hb082a0b1e2c86fd1) in archive /opt/rustwide/rustup-home/toolchains/nightly-2024-10-28-x86_64-unknown-linux-gnu/lib/rustlib/x86_64-unknown-linux-gnu/lib/libstd-fb8c387236db3c10.rlib
[INFO] [stdout]           >>> referenced by mod.rs:0 (std/src/io/mod.rs:0)
[INFO] [stdout]           >>>               std-fb8c387236db3c10.std.f7f310d09e8e3d3e-cgu.0.rcgu.o:(std::io::buffered::bufwriter::BufWriter$LT$W$GT$::write_all_cold::h39e1a61da86871c3) in archive /opt/rustwide/rustup-home/toolchains/nightly-2024-10-28-x86_64-unknown-linux-gnu/lib/rustlib/x86_64-unknown-linux-gnu/lib/libstd-fb8c387236db3c10.rlib
[INFO] [stdout]           >>> referenced 2 more times
[INFO] [stdout]           
[INFO] [stdout]           rust-lld: error: undefined symbol: __errno_location
[INFO] [stdout]           >>> referenced by os.rs:67 (std/src/sys/pal/unix/os.rs:67)
[INFO] [stdout]           >>>               std-fb8c387236db3c10.std.f7f310d09e8e3d3e-cgu.0.rcgu.o:(core::fmt::Write::write_char::hcb8b062a1a1125f7) in archive /opt/rustwide/rustup-home/toolchains/nightly-2024-10-28-x86_64-unknown-linux-gnu/lib/rustlib/x86_64-unknown-linux-gnu/lib/libstd-fb8c387236db3c10.rlib
[INFO] [stdout]           >>> referenced by mod.rs:91 (std/src/sys/pal/unix/mod.rs:91)
[INFO] [stdout]           >>>               std-fb8c387236db3c10.std.f7f310d09e8e3d3e-cgu.0.rcgu.o:(std::rt::lang_start_internal::h52c291ef1962c925) in archive /opt/rustwide/rustup-home/toolchains/nightly-2024-10-28-x86_64-unknown-linux-gnu/lib/rustlib/x86_64-unknown-linux-gnu/lib/libstd-fb8c387236db3c10.rlib
[INFO] [stdout]           >>> referenced by os.rs:67 (std/src/sys/pal/unix/os.rs:67)
[INFO] [stdout]           >>>               std-fb8c387236db3c10.std.f7f310d09e8e3d3e-cgu.0.rcgu.o:(std::rt::lang_start_internal::h52c291ef1962c925) in archive /opt/rustwide/rustup-home/toolchains/nightly-2024-10-28-x86_64-unknown-linux-gnu/lib/rustlib/x86_64-unknown-linux-gnu/lib/libstd-fb8c387236db3c10.rlib
[INFO] [stdout]           >>> referenced 27 more times
[INFO] [stdout]           
[INFO] [stdout]           rust-lld: error: undefined symbol: syscall
[INFO] [stdout]           >>> referenced by futex.rs:105 (std/src/sys/pal/unix/futex.rs:105)
[INFO] [stdout]           >>>               std-fb8c387236db3c10.std.f7f310d09e8e3d3e-cgu.0.rcgu.o:(core::ptr::drop_in_place$LT$std..sync..reentrant_lock..ReentrantLockGuard$LT$core..cell..RefCell$LT$std..io..buffered..linewriter..LineWriter$LT$std..io..stdio..StdoutRaw$GT$$GT$$GT$$GT$::hfa40f04168a9d599) in archive /opt/rustwide/rustup-home/toolchains/nightly-2024-10-28-x86_64-unknown-linux-gnu/lib/rustlib/x86_64-unknown-linux-gnu/lib/libstd-fb8c387236db3c10.rlib
[INFO] [stdout]           >>> referenced by futex.rs:105 (std/src/sys/pal/unix/futex.rs:105)
[INFO] [stdout]           >>>               std-fb8c387236db3c10.std.f7f310d09e8e3d3e-cgu.0.rcgu.o:(core::ptr::drop_in_place$LT$std..io..stdio..StdinLock$GT$::hf65cb0e5e9f1a2c0) in archive /opt/rustwide/rustup-home/toolchains/nightly-2024-10-28-x86_64-unknown-linux-gnu/lib/rustlib/x86_64-unknown-linux-gnu/lib/libstd-fb8c387236db3c10.rlib
[INFO] [stdout]           >>> referenced by futex.rs:105 (std/src/sys/pal/unix/futex.rs:105)
[INFO] [stdout]           >>>               std-fb8c387236db3c10.std.f7f310d09e8e3d3e-cgu.0.rcgu.o:(_$LT$$RF$std..io..stdio..Stdout$u20$as$u20$std..io..Write$GT$::write_fmt::h276352481a2ebf5a) in archive /opt/rustwide/rustup-home/toolchains/nightly-2024-10-28-x86_64-unknown-linux-gnu/lib/rustlib/x86_64-unknown-linux-gnu/lib/libstd-fb8c387236db3c10.rlib
[INFO] [stdout]           >>> referenced 14 more times
[INFO] [stdout]           
[INFO] [stdout]           rust-lld: error: undefined symbol: munmap
[INFO] [stdout]           >>> referenced by mmap_unix.rs:45 (std/src/../../backtrace/src/symbolize/gimli/mmap_unix.rs:45)
[INFO] [stdout]           >>>               std-fb8c387236db3c10.std.f7f310d09e8e3d3e-cgu.0.rcgu.o:(core::ptr::drop_in_place$LT$std..backtrace_rs..symbolize..gimli..Mapping$GT$::haeff14cd0211f822) in archive /opt/rustwide/rustup-home/toolchains/nightly-2024-10-28-x86_64-unknown-linux-gnu/lib/rustlib/x86_64-unknown-linux-gnu/lib/libstd-fb8c387236db3c10.rlib
[INFO] [stdout]           >>> referenced by mmap_unix.rs:45 (std/src/../../backtrace/src/symbolize/gimli/mmap_unix.rs:45)
[INFO] [stdout]           >>>               std-fb8c387236db3c10.std.f7f310d09e8e3d3e-cgu.0.rcgu.o:(core::ptr::drop_in_place$LT$std..backtrace_rs..symbolize..gimli..Mapping$GT$::haeff14cd0211f822) in archive /opt/rustwide/rustup-home/toolchains/nightly-2024-10-28-x86_64-unknown-linux-gnu/lib/rustlib/x86_64-unknown-linux-gnu/lib/libstd-fb8c387236db3c10.rlib
[INFO] [stdout]           >>> referenced by mod.rs:521 (core/src/ptr/mod.rs:521)
[INFO] [stdout]           >>>               std-fb8c387236db3c10.std.f7f310d09e8e3d3e-cgu.0.rcgu.o:(core::ptr::drop_in_place$LT$std..backtrace_rs..symbolize..gimli..stash..Stash$GT$::he5ce9606b7001032) in archive /opt/rustwide/rustup-home/toolchains/nightly-2024-10-28-x86_64-unknown-linux-gnu/lib/rustlib/x86_64-unknown-linux-gnu/lib/libstd-fb8c387236db3c10.rlib
[INFO] [stdout]           >>> referenced 8 more times
[INFO] [stdout]           
[INFO] [stdout]           rust-lld: error: undefined symbol: memmove
[INFO] [stdout]           >>> referenced by intrinsics.rs:3404 (core/src/intrinsics.rs:3404)
[INFO] [stdout]           >>>               std-fb8c387236db3c10.std.f7f310d09e8e3d3e-cgu.0.rcgu.o:(core::ptr::drop_in_place$LT$std..io..buffered..bufwriter..BufWriter$LT$W$GT$..flush_buf..BufGuard$GT$::h0e5c433fac01e625) in archive /opt/rustwide/rustup-home/toolchains/nightly-2024-10-28-x86_64-unknown-linux-gnu/lib/rustlib/x86_64-unknown-linux-gnu/lib/libstd-fb8c387236db3c10.rlib
[INFO] [stdout]           >>> referenced by gimli.d7b219f8e40789e0-cgu.0
[INFO] [stdout]           >>>               gimli-de2bcdf10ec69c2b.gimli.d7b219f8e40789e0-cgu.0.rcgu.o:(alloc::collections::btree::node::Handle$LT$alloc..collections..btree..node..NodeRef$LT$alloc..collections..btree..node..marker..Mut$C$K$C$V$C$alloc..collections..btree..node..marker..Leaf$GT$$C$alloc..collections..btree..node..marker..Edge$GT$::insert_fit::h1beecdaab7994102) in archive /opt/rustwide/rustup-home/toolchains/nightly-2024-10-28-x86_64-unknown-linux-gnu/lib/rustlib/x86_64-unknown-linux-gnu/lib/libgimli-de2bcdf10ec69c2b.rlib
[INFO] [stdout]           >>> referenced by gimli.d7b219f8e40789e0-cgu.0
[INFO] [stdout]           >>>               gimli-de2bcdf10ec69c2b.gimli.d7b219f8e40789e0-cgu.0.rcgu.o:(alloc::collections::btree::node::Handle$LT$alloc..collections..btree..node..NodeRef$LT$alloc..collections..btree..node..marker..Mut$C$K$C$V$C$alloc..collections..btree..node..marker..Leaf$GT$$C$alloc..collections..btree..node..marker..Edge$GT$::insert_fit::h1beecdaab7994102) in archive /opt/rustwide/rustup-home/toolchains/nightly-2024-10-28-x86_64-unknown-linux-gnu/lib/rustlib/x86_64-unknown-linux-gnu/lib/libgimli-de2bcdf10ec69c2b.rlib
[INFO] [stdout]           >>> referenced 7 more times
[INFO] [stdout]           
[INFO] [stdout]           rust-lld: error: undefined symbol: bcmp
[INFO] [stdout]           >>> referenced by cmp.rs:91 (core/src/slice/cmp.rs:91)
[INFO] [stdout]           >>>               std-fb8c387236db3c10.std.f7f310d09e8e3d3e-cgu.0.rcgu.o:(_$LT$$RF$str$u20$as$u20$core..str..pattern..Pattern$GT$::is_contained_in::hedb636cdc7c64a5b) in archive /opt/rustwide/rustup-home/toolchains/nightly-2024-10-28-x86_64-unknown-linux-gnu/lib/rustlib/x86_64-unknown-linux-gnu/lib/libstd-fb8c387236db3c10.rlib
[INFO] [stdout]           >>> referenced by cmp.rs:91 (core/src/slice/cmp.rs:91)
[INFO] [stdout]           >>>               std-fb8c387236db3c10.std.f7f310d09e8e3d3e-cgu.0.rcgu.o:(_$LT$$RF$str$u20$as$u20$core..str..pattern..Pattern$GT$::is_contained_in::hedb636cdc7c64a5b) in archive /opt/rustwide/rustup-home/toolchains/nightly-2024-10-28-x86_64-unknown-linux-gnu/lib/rustlib/x86_64-unknown-linux-gnu/lib/libstd-fb8c387236db3c10.rlib
[INFO] [stdout]           >>> referenced by iter.rs:1354 (core/src/slice/iter.rs:1354)
[INFO] [stdout]           >>>               std-fb8c387236db3c10.std.f7f310d09e8e3d3e-cgu.0.rcgu.o:(_$LT$$RF$str$u20$as$u20$core..str..pattern..Pattern$GT$::is_contained_in::hedb636cdc7c64a5b) in archive /opt/rustwide/rustup-home/toolchains/nightly-2024-10-28-x86_64-unknown-linux-gnu/lib/rustlib/x86_64-unknown-linux-gnu/lib/libstd-fb8c387236db3c10.rlib
[INFO] [stdout]           >>> referenced 10 more times
[INFO] [stdout]           
[INFO] [stdout]           rust-lld: error: undefined symbol: memset
[INFO] [stdout]           >>> referenced by rustc_demangle.6a0d3621f33c7ef2-cgu.0
[INFO] [stdout]           >>>               rustc_demangle-8e1754df350800fd.rustc_demangle.6a0d3621f33c7ef2-cgu.0.rcgu.o:(_$LT$rustc_demangle..v0..Ident$u20$as$u20$core..fmt..Display$GT$::fmt::h8668111d962854f8) in archive /opt/rustwide/rustup-home/toolchains/nightly-2024-10-28-x86_64-unknown-linux-gnu/lib/rustlib/x86_64-unknown-linux-gnu/lib/librustc_demangle-8e1754df350800fd.rlib
[INFO] [stdout]           >>> referenced by miniz_oxide.de87c74f215c0a77-cgu.0
[INFO] [stdout]           >>>               miniz_oxide-0c7d01cba400dcb2.miniz_oxide.de87c74f215c0a77-cgu.0.rcgu.o:(miniz_oxide::inflate::core::init_tree::hd570ffb83fb1bd46) in archive /opt/rustwide/rustup-home/toolchains/nightly-2024-10-28-x86_64-unknown-linux-gnu/lib/rustlib/x86_64-unknown-linux-gnu/lib/libminiz_oxide-0c7d01cba400dcb2.rlib
[INFO] [stdout]           >>> referenced by miniz_oxide.de87c74f215c0a77-cgu.0
[INFO] [stdout]           >>>               miniz_oxide-0c7d01cba400dcb2.miniz_oxide.de87c74f215c0a77-cgu.0.rcgu.o:(miniz_oxide::inflate::core::transfer::hbe9d8a7f690fb4cc) in archive /opt/rustwide/rustup-home/toolchains/nightly-2024-10-28-x86_64-unknown-linux-gnu/lib/rustlib/x86_64-unknown-linux-gnu/lib/libminiz_oxide-0c7d01cba400dcb2.rlib
[INFO] [stdout]           >>> referenced 5 more times
[INFO] [stdout]           
[INFO] [stdout]           rust-lld: error: undefined symbol: poll
[INFO] [stdout]           >>> referenced by mod.rs:91 (std/src/sys/pal/unix/mod.rs:91)
[INFO] [stdout]           >>>               std-fb8c387236db3c10.std.f7f310d09e8e3d3e-cgu.0.rcgu.o:(std::rt::lang_start_internal::h52c291ef1962c925) in archive /opt/rustwide/rustup-home/toolchains/nightly-2024-10-28-x86_64-unknown-linux-gnu/lib/rustlib/x86_64-unknown-linux-gnu/lib/libstd-fb8c387236db3c10.rlib
[INFO] [stdout]           
[INFO] [stdout]           rust-lld: error: undefined symbol: fcntl
[INFO] [stdout]           >>> referenced by mod.rs:147 (std/src/sys/pal/unix/mod.rs:147)
[INFO] [stdout]           >>>               std-fb8c387236db3c10.std.f7f310d09e8e3d3e-cgu.0.rcgu.o:(std::rt::lang_start_internal::h52c291ef1962c925) in archive /opt/rustwide/rustup-home/toolchains/nightly-2024-10-28-x86_64-unknown-linux-gnu/lib/rustlib/x86_64-unknown-linux-gnu/lib/libstd-fb8c387236db3c10.rlib
[INFO] [stdout]           >>> referenced by mod.rs:147 (std/src/sys/pal/unix/mod.rs:147)
[INFO] [stdout]           >>>               std-fb8c387236db3c10.std.f7f310d09e8e3d3e-cgu.0.rcgu.o:(std::rt::lang_start_internal::h52c291ef1962c925) in archive /opt/rustwide/rustup-home/toolchains/nightly-2024-10-28-x86_64-unknown-linux-gnu/lib/rustlib/x86_64-unknown-linux-gnu/lib/libstd-fb8c387236db3c10.rlib
[INFO] [stdout]           >>> referenced by mod.rs:147 (std/src/sys/pal/unix/mod.rs:147)
[INFO] [stdout]           >>>               std-fb8c387236db3c10.std.f7f310d09e8e3d3e-cgu.0.rcgu.o:(std::rt::lang_start_internal::h52c291ef1962c925) in archive /opt/rustwide/rustup-home/toolchains/nightly-2024-10-28-x86_64-unknown-linux-gnu/lib/rustlib/x86_64-unknown-linux-gnu/lib/libstd-fb8c387236db3c10.rlib
[INFO] [stdout]           
[INFO] [stdout]           rust-lld: error: undefined symbol: open64
[INFO] [stdout]           >>> referenced by mod.rs:148 (std/src/sys/pal/unix/mod.rs:148)
[INFO] [stdout]           >>>               std-fb8c387236db3c10.std.f7f310d09e8e3d3e-cgu.0.rcgu.o:(std::rt::lang_start_internal::h52c291ef1962c925) in archive /opt/rustwide/rustup-home/toolchains/nightly-2024-10-28-x86_64-unknown-linux-gnu/lib/rustlib/x86_64-unknown-linux-gnu/lib/libstd-fb8c387236db3c10.rlib
[INFO] [stdout]           >>> referenced by mod.rs:148 (std/src/sys/pal/unix/mod.rs:148)
[INFO] [stdout]           >>>               std-fb8c387236db3c10.std.f7f310d09e8e3d3e-cgu.0.rcgu.o:(std::rt::lang_start_internal::h52c291ef1962c925) in archive /opt/rustwide/rustup-home/toolchains/nightly-2024-10-28-x86_64-unknown-linux-gnu/lib/rustlib/x86_64-unknown-linux-gnu/lib/libstd-fb8c387236db3c10.rlib
[INFO] [stdout]           >>> referenced by mod.rs:117 (std/src/sys/pal/unix/mod.rs:117)
[INFO] [stdout]           >>>               std-fb8c387236db3c10.std.f7f310d09e8e3d3e-cgu.0.rcgu.o:(std::rt::lang_start_internal::h52c291ef1962c925) in archive /opt/rustwide/rustup-home/toolchains/nightly-2024-10-28-x86_64-unknown-linux-gnu/lib/rustlib/x86_64-unknown-linux-gnu/lib/libstd-fb8c387236db3c10.rlib
[INFO] [stdout]           >>> referenced 4 more times
[INFO] [stdout]           
[INFO] [stdout]           rust-lld: error: undefined symbol: signal
[INFO] [stdout]           >>> referenced by mod.rs:196 (std/src/sys/pal/unix/mod.rs:196)
[INFO] [stdout]           >>>               std-fb8c387236db3c10.std.f7f310d09e8e3d3e-cgu.0.rcgu.o:(std::rt::lang_start_internal::h52c291ef1962c925) in archive /opt/rustwide/rustup-home/toolchains/nightly-2024-10-28-x86_64-unknown-linux-gnu/lib/rustlib/x86_64-unknown-linux-gnu/lib/libstd-fb8c387236db3c10.rlib
[INFO] [stdout]           
[INFO] [stdout]           rust-lld: error: undefined symbol: sysconf
[INFO] [stdout]           >>> referenced by os.rs:698 (std/src/sys/pal/unix/os.rs:698)
[INFO] [stdout]           >>>               std-fb8c387236db3c10.std.f7f310d09e8e3d3e-cgu.0.rcgu.o:(std::rt::lang_start_internal::h52c291ef1962c925) in archive /opt/rustwide/rustup-home/toolchains/nightly-2024-10-28-x86_64-unknown-linux-gnu/lib/rustlib/x86_64-unknown-linux-gnu/lib/libstd-fb8c387236db3c10.rlib
[INFO] [stdout]           
[INFO] [stdout]           rust-lld: error: undefined symbol: pthread_self
[INFO] [stdout]           >>> referenced by stack_overflow.rs:327 (std/src/sys/pal/unix/stack_overflow.rs:327)
[INFO] [stdout]           >>>               std-fb8c387236db3c10.std.f7f310d09e8e3d3e-cgu.0.rcgu.o:(std::rt::lang_start_internal::h52c291ef1962c925) in archive /opt/rustwide/rustup-home/toolchains/nightly-2024-10-28-x86_64-unknown-linux-gnu/lib/rustlib/x86_64-unknown-linux-gnu/lib/libstd-fb8c387236db3c10.rlib
[INFO] [stdout]           >>> referenced by stack_overflow.rs:517 (std/src/sys/pal/unix/stack_overflow.rs:517)
[INFO] [stdout]           >>>               std-fb8c387236db3c10.std.f7f310d09e8e3d3e-cgu.0.rcgu.o:(std::sys::pal::unix::stack_overflow::imp::make_handler::ha6a1a04e62b0d461) in archive /opt/rustwide/rustup-home/toolchains/nightly-2024-10-28-x86_64-unknown-linux-gnu/lib/rustlib/x86_64-unknown-linux-gnu/lib/libstd-fb8c387236db3c10.rlib
[INFO] [stdout]           >>> referenced by exit_guard.rs:33 (std/src/sys/exit_guard.rs:33)
[INFO] [stdout]           >>>               std-fb8c387236db3c10.std.f7f310d09e8e3d3e-cgu.0.rcgu.o:(std::sys::exit_guard::unique_thread_exit::h6f330188f5c14718) in archive /opt/rustwide/rustup-home/toolchains/nightly-2024-10-28-x86_64-unknown-linux-gnu/lib/rustlib/x86_64-unknown-linux-gnu/lib/libstd-fb8c387236db3c10.rlib
[INFO] [stdout]           
[INFO] [stdout]           rust-lld: error: undefined symbol: pthread_getattr_np
[INFO] [stdout]           >>> referenced by stack_overflow.rs:327 (std/src/sys/pal/unix/stack_overflow.rs:327)
[INFO] [stdout]           >>>               std-fb8c387236db3c10.std.f7f310d09e8e3d3e-cgu.0.rcgu.o:(std::rt::lang_start_internal::h52c291ef1962c925) in archive /opt/rustwide/rustup-home/toolchains/nightly-2024-10-28-x86_64-unknown-linux-gnu/lib/rustlib/x86_64-unknown-linux-gnu/lib/libstd-fb8c387236db3c10.rlib
[INFO] [stdout]           >>> referenced by stack_overflow.rs:517 (std/src/sys/pal/unix/stack_overflow.rs:517)
[INFO] [stdout]           >>>               std-fb8c387236db3c10.std.f7f310d09e8e3d3e-cgu.0.rcgu.o:(std::sys::pal::unix::stack_overflow::imp::make_handler::ha6a1a04e62b0d461) in archive /opt/rustwide/rustup-home/toolchains/nightly-2024-10-28-x86_64-unknown-linux-gnu/lib/rustlib/x86_64-unknown-linux-gnu/lib/libstd-fb8c387236db3c10.rlib
[INFO] [stdout]           
[INFO] [stdout]           rust-lld: error: undefined symbol: pthread_attr_getstack
[INFO] [stdout]           >>> referenced by stack_overflow.rs:331 (std/src/sys/pal/unix/stack_overflow.rs:331)
[INFO] [stdout]           >>>               std-fb8c387236db3c10.std.f7f310d09e8e3d3e-cgu.0.rcgu.o:(std::rt::lang_start_internal::h52c291ef1962c925) in archive /opt/rustwide/rustup-home/toolchains/nightly-2024-10-28-x86_64-unknown-linux-gnu/lib/rustlib/x86_64-unknown-linux-gnu/lib/libstd-fb8c387236db3c10.rlib
[INFO] [stdout]           >>> referenced by stack_overflow.rs:533 (std/src/sys/pal/unix/stack_overflow.rs:533)
[INFO] [stdout]           >>>               std-fb8c387236db3c10.std.f7f310d09e8e3d3e-cgu.0.rcgu.o:(std::sys::pal::unix::stack_overflow::imp::make_handler::ha6a1a04e62b0d461) in archive /opt/rustwide/rustup-home/toolchains/nightly-2024-10-28-x86_64-unknown-linux-gnu/lib/rustlib/x86_64-unknown-linux-gnu/lib/libstd-fb8c387236db3c10.rlib
[INFO] [stdout]           
[INFO] [stdout]           rust-lld: error: undefined symbol: pthread_attr_destroy
[INFO] [stdout]           >>> referenced by stack_overflow.rs:335 (std/src/sys/pal/unix/stack_overflow.rs:335)
[INFO] [stdout]           >>>               std-fb8c387236db3c10.std.f7f310d09e8e3d3e-cgu.0.rcgu.o:(std::rt::lang_start_internal::h52c291ef1962c925) in archive /opt/rustwide/rustup-home/toolchains/nightly-2024-10-28-x86_64-unknown-linux-gnu/lib/rustlib/x86_64-unknown-linux-gnu/lib/libstd-fb8c387236db3c10.rlib
[INFO] [stdout]           >>> referenced by stack_overflow.rs:554 (std/src/sys/pal/unix/stack_overflow.rs:554)
[INFO] [stdout]           >>>               std-fb8c387236db3c10.std.f7f310d09e8e3d3e-cgu.0.rcgu.o:(std::sys::pal::unix::stack_overflow::imp::make_handler::ha6a1a04e62b0d461) in archive /opt/rustwide/rustup-home/toolchains/nightly-2024-10-28-x86_64-unknown-linux-gnu/lib/rustlib/x86_64-unknown-linux-gnu/lib/libstd-fb8c387236db3c10.rlib
[INFO] [stdout]           
[INFO] [stdout]           rust-lld: error: undefined symbol: sigaction
[INFO] [stdout]           >>> referenced by stack_overflow.rs:138 (std/src/sys/pal/unix/stack_overflow.rs:138)
[INFO] [stdout]           >>>               std-fb8c387236db3c10.std.f7f310d09e8e3d3e-cgu.0.rcgu.o:(std::rt::lang_start_internal::h52c291ef1962c925) in archive /opt/rustwide/rustup-home/toolchains/nightly-2024-10-28-x86_64-unknown-linux-gnu/lib/rustlib/x86_64-unknown-linux-gnu/lib/libstd-fb8c387236db3c10.rlib
[INFO] [stdout]           >>> referenced by stack_overflow.rs:151 (std/src/sys/pal/unix/stack_overflow.rs:151)
[INFO] [stdout]           >>>               std-fb8c387236db3c10.std.f7f310d09e8e3d3e-cgu.0.rcgu.o:(std::rt::lang_start_internal::h52c291ef1962c925) in archive /opt/rustwide/rustup-home/toolchains/nightly-2024-10-28-x86_64-unknown-linux-gnu/lib/rustlib/x86_64-unknown-linux-gnu/lib/libstd-fb8c387236db3c10.rlib
[INFO] [stdout]           >>> referenced by stack_overflow.rs:138 (std/src/sys/pal/unix/stack_overflow.rs:138)
[INFO] [stdout]           >>>               std-fb8c387236db3c10.std.f7f310d09e8e3d3e-cgu.0.rcgu.o:(std::rt::lang_start_internal::h52c291ef1962c925) in archive /opt/rustwide/rustup-home/toolchains/nightly-2024-10-28-x86_64-unknown-linux-gnu/lib/rustlib/x86_64-unknown-linux-gnu/lib/libstd-fb8c387236db3c10.rlib
[INFO] [stdout]           >>> referenced 2 more times
[INFO] [stdout]           
[INFO] [stdout]           rust-lld: error: too many errors emitted, stopping now (use --error-limit=0 to see all errors)
[INFO] [stdout]           collect2: error: ld returned 1 exit status
[INFO] [stdout]           
[INFO] [stdout] 
[INFO] [stdout] 
[INFO] [stderr] error: could not compile `chillwm` (bin "chillwm") due to 1 previous error
[INFO] running `Command { std: "docker" "inspect" "01d32f78f2851a36ab99f1fbb7b08dcaafe501c36d4f3dc1e18287ebed446415", kill_on_drop: false }`
[INFO] running `Command { std: "docker" "rm" "-f" "01d32f78f2851a36ab99f1fbb7b08dcaafe501c36d4f3dc1e18287ebed446415", kill_on_drop: false }`
[INFO] [stdout] 01d32f78f2851a36ab99f1fbb7b08dcaafe501c36d4f3dc1e18287ebed446415
