[INFO] fetching crate chatgpt_rs_fork 1.2.4...
[INFO] testing chatgpt_rs_fork-1.2.4 against nightly-2024-10-28 for randomize-layout
[INFO] extracting crate chatgpt_rs_fork 1.2.4 into /workspace/builds/worker-3-tc1/source
[INFO] validating manifest of crates.io crate chatgpt_rs_fork 1.2.4 on toolchain nightly-2024-10-28
[INFO] running `Command { std: CARGO_HOME="/workspace/cargo-home" RUSTUP_HOME="/workspace/rustup-home" "/workspace/cargo-home/bin/cargo" "+nightly-2024-10-28" "metadata" "--manifest-path" "Cargo.toml" "--no-deps", kill_on_drop: false }`
[INFO] started tweaking crates.io crate chatgpt_rs_fork 1.2.4
[INFO] removed 0 missing examples
[INFO] finished tweaking crates.io crate chatgpt_rs_fork 1.2.4
[INFO] tweaked toml for crates.io crate chatgpt_rs_fork 1.2.4 written to /workspace/builds/worker-3-tc1/source/Cargo.toml
[INFO] crate crates.io crate chatgpt_rs_fork 1.2.4 already has a lockfile, it will not be regenerated
[INFO] running `Command { std: CARGO_HOME="/workspace/cargo-home" RUSTUP_HOME="/workspace/rustup-home" "/workspace/cargo-home/bin/cargo" "+nightly-2024-10-28" "fetch" "--manifest-path" "Cargo.toml", kill_on_drop: false }`
[INFO] [stderr]     Updating crates.io index
[INFO] [stderr]  Downloading crates ...
[INFO] [stderr]   Downloaded cc v1.1.15
[INFO] [stderr]   Downloaded gpt_fn_macros v1.0.0
[INFO] [stderr]   Downloaded quinn-udp v0.5.5
[INFO] [stderr]   Downloaded critical-section v1.1.3
[INFO] [stderr]   Downloaded rustls-pki-types v1.8.0
[INFO] [stderr]   Downloaded wasm-streams v0.4.0
[INFO] [stderr]   Downloaded async-trait v0.1.82
[INFO] [stderr]   Downloaded rustls-pemfile v2.1.3
[INFO] [stderr]   Downloaded hyper-util v0.1.7
[INFO] [stderr]   Downloaded hyper-rustls v0.27.2
[INFO] [stderr]   Downloaded httparse v1.9.4
[INFO] [stderr]   Downloaded webpki-roots v0.26.5
[INFO] [stderr]   Downloaded serde_json v1.0.127
[INFO] [stderr]   Downloaded rustls-webpki v0.102.7
[INFO] [stderr]   Downloaded reqwest v0.12.7
[INFO] [stderr]   Downloaded rustls v0.23.12
[INFO] running `Command { std: "docker" "create" "-v" "/var/lib/crater-agent-workspace/builds/worker-3-tc1/target:/opt/rustwide/target:rw,Z" "-v" "/var/lib/crater-agent-workspace/builds/worker-3-tc1/source:/opt/rustwide/workdir:ro,Z" "-v" "/var/lib/crater-agent-workspace/cargo-home:/opt/rustwide/cargo-home:ro,Z" "-v" "/var/lib/crater-agent-workspace/rustup-home:/opt/rustwide/rustup-home:ro,Z" "-e" "SOURCE_DIR=/opt/rustwide/workdir" "-e" "CARGO_TARGET_DIR=/opt/rustwide/target" "-e" "CARGO_HOME=/opt/rustwide/cargo-home" "-e" "RUSTUP_HOME=/opt/rustwide/rustup-home" "-w" "/opt/rustwide/workdir" "-m" "1610612736" "--user" "0:0" "--network" "none" "ghcr.io/rust-lang/crates-build-env/linux@sha256:4a844ea9eb2546a2d2c7022eacef16ef2e8229c7fbb2c7d4d55a9ceca922f72d" "/opt/rustwide/cargo-home/bin/cargo" "+nightly-2024-10-28" "metadata" "--no-deps" "--format-version=1", kill_on_drop: false }`
[INFO] [stdout] 073a897528aa954d49a17fd2b955254fae4e978b99ad5100c6347fa3e43167a8
[INFO] running `Command { std: "docker" "start" "-a" "073a897528aa954d49a17fd2b955254fae4e978b99ad5100c6347fa3e43167a8", kill_on_drop: false }`
[INFO] running `Command { std: "docker" "inspect" "073a897528aa954d49a17fd2b955254fae4e978b99ad5100c6347fa3e43167a8", kill_on_drop: false }`
[INFO] running `Command { std: "docker" "rm" "-f" "073a897528aa954d49a17fd2b955254fae4e978b99ad5100c6347fa3e43167a8", kill_on_drop: false }`
[INFO] [stdout] 073a897528aa954d49a17fd2b955254fae4e978b99ad5100c6347fa3e43167a8
[INFO] running `Command { std: "docker" "create" "-v" "/var/lib/crater-agent-workspace/builds/worker-3-tc1/target:/opt/rustwide/target:rw,Z" "-v" "/var/lib/crater-agent-workspace/builds/worker-3-tc1/source:/opt/rustwide/workdir:ro,Z" "-v" "/var/lib/crater-agent-workspace/cargo-home:/opt/rustwide/cargo-home:ro,Z" "-v" "/var/lib/crater-agent-workspace/rustup-home:/opt/rustwide/rustup-home:ro,Z" "-e" "SOURCE_DIR=/opt/rustwide/workdir" "-e" "CARGO_TARGET_DIR=/opt/rustwide/target" "-e" "CARGO_INCREMENTAL=0" "-e" "RUST_BACKTRACE=full" "-e" "RUSTFLAGS=--cap-lints=forbid" "-e" "RUSTDOCFLAGS=--cap-lints=forbid" "-e" "CARGO_HOME=/opt/rustwide/cargo-home" "-e" "RUSTUP_HOME=/opt/rustwide/rustup-home" "-w" "/opt/rustwide/workdir" "-m" "1610612736" "--user" "0:0" "--network" "none" "ghcr.io/rust-lang/crates-build-env/linux@sha256:4a844ea9eb2546a2d2c7022eacef16ef2e8229c7fbb2c7d4d55a9ceca922f72d" "/opt/rustwide/cargo-home/bin/cargo" "+nightly-2024-10-28" "build" "--frozen" "--message-format=json", kill_on_drop: false }`
[INFO] [stdout] 2132118b93b3f594dbc649fbd754d27c4efbf1a27b3b6197a62499b944b702d9
[INFO] running `Command { std: "docker" "start" "-a" "2132118b93b3f594dbc649fbd754d27c4efbf1a27b3b6197a62499b944b702d9", kill_on_drop: false }`
[INFO] [stderr]    Compiling proc-macro2 v1.0.86
[INFO] [stderr]    Compiling unicode-ident v1.0.12
[INFO] [stderr]    Compiling libc v0.2.158
[INFO] [stderr]    Compiling shlex v1.3.0
[INFO] [stderr]    Compiling pin-project-lite v0.2.14
[INFO] [stderr]    Compiling bytes v1.7.1
[INFO] [stderr]    Compiling futures-core v0.3.30
[INFO] [stderr]    Compiling syn v1.0.109
[INFO] [stderr]    Compiling rustls-pki-types v1.8.0
[INFO] [stderr]    Compiling futures-task v0.3.30
[INFO] [stderr]    Compiling cc v1.1.15
[INFO] [stderr]    Compiling pin-utils v0.1.0
[INFO] [stderr]    Compiling once_cell v1.19.0
[INFO] [stderr]    Compiling futures-util v0.3.30
[INFO] [stderr]    Compiling spin v0.9.8
[INFO] [stderr]    Compiling untrusted v0.9.0
[INFO] [stderr]    Compiling httparse v1.9.4
[INFO] [stderr]    Compiling serde v1.0.209
[INFO] [stderr]    Compiling http v1.1.0
[INFO] [stderr]    Compiling strsim v0.10.0
[INFO] [stderr]    Compiling try-lock v0.2.5
[INFO] [stderr]    Compiling quote v1.0.37
[INFO] [stderr]    Compiling rustls v0.23.12
[INFO] [stderr]    Compiling want v0.3.1
[INFO] [stderr]    Compiling syn v2.0.77
[INFO] [stderr]    Compiling socket2 v0.5.7
[INFO] [stderr]    Compiling mio v1.0.2
[INFO] [stderr]    Compiling getrandom v0.2.15
[INFO] [stderr]    Compiling http-body v1.0.1
[INFO] [stderr]    Compiling tracing-core v0.1.32
[INFO] [stderr]    Compiling ring v0.17.8
[INFO] [stderr]    Compiling futures-channel v0.3.30
[INFO] [stderr]    Compiling zeroize v1.8.1
[INFO] [stderr]    Compiling tower-layer v0.3.3
[INFO] [stderr]    Compiling subtle v2.6.1
[INFO] [stderr]    Compiling smallvec v1.13.2
[INFO] [stderr]    Compiling tower-service v0.3.3
[INFO] [stderr]    Compiling tracing v0.1.40
[INFO] [stderr]    Compiling form_urlencoded v1.2.1
[INFO] [stderr]    Compiling unicode-normalization v0.1.23
[INFO] [stderr]    Compiling serde_json v1.0.127
[INFO] [stderr]    Compiling unicode-bidi v0.3.15
[INFO] [stderr]    Compiling webpki-roots v0.26.5
[INFO] [stderr]    Compiling thiserror v1.0.63
[INFO] [stderr]    Compiling rustls-pemfile v2.1.3
[INFO] [stderr]    Compiling http-body-util v0.1.2
[INFO] [stderr]    Compiling sync_wrapper v1.0.1
[INFO] [stderr]    Compiling ipnet v2.9.0
[INFO] [stderr]    Compiling mime v0.3.17
[INFO] [stderr]    Compiling log v0.4.22
[INFO] [stderr]    Compiling idna v0.5.0
[INFO] [stderr]    Compiling darling_core v0.14.4
[INFO] [stderr]    Compiling tokio-macros v2.4.0
[INFO] [stderr]    Compiling serde_derive v1.0.209
[INFO] [stderr]    Compiling pin-project-internal v1.1.5
[INFO] [stderr]    Compiling thiserror-impl v1.0.63
[INFO] [stderr]    Compiling tokio v1.40.0
[INFO] [stderr]    Compiling pin-project v1.1.5
[INFO] [stderr]    Compiling darling_macro v0.14.4
[INFO] [stderr]    Compiling darling v0.14.4
[INFO] [stderr]    Compiling derive_builder_core v0.12.0
[INFO] [stderr]    Compiling derive_builder_macro v0.12.0
[INFO] [stderr]    Compiling rustls-webpki v0.102.7
[INFO] [stderr]    Compiling derive_builder v0.12.0
[INFO] [stderr]    Compiling url v2.5.2
[INFO] [stderr]    Compiling serde_urlencoded v0.7.1
[INFO] [stderr]    Compiling hyper v1.4.1
[INFO] [stderr]    Compiling tower v0.4.13
[INFO] [stderr]    Compiling tokio-rustls v0.26.0
[INFO] [stderr]    Compiling hyper-util v0.1.7
[INFO] [stderr]    Compiling hyper-rustls v0.27.2
[INFO] [stderr]    Compiling reqwest v0.12.7
[INFO] [stderr]    Compiling chatgpt_rs_fork v1.2.4 (/opt/rustwide/workdir)
[INFO] [stderr]     Finished `dev` profile [unoptimized + debuginfo] target(s) in 12.59s
[INFO] running `Command { std: "docker" "inspect" "2132118b93b3f594dbc649fbd754d27c4efbf1a27b3b6197a62499b944b702d9", kill_on_drop: false }`
[INFO] running `Command { std: "docker" "rm" "-f" "2132118b93b3f594dbc649fbd754d27c4efbf1a27b3b6197a62499b944b702d9", kill_on_drop: false }`
[INFO] [stdout] 2132118b93b3f594dbc649fbd754d27c4efbf1a27b3b6197a62499b944b702d9
[INFO] running `Command { std: "docker" "create" "-v" "/var/lib/crater-agent-workspace/builds/worker-3-tc1/target:/opt/rustwide/target:rw,Z" "-v" "/var/lib/crater-agent-workspace/builds/worker-3-tc1/source:/opt/rustwide/workdir:ro,Z" "-v" "/var/lib/crater-agent-workspace/cargo-home:/opt/rustwide/cargo-home:ro,Z" "-v" "/var/lib/crater-agent-workspace/rustup-home:/opt/rustwide/rustup-home:ro,Z" "-e" "SOURCE_DIR=/opt/rustwide/workdir" "-e" "CARGO_TARGET_DIR=/opt/rustwide/target" "-e" "CARGO_INCREMENTAL=0" "-e" "RUST_BACKTRACE=full" "-e" "RUSTFLAGS=--cap-lints=forbid" "-e" "RUSTDOCFLAGS=--cap-lints=forbid" "-e" "CARGO_HOME=/opt/rustwide/cargo-home" "-e" "RUSTUP_HOME=/opt/rustwide/rustup-home" "-w" "/opt/rustwide/workdir" "-m" "1610612736" "--user" "0:0" "--network" "none" "ghcr.io/rust-lang/crates-build-env/linux@sha256:4a844ea9eb2546a2d2c7022eacef16ef2e8229c7fbb2c7d4d55a9ceca922f72d" "/opt/rustwide/cargo-home/bin/cargo" "+nightly-2024-10-28" "test" "--frozen" "--no-run" "--message-format=json", kill_on_drop: false }`
[INFO] [stdout] 077d86709de5ebdf8ee705059cb816a30062054ec12294721a79795bf884c4bf
[INFO] running `Command { std: "docker" "start" "-a" "077d86709de5ebdf8ee705059cb816a30062054ec12294721a79795bf884c4bf", kill_on_drop: false }`
[INFO] [stderr]    Compiling tokio v1.40.0
[INFO] [stderr]    Compiling hyper v1.4.1
[INFO] [stderr]    Compiling tower v0.4.13
[INFO] [stderr]    Compiling tokio-rustls v0.26.0
[INFO] [stderr]    Compiling hyper-util v0.1.7
[INFO] [stderr]    Compiling hyper-rustls v0.27.2
[INFO] [stderr]    Compiling reqwest v0.12.7
[INFO] [stderr]    Compiling chatgpt_rs_fork v1.2.4 (/opt/rustwide/workdir)
[INFO] [stdout] error[E0432]: unresolved import `futures_util`
[INFO] [stdout]  --> examples/streamed_conversation.rs:4:5
[INFO] [stdout]   |
[INFO] [stdout] 4 | use futures_util::StreamExt;
[INFO] [stdout]   |     ^^^^^^^^^^^^ use of undeclared crate or module `futures_util`
[INFO] [stdout] 
[INFO] [stdout] 
[INFO] [stdout] error[E0432]: unresolved import `futures_util`
[INFO] [stdout]  --> examples/streamed.rs:4:5
[INFO] [stdout]   |
[INFO] [stdout] 4 | use futures_util::StreamExt;
[INFO] [stdout]   |     ^^^^^^^^^^^^ use of undeclared crate or module `futures_util`
[INFO] [stdout] 
[INFO] [stdout] 
[INFO] [stdout] error: cannot find attribute `gpt_function` in this scope
[INFO] [stdout]   --> examples/function_calls.rs:27:3
[INFO] [stdout]    |
[INFO] [stdout] 27 | #[gpt_function]
[INFO] [stdout]    |   ^^^^^^^^^^^^
[INFO] [stdout] 
[INFO] [stdout] 
[INFO] [stdout] error[E0412]: cannot find type `ResponseChunk` in this scope
[INFO] [stdout]   --> examples/streamed_conversation.rs:23:25
[INFO] [stdout]    |
[INFO] [stdout] 23 |     let mut output: Vec<ResponseChunk> = Vec::new();
[INFO] [stdout]    |                         ^^^^^^^^^^^^^ not found in this scope
[INFO] [stdout] 
[INFO] [stdout] 
[INFO] [stdout] error[E0599]: no method named `function_validation` found for struct `chatgpt::config::ModelConfigurationBuilder` in the current scope
[INFO] [stdout]   --> examples/function_calls.rs:46:14
[INFO] [stdout]    |
[INFO] [stdout] 45 | /         ModelConfigurationBuilder::default()
[INFO] [stdout] 46 | |             .function_validation(FunctionValidationStrategy::Strict)
[INFO] [stdout]    | |             -^^^^^^^^^^^^^^^^^^^ method not found in `ModelConfigurationBuilder`
[INFO] [stdout]    | |_____________|
[INFO] [stdout]    |
[INFO] [stdout] 
[INFO] [stdout] 
[INFO] [stdout] error[E0433]: failed to resolve: use of undeclared type `FunctionValidationStrategy`
[INFO] [stdout]   --> examples/function_calls.rs:46:34
[INFO] [stdout]    |
[INFO] [stdout] 46 |             .function_validation(FunctionValidationStrategy::Strict)
[INFO] [stdout]    |                                  ^^^^^^^^^^^^^^^^^^^^^^^^^^ use of undeclared type `FunctionValidationStrategy`
[INFO] [stdout] 
[INFO] [stdout] 
[INFO] [stdout] error[E0599]: no method named `add_function` found for struct `Conversation` in the current scope
[INFO] [stdout]   --> examples/function_calls.rs:53:10
[INFO] [stdout]    |
[INFO] [stdout] 53 |     conv.add_function(send_message())?;
[INFO] [stdout]    |          ^^^^^^^^^^^^ method not found in `Conversation`
[INFO] [stdout] 
[INFO] [stdout] 
[INFO] [stdout] error[E0599]: no method named `send_message_streaming` found for struct `chatgpt::client::ChatGPT` in the current scope
[INFO] [stdout]   --> examples/streamed.rs:18:10
[INFO] [stdout]    |
[INFO] [stdout] 17 |       let stream = client
[INFO] [stdout]    |  __________________-
[INFO] [stdout] 18 | |         .send_message_streaming("Could you name me a few popular Rust backend server frameworks?")
[INFO] [stdout]    | |_________-^^^^^^^^^^^^^^^^^^^^^^
[INFO] [stdout]    |
[INFO] [stdout] help: there is a method `send_message` with a similar name
[INFO] [stdout]    |
[INFO] [stdout] 18 |         .send_message("Could you name me a few popular Rust backend server frameworks?")
[INFO] [stdout]    |          ~~~~~~~~~~~~
[INFO] [stdout] 
[INFO] [stdout] 
[INFO] [stdout] error[E0599]: no method named `send_message_streaming` found for struct `Conversation` in the current scope
[INFO] [stdout]   --> examples/streamed_conversation.rs:19:10
[INFO] [stdout]    |
[INFO] [stdout] 18 |       let mut stream = conversation
[INFO] [stdout]    |  ______________________-
[INFO] [stdout] 19 | |         .send_message_streaming("Could you name me a few popular Rust backend server frameworks?")
[INFO] [stdout]    | |_________-^^^^^^^^^^^^^^^^^^^^^^
[INFO] [stdout]    |
[INFO] [stdout] help: there is a method `send_message` with a similar name
[INFO] [stdout]    |
[INFO] [stdout] 19 |         .send_message("Could you name me a few popular Rust backend server frameworks?")
[INFO] [stdout]    |          ~~~~~~~~~~~~
[INFO] [stdout] 
[INFO] [stdout] 
[INFO] [stdout] error[E0061]: this function takes 2 arguments but 0 arguments were supplied
[INFO] [stdout]   --> examples/function_calls.rs:53:23
[INFO] [stdout]    |
[INFO] [stdout] 53 |     conv.add_function(send_message())?;
[INFO] [stdout]    |                       ^^^^^^^^^^^^-- two arguments of type `std::string::String` and `std::string::String` are missing
[INFO] [stdout]    |
[INFO] [stdout] note: function defined here
[INFO] [stdout]   --> examples/function_calls.rs:28:10
[INFO] [stdout]    |
[INFO] [stdout] 28 | async fn send_message(user: String, message: String) -> FunctionResult {
[INFO] [stdout]    |          ^^^^^^^^^^^^ ------------  ---------------
[INFO] [stdout] help: provide the arguments
[INFO] [stdout]    |
[INFO] [stdout] 53 |     conv.add_function(send_message(/* std::string::String */, /* std::string::String */))?;
[INFO] [stdout]    |                                   ~~~~~~~~~~~~~~~~~~~~~~~~~~~~~~~~~~~~~~~~~~~~~~~~~~~~~~
[INFO] [stdout] 
[INFO] [stdout] 
[INFO] [stdout] error[E0599]: no function or associated item named `from_response_chunks` found for struct `chatgpt::prelude::ChatMessage` in the current scope
[INFO] [stdout]   --> examples/streamed_conversation.rs:45:33
[INFO] [stdout]    |
[INFO] [stdout] 45 |     let messages = ChatMessage::from_response_chunks(output);
[INFO] [stdout]    |                                 ^^^^^^^^^^^^^^^^^^^^ function or associated item not found in `ChatMessage`
[INFO] [stdout] 
[INFO] [stdout] 
[INFO] [stdout] error[E0433]: failed to resolve: use of undeclared type `ResponseChunk`
[INFO] [stdout]   --> examples/streamed.rs:24:23
[INFO] [stdout]    |
[INFO] [stdout] 24 |             if let Ok(ResponseChunk::Content {
[INFO] [stdout]    |                       ^^^^^^^^^^^^^ use of undeclared type `ResponseChunk`
[INFO] [stdout] 
[INFO] [stdout] 
[INFO] [stdout] Some errors have detailed explanations: E0432, E0433, E0599.
[INFO] [stdout] 
[INFO] [stdout] For more information about an error, try `rustc --explain E0432`.
[INFO] [stdout] 
[INFO] [stderr] error: could not compile `chatgpt_rs_fork` (example "streamed") due to 3 previous errors
[INFO] [stderr] warning: build failed, waiting for other jobs to finish...
[INFO] [stdout] error[E0599]: no method named `send_message_streaming` found for struct `Conversation` in the current scope
[INFO] [stdout]   --> examples/streamed_conversation.rs:50:10
[INFO] [stdout]    |
[INFO] [stdout] 49 |       let another_stream = conversation
[INFO] [stdout]    |  __________________________-
[INFO] [stdout] 50 | |         .send_message_streaming("Now what about Kotlin?")
[INFO] [stdout]    | |_________-^^^^^^^^^^^^^^^^^^^^^^
[INFO] [stdout]    |
[INFO] [stdout] help: there is a method `send_message` with a similar name
[INFO] [stdout]    |
[INFO] [stdout] 50 |         .send_message("Now what about Kotlin?")
[INFO] [stdout]    |          ~~~~~~~~~~~~
[INFO] [stdout] 
[INFO] [stdout] 
[INFO] [stdout] error[E0599]: no method named `send_message_functions` found for struct `Conversation` in the current scope
[INFO] [stdout]   --> examples/function_calls.rs:57:10
[INFO] [stdout]    |
[INFO] [stdout] 56 |       let response = conv
[INFO] [stdout]    |  ____________________-
[INFO] [stdout] 57 | |         .send_message_functions("Could you please send a test message to user `maxus`?")
[INFO] [stdout]    | |_________-^^^^^^^^^^^^^^^^^^^^^^
[INFO] [stdout]    |
[INFO] [stdout] help: there is a method `send_message` with a similar name
[INFO] [stdout]    |
[INFO] [stdout] 57 |         .send_message("Could you please send a test message to user `maxus`?")
[INFO] [stdout]    |          ~~~~~~~~~~~~
[INFO] [stdout] 
[INFO] [stdout] 
[INFO] [stdout] error[E0433]: failed to resolve: use of undeclared type `ResponseChunk`
[INFO] [stdout]   --> examples/streamed_conversation.rs:26:16
[INFO] [stdout]    |
[INFO] [stdout] 26 |             Ok(ResponseChunk::Content {
[INFO] [stdout]    |                ^^^^^^^^^^^^^ use of undeclared type `ResponseChunk`
[INFO] [stdout] 
[INFO] [stdout] 
[INFO] [stdout] error[E0433]: failed to resolve: use of undeclared type `ResponseChunk`
[INFO] [stdout]   --> examples/streamed_conversation.rs:34:29
[INFO] [stdout]    |
[INFO] [stdout] 34 |                 output.push(ResponseChunk::Content {
[INFO] [stdout]    |                             ^^^^^^^^^^^^^ use of undeclared type `ResponseChunk`
[INFO] [stdout] 
[INFO] [stdout] 
[INFO] [stdout] error[E0433]: failed to resolve: use of undeclared type `ResponseChunk`
[INFO] [stdout]   --> examples/streamed_conversation.rs:54:23
[INFO] [stdout]    |
[INFO] [stdout] 54 |             if let Ok(ResponseChunk::Content {
[INFO] [stdout]    |                       ^^^^^^^^^^^^^ use of undeclared type `ResponseChunk`
[INFO] [stdout] 
[INFO] [stdout] 
[INFO] [stdout] Some errors have detailed explanations: E0412, E0432, E0433, E0599.
[INFO] [stdout] 
[INFO] [stdout] For more information about an error, try `rustc --explain E0412`.
[INFO] [stdout] 
[INFO] [stdout] Some errors have detailed explanations: E0061, E0433, E0599.
[INFO] [stdout] 
[INFO] [stdout] For more information about an error, try `rustc --explain E0061`.
[INFO] [stdout] 
[INFO] [stderr] error: could not compile `chatgpt_rs_fork` (example "streamed_conversation") due to 8 previous errors
[INFO] [stderr] error: could not compile `chatgpt_rs_fork` (example "function_calls") due to 6 previous errors
[INFO] running `Command { std: "docker" "inspect" "077d86709de5ebdf8ee705059cb816a30062054ec12294721a79795bf884c4bf", kill_on_drop: false }`
[INFO] running `Command { std: "docker" "rm" "-f" "077d86709de5ebdf8ee705059cb816a30062054ec12294721a79795bf884c4bf", kill_on_drop: false }`
[INFO] [stdout] 077d86709de5ebdf8ee705059cb816a30062054ec12294721a79795bf884c4bf
