[INFO] fetching crate cggmp21 0.5.0...
[INFO] testing cggmp21-0.5.0 against nightly-2024-10-28+rustflags=-Zrandomize-layout for randomize-layout
[INFO] extracting crate cggmp21 0.5.0 into /workspace/builds/worker-7-tc2/source
[INFO] validating manifest of crates.io crate cggmp21 0.5.0 on toolchain nightly-2024-10-28
[INFO] running `Command { std: CARGO_HOME="/workspace/cargo-home" RUSTUP_HOME="/workspace/rustup-home" "/workspace/cargo-home/bin/cargo" "+nightly-2024-10-28" "metadata" "--manifest-path" "Cargo.toml" "--no-deps", kill_on_drop: false }`
[INFO] started tweaking crates.io crate cggmp21 0.5.0
[INFO] finished tweaking crates.io crate cggmp21 0.5.0
[INFO] tweaked toml for crates.io crate cggmp21 0.5.0 written to /workspace/builds/worker-7-tc2/source/Cargo.toml
[INFO] running `Command { std: CARGO_HOME="/workspace/cargo-home" RUSTUP_HOME="/workspace/rustup-home" "/workspace/cargo-home/bin/cargo" "+nightly-2024-10-28" "generate-lockfile" "--manifest-path" "Cargo.toml", kill_on_drop: false }`
[INFO] [stderr]     Updating crates.io index
[INFO] [stderr]      Locking 141 packages to latest compatible versions
[INFO] [stderr]       Adding serde_with v2.3.3 (available: v3.11.0)
[INFO] running `Command { std: CARGO_HOME="/workspace/cargo-home" RUSTUP_HOME="/workspace/rustup-home" "/workspace/cargo-home/bin/cargo" "+nightly-2024-10-28" "fetch" "--manifest-path" "Cargo.toml", kill_on_drop: false }`
[INFO] running `Command { std: "docker" "create" "-v" "/var/lib/crater-agent-workspace/builds/worker-7-tc2/target:/opt/rustwide/target:rw,Z" "-v" "/var/lib/crater-agent-workspace/builds/worker-7-tc2/source:/opt/rustwide/workdir:ro,Z" "-v" "/var/lib/crater-agent-workspace/cargo-home:/opt/rustwide/cargo-home:ro,Z" "-v" "/var/lib/crater-agent-workspace/rustup-home:/opt/rustwide/rustup-home:ro,Z" "-e" "SOURCE_DIR=/opt/rustwide/workdir" "-e" "CARGO_TARGET_DIR=/opt/rustwide/target" "-e" "CARGO_HOME=/opt/rustwide/cargo-home" "-e" "RUSTUP_HOME=/opt/rustwide/rustup-home" "-w" "/opt/rustwide/workdir" "-m" "1610612736" "--user" "0:0" "--network" "none" "ghcr.io/rust-lang/crates-build-env/linux@sha256:4a844ea9eb2546a2d2c7022eacef16ef2e8229c7fbb2c7d4d55a9ceca922f72d" "/opt/rustwide/cargo-home/bin/cargo" "+nightly-2024-10-28" "metadata" "--no-deps" "--format-version=1", kill_on_drop: false }`
[INFO] [stdout] 10184b013db9b8e8caee1c693d2d108bbed37b76396ff08a0dd4eae7cee46d6e
[INFO] running `Command { std: "docker" "start" "-a" "10184b013db9b8e8caee1c693d2d108bbed37b76396ff08a0dd4eae7cee46d6e", kill_on_drop: false }`
[INFO] running `Command { std: "docker" "inspect" "10184b013db9b8e8caee1c693d2d108bbed37b76396ff08a0dd4eae7cee46d6e", kill_on_drop: false }`
[INFO] running `Command { std: "docker" "rm" "-f" "10184b013db9b8e8caee1c693d2d108bbed37b76396ff08a0dd4eae7cee46d6e", kill_on_drop: false }`
[INFO] [stdout] 10184b013db9b8e8caee1c693d2d108bbed37b76396ff08a0dd4eae7cee46d6e
[INFO] running `Command { std: "docker" "create" "-v" "/var/lib/crater-agent-workspace/builds/worker-7-tc2/target:/opt/rustwide/target:rw,Z" "-v" "/var/lib/crater-agent-workspace/builds/worker-7-tc2/source:/opt/rustwide/workdir:ro,Z" "-v" "/var/lib/crater-agent-workspace/cargo-home:/opt/rustwide/cargo-home:ro,Z" "-v" "/var/lib/crater-agent-workspace/rustup-home:/opt/rustwide/rustup-home:ro,Z" "-e" "SOURCE_DIR=/opt/rustwide/workdir" "-e" "CARGO_TARGET_DIR=/opt/rustwide/target" "-e" "CARGO_INCREMENTAL=0" "-e" "RUST_BACKTRACE=full" "-e" "RUSTFLAGS=--cap-lints=forbid -Zrandomize-layout" "-e" "RUSTDOCFLAGS=--cap-lints=forbid" "-e" "CARGO_HOME=/opt/rustwide/cargo-home" "-e" "RUSTUP_HOME=/opt/rustwide/rustup-home" "-w" "/opt/rustwide/workdir" "-m" "1610612736" "--user" "0:0" "--network" "none" "ghcr.io/rust-lang/crates-build-env/linux@sha256:4a844ea9eb2546a2d2c7022eacef16ef2e8229c7fbb2c7d4d55a9ceca922f72d" "/opt/rustwide/cargo-home/bin/cargo" "+nightly-2024-10-28" "build" "--frozen" "--message-format=json", kill_on_drop: false }`
[INFO] [stdout] fe958890d7353eac4b0625734fc561abb3983d5e54aaa3660024f44c82f29d2e
[INFO] running `Command { std: "docker" "start" "-a" "fe958890d7353eac4b0625734fc561abb3983d5e54aaa3660024f44c82f29d2e", kill_on_drop: false }`
[INFO] [stderr]    Compiling proc-macro2 v1.0.89
[INFO] [stderr]    Compiling unicode-ident v1.0.13
[INFO] [stderr]    Compiling autocfg v1.4.0
[INFO] [stderr]    Compiling serde v1.0.214
[INFO] [stderr]    Compiling typenum v1.17.0
[INFO] [stderr]    Compiling version_check v0.9.5
[INFO] [stderr]    Compiling fnv v1.0.7
[INFO] [stderr]    Compiling ident_case v1.0.1
[INFO] [stderr]    Compiling syn v1.0.109
[INFO] [stderr]    Compiling strsim v0.11.1
[INFO] [stderr]    Compiling rand_core v0.6.4
[INFO] [stderr]    Compiling thiserror v1.0.66
[INFO] [stderr]    Compiling futures-core v0.3.31
[INFO] [stderr]    Compiling pin-project-lite v0.2.15
[INFO] [stderr]    Compiling generic-array v0.14.7
[INFO] [stderr]    Compiling subtle v2.6.1
[INFO] [stderr]    Compiling libc v0.2.161
[INFO] [stderr]    Compiling gmp-mpfr-sys v1.6.4
[INFO] [stderr]    Compiling num-traits v0.2.19
[INFO] [stderr]    Compiling slab v0.4.9
[INFO] [stderr]    Compiling futures-sink v0.3.31
[INFO] [stderr]    Compiling pin-utils v0.1.0
[INFO] [stderr]    Compiling futures-channel v0.3.31
[INFO] [stderr]    Compiling libm v0.2.11
[INFO] [stderr]    Compiling az v1.2.1
[INFO] [stderr]    Compiling memchr v2.7.4
[INFO] [stderr]    Compiling futures-task v0.3.31
[INFO] [stderr]    Compiling quote v1.0.37
[INFO] [stderr]    Compiling futures-io v0.3.31
[INFO] [stderr]    Compiling syn v2.0.86
[INFO] [stderr]    Compiling rug v1.26.1
[INFO] [stderr]    Compiling num-integer v0.1.46
[INFO] [stderr]    Compiling tracing-core v0.1.32
[INFO] [stderr]    Compiling cpufeatures v0.2.14
[INFO] [stderr]    Compiling cfg-if v1.0.0
[INFO] [stderr]    Compiling num-bigint v0.4.6
[INFO] [stderr]    Compiling tracing v0.1.40
[INFO] [stderr]    Compiling round-based-derive v0.2.2
[INFO] [stderr]    Compiling darling_core v0.20.10
[INFO] [stderr]    Compiling serde_derive v1.0.214
[INFO] [stderr]    Compiling enum-ordinalize v3.1.15
[INFO] [stderr]    Compiling udigest-derive v0.3.1
[INFO] [stderr]    Compiling zeroize_derive v1.4.2
[INFO] [stderr]    Compiling thiserror-impl v1.0.66
[INFO] [stderr]    Compiling futures-macro v0.3.31
[INFO] [stderr]    Compiling educe v0.4.23
[INFO] [stderr]    Compiling zeroize v1.8.1
[INFO] [stderr]    Compiling displaydoc v0.2.5
[INFO] [stderr]    Compiling bytemuck_derive v1.8.0
[INFO] [stderr]    Compiling futures-util v0.3.31
[INFO] [stderr]    Compiling darling_macro v0.20.10
[INFO] [stderr]    Compiling bytemuck v1.19.0
[INFO] [stderr]    Compiling darling v0.20.10
[INFO] [stderr]    Compiling serde_with_macros v2.3.3
[INFO] [stderr]    Compiling serde_with_macros v3.11.0
[INFO] [stderr]    Compiling phantom-type v0.4.2
[INFO] [stderr]    Compiling phantom-type v0.3.1
[INFO] [stderr]    Compiling futures-executor v0.3.31
[INFO] [stderr]    Compiling round-based v0.3.2
[INFO] [stderr]    Compiling futures v0.3.31
[INFO] [stderr]    Compiling hex v0.4.3
[INFO] [stderr]    Compiling serde_with v2.3.3
[INFO] [stderr]    Compiling serde_with v3.11.0
[INFO] [stderr]    Compiling crypto-common v0.1.6
[INFO] [stderr]    Compiling block-buffer v0.10.4
[INFO] [stderr]    Compiling generic-ec-core v0.2.1
[INFO] [stderr]    Compiling digest v0.10.7
[INFO] [stderr]    Compiling udigest v0.2.2
[INFO] [stderr]    Compiling sha2 v0.10.8
[INFO] [stderr]    Compiling rand_hash v0.1.1
[INFO] [stderr]    Compiling generic-ec v0.4.3
[INFO] [stderr]    Compiling generic-ec-zkp v0.4.2
[INFO] [stderr]    Compiling key-share v0.5.0
[INFO] [stderr]    Compiling cggmp21-keygen v0.4.0
[INFO] [stderr]    Compiling fast-paillier v0.1.0
[INFO] [stderr]    Compiling paillier-zk v0.4.2
[INFO] [stderr]    Compiling cggmp21 v0.5.0 (/opt/rustwide/workdir)
[INFO] [stderr]     Finished `dev` profile [unoptimized + debuginfo] target(s) in 53.89s
[INFO] running `Command { std: "docker" "inspect" "fe958890d7353eac4b0625734fc561abb3983d5e54aaa3660024f44c82f29d2e", kill_on_drop: false }`
[INFO] running `Command { std: "docker" "rm" "-f" "fe958890d7353eac4b0625734fc561abb3983d5e54aaa3660024f44c82f29d2e", kill_on_drop: false }`
[INFO] [stdout] fe958890d7353eac4b0625734fc561abb3983d5e54aaa3660024f44c82f29d2e
[INFO] running `Command { std: "docker" "create" "-v" "/var/lib/crater-agent-workspace/builds/worker-7-tc2/target:/opt/rustwide/target:rw,Z" "-v" "/var/lib/crater-agent-workspace/builds/worker-7-tc2/source:/opt/rustwide/workdir:ro,Z" "-v" "/var/lib/crater-agent-workspace/cargo-home:/opt/rustwide/cargo-home:ro,Z" "-v" "/var/lib/crater-agent-workspace/rustup-home:/opt/rustwide/rustup-home:ro,Z" "-e" "SOURCE_DIR=/opt/rustwide/workdir" "-e" "CARGO_TARGET_DIR=/opt/rustwide/target" "-e" "CARGO_INCREMENTAL=0" "-e" "RUST_BACKTRACE=full" "-e" "RUSTFLAGS=--cap-lints=forbid -Zrandomize-layout" "-e" "RUSTDOCFLAGS=--cap-lints=forbid" "-e" "CARGO_HOME=/opt/rustwide/cargo-home" "-e" "RUSTUP_HOME=/opt/rustwide/rustup-home" "-w" "/opt/rustwide/workdir" "-m" "1610612736" "--user" "0:0" "--network" "none" "ghcr.io/rust-lang/crates-build-env/linux@sha256:4a844ea9eb2546a2d2c7022eacef16ef2e8229c7fbb2c7d4d55a9ceca922f72d" "/opt/rustwide/cargo-home/bin/cargo" "+nightly-2024-10-28" "test" "--frozen" "--no-run" "--message-format=json", kill_on_drop: false }`
[INFO] [stdout] 70edcf081839aaa2554f7e0f8fc3e3a92583dd3ba9d9983c7a4137d5f5efa15b
[INFO] running `Command { std: "docker" "start" "-a" "70edcf081839aaa2554f7e0f8fc3e3a92583dd3ba9d9983c7a4137d5f5efa15b", kill_on_drop: false }`
[INFO] [stderr]    Compiling syn v1.0.109
[INFO] [stderr]    Compiling getrandom v0.2.15
[INFO] [stderr]    Compiling futures-core v0.3.31
[INFO] [stderr]    Compiling futures-sink v0.3.31
[INFO] [stderr]    Compiling hex v0.4.3
[INFO] [stderr]    Compiling zerocopy-derive v0.7.35
[INFO] [stderr]    Compiling tokio v1.41.0
[INFO] [stderr]    Compiling byteorder v1.5.0
[INFO] [stderr]    Compiling bytes v1.8.0
[INFO] [stderr]    Compiling futures-channel v0.3.31
[INFO] [stderr]    Compiling rand_core v0.6.4
[INFO] [stderr]    Compiling futures-util v0.3.31
[INFO] [stderr]    Compiling generic-ec-core v0.2.1
[INFO] [stderr]    Compiling rand_hash v0.1.1
[INFO] [stderr]    Compiling fast-paillier v0.1.0
[INFO] [stderr]    Compiling zerocopy v0.7.35
[INFO] [stderr]    Compiling ppv-lite86 v0.2.20
[INFO] [stderr]    Compiling rand_chacha v0.3.1
[INFO] [stderr]    Compiling rand_dev v0.1.1
[INFO] [stderr]    Compiling rand v0.8.5
[INFO] [stderr]    Compiling tokio-util v0.7.12
[INFO] [stderr]    Compiling tokio-stream v0.1.16
[INFO] [stderr]    Compiling futures-executor v0.3.31
[INFO] [stderr]    Compiling futures v0.3.31
[INFO] [stderr]    Compiling educe v0.4.23
[INFO] [stderr]    Compiling round-based-derive v0.2.2
[INFO] [stderr]    Compiling generic-tests v0.1.2
[INFO] [stderr]    Compiling phantom-type v0.4.2
[INFO] [stderr]    Compiling phantom-type v0.3.1
[INFO] [stderr]    Compiling generic-ec v0.4.3
[INFO] [stderr]    Compiling round-based v0.3.2
[INFO] [stderr]    Compiling generic-ec-zkp v0.4.2
[INFO] [stderr]    Compiling paillier-zk v0.4.2
[INFO] [stderr]    Compiling key-share v0.5.0
[INFO] [stderr]    Compiling cggmp21-keygen v0.4.0
[INFO] [stderr]    Compiling cggmp21 v0.5.0 (/opt/rustwide/workdir)
[INFO] [stdout] error[E0412]: cannot find type `Secp256k1` in module `crate::supported_curves`
[INFO] [stdout]     --> src/signing.rs:1627:57
[INFO] [stdout]      |
[INFO] [stdout] 1627 |         read_write_signature::<crate::supported_curves::Secp256k1>()
[INFO] [stdout]      |                                                         ^^^^^^^^^ not found in `crate::supported_curves`
[INFO] [stdout]      |
[INFO] [stdout] note: found an item that was configured out
[INFO] [stdout]     --> src/supported_curves.rs:11:29
[INFO] [stdout]      |
[INFO] [stdout] 11   | pub use generic_ec::curves::Secp256k1;
[INFO] [stdout]      |                             ^^^^^^^^^
[INFO] [stdout] note: the item is gated behind the `curve-secp256k1` feature
[INFO] [stdout]     --> src/supported_curves.rs:10:7
[INFO] [stdout]      |
[INFO] [stdout] 10   | #[cfg(feature = "curve-secp256k1")]
[INFO] [stdout]      |       ^^^^^^^^^^^^^^^^^^^^^^^^^^^
[INFO] [stdout] 
[INFO] [stdout] 
[INFO] [stdout] error[E0412]: cannot find type `Secp256r1` in module `crate::supported_curves`
[INFO] [stdout]     --> src/signing.rs:1631:57
[INFO] [stdout]      |
[INFO] [stdout] 1631 |         read_write_signature::<crate::supported_curves::Secp256r1>()
[INFO] [stdout]      |                                                         ^^^^^^^^^ not found in `crate::supported_curves`
[INFO] [stdout]      |
[INFO] [stdout] note: found an item that was configured out
[INFO] [stdout]     --> src/supported_curves.rs:13:29
[INFO] [stdout]      |
[INFO] [stdout] 13   | pub use generic_ec::curves::Secp256r1;
[INFO] [stdout]      |                             ^^^^^^^^^
[INFO] [stdout] note: the item is gated behind the `curve-secp256r1` feature
[INFO] [stdout]     --> src/supported_curves.rs:12:7
[INFO] [stdout]      |
[INFO] [stdout] 12   | #[cfg(feature = "curve-secp256r1")]
[INFO] [stdout]      |       ^^^^^^^^^^^^^^^^^^^^^^^^^^^
[INFO] [stdout] 
[INFO] [stdout] 
[INFO] [stdout] error[E0412]: cannot find type `Stark` in module `crate::supported_curves`
[INFO] [stdout]     --> src/signing.rs:1635:57
[INFO] [stdout]      |
[INFO] [stdout] 1635 |         read_write_signature::<crate::supported_curves::Stark>()
[INFO] [stdout]      |                                                         ^^^^^ not found in `crate::supported_curves`
[INFO] [stdout]      |
[INFO] [stdout] note: found an item that was configured out
[INFO] [stdout]     --> src/supported_curves.rs:15:29
[INFO] [stdout]      |
[INFO] [stdout] 15   | pub use generic_ec::curves::Stark;
[INFO] [stdout]      |                             ^^^^^
[INFO] [stdout] note: the item is gated behind the `curve-stark` feature
[INFO] [stdout]     --> src/supported_curves.rs:14:7
[INFO] [stdout]      |
[INFO] [stdout] 14   | #[cfg(feature = "curve-stark")]
[INFO] [stdout]      |       ^^^^^^^^^^^^^^^^^^^^^^^
[INFO] [stdout] 
[INFO] [stdout] 
[INFO] [stdout] For more information about this error, try `rustc --explain E0412`.
[INFO] [stdout] 
[INFO] [stderr] error: could not compile `cggmp21` (lib test) due to 3 previous errors
[INFO] [stderr] warning: build failed, waiting for other jobs to finish...
[INFO] running `Command { std: "docker" "inspect" "70edcf081839aaa2554f7e0f8fc3e3a92583dd3ba9d9983c7a4137d5f5efa15b", kill_on_drop: false }`
[INFO] running `Command { std: "docker" "rm" "-f" "70edcf081839aaa2554f7e0f8fc3e3a92583dd3ba9d9983c7a4137d5f5efa15b", kill_on_drop: false }`
[INFO] [stdout] 70edcf081839aaa2554f7e0f8fc3e3a92583dd3ba9d9983c7a4137d5f5efa15b
