[INFO] fetching crate cfpyo3_rs_bindings 0.1.12...
[INFO] testing cfpyo3_rs_bindings-0.1.12 against nightly-2024-10-28+rustflags=-Zrandomize-layout for randomize-layout
[INFO] extracting crate cfpyo3_rs_bindings 0.1.12 into /workspace/builds/worker-4-tc2/source
[INFO] validating manifest of crates.io crate cfpyo3_rs_bindings 0.1.12 on toolchain nightly-2024-10-28
[INFO] running `Command { std: CARGO_HOME="/workspace/cargo-home" RUSTUP_HOME="/workspace/rustup-home" "/workspace/cargo-home/bin/cargo" "+nightly-2024-10-28" "metadata" "--manifest-path" "Cargo.toml" "--no-deps", kill_on_drop: false }`
[INFO] started tweaking crates.io crate cfpyo3_rs_bindings 0.1.12
[INFO] finished tweaking crates.io crate cfpyo3_rs_bindings 0.1.12
[INFO] tweaked toml for crates.io crate cfpyo3_rs_bindings 0.1.12 written to /workspace/builds/worker-4-tc2/source/Cargo.toml
[INFO] running `Command { std: CARGO_HOME="/workspace/cargo-home" RUSTUP_HOME="/workspace/rustup-home" "/workspace/cargo-home/bin/cargo" "+nightly-2024-10-28" "generate-lockfile" "--manifest-path" "Cargo.toml", kill_on_drop: false }`
[INFO] [stderr]     Updating crates.io index
[INFO] [stderr]      Locking 75 packages to latest compatible versions
[INFO] [stderr]       Adding numpy v0.21.0 (available: v0.22.1)
[INFO] [stderr]       Adding pyo3 v0.21.2 (available: v0.22.5)
[INFO] running `Command { std: CARGO_HOME="/workspace/cargo-home" RUSTUP_HOME="/workspace/rustup-home" "/workspace/cargo-home/bin/cargo" "+nightly-2024-10-28" "fetch" "--manifest-path" "Cargo.toml", kill_on_drop: false }`
[INFO] running `Command { std: "docker" "create" "-v" "/var/lib/crater-agent-workspace/builds/worker-4-tc2/target:/opt/rustwide/target:rw,Z" "-v" "/var/lib/crater-agent-workspace/builds/worker-4-tc2/source:/opt/rustwide/workdir:ro,Z" "-v" "/var/lib/crater-agent-workspace/cargo-home:/opt/rustwide/cargo-home:ro,Z" "-v" "/var/lib/crater-agent-workspace/rustup-home:/opt/rustwide/rustup-home:ro,Z" "-e" "SOURCE_DIR=/opt/rustwide/workdir" "-e" "CARGO_TARGET_DIR=/opt/rustwide/target" "-e" "CARGO_HOME=/opt/rustwide/cargo-home" "-e" "RUSTUP_HOME=/opt/rustwide/rustup-home" "-w" "/opt/rustwide/workdir" "-m" "1610612736" "--user" "0:0" "--network" "none" "ghcr.io/rust-lang/crates-build-env/linux@sha256:4a844ea9eb2546a2d2c7022eacef16ef2e8229c7fbb2c7d4d55a9ceca922f72d" "/opt/rustwide/cargo-home/bin/cargo" "+nightly-2024-10-28" "metadata" "--no-deps" "--format-version=1", kill_on_drop: false }`
[INFO] [stdout] 9562c1983de2cd96813ee15b71cae39fae69263ed0d3eeed52a8a06a0f18c7f6
[INFO] running `Command { std: "docker" "start" "-a" "9562c1983de2cd96813ee15b71cae39fae69263ed0d3eeed52a8a06a0f18c7f6", kill_on_drop: false }`
[INFO] running `Command { std: "docker" "inspect" "9562c1983de2cd96813ee15b71cae39fae69263ed0d3eeed52a8a06a0f18c7f6", kill_on_drop: false }`
[INFO] running `Command { std: "docker" "rm" "-f" "9562c1983de2cd96813ee15b71cae39fae69263ed0d3eeed52a8a06a0f18c7f6", kill_on_drop: false }`
[INFO] [stdout] 9562c1983de2cd96813ee15b71cae39fae69263ed0d3eeed52a8a06a0f18c7f6
[INFO] running `Command { std: "docker" "create" "-v" "/var/lib/crater-agent-workspace/builds/worker-4-tc2/target:/opt/rustwide/target:rw,Z" "-v" "/var/lib/crater-agent-workspace/builds/worker-4-tc2/source:/opt/rustwide/workdir:ro,Z" "-v" "/var/lib/crater-agent-workspace/cargo-home:/opt/rustwide/cargo-home:ro,Z" "-v" "/var/lib/crater-agent-workspace/rustup-home:/opt/rustwide/rustup-home:ro,Z" "-e" "SOURCE_DIR=/opt/rustwide/workdir" "-e" "CARGO_TARGET_DIR=/opt/rustwide/target" "-e" "CARGO_INCREMENTAL=0" "-e" "RUST_BACKTRACE=full" "-e" "RUSTFLAGS=--cap-lints=forbid -Zrandomize-layout" "-e" "RUSTDOCFLAGS=--cap-lints=forbid" "-e" "CARGO_HOME=/opt/rustwide/cargo-home" "-e" "RUSTUP_HOME=/opt/rustwide/rustup-home" "-w" "/opt/rustwide/workdir" "-m" "1610612736" "--user" "0:0" "--network" "none" "ghcr.io/rust-lang/crates-build-env/linux@sha256:4a844ea9eb2546a2d2c7022eacef16ef2e8229c7fbb2c7d4d55a9ceca922f72d" "/opt/rustwide/cargo-home/bin/cargo" "+nightly-2024-10-28" "build" "--frozen" "--message-format=json", kill_on_drop: false }`
[INFO] [stdout] 273f4c18f71d0fbec187dbe57c366ddd203b102dcded668ede09071a56b1d345
[INFO] running `Command { std: "docker" "start" "-a" "273f4c18f71d0fbec187dbe57c366ddd203b102dcded668ede09071a56b1d345", kill_on_drop: false }`
[INFO] [stderr]    Compiling autocfg v1.4.0
[INFO] [stderr]    Compiling target-lexicon v0.12.16
[INFO] [stderr]    Compiling proc-macro2 v1.0.89
[INFO] [stderr]    Compiling once_cell v1.20.2
[INFO] [stderr]    Compiling libc v0.2.161
[INFO] [stderr]    Compiling typenum v1.17.0
[INFO] [stderr]    Compiling version_check v0.9.5
[INFO] [stderr]    Compiling crossbeam-utils v0.8.20
[INFO] [stderr]    Compiling parking_lot_core v0.9.10
[INFO] [stderr]    Compiling generic-array v0.14.7
[INFO] [stderr]    Compiling smallvec v1.13.2
[INFO] [stderr]    Compiling heck v0.4.1
[INFO] [stderr]    Compiling num-traits v0.2.19
[INFO] [stderr]    Compiling lock_api v0.4.12
[INFO] [stderr]    Compiling pyo3-build-config v0.21.2
[INFO] [stderr]    Compiling slab v0.4.9
[INFO] [stderr]    Compiling quote v1.0.37
[INFO] [stderr]    Compiling memoffset v0.9.1
[INFO] [stderr]    Compiling matrixmultiply v0.3.9
[INFO] [stderr]    Compiling futures-sink v0.3.31
[INFO] [stderr]    Compiling portable-atomic v1.9.0
[INFO] [stderr]    Compiling anyhow v1.0.92
[INFO] [stderr]    Compiling syn v2.0.86
[INFO] [stderr]    Compiling scopeguard v1.2.0
[INFO] [stderr]    Compiling futures-core v0.3.31
[INFO] [stderr]    Compiling futures-channel v0.3.31
[INFO] [stderr]    Compiling crossbeam-epoch v0.9.18
[INFO] [stderr]    Compiling memchr v2.7.4
[INFO] [stderr]    Compiling futures-io v0.3.31
[INFO] [stderr]    Compiling pin-utils v0.1.0
[INFO] [stderr]    Compiling futures-task v0.3.31
[INFO] [stderr]    Compiling pin-project-lite v0.2.15
[INFO] [stderr]    Compiling rayon-core v1.12.1
[INFO] [stderr]    Compiling rawpointer v0.2.1
[INFO] [stderr]    Compiling num-integer v0.1.46
[INFO] [stderr]    Compiling crypto-common v0.1.6
[INFO] [stderr]    Compiling block-buffer v0.10.4
[INFO] [stderr]    Compiling chrono v0.4.38
[INFO] [stderr]    Compiling num-complex v0.4.6
[INFO] [stderr]    Compiling crossbeam-deque v0.8.5
[INFO] [stderr]    Compiling parking_lot v0.12.3
[INFO] [stderr]    Compiling inventory v0.3.15
[INFO] [stderr]    Compiling pyo3-ffi v0.21.2
[INFO] [stderr]    Compiling pyo3 v0.21.2
[INFO] [stderr]    Compiling unindent v0.2.3
[INFO] [stderr]    Compiling either v1.13.0
[INFO] [stderr]    Compiling indoc v2.0.5
[INFO] [stderr]    Compiling ndarray v0.15.6
[INFO] [stderr]    Compiling digest v0.10.7
[INFO] [stderr]    Compiling rustc-hash v1.1.0
[INFO] [stderr]    Compiling itertools v0.13.0
[INFO] [stderr]    Compiling bytes v1.8.0
[INFO] [stderr]    Compiling md-5 v0.10.6
[INFO] [stderr]    Compiling rayon v1.10.0
[INFO] [stderr]    Compiling pyo3-macros-backend v0.21.2
[INFO] [stderr]    Compiling futures-macro v0.3.31
[INFO] [stderr]    Compiling futures-util v0.3.31
[INFO] [stderr]    Compiling pyo3-macros v0.21.2
[INFO] [stderr]    Compiling futures-executor v0.3.31
[INFO] [stderr]    Compiling futures v0.3.31
[INFO] [stderr]    Compiling numpy v0.21.0
[INFO] [stderr]    Compiling cfpyo3_rs_core v0.1.12
[INFO] [stderr]    Compiling cfpyo3_rs_bindings v0.1.12 (/opt/rustwide/workdir)
[INFO] [stderr]     Finished `dev` profile [unoptimized + debuginfo] target(s) in 22.23s
[INFO] running `Command { std: "docker" "inspect" "273f4c18f71d0fbec187dbe57c366ddd203b102dcded668ede09071a56b1d345", kill_on_drop: false }`
[INFO] running `Command { std: "docker" "rm" "-f" "273f4c18f71d0fbec187dbe57c366ddd203b102dcded668ede09071a56b1d345", kill_on_drop: false }`
[INFO] [stdout] 273f4c18f71d0fbec187dbe57c366ddd203b102dcded668ede09071a56b1d345
[INFO] running `Command { std: "docker" "create" "-v" "/var/lib/crater-agent-workspace/builds/worker-4-tc2/target:/opt/rustwide/target:rw,Z" "-v" "/var/lib/crater-agent-workspace/builds/worker-4-tc2/source:/opt/rustwide/workdir:ro,Z" "-v" "/var/lib/crater-agent-workspace/cargo-home:/opt/rustwide/cargo-home:ro,Z" "-v" "/var/lib/crater-agent-workspace/rustup-home:/opt/rustwide/rustup-home:ro,Z" "-e" "SOURCE_DIR=/opt/rustwide/workdir" "-e" "CARGO_TARGET_DIR=/opt/rustwide/target" "-e" "CARGO_INCREMENTAL=0" "-e" "RUST_BACKTRACE=full" "-e" "RUSTFLAGS=--cap-lints=forbid -Zrandomize-layout" "-e" "RUSTDOCFLAGS=--cap-lints=forbid" "-e" "CARGO_HOME=/opt/rustwide/cargo-home" "-e" "RUSTUP_HOME=/opt/rustwide/rustup-home" "-w" "/opt/rustwide/workdir" "-m" "1610612736" "--user" "0:0" "--network" "none" "ghcr.io/rust-lang/crates-build-env/linux@sha256:4a844ea9eb2546a2d2c7022eacef16ef2e8229c7fbb2c7d4d55a9ceca922f72d" "/opt/rustwide/cargo-home/bin/cargo" "+nightly-2024-10-28" "test" "--frozen" "--no-run" "--message-format=json", kill_on_drop: false }`
[INFO] [stdout] 47493e8cec3c021771398fe818e53b588bd3b2a1ac3858fbe014202366b7786d
[INFO] running `Command { std: "docker" "start" "-a" "47493e8cec3c021771398fe818e53b588bd3b2a1ac3858fbe014202366b7786d", kill_on_drop: false }`
[INFO] [stderr]    Compiling cfpyo3_rs_bindings v0.1.12 (/opt/rustwide/workdir)
[INFO] [stdout] error: linking with `cc` failed: exit status: 1
[INFO] [stdout]   |
[INFO] [stdout]   = note: LC_ALL="C" PATH="/opt/rustwide/rustup-home/toolchains/nightly-2024-10-28-x86_64-unknown-linux-gnu/lib/rustlib/x86_64-unknown-linux-gnu/bin:/opt/rustwide/rustup-home/toolchains/nightly-2024-10-28-x86_64-unknown-linux-gnu/lib/rustlib/x86_64-unknown-linux-gnu/bin/self-contained:/opt/rustwide/cargo-home/bin:/usr/local/sbin:/usr/local/bin:/usr/sbin:/usr/bin:/sbin:/bin" VSLANG="1033" "cc" "-m64" "/tmp/rustcL4zHkj/symbols.o" "/opt/rustwide/target/debug/deps/cfpyo3_bindings-aa1eab4a72800250.cfpyo3_bindings.2152c69504e4513e-cgu.0.rcgu.o" "/opt/rustwide/target/debug/deps/cfpyo3_bindings-aa1eab4a72800250.cfpyo3_bindings.2152c69504e4513e-cgu.1.rcgu.o" "/opt/rustwide/target/debug/deps/cfpyo3_bindings-aa1eab4a72800250.cfpyo3_bindings.2152c69504e4513e-cgu.2.rcgu.o" "/opt/rustwide/target/debug/deps/cfpyo3_bindings-aa1eab4a72800250.cfpyo3_bindings.2152c69504e4513e-cgu.3.rcgu.o" "/opt/rustwide/target/debug/deps/cfpyo3_bindings-aa1eab4a72800250.cfpyo3_bindings.2152c69504e4513e-cgu.4.rcgu.o" "/opt/rustwide/target/debug/deps/cfpyo3_bindings-aa1eab4a72800250.cfpyo3_bindings.2152c69504e4513e-cgu.5.rcgu.o" "/opt/rustwide/target/debug/deps/cfpyo3_bindings-aa1eab4a72800250.cfpyo3_bindings.2152c69504e4513e-cgu.6.rcgu.o" "/opt/rustwide/target/debug/deps/cfpyo3_bindings-aa1eab4a72800250.cfpyo3_bindings.2152c69504e4513e-cgu.7.rcgu.o" "/opt/rustwide/target/debug/deps/cfpyo3_bindings-aa1eab4a72800250.cfpyo3_bindings.2152c69504e4513e-cgu.8.rcgu.o" "/opt/rustwide/target/debug/deps/cfpyo3_bindings-aa1eab4a72800250.3558ujvn5paii2hp0m0dxkqj9.rcgu.o" "-Wl,--as-needed" "-Wl,-Bstatic" "/opt/rustwide/rustup-home/toolchains/nightly-2024-10-28-x86_64-unknown-linux-gnu/lib/rustlib/x86_64-unknown-linux-gnu/lib/libtest-a09fad3b5321e7d6.rlib" "/opt/rustwide/rustup-home/toolchains/nightly-2024-10-28-x86_64-unknown-linux-gnu/lib/rustlib/x86_64-unknown-linux-gnu/lib/libgetopts-f9c3dff41ad42661.rlib" "/opt/rustwide/rustup-home/toolchains/nightly-2024-10-28-x86_64-unknown-linux-gnu/lib/rustlib/x86_64-unknown-linux-gnu/lib/libunicode_width-ad2aef31af6addd3.rlib" "/opt/rustwide/rustup-home/toolchains/nightly-2024-10-28-x86_64-unknown-linux-gnu/lib/rustlib/x86_64-unknown-linux-gnu/lib/librustc_std_workspace_std-e3f907dc03deb913.rlib" "/opt/rustwide/target/debug/deps/libcfpyo3_core-3e59fbdd3888705a.rlib" "/opt/rustwide/target/debug/deps/librayon-9eef7b85944a64b9.rlib" "/opt/rustwide/target/debug/deps/librayon_core-a58a5f58eb9ad7db.rlib" "/opt/rustwide/target/debug/deps/libcrossbeam_deque-858959b96805030a.rlib" "/opt/rustwide/target/debug/deps/libcrossbeam_epoch-b5a33f884d5450b9.rlib" "/opt/rustwide/target/debug/deps/libcrossbeam_utils-fd980c92aed8cdbe.rlib" "/opt/rustwide/target/debug/deps/libfutures-140bb23582b0bc7f.rlib" "/opt/rustwide/target/debug/deps/libfutures_executor-230da979248c287a.rlib" "/opt/rustwide/target/debug/deps/libfutures_util-1ee8a3c84aa6bf33.rlib" "/opt/rustwide/target/debug/deps/libmemchr-c7ff0286392b94eb.rlib" "/opt/rustwide/target/debug/deps/libfutures_io-124a01bb0b35f096.rlib" "/opt/rustwide/target/debug/deps/libslab-d637e80c635d9ae6.rlib" "/opt/rustwide/target/debug/deps/libfutures_channel-6368d936959d2967.rlib" "/opt/rustwide/target/debug/deps/libpin_project_lite-2633596a5f246a3b.rlib" "/opt/rustwide/target/debug/deps/libfutures_sink-4d32f3be9705a29b.rlib" "/opt/rustwide/target/debug/deps/libfutures_task-6b7e7a881f61604a.rlib" "/opt/rustwide/target/debug/deps/libpin_utils-76c2785263cdb1c1.rlib" "/opt/rustwide/target/debug/deps/libfutures_core-eeb6e4ec8d2fd68c.rlib" "/opt/rustwide/target/debug/deps/libmd5-86a47fe7a9060491.rlib" "/opt/rustwide/target/debug/deps/libdigest-ad270720b64b56a0.rlib" "/opt/rustwide/target/debug/deps/libblock_buffer-90f91f4f164fc7ea.rlib" "/opt/rustwide/target/debug/deps/libcrypto_common-b04de5b5712dc49f.rlib" "/opt/rustwide/target/debug/deps/libgeneric_array-d2a92b2da2a24109.rlib" "/opt/rustwide/target/debug/deps/libtypenum-5326f72807cfe834.rlib" "/opt/rustwide/target/debug/deps/libitertools-606cceed5b988775.rlib" "/opt/rustwide/target/debug/deps/libeither-386a0ff0e76518e4.rlib" "/opt/rustwide/target/debug/deps/libbytes-6a4c7ea0a880895d.rlib" "/opt/rustwide/target/debug/deps/libnumpy-c0eac5bddcdc8dba.rlib" "/opt/rustwide/target/debug/deps/librustc_hash-449b4f68ddd88550.rlib" "/opt/rustwide/target/debug/deps/libpyo3-16370079c84e561d.rlib" "/opt/rustwide/target/debug/deps/libanyhow-c6bfdd57e897141e.rlib" "/opt/rustwide/target/debug/deps/libmemoffset-2a36707ba2ee8ddf.rlib" "/opt/rustwide/target/debug/deps/libparking_lot-48105096751b50b5.rlib" "/opt/rustwide/target/debug/deps/libparking_lot_core-065241234d420790.rlib" "/opt/rustwide/target/debug/deps/libcfg_if-57bf25c23e31efdb.rlib" "/opt/rustwide/target/debug/deps/libsmallvec-756ee87804f0eec5.rlib" "/opt/rustwide/target/debug/deps/liblock_api-e2cb0d427dfba242.rlib" "/opt/rustwide/target/debug/deps/libscopeguard-003ee3b9b09cebdb.rlib" "/opt/rustwide/target/debug/deps/libpyo3_ffi-3462e66de1071aee.rlib" "/opt/rustwide/target/debug/deps/liblibc-663f09ba3db1840e.rlib" "/opt/rustwide/target/debug/deps/libchrono-33617a3673fb0ef9.rlib" "/opt/rustwide/target/debug/deps/libinventory-1f923eb2f657efbc.rlib" "/opt/rustwide/target/debug/deps/libunindent-d4a81d586b9d0458.rlib" "/opt/rustwide/target/debug/deps/libndarray-5d8970907a776f92.rlib" "/opt/rustwide/target/debug/deps/libmatrixmultiply-24d2e6dc4e19cd54.rlib" "/opt/rustwide/target/debug/deps/libnum_complex-25493465bc1b7f8f.rlib" "/opt/rustwide/target/debug/deps/libnum_integer-f1afa7bbf67eb4b9.rlib" "/opt/rustwide/target/debug/deps/libnum_traits-f4156d1e802a5c62.rlib" "/opt/rustwide/target/debug/deps/librawpointer-9a82b3d0237eca24.rlib" "/opt/rustwide/rustup-home/toolchains/nightly-2024-10-28-x86_64-unknown-linux-gnu/lib/rustlib/x86_64-unknown-linux-gnu/lib/libstd-fb8c387236db3c10.rlib" "/opt/rustwide/rustup-home/toolchains/nightly-2024-10-28-x86_64-unknown-linux-gnu/lib/rustlib/x86_64-unknown-linux-gnu/lib/libpanic_unwind-b251837809b2f64b.rlib" "/opt/rustwide/rustup-home/toolchains/nightly-2024-10-28-x86_64-unknown-linux-gnu/lib/rustlib/x86_64-unknown-linux-gnu/lib/libobject-cbef83eaa4e01f04.rlib" "/opt/rustwide/rustup-home/toolchains/nightly-2024-10-28-x86_64-unknown-linux-gnu/lib/rustlib/x86_64-unknown-linux-gnu/lib/libmemchr-12a772286de2fca7.rlib" "/opt/rustwide/rustup-home/toolchains/nightly-2024-10-28-x86_64-unknown-linux-gnu/lib/rustlib/x86_64-unknown-linux-gnu/lib/libaddr2line-023bbe5ada7abfc3.rlib" "/opt/rustwide/rustup-home/toolchains/nightly-2024-10-28-x86_64-unknown-linux-gnu/lib/rustlib/x86_64-unknown-linux-gnu/lib/libgimli-de2bcdf10ec69c2b.rlib" "/opt/rustwide/rustup-home/toolchains/nightly-2024-10-28-x86_64-unknown-linux-gnu/lib/rustlib/x86_64-unknown-linux-gnu/lib/librustc_demangle-8e1754df350800fd.rlib" "/opt/rustwide/rustup-home/toolchains/nightly-2024-10-28-x86_64-unknown-linux-gnu/lib/rustlib/x86_64-unknown-linux-gnu/lib/libstd_detect-06c2ab7b9c32e037.rlib" "/opt/rustwide/rustup-home/toolchains/nightly-2024-10-28-x86_64-unknown-linux-gnu/lib/rustlib/x86_64-unknown-linux-gnu/lib/libhashbrown-51d2621fc57a281b.rlib" "/opt/rustwide/rustup-home/toolchains/nightly-2024-10-28-x86_64-unknown-linux-gnu/lib/rustlib/x86_64-unknown-linux-gnu/lib/librustc_std_workspace_alloc-54a930408793772f.rlib" "/opt/rustwide/rustup-home/toolchains/nightly-2024-10-28-x86_64-unknown-linux-gnu/lib/rustlib/x86_64-unknown-linux-gnu/lib/libminiz_oxide-0c7d01cba400dcb2.rlib" "/opt/rustwide/rustup-home/toolchains/nightly-2024-10-28-x86_64-unknown-linux-gnu/lib/rustlib/x86_64-unknown-linux-gnu/lib/libadler-b9f84d69e331b75b.rlib" "/opt/rustwide/rustup-home/toolchains/nightly-2024-10-28-x86_64-unknown-linux-gnu/lib/rustlib/x86_64-unknown-linux-gnu/lib/libunwind-eec95493246aae39.rlib" "/opt/rustwide/rustup-home/toolchains/nightly-2024-10-28-x86_64-unknown-linux-gnu/lib/rustlib/x86_64-unknown-linux-gnu/lib/libcfg_if-6f6676c475e08ab0.rlib" "/opt/rustwide/rustup-home/toolchains/nightly-2024-10-28-x86_64-unknown-linux-gnu/lib/rustlib/x86_64-unknown-linux-gnu/lib/liblibc-799d520624f8b2e0.rlib" "/opt/rustwide/rustup-home/toolchains/nightly-2024-10-28-x86_64-unknown-linux-gnu/lib/rustlib/x86_64-unknown-linux-gnu/lib/liballoc-fcf93d4842acd9a9.rlib" "/opt/rustwide/rustup-home/toolchains/nightly-2024-10-28-x86_64-unknown-linux-gnu/lib/rustlib/x86_64-unknown-linux-gnu/lib/librustc_std_workspace_core-395a38b8e0851c9b.rlib" "/opt/rustwide/rustup-home/toolchains/nightly-2024-10-28-x86_64-unknown-linux-gnu/lib/rustlib/x86_64-unknown-linux-gnu/lib/libcore-d453bab70303062c.rlib" "/opt/rustwide/rustup-home/toolchains/nightly-2024-10-28-x86_64-unknown-linux-gnu/lib/rustlib/x86_64-unknown-linux-gnu/lib/libcompiler_builtins-0e6386368b0a24e8.rlib" "-Wl,-Bdynamic" "-lgcc_s" "-lutil" "-lrt" "-lpthread" "-lm" "-ldl" "-lc" "-B/opt/rustwide/rustup-home/toolchains/nightly-2024-10-28-x86_64-unknown-linux-gnu/lib/rustlib/x86_64-unknown-linux-gnu/bin/gcc-ld" "-fuse-ld=lld" "-Wl,--eh-frame-hdr" "-Wl,-z,noexecstack" "-L" "/opt/rustwide/rustup-home/toolchains/nightly-2024-10-28-x86_64-unknown-linux-gnu/lib/rustlib/x86_64-unknown-linux-gnu/lib" "-o" "/opt/rustwide/target/debug/deps/cfpyo3_bindings-aa1eab4a72800250" "-Wl,--gc-sections" "-pie" "-Wl,-z,relro,-z,now" "-nodefaultlibs"
[INFO] [stdout]   = note: rust-lld: error: undefined symbol: PyObject_GC_UnTrack
[INFO] [stdout]           >>> referenced by pyclass.rs:1125 (/opt/rustwide/cargo-home/registry/src/index.crates.io-6f17d22bba15001f/pyo3-0.21.2/src/impl_/pyclass.rs:1125)
[INFO] [stdout]           >>>               /opt/rustwide/target/debug/deps/cfpyo3_bindings-aa1eab4a72800250.cfpyo3_bindings.2152c69504e4513e-cgu.2.rcgu.o:(pyo3::impl_::pyclass::tp_dealloc_with_gc::h00316f27a9df579c)
[INFO] [stdout]           >>> referenced by pyclass.rs:1125 (/opt/rustwide/cargo-home/registry/src/index.crates.io-6f17d22bba15001f/pyo3-0.21.2/src/impl_/pyclass.rs:1125)
[INFO] [stdout]           >>>               /opt/rustwide/target/debug/deps/cfpyo3_bindings-aa1eab4a72800250.cfpyo3_bindings.2152c69504e4513e-cgu.2.rcgu.o:(pyo3::impl_::pyclass::tp_dealloc_with_gc::h0263198d3ee6c7b4)
[INFO] [stdout]           >>> referenced by pyclass.rs:1125 (/opt/rustwide/cargo-home/registry/src/index.crates.io-6f17d22bba15001f/pyo3-0.21.2/src/impl_/pyclass.rs:1125)
[INFO] [stdout]           >>>               numpy-c0eac5bddcdc8dba.numpy.861a21a12bdd892c-cgu.2.rcgu.o:(pyo3::impl_::pyclass::tp_dealloc_with_gc::h481c280f1c7302e8) in archive /opt/rustwide/target/debug/deps/libnumpy-c0eac5bddcdc8dba.rlib
[INFO] [stdout]           
[INFO] [stdout]           rust-lld: error: undefined symbol: _Py_Dealloc
[INFO] [stdout]           >>> referenced by object.rs:633 (/opt/rustwide/cargo-home/registry/src/index.crates.io-6f17d22bba15001f/pyo3-ffi-0.21.2/src/object.rs:633)
[INFO] [stdout]           >>>               /opt/rustwide/target/debug/deps/cfpyo3_bindings-aa1eab4a72800250.cfpyo3_bindings.2152c69504e4513e-cgu.2.rcgu.o:(_$LT$pyo3..instance..Bound$LT$T$GT$$u20$as$u20$core..ops..drop..Drop$GT$::drop::h1639fdb981c8db7c)
[INFO] [stdout]           >>> referenced by object.rs:633 (/opt/rustwide/cargo-home/registry/src/index.crates.io-6f17d22bba15001f/pyo3-ffi-0.21.2/src/object.rs:633)
[INFO] [stdout]           >>>               /opt/rustwide/target/debug/deps/cfpyo3_bindings-aa1eab4a72800250.cfpyo3_bindings.2152c69504e4513e-cgu.2.rcgu.o:(_$LT$pyo3..instance..Bound$LT$T$GT$$u20$as$u20$core..ops..drop..Drop$GT$::drop::h24a97bc7654582a6)
[INFO] [stdout]           >>> referenced by object.rs:633 (/opt/rustwide/cargo-home/registry/src/index.crates.io-6f17d22bba15001f/pyo3-ffi-0.21.2/src/object.rs:633)
[INFO] [stdout]           >>>               /opt/rustwide/target/debug/deps/cfpyo3_bindings-aa1eab4a72800250.cfpyo3_bindings.2152c69504e4513e-cgu.2.rcgu.o:(_$LT$pyo3..instance..Bound$LT$T$GT$$u20$as$u20$core..ops..drop..Drop$GT$::drop::h4f890f57d2865cb1)
[INFO] [stdout]           >>> referenced 17 more times
[INFO] [stdout]           
[INFO] [stdout]           rust-lld: error: undefined symbol: PyType_IsSubtype
[INFO] [stdout]           >>> referenced by object.rs:287 (/opt/rustwide/cargo-home/registry/src/index.crates.io-6f17d22bba15001f/pyo3-ffi-0.21.2/src/object.rs:287)
[INFO] [stdout]           >>>               /opt/rustwide/target/debug/deps/cfpyo3_bindings-aa1eab4a72800250.cfpyo3_bindings.2152c69504e4513e-cgu.3.rcgu.o:(pyo3_ffi::object::PyObject_TypeCheck::hb41765779cc43e4f)
[INFO] [stdout]           >>> referenced by object.rs:287 (/opt/rustwide/cargo-home/registry/src/index.crates.io-6f17d22bba15001f/pyo3-ffi-0.21.2/src/object.rs:287)
[INFO] [stdout]           >>>               numpy-c0eac5bddcdc8dba.numpy.861a21a12bdd892c-cgu.4.rcgu.o:(pyo3_ffi::object::PyObject_TypeCheck::hc754779530a191b8) in archive /opt/rustwide/target/debug/deps/libnumpy-c0eac5bddcdc8dba.rlib
[INFO] [stdout]           
[INFO] [stdout]           rust-lld: error: undefined symbol: _Py_NoneStruct
[INFO] [stdout]           >>> referenced by object.rs:713 (/opt/rustwide/cargo-home/registry/src/index.crates.io-6f17d22bba15001f/pyo3-ffi-0.21.2/src/object.rs:713)
[INFO] [stdout]           >>>               /opt/rustwide/target/debug/deps/cfpyo3_bindings-aa1eab4a72800250.cfpyo3_bindings.2152c69504e4513e-cgu.3.rcgu.o:(pyo3_ffi::object::Py_None::h099780e5dc69de85)
[INFO] [stdout]           >>> referenced by object.rs:713 (/opt/rustwide/cargo-home/registry/src/index.crates.io-6f17d22bba15001f/pyo3-ffi-0.21.2/src/object.rs:713)
[INFO] [stdout]           >>>               pyo3-16370079c84e561d.pyo3.9335af3954b65454-cgu.08.rcgu.o:(pyo3_ffi::object::Py_None::h8dfa457252cc5e11) in archive /opt/rustwide/target/debug/deps/libpyo3-16370079c84e561d.rlib
[INFO] [stdout]           
[INFO] [stdout]           rust-lld: error: undefined symbol: PyException_GetTraceback
[INFO] [stdout]           >>> referenced by err_state.rs:121 (src/err/err_state.rs:121)
[INFO] [stdout]           >>>               pyo3-16370079c84e561d.pyo3.9335af3954b65454-cgu.14.rcgu.o:(pyo3::err::err_state::PyErrState::normalized::he1125a38d0bb9d0b) in archive /opt/rustwide/target/debug/deps/libpyo3-16370079c84e561d.rlib
[INFO] [stdout]           
[INFO] [stdout]           rust-lld: error: undefined symbol: PyErr_NormalizeException
[INFO] [stdout]           >>> referenced by err_state.rs:155 (src/err/err_state.rs:155)
[INFO] [stdout]           >>>               pyo3-16370079c84e561d.pyo3.9335af3954b65454-cgu.14.rcgu.o:(pyo3::err::err_state::PyErrState::normalize::h1856fd19ddf2ac7a) in archive /opt/rustwide/target/debug/deps/libpyo3-16370079c84e561d.rlib
[INFO] [stdout]           >>> referenced by err_state.rs:213 (src/err/err_state.rs:213)
[INFO] [stdout]           >>>               pyo3-16370079c84e561d.pyo3.9335af3954b65454-cgu.14.rcgu.o:(pyo3::err::err_state::lazy_into_normalized_ffi_tuple::h5e007bc139499d7b) in archive /opt/rustwide/target/debug/deps/libpyo3-16370079c84e561d.rlib
[INFO] [stdout]           
[INFO] [stdout]           rust-lld: error: undefined symbol: PyErr_Restore
[INFO] [stdout]           >>> referenced by err_state.rs:186 (src/err/err_state.rs:186)
[INFO] [stdout]           >>>               pyo3-16370079c84e561d.pyo3.9335af3954b65454-cgu.14.rcgu.o:(pyo3::err::err_state::PyErrState::restore::hab297e03c3f3ff41) in archive /opt/rustwide/target/debug/deps/libpyo3-16370079c84e561d.rlib
[INFO] [stdout]           
[INFO] [stdout]           rust-lld: error: undefined symbol: PyErr_Fetch
[INFO] [stdout]           >>> referenced by err_state.rs:212 (src/err/err_state.rs:212)
[INFO] [stdout]           >>>               pyo3-16370079c84e561d.pyo3.9335af3954b65454-cgu.14.rcgu.o:(pyo3::err::err_state::lazy_into_normalized_ffi_tuple::h5e007bc139499d7b) in archive /opt/rustwide/target/debug/deps/libpyo3-16370079c84e561d.rlib
[INFO] [stdout]           >>> referenced by mod.rs:409 (src/err/mod.rs:409)
[INFO] [stdout]           >>>               pyo3-16370079c84e561d.pyo3.9335af3954b65454-cgu.12.rcgu.o:(pyo3::err::PyErr::_take::h5e1faaf238edecd3) in archive /opt/rustwide/target/debug/deps/libpyo3-16370079c84e561d.rlib
[INFO] [stdout]           
[INFO] [stdout]           rust-lld: error: undefined symbol: PyErr_SetString
[INFO] [stdout]           >>> referenced by err_state.rs:229 (src/err/err_state.rs:229)
[INFO] [stdout]           >>>               pyo3-16370079c84e561d.pyo3.9335af3954b65454-cgu.14.rcgu.o:(pyo3::err::err_state::raise_lazy::h8ef04a922f9d221b) in archive /opt/rustwide/target/debug/deps/libpyo3-16370079c84e561d.rlib
[INFO] [stdout]           
[INFO] [stdout]           rust-lld: error: undefined symbol: PyErr_SetObject
[INFO] [stdout]           >>> referenced by err_state.rs:236 (src/err/err_state.rs:236)
[INFO] [stdout]           >>>               pyo3-16370079c84e561d.pyo3.9335af3954b65454-cgu.14.rcgu.o:(pyo3::err::err_state::raise_lazy::h8ef04a922f9d221b) in archive /opt/rustwide/target/debug/deps/libpyo3-16370079c84e561d.rlib
[INFO] [stdout]           
[INFO] [stdout]           rust-lld: error: undefined symbol: PyException_SetTraceback
[INFO] [stdout]           >>> referenced by mod.rs:351 (src/err/mod.rs:351)
[INFO] [stdout]           >>>               pyo3-16370079c84e561d.pyo3.9335af3954b65454-cgu.12.rcgu.o:(pyo3::err::PyErr::into_value::h490ebce9b65e4d68) in archive /opt/rustwide/target/debug/deps/libpyo3-16370079c84e561d.rlib
[INFO] [stdout]           
[INFO] [stdout]           rust-lld: error: undefined symbol: PyErr_PrintEx
[INFO] [stdout]           >>> referenced by mod.rs:480 (src/err/mod.rs:480)
[INFO] [stdout]           >>>               pyo3-16370079c84e561d.pyo3.9335af3954b65454-cgu.12.rcgu.o:(pyo3::err::PyErr::print_panic_and_unwind::hf44285f1ab53ec9e) in archive /opt/rustwide/target/debug/deps/libpyo3-16370079c84e561d.rlib
[INFO] [stdout]           >>> referenced by mod.rs:616 (src/err/mod.rs:616)
[INFO] [stdout]           >>>               pyo3-16370079c84e561d.pyo3.9335af3954b65454-cgu.12.rcgu.o:(pyo3::err::PyErr::print::h5f2c19e42fb27cd7) in archive /opt/rustwide/target/debug/deps/libpyo3-16370079c84e561d.rlib
[INFO] [stdout]           
[INFO] [stdout]           rust-lld: error: undefined symbol: PyErr_NewExceptionWithDoc
[INFO] [stdout]           >>> referenced by mod.rs:577 (src/err/mod.rs:577)
[INFO] [stdout]           >>>               pyo3-16370079c84e561d.pyo3.9335af3954b65454-cgu.12.rcgu.o:(pyo3::err::PyErr::new_type_bound::hb986c7b12f979305) in archive /opt/rustwide/target/debug/deps/libpyo3-16370079c84e561d.rlib
[INFO] [stdout]           
[INFO] [stdout]           rust-lld: error: undefined symbol: PyErr_WriteUnraisable
[INFO] [stdout]           >>> referenced by mod.rs:721 (src/err/mod.rs:721)
[INFO] [stdout]           >>>               pyo3-16370079c84e561d.pyo3.9335af3954b65454-cgu.12.rcgu.o:(pyo3::err::PyErr::write_unraisable_bound::ha43a7119b579e5d9) in archive /opt/rustwide/target/debug/deps/libpyo3-16370079c84e561d.rlib
[INFO] [stdout]           >>> referenced by mod.rs:721 (/opt/rustwide/cargo-home/registry/src/index.crates.io-6f17d22bba15001f/pyo3-0.21.2/src/err/mod.rs:721)
[INFO] [stdout]           >>>               numpy-c0eac5bddcdc8dba.numpy.861a21a12bdd892c-cgu.2.rcgu.o:(pyo3::err::PyErr::write_unraisable_bound::hafa9b3e89b43871c) in archive /opt/rustwide/target/debug/deps/libnumpy-c0eac5bddcdc8dba.rlib
[INFO] [stdout]           
[INFO] [stdout]           rust-lld: error: undefined symbol: PyException_GetCause
[INFO] [stdout]           >>> referenced by mod.rs:867 (src/err/mod.rs:867)
[INFO] [stdout]           >>>               pyo3-16370079c84e561d.pyo3.9335af3954b65454-cgu.12.rcgu.o:(pyo3::err::PyErr::cause::hd30e850ed32547ba) in archive /opt/rustwide/target/debug/deps/libpyo3-16370079c84e561d.rlib
[INFO] [stdout]           
[INFO] [stdout]           rust-lld: error: undefined symbol: PyException_SetCause
[INFO] [stdout]           >>> referenced by mod.rs:885 (src/err/mod.rs:885)
[INFO] [stdout]           >>>               pyo3-16370079c84e561d.pyo3.9335af3954b65454-cgu.12.rcgu.o:(pyo3::err::PyErr::set_cause::h0a258c6d6c179d42) in archive /opt/rustwide/target/debug/deps/libpyo3-16370079c84e561d.rlib
[INFO] [stdout]           
[INFO] [stdout]           rust-lld: error: undefined symbol: PyObject_SetAttrString
[INFO] [stdout]           >>> referenced by lazy_type_object.rs:207 (src/impl_/pyclass/lazy_type_object.rs:207)
[INFO] [stdout]           >>>               pyo3-16370079c84e561d.pyo3.9335af3954b65454-cgu.14.rcgu.o:(pyo3::impl_::pyclass::lazy_type_object::initialize_tp_dict::hcb9cd363094ade6c) in archive /opt/rustwide/target/debug/deps/libpyo3-16370079c84e561d.rlib
[INFO] [stdout]           
[INFO] [stdout]           rust-lld: error: undefined symbol: PyTuple_New
[INFO] [stdout]           >>> referenced by tuple.rs:718 (src/types/tuple.rs:718)
[INFO] [stdout]           >>>               pyo3-16370079c84e561d.pyo3.9335af3954b65454-cgu.09.rcgu.o:(pyo3::types::tuple::array_into_tuple::h87ef5f8dd4f45e6d) in archive /opt/rustwide/target/debug/deps/libpyo3-16370079c84e561d.rlib
[INFO] [stdout]           >>> referenced by tuple.rs:718 (src/types/tuple.rs:718)
[INFO] [stdout]           >>>               pyo3-16370079c84e561d.pyo3.9335af3954b65454-cgu.09.rcgu.o:(pyo3::types::tuple::array_into_tuple::hd8c394664675c897) in archive /opt/rustwide/target/debug/deps/libpyo3-16370079c84e561d.rlib
[INFO] [stdout]           
[INFO] [stdout]           rust-lld: error: undefined symbol: PyErr_Print
[INFO] [stdout]           >>> referenced by mod.rs:1096 (src/err/mod.rs:1096)
[INFO] [stdout]           >>>               pyo3-16370079c84e561d.pyo3.9335af3954b65454-cgu.12.rcgu.o:(pyo3::err::panic_after_error::hed75fe6a4c2ee992) in archive /opt/rustwide/target/debug/deps/libpyo3-16370079c84e561d.rlib
[INFO] [stdout]           
[INFO] [stdout]           rust-lld: error: undefined symbol: PyLong_FromSsize_t
[INFO] [stdout]           >>> referenced by pyclass.rs:1134 (src/impl_/pyclass.rs:1134)
[INFO] [stdout]           >>>               pyo3-16370079c84e561d.pyo3.9335af3954b65454-cgu.14.rcgu.o:(pyo3::impl_::pyclass::get_sequence_item_from_mapping::h6e4ed7b0e44aaf56) in archive /opt/rustwide/target/debug/deps/libpyo3-16370079c84e561d.rlib
[INFO] [stdout]           >>> referenced by pyclass.rs:1148 (src/impl_/pyclass.rs:1148)
[INFO] [stdout]           >>>               pyo3-16370079c84e561d.pyo3.9335af3954b65454-cgu.14.rcgu.o:(pyo3::impl_::pyclass::assign_sequence_item_from_mapping::hd31a552973262d14) in archive /opt/rustwide/target/debug/deps/libpyo3-16370079c84e561d.rlib
[INFO] [stdout]           
[INFO] [stdout]           rust-lld: error: too many errors emitted, stopping now (use --error-limit=0 to see all errors)
[INFO] [stdout]           collect2: error: ld returned 1 exit status
[INFO] [stdout]           
[INFO] [stdout] 
[INFO] [stdout] 
[INFO] [stderr] error: could not compile `cfpyo3_rs_bindings` (lib test) due to 1 previous error
[INFO] running `Command { std: "docker" "inspect" "47493e8cec3c021771398fe818e53b588bd3b2a1ac3858fbe014202366b7786d", kill_on_drop: false }`
[INFO] running `Command { std: "docker" "rm" "-f" "47493e8cec3c021771398fe818e53b588bd3b2a1ac3858fbe014202366b7786d", kill_on_drop: false }`
[INFO] [stdout] 47493e8cec3c021771398fe818e53b588bd3b2a1ac3858fbe014202366b7786d
