[INFO] fetching crate cervo-core 0.6.0...
[INFO] testing cervo-core-0.6.0 against nightly-2024-10-28+rustflags=-Zrandomize-layout for randomize-layout
[INFO] extracting crate cervo-core 0.6.0 into /workspace/builds/worker-4-tc2/source
[INFO] validating manifest of crates.io crate cervo-core 0.6.0 on toolchain nightly-2024-10-28
[INFO] running `Command { std: CARGO_HOME="/workspace/cargo-home" RUSTUP_HOME="/workspace/rustup-home" "/workspace/cargo-home/bin/cargo" "+nightly-2024-10-28" "metadata" "--manifest-path" "Cargo.toml" "--no-deps", kill_on_drop: false }`
[INFO] started tweaking crates.io crate cervo-core 0.6.0
[INFO] finished tweaking crates.io crate cervo-core 0.6.0
[INFO] tweaked toml for crates.io crate cervo-core 0.6.0 written to /workspace/builds/worker-4-tc2/source/Cargo.toml
[INFO] running `Command { std: CARGO_HOME="/workspace/cargo-home" RUSTUP_HOME="/workspace/rustup-home" "/workspace/cargo-home/bin/cargo" "+nightly-2024-10-28" "generate-lockfile" "--manifest-path" "Cargo.toml", kill_on_drop: false }`
[INFO] [stderr]     Updating crates.io index
[INFO] [stderr]      Locking 129 packages to latest compatible versions
[INFO] running `Command { std: CARGO_HOME="/workspace/cargo-home" RUSTUP_HOME="/workspace/rustup-home" "/workspace/cargo-home/bin/cargo" "+nightly-2024-10-28" "fetch" "--manifest-path" "Cargo.toml", kill_on_drop: false }`
[INFO] running `Command { std: "docker" "create" "-v" "/var/lib/crater-agent-workspace/builds/worker-4-tc2/target:/opt/rustwide/target:rw,Z" "-v" "/var/lib/crater-agent-workspace/builds/worker-4-tc2/source:/opt/rustwide/workdir:ro,Z" "-v" "/var/lib/crater-agent-workspace/cargo-home:/opt/rustwide/cargo-home:ro,Z" "-v" "/var/lib/crater-agent-workspace/rustup-home:/opt/rustwide/rustup-home:ro,Z" "-e" "SOURCE_DIR=/opt/rustwide/workdir" "-e" "CARGO_TARGET_DIR=/opt/rustwide/target" "-e" "CARGO_HOME=/opt/rustwide/cargo-home" "-e" "RUSTUP_HOME=/opt/rustwide/rustup-home" "-w" "/opt/rustwide/workdir" "-m" "1610612736" "--user" "0:0" "--network" "none" "ghcr.io/rust-lang/crates-build-env/linux@sha256:4a844ea9eb2546a2d2c7022eacef16ef2e8229c7fbb2c7d4d55a9ceca922f72d" "/opt/rustwide/cargo-home/bin/cargo" "+nightly-2024-10-28" "metadata" "--no-deps" "--format-version=1", kill_on_drop: false }`
[INFO] [stdout] 8fd636b598d73e239294a22a54354b3b4a9500ca86fa2dba81086d65acb5905f
[INFO] running `Command { std: "docker" "start" "-a" "8fd636b598d73e239294a22a54354b3b4a9500ca86fa2dba81086d65acb5905f", kill_on_drop: false }`
[INFO] running `Command { std: "docker" "inspect" "8fd636b598d73e239294a22a54354b3b4a9500ca86fa2dba81086d65acb5905f", kill_on_drop: false }`
[INFO] running `Command { std: "docker" "rm" "-f" "8fd636b598d73e239294a22a54354b3b4a9500ca86fa2dba81086d65acb5905f", kill_on_drop: false }`
[INFO] [stdout] 8fd636b598d73e239294a22a54354b3b4a9500ca86fa2dba81086d65acb5905f
[INFO] running `Command { std: "docker" "create" "-v" "/var/lib/crater-agent-workspace/builds/worker-4-tc2/target:/opt/rustwide/target:rw,Z" "-v" "/var/lib/crater-agent-workspace/builds/worker-4-tc2/source:/opt/rustwide/workdir:ro,Z" "-v" "/var/lib/crater-agent-workspace/cargo-home:/opt/rustwide/cargo-home:ro,Z" "-v" "/var/lib/crater-agent-workspace/rustup-home:/opt/rustwide/rustup-home:ro,Z" "-e" "SOURCE_DIR=/opt/rustwide/workdir" "-e" "CARGO_TARGET_DIR=/opt/rustwide/target" "-e" "CARGO_INCREMENTAL=0" "-e" "RUST_BACKTRACE=full" "-e" "RUSTFLAGS=--cap-lints=forbid -Zrandomize-layout" "-e" "RUSTDOCFLAGS=--cap-lints=forbid" "-e" "CARGO_HOME=/opt/rustwide/cargo-home" "-e" "RUSTUP_HOME=/opt/rustwide/rustup-home" "-w" "/opt/rustwide/workdir" "-m" "1610612736" "--user" "0:0" "--network" "none" "ghcr.io/rust-lang/crates-build-env/linux@sha256:4a844ea9eb2546a2d2c7022eacef16ef2e8229c7fbb2c7d4d55a9ceca922f72d" "/opt/rustwide/cargo-home/bin/cargo" "+nightly-2024-10-28" "build" "--frozen" "--message-format=json", kill_on_drop: false }`
[INFO] [stdout] e122394801610437b87c44aba833f80a6942dd834dff81e5eccbd61f5293960c
[INFO] running `Command { std: "docker" "start" "-a" "e122394801610437b87c44aba833f80a6942dd834dff81e5eccbd61f5293960c", kill_on_drop: false }`
[INFO] [stderr]    Compiling libm v0.2.11
[INFO] [stderr]    Compiling memchr v2.7.4
[INFO] [stderr]    Compiling num-traits v0.2.19
[INFO] [stderr]    Compiling ucd-trie v0.1.7
[INFO] [stderr]    Compiling thiserror v1.0.66
[INFO] [stderr]    Compiling either v1.13.0
[INFO] [stderr]    Compiling byteorder v1.5.0
[INFO] [stderr]    Compiling thiserror-impl v1.0.66
[INFO] [stderr]    Compiling serde v1.0.214
[INFO] [stderr]    Compiling num-conv v0.1.0
[INFO] [stderr]    Compiling zerocopy v0.7.35
[INFO] [stderr]    Compiling powerfmt v0.2.0
[INFO] [stderr]    Compiling time-core v0.1.2
[INFO] [stderr]    Compiling crossbeam-utils v0.8.20
[INFO] [stderr]    Compiling time-macros v0.2.18
[INFO] [stderr]    Compiling deranged v0.3.11
[INFO] [stderr]    Compiling itoa v1.0.11
[INFO] [stderr]    Compiling aho-corasick v1.1.3
[INFO] [stderr]    Compiling static_assertions v1.1.0
[INFO] [stderr]    Compiling itertools v0.13.0
[INFO] [stderr]    Compiling liquid-derive v0.26.8
[INFO] [stderr]    Compiling pest v2.7.14
[INFO] [stderr]    Compiling ahash v0.8.11
[INFO] [stderr]    Compiling num-integer v0.1.46
[INFO] [stderr]    Compiling anymap2 v0.13.0
[INFO] [stderr]    Compiling regex-automata v0.4.8
[INFO] [stderr]    Compiling time v0.3.36
[INFO] [stderr]    Compiling smallvec v1.13.2
[INFO] [stderr]    Compiling doc-comment v0.3.3
[INFO] [stderr]    Compiling pest_meta v2.7.14
[INFO] [stderr]    Compiling matrixmultiply v0.3.9
[INFO] [stderr]    Compiling lock_api v0.4.12
[INFO] [stderr]    Compiling unicode-segmentation v1.12.0
[INFO] [stderr]    Compiling parking_lot_core v0.9.10
[INFO] [stderr]    Compiling tinyvec_macros v0.1.1
[INFO] [stderr]    Compiling percent-encoding v2.3.1
[INFO] [stderr]    Compiling pest_generator v2.7.14
[INFO] [stderr]    Compiling crossbeam-epoch v0.9.18
[INFO] [stderr]    Compiling tinyvec v1.8.0
[INFO] [stderr]    Compiling kstring v2.0.2
[INFO] [stderr]    Compiling num-complex v0.4.6
[INFO] [stderr]    Compiling same-file v1.0.6
[INFO] [stderr]    Compiling scopeguard v1.2.0
[INFO] [stderr]    Compiling rawpointer v0.2.1
[INFO] [stderr]    Compiling syn v1.0.109
[INFO] [stderr]    Compiling anyhow v1.0.92
[INFO] [stderr]    Compiling rayon-core v1.12.1
[INFO] [stderr]    Compiling regex v1.11.1
[INFO] [stderr]    Compiling unicode-normalization v0.1.24
[INFO] [stderr]    Compiling pest_derive v2.7.14
[INFO] [stderr]    Compiling walkdir v2.5.0
[INFO] [stderr]    Compiling hashbrown v0.14.5
[INFO] [stderr]    Compiling crossbeam-deque v0.8.5
[INFO] [stderr]    Compiling liquid-core v0.26.9
[INFO] [stderr]    Compiling half v2.4.1
[INFO] [stderr]    Compiling paste v1.0.15
[INFO] [stderr]    Compiling minimal-lexical v0.2.1
[INFO] [stderr]    Compiling nom v7.1.3
[INFO] [stderr]    Compiling ndarray v0.16.1
[INFO] [stderr]    Compiling parking_lot v0.12.3
[INFO] [stderr]    Compiling scan_fmt v0.2.6
[INFO] [stderr]    Compiling liquid-lib v0.26.9
[INFO] [stderr]    Compiling itertools v0.12.1
[INFO] [stderr]    Compiling rustfft v6.2.0
[INFO] [stderr]    Compiling dyn-clone v1.0.17
[INFO] [stderr]    Compiling strength_reduce v0.2.4
[INFO] [stderr]    Compiling dyn-hash v0.2.0
[INFO] [stderr]    Compiling string-interner v0.15.0
[INFO] [stderr]    Compiling maplit v1.0.2
[INFO] [stderr]    Compiling lazy_static v1.5.0
[INFO] [stderr]    Compiling downcast-rs v1.2.1
[INFO] [stderr]    Compiling transpose v0.2.3
[INFO] [stderr]    Compiling rayon v1.10.0
[INFO] [stderr]    Compiling primal-check v0.3.4
[INFO] [stderr]    Compiling ppv-lite86 v0.2.20
[INFO] [stderr]    Compiling bit-vec v0.6.3
[INFO] [stderr]    Compiling liquid v0.26.9
[INFO] [stderr]    Compiling rand_chacha v0.3.1
[INFO] [stderr]    Compiling bit-set v0.5.3
[INFO] [stderr]    Compiling rand v0.8.5
[INFO] [stderr]    Compiling tract-data v0.21.7
[INFO] [stderr]    Compiling ordered-float v4.4.0
[INFO] [stderr]    Compiling derive-new v0.5.9
[INFO] [stderr]    Compiling perchance v0.5.3
[INFO] [stderr]    Compiling rand_distr v0.4.3
[INFO] [stderr]    Compiling tract-linalg v0.21.7
[INFO] [stderr]    Compiling tract-core v0.21.7
[INFO] [stderr]    Compiling tract-hir v0.21.7
[INFO] [stderr]    Compiling cervo-core v0.6.0 (/opt/rustwide/workdir)
[INFO] [stdout] error[E0609]: no field `symbol_table` on type `Graph<InferenceFact, Box<(dyn InferenceOp + 'static)>>`
[INFO] [stdout]   --> src/inferer/helpers.rs:21:24
[INFO] [stdout]    |
[INFO] [stdout] 21 |     let symbol = model.symbol_table.sym("N");
[INFO] [stdout]    |                        ^^^^^^^^^^^^ unknown field
[INFO] [stdout]    |
[INFO] [stdout]    = note: available fields are: `nodes`, `inputs`, `outputs`, `outlet_labels`, `properties`, `symbols`
[INFO] [stdout] 
[INFO] [stdout] 
[INFO] [stdout] error[E0609]: no field `symbol_table` on type `&mut Graph<TypedFact, Box<(dyn tract_core::ops::TypedOp + 'static)>>`
[INFO] [stdout]   --> src/inferer/helpers.rs:55:14
[INFO] [stdout]    |
[INFO] [stdout] 55 |     Ok(model.symbol_table.sym("N"))
[INFO] [stdout]    |              ^^^^^^^^^^^^ unknown field
[INFO] [stdout]    |
[INFO] [stdout]    = note: available fields are: `nodes`, `inputs`, `outputs`, `outlet_labels`, `properties`, `symbols`
[INFO] [stdout] 
[INFO] [stdout] 
[INFO] [stdout] error[E0609]: no field `symbol_table` on type `Graph<TypedFact, Box<(dyn tract_core::ops::TypedOp + 'static)>>`
[INFO] [stdout]   --> src/inferer/helpers.rs:62:24
[INFO] [stdout]    |
[INFO] [stdout] 62 |     let symbol = model.symbol_table.sym("N");
[INFO] [stdout]    |                        ^^^^^^^^^^^^ unknown field
[INFO] [stdout]    |
[INFO] [stdout]    = note: available fields are: `nodes`, `inputs`, `outputs`, `outlet_labels`, `properties`, `symbols`
[INFO] [stdout] 
[INFO] [stdout] 
[INFO] [stdout] For more information about this error, try `rustc --explain E0609`.
[INFO] [stdout] 
[INFO] [stderr] error: could not compile `cervo-core` (lib) due to 3 previous errors
[INFO] [stderr] warning: build failed, waiting for other jobs to finish...
[INFO] [stderr] error: could not compile `tract-hir` (lib)
[INFO] [stderr] 
[INFO] [stderr] Caused by:
[INFO] [stderr]   process didn't exit successfully: `/opt/rustwide/rustup-home/toolchains/nightly-2024-10-28-x86_64-unknown-linux-gnu/bin/rustc --crate-name tract_hir --edition=2021 /opt/rustwide/cargo-home/registry/src/index.crates.io-6f17d22bba15001f/tract-hir-0.21.7/src/lib.rs --error-format=json --json=diagnostic-rendered-ansi,artifacts,future-incompat --crate-type lib --emit=dep-info,metadata,link -C embed-bitcode=no -C debuginfo=2 --check-cfg 'cfg(docsrs)' --check-cfg 'cfg(feature, values())' -C metadata=b03bf5f89fbf4250 -C extra-filename=-b03bf5f89fbf4250 --out-dir /opt/rustwide/target/debug/deps -L dependency=/opt/rustwide/target/debug/deps --extern derive_new=/opt/rustwide/target/debug/deps/libderive_new-18e3d05b96036664.so --extern log=/opt/rustwide/target/debug/deps/liblog-b6b1a89bf87ced53.rmeta --extern tract_core=/opt/rustwide/target/debug/deps/libtract_core-2bcf5753e1438fa1.rmeta --cap-lints allow --cap-lints=forbid -Zrandomize-layout -L native=/opt/rustwide/target/debug/build/tract-linalg-1abd4ee8faa6e82b/out` (signal: 9, SIGKILL: kill)
[INFO] [stderr] error: could not compile `tract-core` (lib)
[INFO] [stderr] 
[INFO] [stderr] Caused by:
[INFO] [stderr]   process didn't exit successfully: `/opt/rustwide/rustup-home/toolchains/nightly-2024-10-28-x86_64-unknown-linux-gnu/bin/rustc --crate-name tract_core --edition=2021 /opt/rustwide/cargo-home/registry/src/index.crates.io-6f17d22bba15001f/tract-core-0.21.7/src/lib.rs --error-format=json --json=diagnostic-rendered-ansi,artifacts,future-incompat --crate-type lib --emit=dep-info,metadata,link -C embed-bitcode=no -C debuginfo=2 --cfg 'feature="default"' --check-cfg 'cfg(docsrs)' --check-cfg 'cfg(feature, values("accelerate", "accelerate-src", "blas", "blis", "blis-src", "cblas", "complex", "default", "openblas", "openblas-src", "paranoid_assertions"))' -C metadata=2bcf5753e1438fa1 -C extra-filename=-2bcf5753e1438fa1 --out-dir /opt/rustwide/target/debug/deps -L dependency=/opt/rustwide/target/debug/deps --extern anyhow=/opt/rustwide/target/debug/deps/libanyhow-c6bfdd57e897141e.rmeta --extern bit_set=/opt/rustwide/target/debug/deps/libbit_set-2a33e3ce6ff17b81.rmeta --extern derive_new=/opt/rustwide/target/debug/deps/libderive_new-18e3d05b96036664.so --extern downcast_rs=/opt/rustwide/target/debug/deps/libdowncast_rs-72d25544d9672133.rmeta --extern dyn_clone=/opt/rustwide/target/debug/deps/libdyn_clone-199529a542abdc70.rmeta --extern lazy_static=/opt/rustwide/target/debug/deps/liblazy_static-7af2f34f8b124b26.rmeta --extern log=/opt/rustwide/target/debug/deps/liblog-b6b1a89bf87ced53.rmeta --extern maplit=/opt/rustwide/target/debug/deps/libmaplit-0bdfb58050f15c6b.rmeta --extern ndarray=/opt/rustwide/target/debug/deps/libndarray-5674680cddffeea8.rmeta --extern num_complex=/opt/rustwide/target/debug/deps/libnum_complex-c86f352683634a34.rmeta --extern num_integer=/opt/rustwide/target/debug/deps/libnum_integer-299a6fc8cc512e42.rmeta --extern num_traits=/opt/rustwide/target/debug/deps/libnum_traits-81eb09d354fc8f28.rmeta --extern paste=/opt/rustwide/target/debug/deps/libpaste-328a92098632ae7d.so --extern rustfft=/opt/rustwide/target/debug/deps/librustfft-b84330b2730ad934.rmeta --extern smallvec=/opt/rustwide/target/debug/deps/libsmallvec-756ee87804f0eec5.rmeta --extern tract_data=/opt/rustwide/target/debug/deps/libtract_data-4c4ce136f5f916f7.rmeta --extern tract_linalg=/opt/rustwide/target/debug/deps/libtract_linalg-2b2db0c6b4d019e9.rmeta --cap-lints allow --cap-lints=forbid -Zrandomize-layout -L native=/opt/rustwide/target/debug/build/tract-linalg-1abd4ee8faa6e82b/out` (signal: 9, SIGKILL: kill)
[INFO] running `Command { std: "docker" "inspect" "e122394801610437b87c44aba833f80a6942dd834dff81e5eccbd61f5293960c", kill_on_drop: false }`
[INFO] running `Command { std: "docker" "rm" "-f" "e122394801610437b87c44aba833f80a6942dd834dff81e5eccbd61f5293960c", kill_on_drop: false }`
[INFO] [stdout] e122394801610437b87c44aba833f80a6942dd834dff81e5eccbd61f5293960c
