[INFO] fetching crate cerk_port_dummies 0.2.11...
[INFO] testing cerk_port_dummies-0.2.11 against nightly-2024-10-28 for randomize-layout
[INFO] extracting crate cerk_port_dummies 0.2.11 into /workspace/builds/worker-6-tc1/source
[INFO] validating manifest of crates.io crate cerk_port_dummies 0.2.11 on toolchain nightly-2024-10-28
[INFO] running `Command { std: CARGO_HOME="/workspace/cargo-home" RUSTUP_HOME="/workspace/rustup-home" "/workspace/cargo-home/bin/cargo" "+nightly-2024-10-28" "metadata" "--manifest-path" "Cargo.toml" "--no-deps", kill_on_drop: false }`
[INFO] started tweaking crates.io crate cerk_port_dummies 0.2.11
[INFO] finished tweaking crates.io crate cerk_port_dummies 0.2.11
[INFO] tweaked toml for crates.io crate cerk_port_dummies 0.2.11 written to /workspace/builds/worker-6-tc1/source/Cargo.toml
[INFO] running `Command { std: CARGO_HOME="/workspace/cargo-home" RUSTUP_HOME="/workspace/rustup-home" "/workspace/cargo-home/bin/cargo" "+nightly-2024-10-28" "generate-lockfile" "--manifest-path" "Cargo.toml", kill_on_drop: false }`
[INFO] [stderr]     Updating crates.io index
[INFO] [stderr]      Locking 109 packages to latest compatible versions
[INFO] [stderr]       Adding cloudevents-sdk v0.3.1 (available: v0.7.0)
[INFO] [stderr]       Adding ctor v0.1.26 (available: v0.2.8)
[INFO] [stderr]       Adding env_logger v0.8.4 (available: v0.11.5)
[INFO] [stderr]       Adding tokio v0.2.25 (available: v1.41.0)
[INFO] running `Command { std: CARGO_HOME="/workspace/cargo-home" RUSTUP_HOME="/workspace/rustup-home" "/workspace/cargo-home/bin/cargo" "+nightly-2024-10-28" "fetch" "--manifest-path" "Cargo.toml", kill_on_drop: false }`
[INFO] [stderr]  Downloading crates ...
[INFO] [stderr]   Downloaded cerk_runtime_threading v0.2.11
[INFO] [stderr]   Downloaded strum_macros v0.19.4
[INFO] [stderr]   Downloaded delegate-attr v0.2.9
[INFO] [stderr]   Downloaded snafu v0.6.10
[INFO] [stderr]   Downloaded cerk v0.2.11
[INFO] [stderr]   Downloaded snafu-derive v0.6.10
[INFO] [stderr]   Downloaded cloudevents-sdk v0.3.1
[INFO] running `Command { std: "docker" "create" "-v" "/var/lib/crater-agent-workspace/builds/worker-6-tc1/target:/opt/rustwide/target:rw,Z" "-v" "/var/lib/crater-agent-workspace/builds/worker-6-tc1/source:/opt/rustwide/workdir:ro,Z" "-v" "/var/lib/crater-agent-workspace/cargo-home:/opt/rustwide/cargo-home:ro,Z" "-v" "/var/lib/crater-agent-workspace/rustup-home:/opt/rustwide/rustup-home:ro,Z" "-e" "SOURCE_DIR=/opt/rustwide/workdir" "-e" "CARGO_TARGET_DIR=/opt/rustwide/target" "-e" "CARGO_HOME=/opt/rustwide/cargo-home" "-e" "RUSTUP_HOME=/opt/rustwide/rustup-home" "-w" "/opt/rustwide/workdir" "-m" "1610612736" "--user" "0:0" "--network" "none" "ghcr.io/rust-lang/crates-build-env/linux@sha256:4a844ea9eb2546a2d2c7022eacef16ef2e8229c7fbb2c7d4d55a9ceca922f72d" "/opt/rustwide/cargo-home/bin/cargo" "+nightly-2024-10-28" "metadata" "--no-deps" "--format-version=1", kill_on_drop: false }`
[INFO] [stdout] 42767bb064ddf02d7b2abc9298a58a6c38646a312234dc43533c5e93da7ac00e
[INFO] running `Command { std: "docker" "start" "-a" "42767bb064ddf02d7b2abc9298a58a6c38646a312234dc43533c5e93da7ac00e", kill_on_drop: false }`
[INFO] running `Command { std: "docker" "inspect" "42767bb064ddf02d7b2abc9298a58a6c38646a312234dc43533c5e93da7ac00e", kill_on_drop: false }`
[INFO] running `Command { std: "docker" "rm" "-f" "42767bb064ddf02d7b2abc9298a58a6c38646a312234dc43533c5e93da7ac00e", kill_on_drop: false }`
[INFO] [stdout] 42767bb064ddf02d7b2abc9298a58a6c38646a312234dc43533c5e93da7ac00e
[INFO] running `Command { std: "docker" "create" "-v" "/var/lib/crater-agent-workspace/builds/worker-6-tc1/target:/opt/rustwide/target:rw,Z" "-v" "/var/lib/crater-agent-workspace/builds/worker-6-tc1/source:/opt/rustwide/workdir:ro,Z" "-v" "/var/lib/crater-agent-workspace/cargo-home:/opt/rustwide/cargo-home:ro,Z" "-v" "/var/lib/crater-agent-workspace/rustup-home:/opt/rustwide/rustup-home:ro,Z" "-e" "SOURCE_DIR=/opt/rustwide/workdir" "-e" "CARGO_TARGET_DIR=/opt/rustwide/target" "-e" "CARGO_INCREMENTAL=0" "-e" "RUST_BACKTRACE=full" "-e" "RUSTFLAGS=--cap-lints=forbid" "-e" "RUSTDOCFLAGS=--cap-lints=forbid" "-e" "CARGO_HOME=/opt/rustwide/cargo-home" "-e" "RUSTUP_HOME=/opt/rustwide/rustup-home" "-w" "/opt/rustwide/workdir" "-m" "1610612736" "--user" "0:0" "--network" "none" "ghcr.io/rust-lang/crates-build-env/linux@sha256:4a844ea9eb2546a2d2c7022eacef16ef2e8229c7fbb2c7d4d55a9ceca922f72d" "/opt/rustwide/cargo-home/bin/cargo" "+nightly-2024-10-28" "build" "--frozen" "--message-format=json", kill_on_drop: false }`
[INFO] [stdout] 8b713b6ccb2260f2009e6295a825d88ce842c5688d75d2d09339661064831d56
[INFO] running `Command { std: "docker" "start" "-a" "8b713b6ccb2260f2009e6295a825d88ce842c5688d75d2d09339661064831d56", kill_on_drop: false }`
[INFO] [stderr]    Compiling match_cfg v0.1.0
[INFO] [stderr]    Compiling syn v2.0.86
[INFO] [stderr]    Compiling base64 v0.12.3
[INFO] [stderr]    Compiling pin-project-lite v0.1.12
[INFO] [stderr]    Compiling snafu-derive v0.6.10
[INFO] [stderr]    Compiling iovec v0.1.4
[INFO] [stderr]    Compiling net2 v0.2.39
[INFO] [stderr]    Compiling getrandom v0.2.15
[INFO] [stderr]    Compiling delegate-attr v0.2.9
[INFO] [stderr]    Compiling strum_macros v0.19.4
[INFO] [stderr]    Compiling signal-hook-registry v1.4.2
[INFO] [stderr]    Compiling tokio-macros v0.2.6
[INFO] [stderr]    Compiling bytes v0.5.6
[INFO] [stderr]    Compiling env_logger v0.8.4
[INFO] [stderr]    Compiling hostname v0.3.1
[INFO] [stderr]    Compiling uuid v0.8.2
[INFO] [stderr]    Compiling mio v0.6.23
[INFO] [stderr]    Compiling snafu v0.6.10
[INFO] [stderr]    Compiling mio-uds v0.6.8
[INFO] [stderr]    Compiling tokio v0.2.25
[INFO] [stderr]    Compiling serde_derive v1.0.214
[INFO] [stderr]    Compiling serde v1.0.214
[INFO] [stderr]    Compiling serde_json v1.0.132
[INFO] [stderr]    Compiling chrono v0.4.38
[INFO] [stderr]    Compiling url v2.5.2
[INFO] [stderr]    Compiling cloudevents-sdk v0.3.1
[INFO] [stderr]    Compiling cerk v0.2.11
[INFO] [stdout] error[E0432]: unresolved import `serde::export`
[INFO] [stdout]  --> /opt/rustwide/cargo-home/registry/src/index.crates.io-6f17d22bba15001f/cerk-0.2.11/src/kernel/config.rs:2:12
[INFO] [stdout]   |
[INFO] [stdout] 2 | use serde::export::TryFrom;
[INFO] [stdout]   |            ^^^^^^ could not find `export` in `serde`
[INFO] [stdout] 
[INFO] [stdout] 
[INFO] [stdout] error[E0223]: ambiguous associated type
[INFO] [stdout]   --> /opt/rustwide/cargo-home/registry/src/index.crates.io-6f17d22bba15001f/cerk-0.2.11/src/kernel/config.rs:28:49
[INFO] [stdout]    |
[INFO] [stdout] 28 |     fn try_from(value: &Config) -> Result<Self, Self::Error> {
[INFO] [stdout]    |                                                 ^^^^^^^^^^^
[INFO] [stdout]    |
[INFO] [stdout] help: use fully-qualified syntax
[INFO] [stdout]    |
[INFO] [stdout] 28 |     fn try_from(value: &Config) -> Result<Self, <u8 as TryFrom>::Error> {
[INFO] [stdout]    |                                                 ~~~~~~~~~~~~~~~~~~~~~~
[INFO] [stdout] 28 |     fn try_from(value: &Config) -> Result<Self, <u8 as TryInto>::Error> {
[INFO] [stdout]    |                                                 ~~~~~~~~~~~~~~~~~~~~~~
[INFO] [stdout] 
[INFO] [stdout] 
[INFO] [stdout] error[E0223]: ambiguous associated type
[INFO] [stdout]   --> /opt/rustwide/cargo-home/registry/src/index.crates.io-6f17d22bba15001f/cerk-0.2.11/src/kernel/config.rs:38:49
[INFO] [stdout]    |
[INFO] [stdout] 38 |     fn try_from(value: &Config) -> Result<Self, Self::Error> {
[INFO] [stdout]    |                                                 ^^^^^^^^^^^
[INFO] [stdout]    |
[INFO] [stdout] help: use fully-qualified syntax
[INFO] [stdout]    |
[INFO] [stdout] 38 |     fn try_from(value: &Config) -> Result<Self, <u32 as TryFrom>::Error> {
[INFO] [stdout]    |                                                 ~~~~~~~~~~~~~~~~~~~~~~~
[INFO] [stdout] 38 |     fn try_from(value: &Config) -> Result<Self, <u32 as TryInto>::Error> {
[INFO] [stdout]    |                                                 ~~~~~~~~~~~~~~~~~~~~~~~
[INFO] [stdout] 
[INFO] [stdout] 
[INFO] [stdout] error[E0223]: ambiguous associated type
[INFO] [stdout]   --> /opt/rustwide/cargo-home/registry/src/index.crates.io-6f17d22bba15001f/cerk-0.2.11/src/kernel/config.rs:59:49
[INFO] [stdout]    |
[INFO] [stdout] 59 |     fn try_from(value: &Config) -> Result<Self, Self::Error> {
[INFO] [stdout]    |                                                 ^^^^^^^^^^^
[INFO] [stdout]    |
[INFO] [stdout] help: use fully-qualified syntax
[INFO] [stdout]    |
[INFO] [stdout] 59 |     fn try_from(value: &Config) -> Result<Self, <Vec<Config> as TryFrom>::Error> {
[INFO] [stdout]    |                                                 ~~~~~~~~~~~~~~~~~~~~~~~~~~~~~~~
[INFO] [stdout] 59 |     fn try_from(value: &Config) -> Result<Self, <Vec<Config> as TryInto>::Error> {
[INFO] [stdout]    |                                                 ~~~~~~~~~~~~~~~~~~~~~~~~~~~~~~~
[INFO] [stdout] 
[INFO] [stdout] 
[INFO] [stdout] Some errors have detailed explanations: E0223, E0432.
[INFO] [stdout] 
[INFO] [stdout] For more information about an error, try `rustc --explain E0223`.
[INFO] [stdout] 
[INFO] [stderr] error: could not compile `cerk` (lib) due to 4 previous errors
[INFO] [stderr] warning: build failed, waiting for other jobs to finish...
[INFO] running `Command { std: "docker" "inspect" "8b713b6ccb2260f2009e6295a825d88ce842c5688d75d2d09339661064831d56", kill_on_drop: false }`
[INFO] running `Command { std: "docker" "rm" "-f" "8b713b6ccb2260f2009e6295a825d88ce842c5688d75d2d09339661064831d56", kill_on_drop: false }`
[INFO] [stdout] 8b713b6ccb2260f2009e6295a825d88ce842c5688d75d2d09339661064831d56
