[INFO] fetching crate cerk_port_amqp 0.2.11...
[INFO] testing cerk_port_amqp-0.2.11 against nightly-2024-10-28 for randomize-layout
[INFO] extracting crate cerk_port_amqp 0.2.11 into /workspace/builds/worker-0-tc1/source
[INFO] validating manifest of crates.io crate cerk_port_amqp 0.2.11 on toolchain nightly-2024-10-28
[INFO] running `Command { std: CARGO_HOME="/workspace/cargo-home" RUSTUP_HOME="/workspace/rustup-home" "/workspace/cargo-home/bin/cargo" "+nightly-2024-10-28" "metadata" "--manifest-path" "Cargo.toml" "--no-deps", kill_on_drop: false }`
[INFO] started tweaking crates.io crate cerk_port_amqp 0.2.11
[INFO] finished tweaking crates.io crate cerk_port_amqp 0.2.11
[INFO] tweaked toml for crates.io crate cerk_port_amqp 0.2.11 written to /workspace/builds/worker-0-tc1/source/Cargo.toml
[INFO] running `Command { std: CARGO_HOME="/workspace/cargo-home" RUSTUP_HOME="/workspace/rustup-home" "/workspace/cargo-home/bin/cargo" "+nightly-2024-10-28" "generate-lockfile" "--manifest-path" "Cargo.toml", kill_on_drop: false }`
[INFO] [stderr]     Updating crates.io index
[INFO] [stderr]      Locking 170 packages to latest compatible versions
[INFO] [stderr]       Adding amq-protocol v6.1.0 (available: v7.2.2)
[INFO] [stderr]       Adding amq-protocol-types v6.1.0 (available: v7.2.2)
[INFO] [stderr]       Adding async-global-executor v1.4.3 (available: v2.4.1)
[INFO] [stderr]       Adding cloudevents-sdk v0.3.1 (available: v0.7.0)
[INFO] [stderr]       Adding env_logger v0.7.1 (available: v0.11.5)
[INFO] [stderr]       Adding futures-lite v1.13.0 (available: v2.4.0)
[INFO] [stderr]       Adding lapin v1.10.0 (available: v2.5.0)
[INFO] running `Command { std: CARGO_HOME="/workspace/cargo-home" RUSTUP_HOME="/workspace/rustup-home" "/workspace/cargo-home/bin/cargo" "+nightly-2024-10-28" "fetch" "--manifest-path" "Cargo.toml", kill_on_drop: false }`
[INFO] [stderr]  Downloading crates ...
[INFO] [stderr]   Downloaded amq-protocol-tcp v6.1.0
[INFO] [stderr]   Downloaded tcp-stream v0.20.10
[INFO] [stderr]   Downloaded amq-protocol-uri v6.1.0
[INFO] [stderr]   Downloaded amq-protocol v6.1.0
[INFO] [stderr]   Downloaded amq-protocol-types v6.1.0
[INFO] [stderr]   Downloaded cookie-factory v0.3.3
[INFO] [stderr]   Downloaded pinky-swear v4.5.0
[INFO] [stderr]   Downloaded async-global-executor v1.4.3
[INFO] [stderr]   Downloaded cerk v0.2.11
[INFO] [stderr]   Downloaded snafu-derive v0.6.10
[INFO] [stderr]   Downloaded strum_macros v0.19.4
[INFO] [stderr]   Downloaded lapin v1.10.0
[INFO] [stderr]   Downloaded snafu v0.6.10
[INFO] [stderr]   Downloaded cloudevents-sdk v0.3.1
[INFO] running `Command { std: "docker" "create" "-v" "/var/lib/crater-agent-workspace/builds/worker-0-tc1/target:/opt/rustwide/target:rw,Z" "-v" "/var/lib/crater-agent-workspace/builds/worker-0-tc1/source:/opt/rustwide/workdir:ro,Z" "-v" "/var/lib/crater-agent-workspace/cargo-home:/opt/rustwide/cargo-home:ro,Z" "-v" "/var/lib/crater-agent-workspace/rustup-home:/opt/rustwide/rustup-home:ro,Z" "-e" "SOURCE_DIR=/opt/rustwide/workdir" "-e" "CARGO_TARGET_DIR=/opt/rustwide/target" "-e" "CARGO_HOME=/opt/rustwide/cargo-home" "-e" "RUSTUP_HOME=/opt/rustwide/rustup-home" "-w" "/opt/rustwide/workdir" "-m" "1610612736" "--user" "0:0" "--network" "none" "ghcr.io/rust-lang/crates-build-env/linux@sha256:4a844ea9eb2546a2d2c7022eacef16ef2e8229c7fbb2c7d4d55a9ceca922f72d" "/opt/rustwide/cargo-home/bin/cargo" "+nightly-2024-10-28" "metadata" "--no-deps" "--format-version=1", kill_on_drop: false }`
[INFO] [stdout] a0dffe14addc46a7ae9a73827448975ac2c52a9c2cdc958668af2cf9e43825c2
[INFO] running `Command { std: "docker" "start" "-a" "a0dffe14addc46a7ae9a73827448975ac2c52a9c2cdc958668af2cf9e43825c2", kill_on_drop: false }`
[INFO] running `Command { std: "docker" "inspect" "a0dffe14addc46a7ae9a73827448975ac2c52a9c2cdc958668af2cf9e43825c2", kill_on_drop: false }`
[INFO] running `Command { std: "docker" "rm" "-f" "a0dffe14addc46a7ae9a73827448975ac2c52a9c2cdc958668af2cf9e43825c2", kill_on_drop: false }`
[INFO] [stdout] a0dffe14addc46a7ae9a73827448975ac2c52a9c2cdc958668af2cf9e43825c2
[INFO] running `Command { std: "docker" "create" "-v" "/var/lib/crater-agent-workspace/builds/worker-0-tc1/target:/opt/rustwide/target:rw,Z" "-v" "/var/lib/crater-agent-workspace/builds/worker-0-tc1/source:/opt/rustwide/workdir:ro,Z" "-v" "/var/lib/crater-agent-workspace/cargo-home:/opt/rustwide/cargo-home:ro,Z" "-v" "/var/lib/crater-agent-workspace/rustup-home:/opt/rustwide/rustup-home:ro,Z" "-e" "SOURCE_DIR=/opt/rustwide/workdir" "-e" "CARGO_TARGET_DIR=/opt/rustwide/target" "-e" "CARGO_INCREMENTAL=0" "-e" "RUST_BACKTRACE=full" "-e" "RUSTFLAGS=--cap-lints=forbid" "-e" "RUSTDOCFLAGS=--cap-lints=forbid" "-e" "CARGO_HOME=/opt/rustwide/cargo-home" "-e" "RUSTUP_HOME=/opt/rustwide/rustup-home" "-w" "/opt/rustwide/workdir" "-m" "1610612736" "--user" "0:0" "--network" "none" "ghcr.io/rust-lang/crates-build-env/linux@sha256:4a844ea9eb2546a2d2c7022eacef16ef2e8229c7fbb2c7d4d55a9ceca922f72d" "/opt/rustwide/cargo-home/bin/cargo" "+nightly-2024-10-28" "build" "--frozen" "--message-format=json", kill_on_drop: false }`
[INFO] [stdout] 521290396a0405773742bbc242734e6e80cceb1ee147b0ae37dcf849575ed99e
[INFO] running `Command { std: "docker" "start" "-a" "521290396a0405773742bbc242734e6e80cceb1ee147b0ae37dcf849575ed99e", kill_on_drop: false }`
[INFO] [stderr]    Compiling proc-macro2 v1.0.89
[INFO] [stderr]    Compiling pin-project-lite v0.2.15
[INFO] [stderr]    Compiling memchr v2.7.4
[INFO] [stderr]    Compiling futures-core v0.3.31
[INFO] [stderr]    Compiling futures-io v0.3.31
[INFO] [stderr]    Compiling slab v0.4.9
[INFO] [stderr]    Compiling value-bag v1.10.0
[INFO] [stderr]    Compiling parking v2.2.1
[INFO] [stderr]    Compiling concurrent-queue v2.5.0
[INFO] [stderr]    Compiling serde v1.0.214
[INFO] [stderr]    Compiling tracing-core v0.1.32
[INFO] [stderr]    Compiling unicode-normalization v0.1.24
[INFO] [stderr]    Compiling log v0.4.22
[INFO] [stderr]    Compiling unicode-bidi v0.3.17
[INFO] [stderr]    Compiling futures-sink v0.3.31
[INFO] [stderr]    Compiling syn v1.0.109
[INFO] [stderr]    Compiling fastrand v2.1.1
[INFO] [stderr]    Compiling tracing v0.1.40
[INFO] [stderr]    Compiling idna v0.5.0
[INFO] [stderr]    Compiling futures-channel v0.3.31
[INFO] [stderr]    Compiling quote v1.0.37
[INFO] [stderr]    Compiling event-listener v5.3.1
[INFO] [stderr]    Compiling doc-comment v0.3.3
[INFO] [stderr]    Compiling futures-task v0.3.31
[INFO] [stderr]    Compiling syn v2.0.86
[INFO] [stderr]    Compiling futures-lite v2.4.0
[INFO] [stderr]    Compiling event-listener-strategy v0.5.2
[INFO] [stderr]    Compiling async-task v4.7.1
[INFO] [stderr]    Compiling rustix v0.38.38
[INFO] [stderr]    Compiling num-traits v0.2.19
[INFO] [stderr]    Compiling event-listener v2.5.3
[INFO] [stderr]    Compiling linux-raw-sys v0.4.14
[INFO] [stderr]    Compiling io-lifetimes v1.0.11
[INFO] [stderr]    Compiling mio v0.7.14
[INFO] [stderr]    Compiling polling v2.8.0
[INFO] [stderr]    Compiling minimal-lexical v0.2.1
[INFO] [stderr]    Compiling rustix v0.37.27
[INFO] [stderr]    Compiling atomic-waker v1.1.2
[INFO] [stderr]    Compiling parking_lot_core v0.9.10
[INFO] [stderr]    Compiling nom v7.1.3
[INFO] [stderr]    Compiling piper v0.2.4
[INFO] [stderr]    Compiling tcp-stream v0.20.10
[INFO] [stderr]    Compiling async-lock v3.4.0
[INFO] [stderr]    Compiling async-executor v1.13.1
[INFO] [stderr]    Compiling async-channel v2.3.1
[INFO] [stderr]    Compiling aho-corasick v1.1.3
[INFO] [stderr]    Compiling getrandom v0.2.15
[INFO] [stderr]    Compiling async-io v1.13.0
[INFO] [stderr]    Compiling match_cfg v0.1.0
[INFO] [stderr]    Compiling iana-time-zone v0.1.61
[INFO] [stderr]    Compiling waker-fn v1.2.0
[INFO] [stderr]    Compiling linux-raw-sys v0.3.8
[INFO] [stderr]    Compiling amq-protocol v6.1.0
[INFO] [stderr]    Compiling fastrand v1.9.0
[INFO] [stderr]    Compiling hostname v0.3.1
[INFO] [stderr]    Compiling regex-automata v0.4.8
[INFO] [stderr]    Compiling futures-lite v1.13.0
[INFO] [stderr]    Compiling uuid v0.8.2
[INFO] [stderr]    Compiling blocking v1.6.1
[INFO] [stderr]    Compiling parking_lot v0.12.3
[INFO] [stderr]    Compiling async-lock v2.8.0
[INFO] [stderr]    Compiling socket2 v0.4.10
[INFO] [stderr]    Compiling base64 v0.12.3
[INFO] [stderr]    Compiling quick-error v1.2.3
[INFO] [stderr]    Compiling lapin v1.10.0
[INFO] [stderr]    Compiling humantime v1.3.0
[INFO] [stderr]    Compiling pinky-swear v4.5.0
[INFO] [stderr]    Compiling async-channel v1.9.0
[INFO] [stderr]    Compiling kv-log-macro v1.0.7
[INFO] [stderr]    Compiling num_cpus v1.16.0
[INFO] [stderr]    Compiling crossbeam-channel v0.5.13
[INFO] [stderr]    Compiling serde_derive v1.0.214
[INFO] [stderr]    Compiling futures-macro v0.3.31
[INFO] [stderr]    Compiling regex v1.11.1
[INFO] [stderr]    Compiling snafu-derive v0.6.10
[INFO] [stderr]    Compiling delegate-attr v0.2.9
[INFO] [stderr]    Compiling futures-util v0.3.31
[INFO] [stderr]    Compiling polling v3.7.3
[INFO] [stderr]    Compiling strum_macros v0.19.4
[INFO] [stderr]    Compiling async-io v2.3.4
[INFO] [stderr]    Compiling async-global-executor v1.4.3
[INFO] [stderr]    Compiling async-global-executor v2.4.1
[INFO] [stderr]    Compiling snafu v0.6.10
[INFO] [stderr]    Compiling async-std v1.13.0
[INFO] [stderr]    Compiling env_logger v0.7.1
[INFO] [stderr]    Compiling futures-executor v0.3.31
[INFO] [stderr]    Compiling futures v0.3.31
[INFO] [stderr]    Compiling cookie-factory v0.3.3
[INFO] [stderr]    Compiling url v2.5.2
[INFO] [stderr]    Compiling serde_json v1.0.132
[INFO] [stderr]    Compiling chrono v0.4.38
[INFO] [stderr]    Compiling amq-protocol-uri v6.1.0
[INFO] [stderr]    Compiling amq-protocol-tcp v6.1.0
[INFO] [stderr]    Compiling amq-protocol-types v6.1.0
[INFO] [stderr]    Compiling cloudevents-sdk v0.3.1
[INFO] [stderr]    Compiling cerk v0.2.11
[INFO] [stdout] error[E0432]: unresolved import `serde::export`
[INFO] [stdout]  --> /opt/rustwide/cargo-home/registry/src/index.crates.io-6f17d22bba15001f/cerk-0.2.11/src/kernel/config.rs:2:12
[INFO] [stdout]   |
[INFO] [stdout] 2 | use serde::export::TryFrom;
[INFO] [stdout]   |            ^^^^^^ could not find `export` in `serde`
[INFO] [stdout] 
[INFO] [stdout] 
[INFO] [stdout] error[E0223]: ambiguous associated type
[INFO] [stdout]   --> /opt/rustwide/cargo-home/registry/src/index.crates.io-6f17d22bba15001f/cerk-0.2.11/src/kernel/config.rs:28:49
[INFO] [stdout]    |
[INFO] [stdout] 28 |     fn try_from(value: &Config) -> Result<Self, Self::Error> {
[INFO] [stdout]    |                                                 ^^^^^^^^^^^
[INFO] [stdout]    |
[INFO] [stdout] help: use fully-qualified syntax
[INFO] [stdout]    |
[INFO] [stdout] 28 |     fn try_from(value: &Config) -> Result<Self, <u8 as TryFrom>::Error> {
[INFO] [stdout]    |                                                 ~~~~~~~~~~~~~~~~~~~~~~
[INFO] [stdout] 28 |     fn try_from(value: &Config) -> Result<Self, <u8 as TryInto>::Error> {
[INFO] [stdout]    |                                                 ~~~~~~~~~~~~~~~~~~~~~~
[INFO] [stdout] 
[INFO] [stdout] 
[INFO] [stdout] error[E0223]: ambiguous associated type
[INFO] [stdout]   --> /opt/rustwide/cargo-home/registry/src/index.crates.io-6f17d22bba15001f/cerk-0.2.11/src/kernel/config.rs:38:49
[INFO] [stdout]    |
[INFO] [stdout] 38 |     fn try_from(value: &Config) -> Result<Self, Self::Error> {
[INFO] [stdout]    |                                                 ^^^^^^^^^^^
[INFO] [stdout]    |
[INFO] [stdout] help: use fully-qualified syntax
[INFO] [stdout]    |
[INFO] [stdout] 38 |     fn try_from(value: &Config) -> Result<Self, <u32 as TryFrom>::Error> {
[INFO] [stdout]    |                                                 ~~~~~~~~~~~~~~~~~~~~~~~
[INFO] [stdout] 38 |     fn try_from(value: &Config) -> Result<Self, <u32 as TryInto>::Error> {
[INFO] [stdout]    |                                                 ~~~~~~~~~~~~~~~~~~~~~~~
[INFO] [stdout] 
[INFO] [stdout] 
[INFO] [stdout] error[E0223]: ambiguous associated type
[INFO] [stdout]   --> /opt/rustwide/cargo-home/registry/src/index.crates.io-6f17d22bba15001f/cerk-0.2.11/src/kernel/config.rs:59:49
[INFO] [stdout]    |
[INFO] [stdout] 59 |     fn try_from(value: &Config) -> Result<Self, Self::Error> {
[INFO] [stdout]    |                                                 ^^^^^^^^^^^
[INFO] [stdout]    |
[INFO] [stdout] help: use fully-qualified syntax
[INFO] [stdout]    |
[INFO] [stdout] 59 |     fn try_from(value: &Config) -> Result<Self, <Vec<Config> as TryFrom>::Error> {
[INFO] [stdout]    |                                                 ~~~~~~~~~~~~~~~~~~~~~~~~~~~~~~~
[INFO] [stdout] 59 |     fn try_from(value: &Config) -> Result<Self, <Vec<Config> as TryInto>::Error> {
[INFO] [stdout]    |                                                 ~~~~~~~~~~~~~~~~~~~~~~~~~~~~~~~
[INFO] [stdout] 
[INFO] [stdout] 
[INFO] [stdout] Some errors have detailed explanations: E0223, E0432.
[INFO] [stdout] 
[INFO] [stdout] For more information about an error, try `rustc --explain E0223`.
[INFO] [stdout] 
[INFO] [stderr] error: could not compile `cerk` (lib) due to 4 previous errors
[INFO] [stderr] warning: build failed, waiting for other jobs to finish...
[INFO] running `Command { std: "docker" "inspect" "521290396a0405773742bbc242734e6e80cceb1ee147b0ae37dcf849575ed99e", kill_on_drop: false }`
[INFO] running `Command { std: "docker" "rm" "-f" "521290396a0405773742bbc242734e6e80cceb1ee147b0ae37dcf849575ed99e", kill_on_drop: false }`
[INFO] [stdout] 521290396a0405773742bbc242734e6e80cceb1ee147b0ae37dcf849575ed99e
