[INFO] fetching crate cerk_config_loader_file 0.2.8...
[INFO] testing cerk_config_loader_file-0.2.8 against nightly-2024-10-28 for randomize-layout
[INFO] extracting crate cerk_config_loader_file 0.2.8 into /workspace/builds/worker-0-tc1/source
[INFO] validating manifest of crates.io crate cerk_config_loader_file 0.2.8 on toolchain nightly-2024-10-28
[INFO] running `Command { std: CARGO_HOME="/workspace/cargo-home" RUSTUP_HOME="/workspace/rustup-home" "/workspace/cargo-home/bin/cargo" "+nightly-2024-10-28" "metadata" "--manifest-path" "Cargo.toml" "--no-deps", kill_on_drop: false }`
[INFO] started tweaking crates.io crate cerk_config_loader_file 0.2.8
[INFO] finished tweaking crates.io crate cerk_config_loader_file 0.2.8
[INFO] tweaked toml for crates.io crate cerk_config_loader_file 0.2.8 written to /workspace/builds/worker-0-tc1/source/Cargo.toml
[INFO] running `Command { std: CARGO_HOME="/workspace/cargo-home" RUSTUP_HOME="/workspace/rustup-home" "/workspace/cargo-home/bin/cargo" "+nightly-2024-10-28" "generate-lockfile" "--manifest-path" "Cargo.toml", kill_on_drop: false }`
[INFO] [stderr]     Updating crates.io index
[INFO] [stderr]      Locking 95 packages to latest compatible versions
[INFO] [stderr]       Adding env_logger v0.8.4 (available: v0.11.5)
[INFO] [stderr]       Adding rstest v0.6.4 (available: v0.23.0)
[INFO] [stderr]       Adding serde_with v1.14.0 (available: v3.11.0)
[INFO] [stderr]       Adding strum_macros v0.19.4 (available: v0.26.4)
[INFO] running `Command { std: CARGO_HOME="/workspace/cargo-home" RUSTUP_HOME="/workspace/rustup-home" "/workspace/cargo-home/bin/cargo" "+nightly-2024-10-28" "fetch" "--manifest-path" "Cargo.toml", kill_on_drop: false }`
[INFO] [stderr]  Downloading crates ...
[INFO] [stderr]   Downloaded cerk v0.2.11
[INFO] [stderr]   Downloaded delegate-attr v0.2.9
[INFO] [stderr]   Downloaded snafu-derive v0.6.10
[INFO] [stderr]   Downloaded cloudevents-sdk v0.3.1
[INFO] [stderr]   Downloaded snafu v0.6.10
[INFO] [stderr]   Downloaded rstest v0.6.4
[INFO] running `Command { std: "docker" "create" "-v" "/var/lib/crater-agent-workspace/builds/worker-0-tc1/target:/opt/rustwide/target:rw,Z" "-v" "/var/lib/crater-agent-workspace/builds/worker-0-tc1/source:/opt/rustwide/workdir:ro,Z" "-v" "/var/lib/crater-agent-workspace/cargo-home:/opt/rustwide/cargo-home:ro,Z" "-v" "/var/lib/crater-agent-workspace/rustup-home:/opt/rustwide/rustup-home:ro,Z" "-e" "SOURCE_DIR=/opt/rustwide/workdir" "-e" "CARGO_TARGET_DIR=/opt/rustwide/target" "-e" "CARGO_HOME=/opt/rustwide/cargo-home" "-e" "RUSTUP_HOME=/opt/rustwide/rustup-home" "-w" "/opt/rustwide/workdir" "-m" "1610612736" "--user" "0:0" "--network" "none" "ghcr.io/rust-lang/crates-build-env/linux@sha256:4a844ea9eb2546a2d2c7022eacef16ef2e8229c7fbb2c7d4d55a9ceca922f72d" "/opt/rustwide/cargo-home/bin/cargo" "+nightly-2024-10-28" "metadata" "--no-deps" "--format-version=1", kill_on_drop: false }`
[INFO] [stdout] 81e9193b438637c46de64bc246209ac4ed9a025b8ddf2cdd7fdf12c92f764ac3
[INFO] running `Command { std: "docker" "start" "-a" "81e9193b438637c46de64bc246209ac4ed9a025b8ddf2cdd7fdf12c92f764ac3", kill_on_drop: false }`
[INFO] running `Command { std: "docker" "inspect" "81e9193b438637c46de64bc246209ac4ed9a025b8ddf2cdd7fdf12c92f764ac3", kill_on_drop: false }`
[INFO] running `Command { std: "docker" "rm" "-f" "81e9193b438637c46de64bc246209ac4ed9a025b8ddf2cdd7fdf12c92f764ac3", kill_on_drop: false }`
[INFO] [stdout] 81e9193b438637c46de64bc246209ac4ed9a025b8ddf2cdd7fdf12c92f764ac3
[INFO] running `Command { std: "docker" "create" "-v" "/var/lib/crater-agent-workspace/builds/worker-0-tc1/target:/opt/rustwide/target:rw,Z" "-v" "/var/lib/crater-agent-workspace/builds/worker-0-tc1/source:/opt/rustwide/workdir:ro,Z" "-v" "/var/lib/crater-agent-workspace/cargo-home:/opt/rustwide/cargo-home:ro,Z" "-v" "/var/lib/crater-agent-workspace/rustup-home:/opt/rustwide/rustup-home:ro,Z" "-e" "SOURCE_DIR=/opt/rustwide/workdir" "-e" "CARGO_TARGET_DIR=/opt/rustwide/target" "-e" "CARGO_INCREMENTAL=0" "-e" "RUST_BACKTRACE=full" "-e" "RUSTFLAGS=--cap-lints=forbid" "-e" "RUSTDOCFLAGS=--cap-lints=forbid" "-e" "CARGO_HOME=/opt/rustwide/cargo-home" "-e" "RUSTUP_HOME=/opt/rustwide/rustup-home" "-w" "/opt/rustwide/workdir" "-m" "1610612736" "--user" "0:0" "--network" "none" "ghcr.io/rust-lang/crates-build-env/linux@sha256:4a844ea9eb2546a2d2c7022eacef16ef2e8229c7fbb2c7d4d55a9ceca922f72d" "/opt/rustwide/cargo-home/bin/cargo" "+nightly-2024-10-28" "build" "--frozen" "--message-format=json", kill_on_drop: false }`
[INFO] [stdout] 08c431c6ebb8cc764dfad627635ad767d4a2564427e33cb0627602337bd9c8f8
[INFO] running `Command { std: "docker" "start" "-a" "08c431c6ebb8cc764dfad627635ad767d4a2564427e33cb0627602337bd9c8f8", kill_on_drop: false }`
[INFO] [stderr]    Compiling syn v1.0.109
[INFO] [stderr]    Compiling tinyvec_macros v0.1.1
[INFO] [stderr]    Compiling ident_case v1.0.1
[INFO] [stderr]    Compiling doc-comment v0.3.3
[INFO] [stderr]    Compiling fnv v1.0.7
[INFO] [stderr]    Compiling strsim v0.10.0
[INFO] [stderr]    Compiling unicode-bidi v0.3.17
[INFO] [stderr]    Compiling cfg-if v1.0.0
[INFO] [stderr]    Compiling percent-encoding v2.3.1
[INFO] [stderr]    Compiling aho-corasick v1.1.3
[INFO] [stderr]    Compiling match_cfg v0.1.0
[INFO] [stderr]    Compiling unicode-segmentation v1.12.0
[INFO] [stderr]    Compiling anyhow v1.0.92
[INFO] [stderr]    Compiling log v0.4.22
[INFO] [stderr]    Compiling chrono v0.4.38
[INFO] [stderr]    Compiling base64 v0.12.3
[INFO] [stderr]    Compiling tinyvec v1.8.0
[INFO] [stderr]    Compiling getrandom v0.2.15
[INFO] [stderr]    Compiling hostname v0.3.1
[INFO] [stderr]    Compiling humantime v2.1.0
[INFO] [stderr]    Compiling termcolor v1.4.1
[INFO] [stderr]    Compiling form_urlencoded v1.2.1
[INFO] [stderr]    Compiling uuid v0.8.2
[INFO] [stderr]    Compiling heck v0.3.3
[INFO] [stderr]    Compiling unicode-normalization v0.1.24
[INFO] [stderr]    Compiling regex-automata v0.4.8
[INFO] [stderr]    Compiling idna v0.5.0
[INFO] [stderr]    Compiling url v2.5.2
[INFO] [stderr]    Compiling regex v1.11.1
[INFO] [stderr]    Compiling darling_core v0.13.4
[INFO] [stderr]    Compiling env_logger v0.8.4
[INFO] [stderr]    Compiling snafu-derive v0.6.10
[INFO] [stderr]    Compiling delegate-attr v0.2.9
[INFO] [stderr]    Compiling strum_macros v0.19.4
[INFO] [stderr]    Compiling snafu v0.6.10
[INFO] [stderr]    Compiling darling_macro v0.13.4
[INFO] [stderr]    Compiling cloudevents-sdk v0.3.1
[INFO] [stderr]    Compiling darling v0.13.4
[INFO] [stderr]    Compiling serde_with_macros v1.5.2
[INFO] [stderr]    Compiling cerk v0.2.11
[INFO] [stdout] error[E0432]: unresolved import `serde::export`
[INFO] [stdout]  --> /opt/rustwide/cargo-home/registry/src/index.crates.io-6f17d22bba15001f/cerk-0.2.11/src/kernel/config.rs:2:12
[INFO] [stdout]   |
[INFO] [stdout] 2 | use serde::export::TryFrom;
[INFO] [stdout]   |            ^^^^^^ could not find `export` in `serde`
[INFO] [stdout] 
[INFO] [stdout] 
[INFO] [stdout] error[E0223]: ambiguous associated type
[INFO] [stdout]   --> /opt/rustwide/cargo-home/registry/src/index.crates.io-6f17d22bba15001f/cerk-0.2.11/src/kernel/config.rs:28:49
[INFO] [stdout]    |
[INFO] [stdout] 28 |     fn try_from(value: &Config) -> Result<Self, Self::Error> {
[INFO] [stdout]    |                                                 ^^^^^^^^^^^
[INFO] [stdout]    |
[INFO] [stdout] help: use fully-qualified syntax
[INFO] [stdout]    |
[INFO] [stdout] 28 |     fn try_from(value: &Config) -> Result<Self, <u8 as TryFrom>::Error> {
[INFO] [stdout]    |                                                 ~~~~~~~~~~~~~~~~~~~~~~
[INFO] [stdout] 28 |     fn try_from(value: &Config) -> Result<Self, <u8 as TryInto>::Error> {
[INFO] [stdout]    |                                                 ~~~~~~~~~~~~~~~~~~~~~~
[INFO] [stdout] 
[INFO] [stdout] 
[INFO] [stdout] error[E0223]: ambiguous associated type
[INFO] [stdout]   --> /opt/rustwide/cargo-home/registry/src/index.crates.io-6f17d22bba15001f/cerk-0.2.11/src/kernel/config.rs:38:49
[INFO] [stdout]    |
[INFO] [stdout] 38 |     fn try_from(value: &Config) -> Result<Self, Self::Error> {
[INFO] [stdout]    |                                                 ^^^^^^^^^^^
[INFO] [stdout]    |
[INFO] [stdout] help: use fully-qualified syntax
[INFO] [stdout]    |
[INFO] [stdout] 38 |     fn try_from(value: &Config) -> Result<Self, <u32 as TryFrom>::Error> {
[INFO] [stdout]    |                                                 ~~~~~~~~~~~~~~~~~~~~~~~
[INFO] [stdout] 38 |     fn try_from(value: &Config) -> Result<Self, <u32 as TryInto>::Error> {
[INFO] [stdout]    |                                                 ~~~~~~~~~~~~~~~~~~~~~~~
[INFO] [stdout] 
[INFO] [stdout] 
[INFO] [stdout] error[E0223]: ambiguous associated type
[INFO] [stdout]   --> /opt/rustwide/cargo-home/registry/src/index.crates.io-6f17d22bba15001f/cerk-0.2.11/src/kernel/config.rs:59:49
[INFO] [stdout]    |
[INFO] [stdout] 59 |     fn try_from(value: &Config) -> Result<Self, Self::Error> {
[INFO] [stdout]    |                                                 ^^^^^^^^^^^
[INFO] [stdout]    |
[INFO] [stdout] help: use fully-qualified syntax
[INFO] [stdout]    |
[INFO] [stdout] 59 |     fn try_from(value: &Config) -> Result<Self, <Vec<Config> as TryFrom>::Error> {
[INFO] [stdout]    |                                                 ~~~~~~~~~~~~~~~~~~~~~~~~~~~~~~~
[INFO] [stdout] 59 |     fn try_from(value: &Config) -> Result<Self, <Vec<Config> as TryInto>::Error> {
[INFO] [stdout]    |                                                 ~~~~~~~~~~~~~~~~~~~~~~~~~~~~~~~
[INFO] [stdout] 
[INFO] [stdout] 
[INFO] [stdout] Some errors have detailed explanations: E0223, E0432.
[INFO] [stdout] 
[INFO] [stdout] For more information about an error, try `rustc --explain E0223`.
[INFO] [stdout] 
[INFO] [stderr] error: could not compile `cerk` (lib) due to 4 previous errors
[INFO] [stderr] warning: build failed, waiting for other jobs to finish...
[INFO] running `Command { std: "docker" "inspect" "08c431c6ebb8cc764dfad627635ad767d4a2564427e33cb0627602337bd9c8f8", kill_on_drop: false }`
[INFO] running `Command { std: "docker" "rm" "-f" "08c431c6ebb8cc764dfad627635ad767d4a2564427e33cb0627602337bd9c8f8", kill_on_drop: false }`
[INFO] [stdout] 08c431c6ebb8cc764dfad627635ad767d4a2564427e33cb0627602337bd9c8f8
