[INFO] fetching crate cerk 0.2.11...
[INFO] testing cerk-0.2.11 against nightly-2024-10-28 for randomize-layout
[INFO] extracting crate cerk 0.2.11 into /workspace/builds/worker-1-tc1/source
[INFO] validating manifest of crates.io crate cerk 0.2.11 on toolchain nightly-2024-10-28
[INFO] running `Command { std: CARGO_HOME="/workspace/cargo-home" RUSTUP_HOME="/workspace/rustup-home" "/workspace/cargo-home/bin/cargo" "+nightly-2024-10-28" "metadata" "--manifest-path" "Cargo.toml" "--no-deps", kill_on_drop: false }`
[INFO] started tweaking crates.io crate cerk 0.2.11
[INFO] finished tweaking crates.io crate cerk 0.2.11
[INFO] tweaked toml for crates.io crate cerk 0.2.11 written to /workspace/builds/worker-1-tc1/source/Cargo.toml
[INFO] running `Command { std: CARGO_HOME="/workspace/cargo-home" RUSTUP_HOME="/workspace/rustup-home" "/workspace/cargo-home/bin/cargo" "+nightly-2024-10-28" "generate-lockfile" "--manifest-path" "Cargo.toml", kill_on_drop: false }`
[INFO] [stderr]     Updating crates.io index
[INFO] [stderr]      Locking 70 packages to latest compatible versions
[INFO] [stderr]       Adding cloudevents-sdk v0.3.1 (available: v0.7.0)
[INFO] [stderr]       Adding strum_macros v0.19.4 (available: v0.26.4)
[INFO] running `Command { std: CARGO_HOME="/workspace/cargo-home" RUSTUP_HOME="/workspace/rustup-home" "/workspace/cargo-home/bin/cargo" "+nightly-2024-10-28" "fetch" "--manifest-path" "Cargo.toml", kill_on_drop: false }`
[INFO] [stderr]  Downloading crates ...
[INFO] [stderr]   Downloaded strum_macros v0.19.4
[INFO] [stderr]   Downloaded cloudevents-sdk v0.3.1
[INFO] running `Command { std: "docker" "create" "-v" "/var/lib/crater-agent-workspace/builds/worker-1-tc1/target:/opt/rustwide/target:rw,Z" "-v" "/var/lib/crater-agent-workspace/builds/worker-1-tc1/source:/opt/rustwide/workdir:ro,Z" "-v" "/var/lib/crater-agent-workspace/cargo-home:/opt/rustwide/cargo-home:ro,Z" "-v" "/var/lib/crater-agent-workspace/rustup-home:/opt/rustwide/rustup-home:ro,Z" "-e" "SOURCE_DIR=/opt/rustwide/workdir" "-e" "CARGO_TARGET_DIR=/opt/rustwide/target" "-e" "CARGO_HOME=/opt/rustwide/cargo-home" "-e" "RUSTUP_HOME=/opt/rustwide/rustup-home" "-w" "/opt/rustwide/workdir" "-m" "1610612736" "--user" "0:0" "--network" "none" "ghcr.io/rust-lang/crates-build-env/linux@sha256:4a844ea9eb2546a2d2c7022eacef16ef2e8229c7fbb2c7d4d55a9ceca922f72d" "/opt/rustwide/cargo-home/bin/cargo" "+nightly-2024-10-28" "metadata" "--no-deps" "--format-version=1", kill_on_drop: false }`
[INFO] [stdout] f75bea0a666489277837e9f165be467a35a6c4f370fea905f9ab1833b51e6e80
[INFO] running `Command { std: "docker" "start" "-a" "f75bea0a666489277837e9f165be467a35a6c4f370fea905f9ab1833b51e6e80", kill_on_drop: false }`
[INFO] running `Command { std: "docker" "inspect" "f75bea0a666489277837e9f165be467a35a6c4f370fea905f9ab1833b51e6e80", kill_on_drop: false }`
[INFO] running `Command { std: "docker" "rm" "-f" "f75bea0a666489277837e9f165be467a35a6c4f370fea905f9ab1833b51e6e80", kill_on_drop: false }`
[INFO] [stdout] f75bea0a666489277837e9f165be467a35a6c4f370fea905f9ab1833b51e6e80
[INFO] running `Command { std: "docker" "create" "-v" "/var/lib/crater-agent-workspace/builds/worker-1-tc1/target:/opt/rustwide/target:rw,Z" "-v" "/var/lib/crater-agent-workspace/builds/worker-1-tc1/source:/opt/rustwide/workdir:ro,Z" "-v" "/var/lib/crater-agent-workspace/cargo-home:/opt/rustwide/cargo-home:ro,Z" "-v" "/var/lib/crater-agent-workspace/rustup-home:/opt/rustwide/rustup-home:ro,Z" "-e" "SOURCE_DIR=/opt/rustwide/workdir" "-e" "CARGO_TARGET_DIR=/opt/rustwide/target" "-e" "CARGO_INCREMENTAL=0" "-e" "RUST_BACKTRACE=full" "-e" "RUSTFLAGS=--cap-lints=forbid" "-e" "RUSTDOCFLAGS=--cap-lints=forbid" "-e" "CARGO_HOME=/opt/rustwide/cargo-home" "-e" "RUSTUP_HOME=/opt/rustwide/rustup-home" "-w" "/opt/rustwide/workdir" "-m" "1610612736" "--user" "0:0" "--network" "none" "ghcr.io/rust-lang/crates-build-env/linux@sha256:4a844ea9eb2546a2d2c7022eacef16ef2e8229c7fbb2c7d4d55a9ceca922f72d" "/opt/rustwide/cargo-home/bin/cargo" "+nightly-2024-10-28" "build" "--frozen" "--message-format=json", kill_on_drop: false }`
[INFO] [stdout] c9bc6410f43742bf3f5cb317c4f8144d9764642037275592884e77379febe8ae
[INFO] running `Command { std: "docker" "start" "-a" "c9bc6410f43742bf3f5cb317c4f8144d9764642037275592884e77379febe8ae", kill_on_drop: false }`
[INFO] [stderr]    Compiling proc-macro2 v1.0.89
[INFO] [stderr]    Compiling unicode-ident v1.0.13
[INFO] [stderr]    Compiling serde v1.0.214
[INFO] [stderr]    Compiling libc v0.2.161
[INFO] [stderr]    Compiling autocfg v1.4.0
[INFO] [stderr]    Compiling doc-comment v0.3.3
[INFO] [stderr]    Compiling percent-encoding v2.3.1
[INFO] [stderr]    Compiling serde_json v1.0.132
[INFO] [stderr]    Compiling unicode-bidi v0.3.17
[INFO] [stderr]    Compiling match_cfg v0.1.0
[INFO] [stderr]    Compiling itoa v1.0.11
[INFO] [stderr]    Compiling unicode-segmentation v1.12.0
[INFO] [stderr]    Compiling memchr v2.7.4
[INFO] [stderr]    Compiling tinyvec v1.8.0
[INFO] [stderr]    Compiling ryu v1.0.18
[INFO] [stderr]    Compiling anyhow v1.0.92
[INFO] [stderr]    Compiling iana-time-zone v0.1.61
[INFO] [stderr]    Compiling base64 v0.12.3
[INFO] [stderr]    Compiling form_urlencoded v1.2.1
[INFO] [stderr]    Compiling log v0.4.22
[INFO] [stderr]    Compiling num-traits v0.2.19
[INFO] [stderr]    Compiling heck v0.3.3
[INFO] [stderr]    Compiling quote v1.0.37
[INFO] [stderr]    Compiling getrandom v0.2.15
[INFO] [stderr]    Compiling hostname v0.3.1
[INFO] [stderr]    Compiling unicode-normalization v0.1.24
[INFO] [stderr]    Compiling syn v2.0.86
[INFO] [stderr]    Compiling syn v1.0.109
[INFO] [stderr]    Compiling uuid v0.8.2
[INFO] [stderr]    Compiling idna v0.5.0
[INFO] [stderr]    Compiling serde_derive v1.0.214
[INFO] [stderr]    Compiling snafu-derive v0.6.10
[INFO] [stderr]    Compiling delegate-attr v0.2.9
[INFO] [stderr]    Compiling strum_macros v0.19.4
[INFO] [stderr]    Compiling snafu v0.6.10
[INFO] [stderr]    Compiling chrono v0.4.38
[INFO] [stderr]    Compiling url v2.5.2
[INFO] [stderr]    Compiling cloudevents-sdk v0.3.1
[INFO] [stderr]    Compiling cerk v0.2.11 (/opt/rustwide/workdir)
[INFO] [stdout] error[E0432]: unresolved import `serde::export`
[INFO] [stdout]  --> src/kernel/config.rs:2:12
[INFO] [stdout]   |
[INFO] [stdout] 2 | use serde::export::TryFrom;
[INFO] [stdout]   |            ^^^^^^ could not find `export` in `serde`
[INFO] [stdout] 
[INFO] [stdout] 
[INFO] [stdout] warning: derive helper attribute is used before it is introduced
[INFO] [stdout]   --> src/kernel/config.rs:12:3
[INFO] [stdout]    |
[INFO] [stdout] 12 | #[serde(untagged)]
[INFO] [stdout]    |   ^^^^^
[INFO] [stdout] 13 | #[derive(Deserialize, Serialize)]
[INFO] [stdout]    |          ----------- the attribute is introduced here
[INFO] [stdout]    |
[INFO] [stdout]    = warning: this was previously accepted by the compiler but is being phased out; it will become a hard error in a future release!
[INFO] [stdout]    = note: for more information, see issue #79202 <https://github.com/rust-lang/rust/issues/79202>
[INFO] [stdout]    = note: `#[warn(legacy_derive_helpers)]` on by default
[INFO] [stdout] 
[INFO] [stdout] 
[INFO] [stdout] error[E0223]: ambiguous associated type
[INFO] [stdout]   --> src/kernel/config.rs:28:49
[INFO] [stdout]    |
[INFO] [stdout] 28 |     fn try_from(value: &Config) -> Result<Self, Self::Error> {
[INFO] [stdout]    |                                                 ^^^^^^^^^^^
[INFO] [stdout]    |
[INFO] [stdout] help: use fully-qualified syntax
[INFO] [stdout]    |
[INFO] [stdout] 28 |     fn try_from(value: &Config) -> Result<Self, <u8 as TryFrom>::Error> {
[INFO] [stdout]    |                                                 ~~~~~~~~~~~~~~~~~~~~~~
[INFO] [stdout] 28 |     fn try_from(value: &Config) -> Result<Self, <u8 as TryInto>::Error> {
[INFO] [stdout]    |                                                 ~~~~~~~~~~~~~~~~~~~~~~
[INFO] [stdout] 
[INFO] [stdout] 
[INFO] [stdout] error[E0223]: ambiguous associated type
[INFO] [stdout]   --> src/kernel/config.rs:38:49
[INFO] [stdout]    |
[INFO] [stdout] 38 |     fn try_from(value: &Config) -> Result<Self, Self::Error> {
[INFO] [stdout]    |                                                 ^^^^^^^^^^^
[INFO] [stdout]    |
[INFO] [stdout] help: use fully-qualified syntax
[INFO] [stdout]    |
[INFO] [stdout] 38 |     fn try_from(value: &Config) -> Result<Self, <u32 as TryFrom>::Error> {
[INFO] [stdout]    |                                                 ~~~~~~~~~~~~~~~~~~~~~~~
[INFO] [stdout] 38 |     fn try_from(value: &Config) -> Result<Self, <u32 as TryInto>::Error> {
[INFO] [stdout]    |                                                 ~~~~~~~~~~~~~~~~~~~~~~~
[INFO] [stdout] 
[INFO] [stdout] 
[INFO] [stdout] error[E0223]: ambiguous associated type
[INFO] [stdout]   --> src/kernel/config.rs:59:49
[INFO] [stdout]    |
[INFO] [stdout] 59 |     fn try_from(value: &Config) -> Result<Self, Self::Error> {
[INFO] [stdout]    |                                                 ^^^^^^^^^^^
[INFO] [stdout]    |
[INFO] [stdout] help: use fully-qualified syntax
[INFO] [stdout]    |
[INFO] [stdout] 59 |     fn try_from(value: &Config) -> Result<Self, <Vec<Config> as TryFrom>::Error> {
[INFO] [stdout]    |                                                 ~~~~~~~~~~~~~~~~~~~~~~~~~~~~~~~
[INFO] [stdout] 59 |     fn try_from(value: &Config) -> Result<Self, <Vec<Config> as TryInto>::Error> {
[INFO] [stdout]    |                                                 ~~~~~~~~~~~~~~~~~~~~~~~~~~~~~~~
[INFO] [stdout] 
[INFO] [stdout] 
[INFO] [stdout] Some errors have detailed explanations: E0223, E0432.
[INFO] [stdout] 
[INFO] [stdout] For more information about an error, try `rustc --explain E0223`.
[INFO] [stdout] 
[INFO] [stderr] error: could not compile `cerk` (lib) due to 4 previous errors; 1 warning emitted
[INFO] [stderr] warning: build failed, waiting for other jobs to finish...
[INFO] running `Command { std: "docker" "inspect" "c9bc6410f43742bf3f5cb317c4f8144d9764642037275592884e77379febe8ae", kill_on_drop: false }`
[INFO] running `Command { std: "docker" "rm" "-f" "c9bc6410f43742bf3f5cb317c4f8144d9764642037275592884e77379febe8ae", kill_on_drop: false }`
[INFO] [stdout] c9bc6410f43742bf3f5cb317c4f8144d9764642037275592884e77379febe8ae
