[INFO] fetching crate ceph-async 4.0.5...
[INFO] testing ceph-async-4.0.5 against nightly-2024-10-28 for randomize-layout
[INFO] extracting crate ceph-async 4.0.5 into /workspace/builds/worker-2-tc1/source
[INFO] validating manifest of crates.io crate ceph-async 4.0.5 on toolchain nightly-2024-10-28
[INFO] running `Command { std: CARGO_HOME="/workspace/cargo-home" RUSTUP_HOME="/workspace/rustup-home" "/workspace/cargo-home/bin/cargo" "+nightly-2024-10-28" "metadata" "--manifest-path" "Cargo.toml" "--no-deps", kill_on_drop: false }`
[INFO] started tweaking crates.io crate ceph-async 4.0.5
[INFO] finished tweaking crates.io crate ceph-async 4.0.5
[INFO] tweaked toml for crates.io crate ceph-async 4.0.5 written to /workspace/builds/worker-2-tc1/source/Cargo.toml
[INFO] crate crates.io crate ceph-async 4.0.5 already has a lockfile, it will not be regenerated
[INFO] running `Command { std: CARGO_HOME="/workspace/cargo-home" RUSTUP_HOME="/workspace/rustup-home" "/workspace/cargo-home/bin/cargo" "+nightly-2024-10-28" "fetch" "--manifest-path" "Cargo.toml", kill_on_drop: false }`
[INFO] [stderr]  Downloading crates ...
[INFO] [stderr]   Downloaded nix v0.21.0
[INFO] running `Command { std: "docker" "create" "-v" "/var/lib/crater-agent-workspace/builds/worker-2-tc1/target:/opt/rustwide/target:rw,Z" "-v" "/var/lib/crater-agent-workspace/builds/worker-2-tc1/source:/opt/rustwide/workdir:ro,Z" "-v" "/var/lib/crater-agent-workspace/cargo-home:/opt/rustwide/cargo-home:ro,Z" "-v" "/var/lib/crater-agent-workspace/rustup-home:/opt/rustwide/rustup-home:ro,Z" "-e" "SOURCE_DIR=/opt/rustwide/workdir" "-e" "CARGO_TARGET_DIR=/opt/rustwide/target" "-e" "CARGO_HOME=/opt/rustwide/cargo-home" "-e" "RUSTUP_HOME=/opt/rustwide/rustup-home" "-w" "/opt/rustwide/workdir" "-m" "1610612736" "--user" "0:0" "--network" "none" "ghcr.io/rust-lang/crates-build-env/linux@sha256:4a844ea9eb2546a2d2c7022eacef16ef2e8229c7fbb2c7d4d55a9ceca922f72d" "/opt/rustwide/cargo-home/bin/cargo" "+nightly-2024-10-28" "metadata" "--no-deps" "--format-version=1", kill_on_drop: false }`
[INFO] [stdout] b453bb7e3942f7a3f314cbd15cf78b76186f11cf3ef2abb940f96a51312c56de
[INFO] running `Command { std: "docker" "start" "-a" "b453bb7e3942f7a3f314cbd15cf78b76186f11cf3ef2abb940f96a51312c56de", kill_on_drop: false }`
[INFO] running `Command { std: "docker" "inspect" "b453bb7e3942f7a3f314cbd15cf78b76186f11cf3ef2abb940f96a51312c56de", kill_on_drop: false }`
[INFO] running `Command { std: "docker" "rm" "-f" "b453bb7e3942f7a3f314cbd15cf78b76186f11cf3ef2abb940f96a51312c56de", kill_on_drop: false }`
[INFO] [stdout] b453bb7e3942f7a3f314cbd15cf78b76186f11cf3ef2abb940f96a51312c56de
[INFO] running `Command { std: "docker" "create" "-v" "/var/lib/crater-agent-workspace/builds/worker-2-tc1/target:/opt/rustwide/target:rw,Z" "-v" "/var/lib/crater-agent-workspace/builds/worker-2-tc1/source:/opt/rustwide/workdir:ro,Z" "-v" "/var/lib/crater-agent-workspace/cargo-home:/opt/rustwide/cargo-home:ro,Z" "-v" "/var/lib/crater-agent-workspace/rustup-home:/opt/rustwide/rustup-home:ro,Z" "-e" "SOURCE_DIR=/opt/rustwide/workdir" "-e" "CARGO_TARGET_DIR=/opt/rustwide/target" "-e" "CARGO_INCREMENTAL=0" "-e" "RUST_BACKTRACE=full" "-e" "RUSTFLAGS=--cap-lints=forbid" "-e" "RUSTDOCFLAGS=--cap-lints=forbid" "-e" "CARGO_HOME=/opt/rustwide/cargo-home" "-e" "RUSTUP_HOME=/opt/rustwide/rustup-home" "-w" "/opt/rustwide/workdir" "-m" "1610612736" "--user" "0:0" "--network" "none" "ghcr.io/rust-lang/crates-build-env/linux@sha256:4a844ea9eb2546a2d2c7022eacef16ef2e8229c7fbb2c7d4d55a9ceca922f72d" "/opt/rustwide/cargo-home/bin/cargo" "+nightly-2024-10-28" "build" "--frozen" "--message-format=json", kill_on_drop: false }`
[INFO] [stdout] 05335f4f1946b0807cc0f04cb0d43677cb677429aad556eb700bbea00d879689
[INFO] running `Command { std: "docker" "start" "-a" "05335f4f1946b0807cc0f04cb0d43677cb677429aad556eb700bbea00d879689", kill_on_drop: false }`
[INFO] [stderr]    Compiling proc-macro2 v1.0.85
[INFO] [stderr]    Compiling autocfg v1.3.0
[INFO] [stderr]    Compiling unicode-ident v1.0.12
[INFO] [stderr]    Compiling memchr v2.3.4
[INFO] [stderr]    Compiling futures-core v0.3.30
[INFO] [stderr]    Compiling serde v1.0.203
[INFO] [stderr]    Compiling radium v0.5.3
[INFO] [stderr]    Compiling futures-sink v0.3.30
[INFO] [stderr]    Compiling futures-io v0.3.30
[INFO] [stderr]    Compiling lexical-core v0.7.6
[INFO] [stderr]    Compiling ryu v1.0.18
[INFO] [stderr]    Compiling futures-task v0.3.30
[INFO] [stderr]    Compiling nom v6.2.2
[INFO] [stderr]    Compiling funty v1.1.0
[INFO] [stderr]    Compiling once_cell v1.19.0
[INFO] [stderr]    Compiling num_cpus v1.16.0
[INFO] [stderr]    Compiling arrayvec v0.5.2
[INFO] [stderr]    Compiling serde_json v1.0.117
[INFO] [stderr]    Compiling futures-channel v0.3.30
[INFO] [stderr]    Compiling wyz v0.2.0
[INFO] [stderr]    Compiling static_assertions v1.1.0
[INFO] [stderr]    Compiling tap v1.0.1
[INFO] [stderr]    Compiling tracing-core v0.1.32
[INFO] [stderr]    Compiling byteorder v1.5.0
[INFO] [stderr]    Compiling slab v0.4.9
[INFO] [stderr]    Compiling memoffset v0.6.5
[INFO] [stderr]    Compiling bitvec v0.19.6
[INFO] [stderr]    Compiling nix v0.21.0
[INFO] [stderr]    Compiling quote v1.0.36
[INFO] [stderr]    Compiling syn v2.0.66
[INFO] [stderr]    Compiling uuid v0.8.2
[INFO] [stderr]    Compiling futures-macro v0.3.30
[INFO] [stderr]    Compiling tracing-attributes v0.1.27
[INFO] [stderr]    Compiling serde_derive v1.0.203
[INFO] [stderr]    Compiling futures-util v0.3.30
[INFO] [stderr]    Compiling tracing v0.1.40
[INFO] [stderr]    Compiling futures-executor v0.3.30
[INFO] [stderr]    Compiling futures v0.3.30
[INFO] [stderr]    Compiling ceph-async v4.0.5 (/opt/rustwide/workdir)
[INFO] [stdout] warning: field `other_meta` is never read
[INFO] [stdout]   --> src/cmd.rs:83:5
[INFO] [stdout]    |
[INFO] [stdout] 62 | pub struct MgrMetadata {
[INFO] [stdout]    |            ----------- field in this struct
[INFO] [stdout] ...
[INFO] [stdout] 83 |     other_meta: Option<HashMap<String, String>>,
[INFO] [stdout]    |     ^^^^^^^^^^
[INFO] [stdout]    |
[INFO] [stdout]    = note: `MgrMetadata` has a derived impl for the trait `Debug`, but this is intentionally ignored during dead code analysis
[INFO] [stdout]    = note: `#[warn(dead_code)]` on by default
[INFO] [stdout] 
[INFO] [stdout] 
[INFO] [stdout] warning: field `other_meta` is never read
[INFO] [stdout]    --> src/cmd.rs:187:5
[INFO] [stdout]     |
[INFO] [stdout] 153 | pub struct OsdMetadata {
[INFO] [stdout]     |            ----------- field in this struct
[INFO] [stdout] ...
[INFO] [stdout] 187 |     other_meta: Option<HashMap<String, String>>,
[INFO] [stdout]     |     ^^^^^^^^^^
[INFO] [stdout]     |
[INFO] [stdout]     = note: `OsdMetadata` has derived impls for the traits `Clone` and `Debug`, but these are intentionally ignored during dead code analysis
[INFO] [stdout] 
[INFO] [stdout] 
[INFO] [stdout] warning: field `other_meta` is never read
[INFO] [stdout]    --> src/cmd.rs:226:5
[INFO] [stdout]     |
[INFO] [stdout] 197 | pub struct PgSummary {
[INFO] [stdout]     |            --------- field in this struct
[INFO] [stdout] ...
[INFO] [stdout] 226 |     other_meta: Option<HashMap<String, String>>,
[INFO] [stdout]     |     ^^^^^^^^^^
[INFO] [stdout]     |
[INFO] [stdout]     = note: `PgSummary` has derived impls for the traits `Clone` and `Debug`, but these are intentionally ignored during dead code analysis
[INFO] [stdout] 
[INFO] [stdout] 
[INFO] [stdout] warning: fields `type`, `addr`, and `nonce` are never read
[INFO] [stdout]    --> src/cmd.rs:293:5
[INFO] [stdout]     |
[INFO] [stdout] 292 | pub struct AddrVec {
[INFO] [stdout]     |            ------- fields in this struct
[INFO] [stdout] 293 |     r#type: String,
[INFO] [stdout]     |     ^^^^^^
[INFO] [stdout] 294 |     addr: String,
[INFO] [stdout]     |     ^^^^
[INFO] [stdout] 295 |     nonce: i32,
[INFO] [stdout]     |     ^^^^^
[INFO] [stdout]     |
[INFO] [stdout]     = note: `AddrVec` has a derived impl for the trait `Debug`, but this is intentionally ignored during dead code analysis
[INFO] [stdout] 
[INFO] [stdout] 
[INFO] [stdout] warning: calls to `std::mem::drop` with a value that implements `Copy` does nothing
[INFO] [stdout]    --> src/completion.rs:151:13
[INFO] [stdout]     |
[INFO] [stdout] 151 |             drop(completion)
[INFO] [stdout]     |             ^^^^^----------^
[INFO] [stdout]     |                  |
[INFO] [stdout]     |                  argument has type `*mut c_void`
[INFO] [stdout]     |
[INFO] [stdout]     = note: use `let _ = ...` to ignore the expression or result
[INFO] [stdout]     = note: `#[warn(dropping_copy_types)]` on by default
[INFO] [stdout] 
[INFO] [stdout] 
[INFO] [stderr]     Finished `dev` profile [unoptimized + debuginfo] target(s) in 9.27s
[INFO] running `Command { std: "docker" "inspect" "05335f4f1946b0807cc0f04cb0d43677cb677429aad556eb700bbea00d879689", kill_on_drop: false }`
[INFO] running `Command { std: "docker" "rm" "-f" "05335f4f1946b0807cc0f04cb0d43677cb677429aad556eb700bbea00d879689", kill_on_drop: false }`
[INFO] [stdout] 05335f4f1946b0807cc0f04cb0d43677cb677429aad556eb700bbea00d879689
[INFO] running `Command { std: "docker" "create" "-v" "/var/lib/crater-agent-workspace/builds/worker-2-tc1/target:/opt/rustwide/target:rw,Z" "-v" "/var/lib/crater-agent-workspace/builds/worker-2-tc1/source:/opt/rustwide/workdir:ro,Z" "-v" "/var/lib/crater-agent-workspace/cargo-home:/opt/rustwide/cargo-home:ro,Z" "-v" "/var/lib/crater-agent-workspace/rustup-home:/opt/rustwide/rustup-home:ro,Z" "-e" "SOURCE_DIR=/opt/rustwide/workdir" "-e" "CARGO_TARGET_DIR=/opt/rustwide/target" "-e" "CARGO_INCREMENTAL=0" "-e" "RUST_BACKTRACE=full" "-e" "RUSTFLAGS=--cap-lints=forbid" "-e" "RUSTDOCFLAGS=--cap-lints=forbid" "-e" "CARGO_HOME=/opt/rustwide/cargo-home" "-e" "RUSTUP_HOME=/opt/rustwide/rustup-home" "-w" "/opt/rustwide/workdir" "-m" "1610612736" "--user" "0:0" "--network" "none" "ghcr.io/rust-lang/crates-build-env/linux@sha256:4a844ea9eb2546a2d2c7022eacef16ef2e8229c7fbb2c7d4d55a9ceca922f72d" "/opt/rustwide/cargo-home/bin/cargo" "+nightly-2024-10-28" "test" "--frozen" "--no-run" "--message-format=json", kill_on_drop: false }`
[INFO] [stdout] f3014190a9aabf76ecc29136a64901b5763916209fdbf7f5ec3aa152510eee65
[INFO] running `Command { std: "docker" "start" "-a" "f3014190a9aabf76ecc29136a64901b5763916209fdbf7f5ec3aa152510eee65", kill_on_drop: false }`
[INFO] [stdout] warning: field `other_meta` is never read
[INFO] [stdout]   --> src/cmd.rs:83:5
[INFO] [stdout]    |
[INFO] [stdout] 62 | pub struct MgrMetadata {
[INFO] [stdout]    |            ----------- field in this struct
[INFO] [stdout] ...
[INFO] [stdout] 83 |     other_meta: Option<HashMap<String, String>>,
[INFO] [stdout]    |     ^^^^^^^^^^
[INFO] [stdout]    |
[INFO] [stdout]    = note: `MgrMetadata` has a derived impl for the trait `Debug`, but this is intentionally ignored during dead code analysis
[INFO] [stdout]    = note: `#[warn(dead_code)]` on by default
[INFO] [stdout] 
[INFO] [stdout] 
[INFO] [stdout] warning: field `other_meta` is never read
[INFO] [stdout]    --> src/cmd.rs:187:5
[INFO] [stdout]     |
[INFO] [stdout] 153 | pub struct OsdMetadata {
[INFO] [stdout]     |            ----------- field in this struct
[INFO] [stdout] ...
[INFO] [stdout] 187 |     other_meta: Option<HashMap<String, String>>,
[INFO] [stdout]     |     ^^^^^^^^^^
[INFO] [stdout]     |
[INFO] [stdout]     = note: `OsdMetadata` has derived impls for the traits `Clone` and `Debug`, but these are intentionally ignored during dead code analysis
[INFO] [stdout] 
[INFO] [stdout] 
[INFO] [stdout] warning: field `other_meta` is never read
[INFO] [stdout]    --> src/cmd.rs:226:5
[INFO] [stdout]     |
[INFO] [stdout] 197 | pub struct PgSummary {
[INFO] [stdout]     |            --------- field in this struct
[INFO] [stdout] ...
[INFO] [stdout] 226 |     other_meta: Option<HashMap<String, String>>,
[INFO] [stdout]     |     ^^^^^^^^^^
[INFO] [stdout]     |
[INFO] [stdout]     = note: `PgSummary` has derived impls for the traits `Clone` and `Debug`, but these are intentionally ignored during dead code analysis
[INFO] [stdout] 
[INFO] [stdout] 
[INFO] [stdout] warning: fields `type`, `addr`, and `nonce` are never read
[INFO] [stdout]    --> src/cmd.rs:293:5
[INFO] [stdout]     |
[INFO] [stdout] 292 | pub struct AddrVec {
[INFO] [stdout]     |            ------- fields in this struct
[INFO] [stdout] 293 |     r#type: String,
[INFO] [stdout]     |     ^^^^^^
[INFO] [stdout] 294 |     addr: String,
[INFO] [stdout]     |     ^^^^
[INFO] [stdout] 295 |     nonce: i32,
[INFO] [stdout]     |     ^^^^^
[INFO] [stdout]     |
[INFO] [stdout]     = note: `AddrVec` has a derived impl for the trait `Debug`, but this is intentionally ignored during dead code analysis
[INFO] [stdout] 
[INFO] [stdout] 
[INFO] [stderr]    Compiling ceph-async v4.0.5 (/opt/rustwide/workdir)
[INFO] [stdout] warning: calls to `std::mem::drop` with a value that implements `Copy` does nothing
[INFO] [stdout]    --> src/completion.rs:151:13
[INFO] [stdout]     |
[INFO] [stdout] 151 |             drop(completion)
[INFO] [stdout]     |             ^^^^^----------^
[INFO] [stdout]     |                  |
[INFO] [stdout]     |                  argument has type `*mut c_void`
[INFO] [stdout]     |
[INFO] [stdout]     = note: use `let _ = ...` to ignore the expression or result
[INFO] [stdout]     = note: `#[warn(dropping_copy_types)]` on by default
[INFO] [stdout] 
[INFO] [stdout] 
[INFO] [stdout] error[E0463]: can't find crate for `ceph`
[INFO] [stdout]   --> examples/ceph.rs:17:1
[INFO] [stdout]    |
[INFO] [stdout] 17 | extern crate ceph;
[INFO] [stdout]    | ^^^^^^^^^^^^^^^^^^ can't find crate
[INFO] [stdout] 
[INFO] [stdout] 
[INFO] [stdout] error[E0463]: can't find crate for `ceph`
[INFO] [stdout]  --> tests/integration_tests.rs:1:1
[INFO] [stdout]   |
[INFO] [stdout] 1 | extern crate ceph;
[INFO] [stdout]   | ^^^^^^^^^^^^^^^^^^ can't find crate
[INFO] [stdout] 
[INFO] [stdout] 
[INFO] [stdout] error[E0463]: can't find crate for `ceph`
[INFO] [stdout]  --> examples/status.rs:1:1
[INFO] [stdout]   |
[INFO] [stdout] 1 | extern crate ceph;
[INFO] [stdout]   | ^^^^^^^^^^^^^^^^^^ can't find crate
[INFO] [stdout] 
[INFO] [stdout] 
[INFO] [stdout] error[E0463]: can't find crate for `ceph`
[INFO] [stdout]  --> tests/rados_striper_all.rs:3:1
[INFO] [stdout]   |
[INFO] [stdout] 3 | extern crate ceph;
[INFO] [stdout]   | ^^^^^^^^^^^^^^^^^^ can't find crate
[INFO] [stdout] 
[INFO] [stdout] 
[INFO] [stdout] For more information about this error, try `rustc --explain E0463`.
[INFO] [stdout] 
[INFO] [stdout] For more information about this error, try `rustc --explain E0463`.
[INFO] [stdout] 
[INFO] [stderr] error: could not compile `ceph-async` (test "rados_striper_all") due to 1 previous error
[INFO] [stderr] warning: build failed, waiting for other jobs to finish...
[INFO] [stdout] For more information about this error, try `rustc --explain E0463`.
[INFO] [stdout] 
[INFO] [stderr] error: could not compile `ceph-async` (example "status") due to 1 previous error
[INFO] [stderr] error: could not compile `ceph-async` (test "integration_tests") due to 1 previous error
[INFO] [stdout] error[E0425]: cannot find function `admin_socket_command` in this scope
[INFO] [stdout]   --> examples/ceph.rs:42:11
[INFO] [stdout]    |
[INFO] [stdout] 42 |     match admin_socket_command("help", "/var/run/ceph/ceph-mon.ip-172-31-31-247.asok") {
[INFO] [stdout]    |           ^^^^^^^^^^^^^^^^^^^^ not found in this scope
[INFO] [stdout]    |
[INFO] [stdout] help: consider importing this function
[INFO] [stdout]    |
[INFO] [stdout] 20 + use ceph_async::admin_sockets::admin_socket_command;
[INFO] [stdout]    |
[INFO] [stdout] 
[INFO] [stdout] 
[INFO] [stdout] Some errors have detailed explanations: E0425, E0463.
[INFO] [stdout] 
[INFO] [stdout] For more information about an error, try `rustc --explain E0425`.
[INFO] [stdout] 
[INFO] [stderr] error: could not compile `ceph-async` (example "ceph") due to 2 previous errors
[INFO] [stdout] warning: field `other_meta` is never read
[INFO] [stdout]   --> src/cmd.rs:83:5
[INFO] [stdout]    |
[INFO] [stdout] 62 | pub struct MgrMetadata {
[INFO] [stdout]    |            ----------- field in this struct
[INFO] [stdout] ...
[INFO] [stdout] 83 |     other_meta: Option<HashMap<String, String>>,
[INFO] [stdout]    |     ^^^^^^^^^^
[INFO] [stdout]    |
[INFO] [stdout]    = note: `MgrMetadata` has a derived impl for the trait `Debug`, but this is intentionally ignored during dead code analysis
[INFO] [stdout]    = note: `#[warn(dead_code)]` on by default
[INFO] [stdout] 
[INFO] [stdout] 
[INFO] [stdout] warning: field `other_meta` is never read
[INFO] [stdout]    --> src/cmd.rs:187:5
[INFO] [stdout]     |
[INFO] [stdout] 153 | pub struct OsdMetadata {
[INFO] [stdout]     |            ----------- field in this struct
[INFO] [stdout] ...
[INFO] [stdout] 187 |     other_meta: Option<HashMap<String, String>>,
[INFO] [stdout]     |     ^^^^^^^^^^
[INFO] [stdout]     |
[INFO] [stdout]     = note: `OsdMetadata` has derived impls for the traits `Clone` and `Debug`, but these are intentionally ignored during dead code analysis
[INFO] [stdout] 
[INFO] [stdout] 
[INFO] [stdout] warning: field `other_meta` is never read
[INFO] [stdout]    --> src/cmd.rs:226:5
[INFO] [stdout]     |
[INFO] [stdout] 197 | pub struct PgSummary {
[INFO] [stdout]     |            --------- field in this struct
[INFO] [stdout] ...
[INFO] [stdout] 226 |     other_meta: Option<HashMap<String, String>>,
[INFO] [stdout]     |     ^^^^^^^^^^
[INFO] [stdout]     |
[INFO] [stdout]     = note: `PgSummary` has derived impls for the traits `Clone` and `Debug`, but these are intentionally ignored during dead code analysis
[INFO] [stdout] 
[INFO] [stdout] 
[INFO] [stdout] warning: fields `type`, `addr`, and `nonce` are never read
[INFO] [stdout]    --> src/cmd.rs:293:5
[INFO] [stdout]     |
[INFO] [stdout] 292 | pub struct AddrVec {
[INFO] [stdout]     |            ------- fields in this struct
[INFO] [stdout] 293 |     r#type: String,
[INFO] [stdout]     |     ^^^^^^
[INFO] [stdout] 294 |     addr: String,
[INFO] [stdout]     |     ^^^^
[INFO] [stdout] 295 |     nonce: i32,
[INFO] [stdout]     |     ^^^^^
[INFO] [stdout]     |
[INFO] [stdout]     = note: `AddrVec` has a derived impl for the trait `Debug`, but this is intentionally ignored during dead code analysis
[INFO] [stdout] 
[INFO] [stdout] 
[INFO] [stdout] warning: calls to `std::mem::drop` with a value that implements `Copy` does nothing
[INFO] [stdout]    --> src/completion.rs:151:13
[INFO] [stdout]     |
[INFO] [stdout] 151 |             drop(completion)
[INFO] [stdout]     |             ^^^^^----------^
[INFO] [stdout]     |                  |
[INFO] [stdout]     |                  argument has type `*mut c_void`
[INFO] [stdout]     |
[INFO] [stdout]     = note: use `let _ = ...` to ignore the expression or result
[INFO] [stdout]     = note: `#[warn(dropping_copy_types)]` on by default
[INFO] [stdout] 
[INFO] [stdout] 
[INFO] [stdout] error: linking with `cc` failed: exit status: 1
[INFO] [stdout]   |
[INFO] [stdout]   = note: LC_ALL="C" PATH="/opt/rustwide/rustup-home/toolchains/nightly-2024-10-28-x86_64-unknown-linux-gnu/lib/rustlib/x86_64-unknown-linux-gnu/bin:/opt/rustwide/rustup-home/toolchains/nightly-2024-10-28-x86_64-unknown-linux-gnu/lib/rustlib/x86_64-unknown-linux-gnu/bin/self-contained:/opt/rustwide/cargo-home/bin:/usr/local/sbin:/usr/local/bin:/usr/sbin:/usr/bin:/sbin:/bin" VSLANG="1033" "cc" "-m64" "/tmp/rustcNiFORe/symbols.o" "/opt/rustwide/target/debug/deps/ceph_async-09dca509f64dfb4b.ceph_async.274f81a48eb36112-cgu.0.rcgu.o" "/opt/rustwide/target/debug/deps/ceph_async-09dca509f64dfb4b.ceph_async.274f81a48eb36112-cgu.1.rcgu.o" "/opt/rustwide/target/debug/deps/ceph_async-09dca509f64dfb4b.d1783nacg4psehpuf9p2wcfka.rcgu.o" "-Wl,--as-needed" "-Wl,-Bdynamic" "-lrados" "-Wl,-Bstatic" "/opt/rustwide/rustup-home/toolchains/nightly-2024-10-28-x86_64-unknown-linux-gnu/lib/rustlib/x86_64-unknown-linux-gnu/lib/libtest-a09fad3b5321e7d6.rlib" "/opt/rustwide/rustup-home/toolchains/nightly-2024-10-28-x86_64-unknown-linux-gnu/lib/rustlib/x86_64-unknown-linux-gnu/lib/libgetopts-f9c3dff41ad42661.rlib" "/opt/rustwide/rustup-home/toolchains/nightly-2024-10-28-x86_64-unknown-linux-gnu/lib/rustlib/x86_64-unknown-linux-gnu/lib/libunicode_width-ad2aef31af6addd3.rlib" "/opt/rustwide/rustup-home/toolchains/nightly-2024-10-28-x86_64-unknown-linux-gnu/lib/rustlib/x86_64-unknown-linux-gnu/lib/librustc_std_workspace_std-e3f907dc03deb913.rlib" "/opt/rustwide/target/debug/deps/libfutures-3c7baf016e019140.rlib" "/opt/rustwide/target/debug/deps/libfutures_executor-5a535917d6ae637c.rlib" "/opt/rustwide/target/debug/deps/libnum_cpus-cd0ea41b1a724c54.rlib" "/opt/rustwide/target/debug/deps/libfutures_util-c111525926c180b7.rlib" "/opt/rustwide/target/debug/deps/libfutures_io-55c9f34a6fa97789.rlib" "/opt/rustwide/target/debug/deps/libslab-f7057b79dbdd9024.rlib" "/opt/rustwide/target/debug/deps/libfutures_channel-36809db036b5e4b2.rlib" "/opt/rustwide/target/debug/deps/libfutures_sink-8a463eeb58b3447a.rlib" "/opt/rustwide/target/debug/deps/libfutures_task-31d564b3124d8637.rlib" "/opt/rustwide/target/debug/deps/libpin_utils-76c2785263cdb1c1.rlib" "/opt/rustwide/target/debug/deps/libfutures_core-1f477b7244c2fd30.rlib" "/opt/rustwide/target/debug/deps/libnix-6be09e39b87084b4.rlib" "/opt/rustwide/target/debug/deps/libmemoffset-fcdf1bd937e8ac68.rlib" "/opt/rustwide/target/debug/deps/libuuid-0540ce42d8922c84.rlib" "/opt/rustwide/target/debug/deps/libserde_json-ce8b17f3c28a2194.rlib" "/opt/rustwide/target/debug/deps/libitoa-add5260810035b6e.rlib" "/opt/rustwide/target/debug/deps/libserde-8bf0faff55d66297.rlib" "/opt/rustwide/target/debug/deps/libnom-23b72c42e3cf373c.rlib" "/opt/rustwide/target/debug/deps/libmemchr-eda4c84da0086cab.rlib" "/opt/rustwide/target/debug/deps/liblexical_core-83d8e79e25ed4621.rlib" "/opt/rustwide/target/debug/deps/libryu-2ae7af5af0bb88e0.rlib" "/opt/rustwide/target/debug/deps/libstatic_assertions-14a197ae77f98fdb.rlib" "/opt/rustwide/target/debug/deps/libarrayvec-7e724bf3ee7987ce.rlib" "/opt/rustwide/target/debug/deps/libcfg_if-57bf25c23e31efdb.rlib" "/opt/rustwide/target/debug/deps/libbitvec-2a96a09b6833b35e.rlib" "/opt/rustwide/target/debug/deps/libfunty-88dc1ed25e0ea37e.rlib" "/opt/rustwide/target/debug/deps/libwyz-25e0dc31b2b64316.rlib" "/opt/rustwide/target/debug/deps/libtap-4aa41518670171b0.rlib" "/opt/rustwide/target/debug/deps/libradium-0304c116d2faf445.rlib" "/opt/rustwide/target/debug/deps/libtracing-eb9f2888503db080.rlib" "/opt/rustwide/target/debug/deps/libpin_project_lite-0917a66d1286620d.rlib" "/opt/rustwide/target/debug/deps/libtracing_core-546a02a5507c5c18.rlib" "/opt/rustwide/target/debug/deps/libonce_cell-795d6939e3fe8636.rlib" "/opt/rustwide/target/debug/deps/liblibc-98dbae3fd83efd2b.rlib" "/opt/rustwide/target/debug/deps/libbyteorder-921e9eb05e03d6ac.rlib" "/opt/rustwide/target/debug/deps/libbitflags-560efdb99b117eef.rlib" "/opt/rustwide/rustup-home/toolchains/nightly-2024-10-28-x86_64-unknown-linux-gnu/lib/rustlib/x86_64-unknown-linux-gnu/lib/libstd-fb8c387236db3c10.rlib" "/opt/rustwide/rustup-home/toolchains/nightly-2024-10-28-x86_64-unknown-linux-gnu/lib/rustlib/x86_64-unknown-linux-gnu/lib/libpanic_unwind-b251837809b2f64b.rlib" "/opt/rustwide/rustup-home/toolchains/nightly-2024-10-28-x86_64-unknown-linux-gnu/lib/rustlib/x86_64-unknown-linux-gnu/lib/libobject-cbef83eaa4e01f04.rlib" "/opt/rustwide/rustup-home/toolchains/nightly-2024-10-28-x86_64-unknown-linux-gnu/lib/rustlib/x86_64-unknown-linux-gnu/lib/libmemchr-12a772286de2fca7.rlib" "/opt/rustwide/rustup-home/toolchains/nightly-2024-10-28-x86_64-unknown-linux-gnu/lib/rustlib/x86_64-unknown-linux-gnu/lib/libaddr2line-023bbe5ada7abfc3.rlib" "/opt/rustwide/rustup-home/toolchains/nightly-2024-10-28-x86_64-unknown-linux-gnu/lib/rustlib/x86_64-unknown-linux-gnu/lib/libgimli-de2bcdf10ec69c2b.rlib" "/opt/rustwide/rustup-home/toolchains/nightly-2024-10-28-x86_64-unknown-linux-gnu/lib/rustlib/x86_64-unknown-linux-gnu/lib/librustc_demangle-8e1754df350800fd.rlib" "/opt/rustwide/rustup-home/toolchains/nightly-2024-10-28-x86_64-unknown-linux-gnu/lib/rustlib/x86_64-unknown-linux-gnu/lib/libstd_detect-06c2ab7b9c32e037.rlib" "/opt/rustwide/rustup-home/toolchains/nightly-2024-10-28-x86_64-unknown-linux-gnu/lib/rustlib/x86_64-unknown-linux-gnu/lib/libhashbrown-51d2621fc57a281b.rlib" "/opt/rustwide/rustup-home/toolchains/nightly-2024-10-28-x86_64-unknown-linux-gnu/lib/rustlib/x86_64-unknown-linux-gnu/lib/librustc_std_workspace_alloc-54a930408793772f.rlib" "/opt/rustwide/rustup-home/toolchains/nightly-2024-10-28-x86_64-unknown-linux-gnu/lib/rustlib/x86_64-unknown-linux-gnu/lib/libminiz_oxide-0c7d01cba400dcb2.rlib" "/opt/rustwide/rustup-home/toolchains/nightly-2024-10-28-x86_64-unknown-linux-gnu/lib/rustlib/x86_64-unknown-linux-gnu/lib/libadler-b9f84d69e331b75b.rlib" "/opt/rustwide/rustup-home/toolchains/nightly-2024-10-28-x86_64-unknown-linux-gnu/lib/rustlib/x86_64-unknown-linux-gnu/lib/libunwind-eec95493246aae39.rlib" "/opt/rustwide/rustup-home/toolchains/nightly-2024-10-28-x86_64-unknown-linux-gnu/lib/rustlib/x86_64-unknown-linux-gnu/lib/libcfg_if-6f6676c475e08ab0.rlib" "/opt/rustwide/rustup-home/toolchains/nightly-2024-10-28-x86_64-unknown-linux-gnu/lib/rustlib/x86_64-unknown-linux-gnu/lib/liblibc-799d520624f8b2e0.rlib" "/opt/rustwide/rustup-home/toolchains/nightly-2024-10-28-x86_64-unknown-linux-gnu/lib/rustlib/x86_64-unknown-linux-gnu/lib/liballoc-fcf93d4842acd9a9.rlib" "/opt/rustwide/rustup-home/toolchains/nightly-2024-10-28-x86_64-unknown-linux-gnu/lib/rustlib/x86_64-unknown-linux-gnu/lib/librustc_std_workspace_core-395a38b8e0851c9b.rlib" "/opt/rustwide/rustup-home/toolchains/nightly-2024-10-28-x86_64-unknown-linux-gnu/lib/rustlib/x86_64-unknown-linux-gnu/lib/libcore-d453bab70303062c.rlib" "/opt/rustwide/rustup-home/toolchains/nightly-2024-10-28-x86_64-unknown-linux-gnu/lib/rustlib/x86_64-unknown-linux-gnu/lib/libcompiler_builtins-0e6386368b0a24e8.rlib" "-Wl,-Bdynamic" "-lgcc_s" "-lutil" "-lrt" "-lpthread" "-lm" "-ldl" "-lc" "-B/opt/rustwide/rustup-home/toolchains/nightly-2024-10-28-x86_64-unknown-linux-gnu/lib/rustlib/x86_64-unknown-linux-gnu/bin/gcc-ld" "-fuse-ld=lld" "-Wl,--eh-frame-hdr" "-Wl,-z,noexecstack" "-L" "/opt/rustwide/rustup-home/toolchains/nightly-2024-10-28-x86_64-unknown-linux-gnu/lib/rustlib/x86_64-unknown-linux-gnu/lib" "-o" "/opt/rustwide/target/debug/deps/ceph_async-09dca509f64dfb4b" "-Wl,--gc-sections" "-pie" "-Wl,-z,relro,-z,now" "-nodefaultlibs"
[INFO] [stdout]   = note: rust-lld: error: unable to find library -lrados
[INFO] [stdout]           collect2: error: ld returned 1 exit status
[INFO] [stdout]           
[INFO] [stdout] 
[INFO] [stdout] 
[INFO] [stderr] error: could not compile `ceph-async` (lib test) due to 1 previous error; 5 warnings emitted
[INFO] running `Command { std: "docker" "inspect" "f3014190a9aabf76ecc29136a64901b5763916209fdbf7f5ec3aa152510eee65", kill_on_drop: false }`
[INFO] running `Command { std: "docker" "rm" "-f" "f3014190a9aabf76ecc29136a64901b5763916209fdbf7f5ec3aa152510eee65", kill_on_drop: false }`
[INFO] [stdout] f3014190a9aabf76ecc29136a64901b5763916209fdbf7f5ec3aa152510eee65
