[INFO] fetching crate celestia-types 0.6.1...
[INFO] testing celestia-types-0.6.1 against nightly-2024-10-28 for randomize-layout
[INFO] extracting crate celestia-types 0.6.1 into /workspace/builds/worker-3-tc1/source
[INFO] validating manifest of crates.io crate celestia-types 0.6.1 on toolchain nightly-2024-10-28
[INFO] running `Command { std: CARGO_HOME="/workspace/cargo-home" RUSTUP_HOME="/workspace/rustup-home" "/workspace/cargo-home/bin/cargo" "+nightly-2024-10-28" "metadata" "--manifest-path" "Cargo.toml" "--no-deps", kill_on_drop: false }`
[INFO] started tweaking crates.io crate celestia-types 0.6.1
[INFO] finished tweaking crates.io crate celestia-types 0.6.1
[INFO] tweaked toml for crates.io crate celestia-types 0.6.1 written to /workspace/builds/worker-3-tc1/source/Cargo.toml
[INFO] running `Command { std: CARGO_HOME="/workspace/cargo-home" RUSTUP_HOME="/workspace/rustup-home" "/workspace/cargo-home/bin/cargo" "+nightly-2024-10-28" "generate-lockfile" "--manifest-path" "Cargo.toml", kill_on_drop: false }`
[INFO] [stderr]     Updating crates.io index
[INFO] [stderr]      Locking 257 packages to latest compatible versions
[INFO] [stderr]       Adding celestia-proto v0.4.1 (available: v0.5.0)
[INFO] running `Command { std: CARGO_HOME="/workspace/cargo-home" RUSTUP_HOME="/workspace/rustup-home" "/workspace/cargo-home/bin/cargo" "+nightly-2024-10-28" "fetch" "--manifest-path" "Cargo.toml", kill_on_drop: false }`
[INFO] [stderr]  Downloading crates ...
[INFO] [stderr]   Downloaded wasm-bindgen-test v0.3.45
[INFO] [stderr]   Downloaded nmt-rs v0.2.3
[INFO] [stderr]   Downloaded wasm-bindgen-test-macro v0.3.45
[INFO] [stderr]   Downloaded ruint-macro v1.2.1
[INFO] [stderr]   Downloaded ruint v1.12.3
[INFO] [stderr]   Downloaded logos-derive v0.14.2
[INFO] [stderr]   Downloaded blockstore v0.7.0
[INFO] [stderr]   Downloaded minicov v0.3.6
[INFO] [stderr]   Downloaded cid v0.11.1
[INFO] [stderr]   Downloaded protox-parse v0.6.1
[INFO] [stderr]   Downloaded logos-codegen v0.14.2
[INFO] [stderr]   Downloaded prost-reflect v0.13.1
[INFO] [stderr]   Downloaded celestia-tendermint v0.32.3
[INFO] [stderr]   Downloaded leopard-codec v0.1.0
[INFO] [stderr]   Downloaded protox v0.6.1
[INFO] [stderr]   Downloaded celestia-proto v0.4.1
[INFO] [stderr]   Downloaded prost-types v0.13.3
[INFO] [stderr]   Downloaded celestia-tendermint-proto v0.32.3
[INFO] [stderr]   Downloaded subtle-ng v2.5.0
[INFO] [stderr]   Downloaded ed25519-consensus v2.1.0
[INFO] [stderr]   Downloaded alloy-rlp v0.3.9
[INFO] [stderr]   Downloaded curve25519-dalek-ng v4.1.1
[INFO] [stderr]   Downloaded logos v0.14.2
[INFO] running `Command { std: "docker" "create" "-v" "/var/lib/crater-agent-workspace/builds/worker-3-tc1/target:/opt/rustwide/target:rw,Z" "-v" "/var/lib/crater-agent-workspace/builds/worker-3-tc1/source:/opt/rustwide/workdir:ro,Z" "-v" "/var/lib/crater-agent-workspace/cargo-home:/opt/rustwide/cargo-home:ro,Z" "-v" "/var/lib/crater-agent-workspace/rustup-home:/opt/rustwide/rustup-home:ro,Z" "-e" "SOURCE_DIR=/opt/rustwide/workdir" "-e" "CARGO_TARGET_DIR=/opt/rustwide/target" "-e" "CARGO_HOME=/opt/rustwide/cargo-home" "-e" "RUSTUP_HOME=/opt/rustwide/rustup-home" "-w" "/opt/rustwide/workdir" "-m" "1610612736" "--user" "0:0" "--network" "none" "ghcr.io/rust-lang/crates-build-env/linux@sha256:4a844ea9eb2546a2d2c7022eacef16ef2e8229c7fbb2c7d4d55a9ceca922f72d" "/opt/rustwide/cargo-home/bin/cargo" "+nightly-2024-10-28" "metadata" "--no-deps" "--format-version=1", kill_on_drop: false }`
[INFO] [stdout] 617121fa7f76c684b15e5dce19fbc373b26f6e88f526c0d38ff246ee4bf9f68a
[INFO] running `Command { std: "docker" "start" "-a" "617121fa7f76c684b15e5dce19fbc373b26f6e88f526c0d38ff246ee4bf9f68a", kill_on_drop: false }`
[INFO] running `Command { std: "docker" "inspect" "617121fa7f76c684b15e5dce19fbc373b26f6e88f526c0d38ff246ee4bf9f68a", kill_on_drop: false }`
[INFO] running `Command { std: "docker" "rm" "-f" "617121fa7f76c684b15e5dce19fbc373b26f6e88f526c0d38ff246ee4bf9f68a", kill_on_drop: false }`
[INFO] [stdout] 617121fa7f76c684b15e5dce19fbc373b26f6e88f526c0d38ff246ee4bf9f68a
[INFO] running `Command { std: "docker" "create" "-v" "/var/lib/crater-agent-workspace/builds/worker-3-tc1/target:/opt/rustwide/target:rw,Z" "-v" "/var/lib/crater-agent-workspace/builds/worker-3-tc1/source:/opt/rustwide/workdir:ro,Z" "-v" "/var/lib/crater-agent-workspace/cargo-home:/opt/rustwide/cargo-home:ro,Z" "-v" "/var/lib/crater-agent-workspace/rustup-home:/opt/rustwide/rustup-home:ro,Z" "-e" "SOURCE_DIR=/opt/rustwide/workdir" "-e" "CARGO_TARGET_DIR=/opt/rustwide/target" "-e" "CARGO_INCREMENTAL=0" "-e" "RUST_BACKTRACE=full" "-e" "RUSTFLAGS=--cap-lints=forbid" "-e" "RUSTDOCFLAGS=--cap-lints=forbid" "-e" "CARGO_HOME=/opt/rustwide/cargo-home" "-e" "RUSTUP_HOME=/opt/rustwide/rustup-home" "-w" "/opt/rustwide/workdir" "-m" "1610612736" "--user" "0:0" "--network" "none" "ghcr.io/rust-lang/crates-build-env/linux@sha256:4a844ea9eb2546a2d2c7022eacef16ef2e8229c7fbb2c7d4d55a9ceca922f72d" "/opt/rustwide/cargo-home/bin/cargo" "+nightly-2024-10-28" "build" "--frozen" "--message-format=json", kill_on_drop: false }`
[INFO] [stdout] 1d119f1bfd60d8296b4ada24604df2cc0547ca67754bb2fbf80ba9ea1fd25bb0
[INFO] running `Command { std: "docker" "start" "-a" "1d119f1bfd60d8296b4ada24604df2cc0547ca67754bb2fbf80ba9ea1fd25bb0", kill_on_drop: false }`
[INFO] [stderr]    Compiling proc-macro2 v1.0.89
[INFO] [stderr]    Compiling unicode-ident v1.0.13
[INFO] [stderr]    Compiling either v1.13.0
[INFO] [stderr]    Compiling anyhow v1.0.92
[INFO] [stderr]    Compiling cfg-if v1.0.0
[INFO] [stderr]    Compiling once_cell v1.20.2
[INFO] [stderr]    Compiling version_check v0.9.5
[INFO] [stderr]    Compiling typenum v1.17.0
[INFO] [stderr]    Compiling serde v1.0.214
[INFO] [stderr]    Compiling thiserror v1.0.66
[INFO] [stderr]    Compiling regex-syntax v0.8.5
[INFO] [stderr]    Compiling syn v1.0.109
[INFO] [stderr]    Compiling autocfg v1.4.0
[INFO] [stderr]    Compiling lazy_static v1.5.0
[INFO] [stderr]    Compiling fnv v1.0.7
[INFO] [stderr]    Compiling beef v0.5.2
[INFO] [stderr]    Compiling bytes v1.8.0
[INFO] [stderr]    Compiling subtle v2.6.1
[INFO] [stderr]    Compiling memchr v2.7.4
[INFO] [stderr]    Compiling rustix v0.38.38
[INFO] [stderr]    Compiling unicode-width v0.1.14
[INFO] [stderr]    Compiling itertools v0.12.1
[INFO] [stderr]    Compiling cpufeatures v0.2.14
[INFO] [stderr]    Compiling itertools v0.13.0
[INFO] [stderr]    Compiling eyre v0.6.12
[INFO] [stderr]    Compiling data-encoding v2.6.0
[INFO] [stderr]    Compiling pin-project-lite v0.2.15
[INFO] [stderr]    Compiling prettyplease v0.2.25
[INFO] [stderr]    Compiling hashbrown v0.15.0
[INFO] [stderr]    Compiling generic-array v0.14.7
[INFO] [stderr]    Compiling paste v1.0.15
[INFO] [stderr]    Compiling linux-raw-sys v0.4.14
[INFO] [stderr]    Compiling bitflags v2.6.0
[INFO] [stderr]    Compiling byteorder v1.5.0
[INFO] [stderr]    Compiling equivalent v1.0.1
[INFO] [stderr]    Compiling num-traits v0.2.19
[INFO] [stderr]    Compiling core2 v0.4.0
[INFO] [stderr]    Compiling fastrand v2.1.1
[INFO] [stderr]    Compiling indenter v0.3.3
[INFO] [stderr]    Compiling powerfmt v0.2.0
[INFO] [stderr]    Compiling time-core v0.1.2
[INFO] [stderr]    Compiling num-conv v0.1.0
[INFO] [stderr]    Compiling libc v0.2.161
[INFO] [stderr]    Compiling tinyvec_macros v0.1.1
[INFO] [stderr]    Compiling fixedbitset v0.4.2
[INFO] [stderr]    Compiling unsigned-varint v0.8.0
[INFO] [stderr]    Compiling tinyvec v1.8.0
[INFO] [stderr]    Compiling quote v1.0.37
[INFO] [stderr]    Compiling time-macros v0.2.18
[INFO] [stderr]    Compiling indexmap v2.6.0
[INFO] [stderr]    Compiling multihash v0.19.2
[INFO] [stderr]    Compiling deranged v0.3.11
[INFO] [stderr]    Compiling syn v2.0.86
[INFO] [stderr]    Compiling lock_api v0.4.12
[INFO] [stderr]    Compiling crossbeam-utils v0.8.20
[INFO] [stderr]    Compiling base-x v0.2.11
[INFO] [stderr]    Compiling futures-sink v0.3.31
[INFO] [stderr]    Compiling log v0.4.22
[INFO] [stderr]    Compiling futures-core v0.3.31
[INFO] [stderr]    Compiling parking_lot_core v0.9.10
[INFO] [stderr]    Compiling block-buffer v0.10.4
[INFO] [stderr]    Compiling crypto-common v0.1.6
[INFO] [stderr]    Compiling petgraph v0.6.5
[INFO] [stderr]    Compiling digest v0.9.0
[INFO] [stderr]    Compiling heck v0.5.0
[INFO] [stderr]    Compiling multimap v0.10.0
[INFO] [stderr]    Compiling block-buffer v0.9.0
[INFO] [stderr]    Compiling unicode-normalization v0.1.24
[INFO] [stderr]    Compiling digest v0.10.7
[INFO] [stderr]    Compiling tracing-core v0.1.32
[INFO] [stderr]    Compiling unicode-bidi v0.3.17
[INFO] [stderr]    Compiling percent-encoding v2.3.1
[INFO] [stderr]    Compiling flex-error v0.4.4
[INFO] [stderr]    Compiling futures-task v0.3.31
[INFO] [stderr]    Compiling regex-automata v0.4.8
[INFO] [stderr]    Compiling sha2 v0.10.8
[INFO] [stderr]    Compiling hmac v0.12.1
[INFO] [stderr]    Compiling smallvec v1.13.2
[INFO] [stderr]    Compiling rand_core v0.6.4
[INFO] [stderr]    Compiling pin-utils v0.1.0
[INFO] [stderr]    Compiling opaque-debug v0.3.1
[INFO] [stderr]    Compiling serde_json v1.0.132
[INFO] [stderr]    Compiling scopeguard v1.2.0
[INFO] [stderr]    Compiling subtle-ng v2.5.0
[INFO] [stderr]    Compiling sha2 v0.9.9
[INFO] [stderr]    Compiling futures-util v0.3.31
[INFO] [stderr]    Compiling idna v0.5.0
[INFO] [stderr]    Compiling tempfile v3.13.0
[INFO] [stderr]    Compiling time v0.3.36
[INFO] [stderr]    Compiling hkdf v0.12.4
[INFO] [stderr]    Compiling form_urlencoded v1.2.1
[INFO] [stderr]    Compiling futures-channel v0.3.31
[INFO] [stderr]    Compiling quick-protobuf v0.8.1
[INFO] [stderr]    Compiling futures-io v0.3.31
[INFO] [stderr]    Compiling hex v0.4.3
[INFO] [stderr]    Compiling signature v2.2.0
[INFO] [stderr]    Compiling leopard-codec v0.1.0
[INFO] [stderr]    Compiling itoa v1.0.11
[INFO] [stderr]    Compiling ryu v1.0.18
[INFO] [stderr]    Compiling bs58 v0.5.1
[INFO] [stderr]    Compiling hashbrown v0.14.5
[INFO] [stderr]    Compiling unicode-xid v0.2.6
[INFO] [stderr]    Compiling url v2.5.2
[INFO] [stderr]    Compiling ed25519 v2.2.3
[INFO] [stderr]    Compiling ruint-macro v1.2.1
[INFO] [stderr]    Compiling const_format_proc_macros v0.2.33
[INFO] [stderr]    Compiling arrayref v0.3.9
[INFO] [stderr]    Compiling static_assertions v1.1.0
[INFO] [stderr]    Compiling bech32 v0.11.0
[INFO] [stderr]    Compiling base64 v0.22.1
[INFO] [stderr]    Compiling data-encoding-macro-internal v0.1.13
[INFO] [stderr]    Compiling num-derive v0.3.3
[INFO] [stderr]    Compiling const_format v0.2.33
[INFO] [stderr]    Compiling regex v1.11.1
[INFO] [stderr]    Compiling data-encoding-macro v0.1.15
[INFO] [stderr]    Compiling multibase v0.9.1
[INFO] [stderr]    Compiling dashmap v6.1.0
[INFO] [stderr]    Compiling cid v0.11.1
[INFO] [stderr]    Compiling futures v0.3.31
[INFO] [stderr]    Compiling logos-codegen v0.14.2
[INFO] [stderr]    Compiling serde_derive v1.0.214
[INFO] [stderr]    Compiling thiserror-impl v1.0.66
[INFO] [stderr]    Compiling prost-derive v0.12.6
[INFO] [stderr]    Compiling zeroize_derive v1.4.2
[INFO] [stderr]    Compiling miette-derive v7.2.0
[INFO] [stderr]    Compiling prost-derive v0.13.3
[INFO] [stderr]    Compiling tracing-attributes v0.1.27
[INFO] [stderr]    Compiling serde_repr v0.1.19
[INFO] [stderr]    Compiling enum_dispatch v0.3.13
[INFO] [stderr]    Compiling zeroize v1.8.1
[INFO] [stderr]    Compiling logos-derive v0.14.2
[INFO] [stderr]    Compiling subtle-encoding v0.5.1
[INFO] [stderr]    Compiling curve25519-dalek-ng v4.1.1
[INFO] [stderr]    Compiling logos v0.14.2
[INFO] [stderr]    Compiling miette v7.2.0
[INFO] [stderr]    Compiling blockstore v0.7.0
[INFO] [stderr]    Compiling tracing v0.1.40
[INFO] [stderr]    Compiling libp2p-identity v0.2.9
[INFO] [stderr]    Compiling prost v0.12.6
[INFO] [stderr]    Compiling ed25519-consensus v2.1.0
[INFO] [stderr]    Compiling prost-types v0.12.6
[INFO] [stderr]    Compiling protox-parse v0.6.1
[INFO] [stderr]    Compiling prost-reflect v0.13.1
[INFO] [stderr]    Compiling prost-build v0.12.6
[INFO] [stderr]    Compiling protox v0.6.1
[INFO] [stderr]    Compiling celestia-proto v0.4.1
[INFO] [stderr]    Compiling serde_bytes v0.11.15
[INFO] [stderr]    Compiling multiaddr v0.18.2
[INFO] [stderr]    Compiling ruint v1.12.3
[INFO] [stderr]    Compiling prost v0.13.3
[INFO] [stderr]    Compiling nmt-rs v0.2.3
[INFO] [stderr]    Compiling prost-types v0.13.3
[INFO] [stderr]    Compiling celestia-tendermint-proto v0.32.3
[INFO] [stderr]    Compiling celestia-tendermint v0.32.3
[INFO] [stdout] error[E0277]: the trait bound `celestia_tendermint_proto::v0_34::abci::Event: prost::Message` is not satisfied
[INFO] [stdout]     --> /opt/rustwide/target/debug/build/celestia-proto-f9c10a7dc50ea72d/out/cosmos.base.abci.v1beta1.rs:7:28
[INFO] [stdout]      |
[INFO] [stdout] 7    | #[derive(Clone, PartialEq, ::prost::Message)]
[INFO] [stdout]      |                            ^^^^^^^^^^^^^^^^ the trait `prost::Message` is not implemented for `celestia_tendermint_proto::v0_34::abci::Event`
[INFO] [stdout]      |
[INFO] [stdout]      = help: the following other types implement trait `prost::Message`:
[INFO] [stdout]                ()
[INFO] [stdout]                AbciMessageLog
[INFO] [stdout]                Annotation
[INFO] [stdout]                Api
[INFO] [stdout]                Attribute
[INFO] [stdout]                AuthInfo
[INFO] [stdout]                AuxSignerData
[INFO] [stdout]                BadEncoding
[INFO] [stdout]              and 154 others
[INFO] [stdout] note: required by a bound in `prost::encoding::message::encode`
[INFO] [stdout]     --> /opt/rustwide/cargo-home/registry/src/index.crates.io-6f17d22bba15001f/prost-0.12.6/src/encoding.rs:1060:12
[INFO] [stdout]      |
[INFO] [stdout] 1058 |     pub fn encode<M, B>(tag: u32, msg: &M, buf: &mut B)
[INFO] [stdout]      |            ------ required by a bound in this function
[INFO] [stdout] 1059 |     where
[INFO] [stdout] 1060 |         M: Message,
[INFO] [stdout]      |            ^^^^^^^ required by this bound in `encode`
[INFO] [stdout]      = note: this error originates in the derive macro `::prost::Message` (in Nightly builds, run with -Z macro-backtrace for more info)
[INFO] [stdout] 
[INFO] [stdout] 
[INFO] [stdout] error[E0277]: the trait bound `celestia_tendermint_proto::v0_34::abci::Event: prost::Message` is not satisfied
[INFO] [stdout]     --> /opt/rustwide/target/debug/build/celestia-proto-f9c10a7dc50ea72d/out/cosmos.base.abci.v1beta1.rs:7:28
[INFO] [stdout]      |
[INFO] [stdout] 7    | #[derive(Clone, PartialEq, ::prost::Message)]
[INFO] [stdout]      |                            ^^^^^^^^^^^^^^^^ the trait `prost::Message` is not implemented for `celestia_tendermint_proto::v0_34::abci::Event`
[INFO] [stdout]      |
[INFO] [stdout]      = help: the following other types implement trait `prost::Message`:
[INFO] [stdout]                ()
[INFO] [stdout]                AbciMessageLog
[INFO] [stdout]                Annotation
[INFO] [stdout]                Api
[INFO] [stdout]                Attribute
[INFO] [stdout]                AuthInfo
[INFO] [stdout]                AuxSignerData
[INFO] [stdout]                BadEncoding
[INFO] [stdout]              and 154 others
[INFO] [stdout] note: required by a bound in `prost::encoding::message::merge_repeated`
[INFO] [stdout]     --> /opt/rustwide/cargo-home/registry/src/index.crates.io-6f17d22bba15001f/prost-0.12.6/src/encoding.rs:1108:12
[INFO] [stdout]      |
[INFO] [stdout] 1101 |     pub fn merge_repeated<M, B>(
[INFO] [stdout]      |            -------------- required by a bound in this function
[INFO] [stdout] ...
[INFO] [stdout] 1108 |         M: Message + Default,
[INFO] [stdout]      |            ^^^^^^^ required by this bound in `merge_repeated`
[INFO] [stdout]      = note: this error originates in the derive macro `::prost::Message` (in Nightly builds, run with -Z macro-backtrace for more info)
[INFO] [stdout] 
[INFO] [stdout] 
[INFO] [stdout] error[E0277]: the trait bound `celestia_tendermint_proto::v0_34::abci::Event: prost::Message` is not satisfied
[INFO] [stdout]     --> /opt/rustwide/target/debug/build/celestia-proto-f9c10a7dc50ea72d/out/cosmos.base.abci.v1beta1.rs:7:28
[INFO] [stdout]      |
[INFO] [stdout] 7    | #[derive(Clone, PartialEq, ::prost::Message)]
[INFO] [stdout]      |                            ^^^^^^^^^^^^^^^^ the trait `prost::Message` is not implemented for `celestia_tendermint_proto::v0_34::abci::Event`
[INFO] [stdout]      |
[INFO] [stdout]      = help: the following other types implement trait `prost::Message`:
[INFO] [stdout]                ()
[INFO] [stdout]                AbciMessageLog
[INFO] [stdout]                Annotation
[INFO] [stdout]                Api
[INFO] [stdout]                Attribute
[INFO] [stdout]                AuthInfo
[INFO] [stdout]                AuxSignerData
[INFO] [stdout]                BadEncoding
[INFO] [stdout]              and 154 others
[INFO] [stdout] note: required by a bound in `prost::encoding::message::encoded_len_repeated`
[INFO] [stdout]     --> /opt/rustwide/cargo-home/registry/src/index.crates.io-6f17d22bba15001f/prost-0.12.6/src/encoding.rs:1130:12
[INFO] [stdout]      |
[INFO] [stdout] 1128 |     pub fn encoded_len_repeated<M>(tag: u32, messages: &[M]) -> usize
[INFO] [stdout]      |            -------------------- required by a bound in this function
[INFO] [stdout] 1129 |     where
[INFO] [stdout] 1130 |         M: Message,
[INFO] [stdout]      |            ^^^^^^^ required by this bound in `encoded_len_repeated`
[INFO] [stdout]      = note: this error originates in the derive macro `::prost::Message` (in Nightly builds, run with -Z macro-backtrace for more info)
[INFO] [stdout] 
[INFO] [stdout] 
[INFO] [stdout] error[E0277]: the trait bound `celestia_tendermint_proto::v0_34::abci::Event: prost::Message` is not satisfied
[INFO] [stdout]     --> /opt/rustwide/target/debug/build/celestia-proto-f9c10a7dc50ea72d/out/cosmos.base.abci.v1beta1.rs:114:28
[INFO] [stdout]      |
[INFO] [stdout] 114  | #[derive(Clone, PartialEq, ::prost::Message)]
[INFO] [stdout]      |                            ^^^^^^^^^^^^^^^^ the trait `prost::Message` is not implemented for `celestia_tendermint_proto::v0_34::abci::Event`
[INFO] [stdout]      |
[INFO] [stdout]      = help: the following other types implement trait `prost::Message`:
[INFO] [stdout]                ()
[INFO] [stdout]                AbciMessageLog
[INFO] [stdout]                Annotation
[INFO] [stdout]                Api
[INFO] [stdout]                Attribute
[INFO] [stdout]                AuthInfo
[INFO] [stdout]                AuxSignerData
[INFO] [stdout]                BadEncoding
[INFO] [stdout]              and 154 others
[INFO] [stdout] note: required by a bound in `prost::encoding::message::encode`
[INFO] [stdout]     --> /opt/rustwide/cargo-home/registry/src/index.crates.io-6f17d22bba15001f/prost-0.12.6/src/encoding.rs:1060:12
[INFO] [stdout]      |
[INFO] [stdout] 1058 |     pub fn encode<M, B>(tag: u32, msg: &M, buf: &mut B)
[INFO] [stdout]      |            ------ required by a bound in this function
[INFO] [stdout] 1059 |     where
[INFO] [stdout] 1060 |         M: Message,
[INFO] [stdout]      |            ^^^^^^^ required by this bound in `encode`
[INFO] [stdout]      = note: this error originates in the derive macro `::prost::Message` (in Nightly builds, run with -Z macro-backtrace for more info)
[INFO] [stdout] 
[INFO] [stdout] 
[INFO] [stdout] error[E0277]: the trait bound `celestia_tendermint_proto::v0_34::abci::Event: prost::Message` is not satisfied
[INFO] [stdout]     --> /opt/rustwide/target/debug/build/celestia-proto-f9c10a7dc50ea72d/out/cosmos.base.abci.v1beta1.rs:114:28
[INFO] [stdout]      |
[INFO] [stdout] 114  | #[derive(Clone, PartialEq, ::prost::Message)]
[INFO] [stdout]      |                            ^^^^^^^^^^^^^^^^ the trait `prost::Message` is not implemented for `celestia_tendermint_proto::v0_34::abci::Event`
[INFO] [stdout]      |
[INFO] [stdout]      = help: the following other types implement trait `prost::Message`:
[INFO] [stdout]                ()
[INFO] [stdout]                AbciMessageLog
[INFO] [stdout]                Annotation
[INFO] [stdout]                Api
[INFO] [stdout]                Attribute
[INFO] [stdout]                AuthInfo
[INFO] [stdout]                AuxSignerData
[INFO] [stdout]                BadEncoding
[INFO] [stdout]              and 154 others
[INFO] [stdout] note: required by a bound in `prost::encoding::message::merge_repeated`
[INFO] [stdout]     --> /opt/rustwide/cargo-home/registry/src/index.crates.io-6f17d22bba15001f/prost-0.12.6/src/encoding.rs:1108:12
[INFO] [stdout]      |
[INFO] [stdout] 1101 |     pub fn merge_repeated<M, B>(
[INFO] [stdout]      |            -------------- required by a bound in this function
[INFO] [stdout] ...
[INFO] [stdout] 1108 |         M: Message + Default,
[INFO] [stdout]      |            ^^^^^^^ required by this bound in `merge_repeated`
[INFO] [stdout]      = note: this error originates in the derive macro `::prost::Message` (in Nightly builds, run with -Z macro-backtrace for more info)
[INFO] [stdout] 
[INFO] [stdout] 
[INFO] [stdout] error[E0277]: the trait bound `celestia_tendermint_proto::v0_34::abci::Event: prost::Message` is not satisfied
[INFO] [stdout]     --> /opt/rustwide/target/debug/build/celestia-proto-f9c10a7dc50ea72d/out/cosmos.base.abci.v1beta1.rs:114:28
[INFO] [stdout]      |
[INFO] [stdout] 114  | #[derive(Clone, PartialEq, ::prost::Message)]
[INFO] [stdout]      |                            ^^^^^^^^^^^^^^^^ the trait `prost::Message` is not implemented for `celestia_tendermint_proto::v0_34::abci::Event`
[INFO] [stdout]      |
[INFO] [stdout]      = help: the following other types implement trait `prost::Message`:
[INFO] [stdout]                ()
[INFO] [stdout]                AbciMessageLog
[INFO] [stdout]                Annotation
[INFO] [stdout]                Api
[INFO] [stdout]                Attribute
[INFO] [stdout]                AuthInfo
[INFO] [stdout]                AuxSignerData
[INFO] [stdout]                BadEncoding
[INFO] [stdout]              and 154 others
[INFO] [stdout] note: required by a bound in `prost::encoding::message::encoded_len_repeated`
[INFO] [stdout]     --> /opt/rustwide/cargo-home/registry/src/index.crates.io-6f17d22bba15001f/prost-0.12.6/src/encoding.rs:1130:12
[INFO] [stdout]      |
[INFO] [stdout] 1128 |     pub fn encoded_len_repeated<M>(tag: u32, messages: &[M]) -> usize
[INFO] [stdout]      |            -------------------- required by a bound in this function
[INFO] [stdout] 1129 |     where
[INFO] [stdout] 1130 |         M: Message,
[INFO] [stdout]      |            ^^^^^^^ required by this bound in `encoded_len_repeated`
[INFO] [stdout]      = note: this error originates in the derive macro `::prost::Message` (in Nightly builds, run with -Z macro-backtrace for more info)
[INFO] [stdout] 
[INFO] [stdout] 
[INFO] [stdout] error[E0277]: the trait bound `celestia_tendermint_proto::v0_34::types::Header: prost::Message` is not satisfied
[INFO] [stdout]     --> /opt/rustwide/target/debug/build/celestia-proto-f9c10a7dc50ea72d/out/cosmos.staking.v1beta1.rs:7:28
[INFO] [stdout]      |
[INFO] [stdout] 7    | #[derive(Clone, PartialEq, ::prost::Message)]
[INFO] [stdout]      |                            ^^^^^^^^^^^^^^^^ the trait `prost::Message` is not implemented for `celestia_tendermint_proto::v0_34::types::Header`
[INFO] [stdout]      |
[INFO] [stdout]      = help: the following other types implement trait `prost::Message`:
[INFO] [stdout]                ()
[INFO] [stdout]                AbciMessageLog
[INFO] [stdout]                Annotation
[INFO] [stdout]                Api
[INFO] [stdout]                Attribute
[INFO] [stdout]                AuthInfo
[INFO] [stdout]                AuxSignerData
[INFO] [stdout]                BadEncoding
[INFO] [stdout]              and 154 others
[INFO] [stdout] note: required by a bound in `prost::encoding::message::encode`
[INFO] [stdout]     --> /opt/rustwide/cargo-home/registry/src/index.crates.io-6f17d22bba15001f/prost-0.12.6/src/encoding.rs:1060:12
[INFO] [stdout]      |
[INFO] [stdout] 1058 |     pub fn encode<M, B>(tag: u32, msg: &M, buf: &mut B)
[INFO] [stdout]      |            ------ required by a bound in this function
[INFO] [stdout] 1059 |     where
[INFO] [stdout] 1060 |         M: Message,
[INFO] [stdout]      |            ^^^^^^^ required by this bound in `encode`
[INFO] [stdout]      = note: this error originates in the derive macro `::prost::Message` (in Nightly builds, run with -Z macro-backtrace for more info)
[INFO] [stdout] 
[INFO] [stdout] 
[INFO] [stdout] error[E0277]: the trait bound `celestia_tendermint_proto::v0_34::types::Header: prost::Message` is not satisfied
[INFO] [stdout]     --> /opt/rustwide/target/debug/build/celestia-proto-f9c10a7dc50ea72d/out/cosmos.staking.v1beta1.rs:7:28
[INFO] [stdout]      |
[INFO] [stdout] 7    | #[derive(Clone, PartialEq, ::prost::Message)]
[INFO] [stdout]      |                            ^^^^^^^^^^^^^^^^ the trait `prost::Message` is not implemented for `celestia_tendermint_proto::v0_34::types::Header`
[INFO] [stdout]      |
[INFO] [stdout]      = help: the following other types implement trait `prost::Message`:
[INFO] [stdout]                ()
[INFO] [stdout]                AbciMessageLog
[INFO] [stdout]                Annotation
[INFO] [stdout]                Api
[INFO] [stdout]                Attribute
[INFO] [stdout]                AuthInfo
[INFO] [stdout]                AuxSignerData
[INFO] [stdout]                BadEncoding
[INFO] [stdout]              and 154 others
[INFO] [stdout] note: required by a bound in `prost::encoding::message::merge`
[INFO] [stdout]     --> /opt/rustwide/cargo-home/registry/src/index.crates.io-6f17d22bba15001f/prost-0.12.6/src/encoding.rs:1075:12
[INFO] [stdout]      |
[INFO] [stdout] 1068 |     pub fn merge<M, B>(
[INFO] [stdout]      |            ----- required by a bound in this function
[INFO] [stdout] ...
[INFO] [stdout] 1075 |         M: Message,
[INFO] [stdout]      |            ^^^^^^^ required by this bound in `merge`
[INFO] [stdout]      = note: this error originates in the derive macro `::prost::Message` (in Nightly builds, run with -Z macro-backtrace for more info)
[INFO] [stdout] 
[INFO] [stdout] 
[INFO] [stdout] error[E0277]: the trait bound `celestia_tendermint_proto::v0_34::types::Header: prost::Message` is not satisfied
[INFO] [stdout]     --> /opt/rustwide/target/debug/build/celestia-proto-f9c10a7dc50ea72d/out/cosmos.staking.v1beta1.rs:7:28
[INFO] [stdout]      |
[INFO] [stdout] 7    | #[derive(Clone, PartialEq, ::prost::Message)]
[INFO] [stdout]      |                            ^^^^^^^^^^^^^^^^ the trait `prost::Message` is not implemented for `celestia_tendermint_proto::v0_34::types::Header`
[INFO] [stdout]      |
[INFO] [stdout]      = help: the following other types implement trait `prost::Message`:
[INFO] [stdout]                ()
[INFO] [stdout]                AbciMessageLog
[INFO] [stdout]                Annotation
[INFO] [stdout]                Api
[INFO] [stdout]                Attribute
[INFO] [stdout]                AuthInfo
[INFO] [stdout]                AuxSignerData
[INFO] [stdout]                BadEncoding
[INFO] [stdout]              and 154 others
[INFO] [stdout] note: required by a bound in `prost::encoding::message::encoded_len`
[INFO] [stdout]     --> /opt/rustwide/cargo-home/registry/src/index.crates.io-6f17d22bba15001f/prost-0.12.6/src/encoding.rs:1121:12
[INFO] [stdout]      |
[INFO] [stdout] 1119 |     pub fn encoded_len<M>(tag: u32, msg: &M) -> usize
[INFO] [stdout]      |            ----------- required by a bound in this function
[INFO] [stdout] 1120 |     where
[INFO] [stdout] 1121 |         M: Message,
[INFO] [stdout]      |            ^^^^^^^ required by this bound in `encoded_len`
[INFO] [stdout]      = note: this error originates in the derive macro `::prost::Message` (in Nightly builds, run with -Z macro-backtrace for more info)
[INFO] [stdout] 
[INFO] [stdout] 
[INFO] [stdout] error[E0277]: the trait bound `celestia_tendermint_proto::google::protobuf::Timestamp: prost::Message` is not satisfied
[INFO] [stdout]     --> /opt/rustwide/target/debug/build/celestia-proto-f9c10a7dc50ea72d/out/cosmos.staking.v1beta1.rs:33:28
[INFO] [stdout]      |
[INFO] [stdout] 33   | #[derive(Clone, PartialEq, ::prost::Message)]
[INFO] [stdout]      |                            ^^^^^^^^^^^^^^^^ the trait `prost::Message` is not implemented for `celestia_tendermint_proto::google::protobuf::Timestamp`
[INFO] [stdout]      |
[INFO] [stdout]      = help: the following other types implement trait `prost::Message`:
[INFO] [stdout]                ()
[INFO] [stdout]                AbciMessageLog
[INFO] [stdout]                Annotation
[INFO] [stdout]                Api
[INFO] [stdout]                Attribute
[INFO] [stdout]                AuthInfo
[INFO] [stdout]                AuxSignerData
[INFO] [stdout]                BadEncoding
[INFO] [stdout]              and 154 others
[INFO] [stdout] note: required by a bound in `prost::encoding::message::encode`
[INFO] [stdout]     --> /opt/rustwide/cargo-home/registry/src/index.crates.io-6f17d22bba15001f/prost-0.12.6/src/encoding.rs:1060:12
[INFO] [stdout]      |
[INFO] [stdout] 1058 |     pub fn encode<M, B>(tag: u32, msg: &M, buf: &mut B)
[INFO] [stdout]      |            ------ required by a bound in this function
[INFO] [stdout] 1059 |     where
[INFO] [stdout] 1060 |         M: Message,
[INFO] [stdout]      |            ^^^^^^^ required by this bound in `encode`
[INFO] [stdout]      = note: this error originates in the derive macro `::prost::Message` (in Nightly builds, run with -Z macro-backtrace for more info)
[INFO] [stdout] 
[INFO] [stdout] 
[INFO] [stdout] error[E0277]: the trait bound `celestia_tendermint_proto::google::protobuf::Timestamp: prost::Message` is not satisfied
[INFO] [stdout]     --> /opt/rustwide/target/debug/build/celestia-proto-f9c10a7dc50ea72d/out/cosmos.staking.v1beta1.rs:33:28
[INFO] [stdout]      |
[INFO] [stdout] 33   | #[derive(Clone, PartialEq, ::prost::Message)]
[INFO] [stdout]      |                            ^^^^^^^^^^^^^^^^ the trait `prost::Message` is not implemented for `celestia_tendermint_proto::google::protobuf::Timestamp`
[INFO] [stdout]      |
[INFO] [stdout]      = help: the following other types implement trait `prost::Message`:
[INFO] [stdout]                ()
[INFO] [stdout]                AbciMessageLog
[INFO] [stdout]                Annotation
[INFO] [stdout]                Api
[INFO] [stdout]                Attribute
[INFO] [stdout]                AuthInfo
[INFO] [stdout]                AuxSignerData
[INFO] [stdout]                BadEncoding
[INFO] [stdout]              and 154 others
[INFO] [stdout] note: required by a bound in `prost::encoding::message::merge`
[INFO] [stdout]     --> /opt/rustwide/cargo-home/registry/src/index.crates.io-6f17d22bba15001f/prost-0.12.6/src/encoding.rs:1075:12
[INFO] [stdout]      |
[INFO] [stdout] 1068 |     pub fn merge<M, B>(
[INFO] [stdout]      |            ----- required by a bound in this function
[INFO] [stdout] ...
[INFO] [stdout] 1075 |         M: Message,
[INFO] [stdout]      |            ^^^^^^^ required by this bound in `merge`
[INFO] [stdout]      = note: this error originates in the derive macro `::prost::Message` (in Nightly builds, run with -Z macro-backtrace for more info)
[INFO] [stdout] 
[INFO] [stdout] 
[INFO] [stdout] error[E0277]: the trait bound `celestia_tendermint_proto::google::protobuf::Timestamp: prost::Message` is not satisfied
[INFO] [stdout]     --> /opt/rustwide/target/debug/build/celestia-proto-f9c10a7dc50ea72d/out/cosmos.staking.v1beta1.rs:33:28
[INFO] [stdout]      |
[INFO] [stdout] 33   | #[derive(Clone, PartialEq, ::prost::Message)]
[INFO] [stdout]      |                            ^^^^^^^^^^^^^^^^ the trait `prost::Message` is not implemented for `celestia_tendermint_proto::google::protobuf::Timestamp`
[INFO] [stdout]      |
[INFO] [stdout]      = help: the following other types implement trait `prost::Message`:
[INFO] [stdout]                ()
[INFO] [stdout]                AbciMessageLog
[INFO] [stdout]                Annotation
[INFO] [stdout]                Api
[INFO] [stdout]                Attribute
[INFO] [stdout]                AuthInfo
[INFO] [stdout]                AuxSignerData
[INFO] [stdout]                BadEncoding
[INFO] [stdout]              and 154 others
[INFO] [stdout] note: required by a bound in `prost::encoding::message::encoded_len`
[INFO] [stdout]     --> /opt/rustwide/cargo-home/registry/src/index.crates.io-6f17d22bba15001f/prost-0.12.6/src/encoding.rs:1121:12
[INFO] [stdout]      |
[INFO] [stdout] 1119 |     pub fn encoded_len<M>(tag: u32, msg: &M) -> usize
[INFO] [stdout]      |            ----------- required by a bound in this function
[INFO] [stdout] 1120 |     where
[INFO] [stdout] 1121 |         M: Message,
[INFO] [stdout]      |            ^^^^^^^ required by this bound in `encoded_len`
[INFO] [stdout]      = note: this error originates in the derive macro `::prost::Message` (in Nightly builds, run with -Z macro-backtrace for more info)
[INFO] [stdout] 
[INFO] [stdout] 
[INFO] [stdout] error[E0277]: the trait bound `celestia_tendermint_proto::google::protobuf::Timestamp: prost::Message` is not satisfied
[INFO] [stdout]     --> /opt/rustwide/target/debug/build/celestia-proto-f9c10a7dc50ea72d/out/cosmos.staking.v1beta1.rs:73:28
[INFO] [stdout]      |
[INFO] [stdout] 73   | #[derive(Clone, PartialEq, ::prost::Message)]
[INFO] [stdout]      |                            ^^^^^^^^^^^^^^^^ the trait `prost::Message` is not implemented for `celestia_tendermint_proto::google::protobuf::Timestamp`
[INFO] [stdout]      |
[INFO] [stdout]      = help: the following other types implement trait `prost::Message`:
[INFO] [stdout]                ()
[INFO] [stdout]                AbciMessageLog
[INFO] [stdout]                Annotation
[INFO] [stdout]                Api
[INFO] [stdout]                Attribute
[INFO] [stdout]                AuthInfo
[INFO] [stdout]                AuxSignerData
[INFO] [stdout]                BadEncoding
[INFO] [stdout]              and 154 others
[INFO] [stdout] note: required by a bound in `prost::encoding::message::encode`
[INFO] [stdout]     --> /opt/rustwide/cargo-home/registry/src/index.crates.io-6f17d22bba15001f/prost-0.12.6/src/encoding.rs:1060:12
[INFO] [stdout]      |
[INFO] [stdout] 1058 |     pub fn encode<M, B>(tag: u32, msg: &M, buf: &mut B)
[INFO] [stdout]      |            ------ required by a bound in this function
[INFO] [stdout] 1059 |     where
[INFO] [stdout] 1060 |         M: Message,
[INFO] [stdout]      |            ^^^^^^^ required by this bound in `encode`
[INFO] [stdout]      = note: this error originates in the derive macro `::prost::Message` (in Nightly builds, run with -Z macro-backtrace for more info)
[INFO] [stdout] 
[INFO] [stdout] 
[INFO] [stdout] error[E0277]: the trait bound `celestia_tendermint_proto::google::protobuf::Timestamp: prost::Message` is not satisfied
[INFO] [stdout]     --> /opt/rustwide/target/debug/build/celestia-proto-f9c10a7dc50ea72d/out/cosmos.staking.v1beta1.rs:73:28
[INFO] [stdout]      |
[INFO] [stdout] 73   | #[derive(Clone, PartialEq, ::prost::Message)]
[INFO] [stdout]      |                            ^^^^^^^^^^^^^^^^ the trait `prost::Message` is not implemented for `celestia_tendermint_proto::google::protobuf::Timestamp`
[INFO] [stdout]      |
[INFO] [stdout]      = help: the following other types implement trait `prost::Message`:
[INFO] [stdout]                ()
[INFO] [stdout]                AbciMessageLog
[INFO] [stdout]                Annotation
[INFO] [stdout]                Api
[INFO] [stdout]                Attribute
[INFO] [stdout]                AuthInfo
[INFO] [stdout]                AuxSignerData
[INFO] [stdout]                BadEncoding
[INFO] [stdout]              and 154 others
[INFO] [stdout] note: required by a bound in `prost::encoding::message::merge`
[INFO] [stdout]     --> /opt/rustwide/cargo-home/registry/src/index.crates.io-6f17d22bba15001f/prost-0.12.6/src/encoding.rs:1075:12
[INFO] [stdout]      |
[INFO] [stdout] 1068 |     pub fn merge<M, B>(
[INFO] [stdout]      |            ----- required by a bound in this function
[INFO] [stdout] ...
[INFO] [stdout] 1075 |         M: Message,
[INFO] [stdout]      |            ^^^^^^^ required by this bound in `merge`
[INFO] [stdout]      = note: this error originates in the derive macro `::prost::Message` (in Nightly builds, run with -Z macro-backtrace for more info)
[INFO] [stdout] 
[INFO] [stdout] 
[INFO] [stdout] error[E0277]: the trait bound `celestia_tendermint_proto::google::protobuf::Timestamp: prost::Message` is not satisfied
[INFO] [stdout]     --> /opt/rustwide/target/debug/build/celestia-proto-f9c10a7dc50ea72d/out/cosmos.staking.v1beta1.rs:73:28
[INFO] [stdout]      |
[INFO] [stdout] 73   | #[derive(Clone, PartialEq, ::prost::Message)]
[INFO] [stdout]      |                            ^^^^^^^^^^^^^^^^ the trait `prost::Message` is not implemented for `celestia_tendermint_proto::google::protobuf::Timestamp`
[INFO] [stdout]      |
[INFO] [stdout]      = help: the following other types implement trait `prost::Message`:
[INFO] [stdout]                ()
[INFO] [stdout]                AbciMessageLog
[INFO] [stdout]                Annotation
[INFO] [stdout]                Api
[INFO] [stdout]                Attribute
[INFO] [stdout]                AuthInfo
[INFO] [stdout]                AuxSignerData
[INFO] [stdout]                BadEncoding
[INFO] [stdout]              and 154 others
[INFO] [stdout] note: required by a bound in `prost::encoding::message::encoded_len`
[INFO] [stdout]     --> /opt/rustwide/cargo-home/registry/src/index.crates.io-6f17d22bba15001f/prost-0.12.6/src/encoding.rs:1121:12
[INFO] [stdout]      |
[INFO] [stdout] 1119 |     pub fn encoded_len<M>(tag: u32, msg: &M) -> usize
[INFO] [stdout]      |            ----------- required by a bound in this function
[INFO] [stdout] 1120 |     where
[INFO] [stdout] 1121 |         M: Message,
[INFO] [stdout]      |            ^^^^^^^ required by this bound in `encoded_len`
[INFO] [stdout]      = note: this error originates in the derive macro `::prost::Message` (in Nightly builds, run with -Z macro-backtrace for more info)
[INFO] [stdout] 
[INFO] [stdout] 
[INFO] [stdout] error[E0277]: the trait bound `celestia_tendermint_proto::google::protobuf::Timestamp: prost::Message` is not satisfied
[INFO] [stdout]     --> /opt/rustwide/target/debug/build/celestia-proto-f9c10a7dc50ea72d/out/cosmos.staking.v1beta1.rs:200:28
[INFO] [stdout]      |
[INFO] [stdout] 200  | #[derive(Clone, PartialEq, ::prost::Message)]
[INFO] [stdout]      |                            ^^^^^^^^^^^^^^^^ the trait `prost::Message` is not implemented for `celestia_tendermint_proto::google::protobuf::Timestamp`
[INFO] [stdout]      |
[INFO] [stdout]      = help: the following other types implement trait `prost::Message`:
[INFO] [stdout]                ()
[INFO] [stdout]                AbciMessageLog
[INFO] [stdout]                Annotation
[INFO] [stdout]                Api
[INFO] [stdout]                Attribute
[INFO] [stdout]                AuthInfo
[INFO] [stdout]                AuxSignerData
[INFO] [stdout]                BadEncoding
[INFO] [stdout]              and 154 others
[INFO] [stdout] note: required by a bound in `prost::encoding::message::encode`
[INFO] [stdout]     --> /opt/rustwide/cargo-home/registry/src/index.crates.io-6f17d22bba15001f/prost-0.12.6/src/encoding.rs:1060:12
[INFO] [stdout]      |
[INFO] [stdout] 1058 |     pub fn encode<M, B>(tag: u32, msg: &M, buf: &mut B)
[INFO] [stdout]      |            ------ required by a bound in this function
[INFO] [stdout] 1059 |     where
[INFO] [stdout] 1060 |         M: Message,
[INFO] [stdout]      |            ^^^^^^^ required by this bound in `encode`
[INFO] [stdout]      = note: this error originates in the derive macro `::prost::Message` (in Nightly builds, run with -Z macro-backtrace for more info)
[INFO] [stdout] 
[INFO] [stdout] 
[INFO] [stdout] error[E0277]: the trait bound `celestia_tendermint_proto::google::protobuf::Timestamp: prost::Message` is not satisfied
[INFO] [stdout]     --> /opt/rustwide/target/debug/build/celestia-proto-f9c10a7dc50ea72d/out/cosmos.staking.v1beta1.rs:200:28
[INFO] [stdout]      |
[INFO] [stdout] 200  | #[derive(Clone, PartialEq, ::prost::Message)]
[INFO] [stdout]      |                            ^^^^^^^^^^^^^^^^ the trait `prost::Message` is not implemented for `celestia_tendermint_proto::google::protobuf::Timestamp`
[INFO] [stdout]      |
[INFO] [stdout]      = help: the following other types implement trait `prost::Message`:
[INFO] [stdout]                ()
[INFO] [stdout]                AbciMessageLog
[INFO] [stdout]                Annotation
[INFO] [stdout]                Api
[INFO] [stdout]                Attribute
[INFO] [stdout]                AuthInfo
[INFO] [stdout]                AuxSignerData
[INFO] [stdout]                BadEncoding
[INFO] [stdout]              and 154 others
[INFO] [stdout] note: required by a bound in `prost::encoding::message::merge`
[INFO] [stdout]     --> /opt/rustwide/cargo-home/registry/src/index.crates.io-6f17d22bba15001f/prost-0.12.6/src/encoding.rs:1075:12
[INFO] [stdout]      |
[INFO] [stdout] 1068 |     pub fn merge<M, B>(
[INFO] [stdout]      |            ----- required by a bound in this function
[INFO] [stdout] ...
[INFO] [stdout] 1075 |         M: Message,
[INFO] [stdout]      |            ^^^^^^^ required by this bound in `merge`
[INFO] [stdout]      = note: this error originates in the derive macro `::prost::Message` (in Nightly builds, run with -Z macro-backtrace for more info)
[INFO] [stdout] 
[INFO] [stdout] 
[INFO] [stdout] error[E0277]: the trait bound `celestia_tendermint_proto::google::protobuf::Timestamp: prost::Message` is not satisfied
[INFO] [stdout]     --> /opt/rustwide/target/debug/build/celestia-proto-f9c10a7dc50ea72d/out/cosmos.staking.v1beta1.rs:200:28
[INFO] [stdout]      |
[INFO] [stdout] 200  | #[derive(Clone, PartialEq, ::prost::Message)]
[INFO] [stdout]      |                            ^^^^^^^^^^^^^^^^ the trait `prost::Message` is not implemented for `celestia_tendermint_proto::google::protobuf::Timestamp`
[INFO] [stdout]      |
[INFO] [stdout]      = help: the following other types implement trait `prost::Message`:
[INFO] [stdout]                ()
[INFO] [stdout]                AbciMessageLog
[INFO] [stdout]                Annotation
[INFO] [stdout]                Api
[INFO] [stdout]                Attribute
[INFO] [stdout]                AuthInfo
[INFO] [stdout]                AuxSignerData
[INFO] [stdout]                BadEncoding
[INFO] [stdout]              and 154 others
[INFO] [stdout] note: required by a bound in `prost::encoding::message::encoded_len`
[INFO] [stdout]     --> /opt/rustwide/cargo-home/registry/src/index.crates.io-6f17d22bba15001f/prost-0.12.6/src/encoding.rs:1121:12
[INFO] [stdout]      |
[INFO] [stdout] 1119 |     pub fn encoded_len<M>(tag: u32, msg: &M) -> usize
[INFO] [stdout]      |            ----------- required by a bound in this function
[INFO] [stdout] 1120 |     where
[INFO] [stdout] 1121 |         M: Message,
[INFO] [stdout]      |            ^^^^^^^ required by this bound in `encoded_len`
[INFO] [stdout]      = note: this error originates in the derive macro `::prost::Message` (in Nightly builds, run with -Z macro-backtrace for more info)
[INFO] [stdout] 
[INFO] [stdout] 
[INFO] [stdout] error[E0277]: the trait bound `celestia_tendermint_proto::google::protobuf::Timestamp: prost::Message` is not satisfied
[INFO] [stdout]     --> /opt/rustwide/target/debug/build/celestia-proto-f9c10a7dc50ea72d/out/cosmos.staking.v1beta1.rs:222:28
[INFO] [stdout]      |
[INFO] [stdout] 222  | #[derive(Clone, PartialEq, ::prost::Message)]
[INFO] [stdout]      |                            ^^^^^^^^^^^^^^^^ the trait `prost::Message` is not implemented for `celestia_tendermint_proto::google::protobuf::Timestamp`
[INFO] [stdout]      |
[INFO] [stdout]      = help: the following other types implement trait `prost::Message`:
[INFO] [stdout]                ()
[INFO] [stdout]                AbciMessageLog
[INFO] [stdout]                Annotation
[INFO] [stdout]                Api
[INFO] [stdout]                Attribute
[INFO] [stdout]                AuthInfo
[INFO] [stdout]                AuxSignerData
[INFO] [stdout]                BadEncoding
[INFO] [stdout]              and 154 others
[INFO] [stdout] note: required by a bound in `prost::encoding::message::encode`
[INFO] [stdout]     --> /opt/rustwide/cargo-home/registry/src/index.crates.io-6f17d22bba15001f/prost-0.12.6/src/encoding.rs:1060:12
[INFO] [stdout]      |
[INFO] [stdout] 1058 |     pub fn encode<M, B>(tag: u32, msg: &M, buf: &mut B)
[INFO] [stdout]      |            ------ required by a bound in this function
[INFO] [stdout] 1059 |     where
[INFO] [stdout] 1060 |         M: Message,
[INFO] [stdout]      |            ^^^^^^^ required by this bound in `encode`
[INFO] [stdout]      = note: this error originates in the derive macro `::prost::Message` (in Nightly builds, run with -Z macro-backtrace for more info)
[INFO] [stdout] 
[INFO] [stdout] 
[INFO] [stdout] error[E0277]: the trait bound `celestia_tendermint_proto::google::protobuf::Timestamp: prost::Message` is not satisfied
[INFO] [stdout]     --> /opt/rustwide/target/debug/build/celestia-proto-f9c10a7dc50ea72d/out/cosmos.staking.v1beta1.rs:222:28
[INFO] [stdout]      |
[INFO] [stdout] 222  | #[derive(Clone, PartialEq, ::prost::Message)]
[INFO] [stdout]      |                            ^^^^^^^^^^^^^^^^ the trait `prost::Message` is not implemented for `celestia_tendermint_proto::google::protobuf::Timestamp`
[INFO] [stdout]      |
[INFO] [stdout]      = help: the following other types implement trait `prost::Message`:
[INFO] [stdout]                ()
[INFO] [stdout]                AbciMessageLog
[INFO] [stdout]                Annotation
[INFO] [stdout]                Api
[INFO] [stdout]                Attribute
[INFO] [stdout]                AuthInfo
[INFO] [stdout]                AuxSignerData
[INFO] [stdout]                BadEncoding
[INFO] [stdout]              and 154 others
[INFO] [stdout] note: required by a bound in `prost::encoding::message::merge`
[INFO] [stdout]     --> /opt/rustwide/cargo-home/registry/src/index.crates.io-6f17d22bba15001f/prost-0.12.6/src/encoding.rs:1075:12
[INFO] [stdout]      |
[INFO] [stdout] 1068 |     pub fn merge<M, B>(
[INFO] [stdout]      |            ----- required by a bound in this function
[INFO] [stdout] ...
[INFO] [stdout] 1075 |         M: Message,
[INFO] [stdout]      |            ^^^^^^^ required by this bound in `merge`
[INFO] [stdout]      = note: this error originates in the derive macro `::prost::Message` (in Nightly builds, run with -Z macro-backtrace for more info)
[INFO] [stdout] 
[INFO] [stdout] 
[INFO] [stdout] error[E0277]: the trait bound `celestia_tendermint_proto::google::protobuf::Timestamp: prost::Message` is not satisfied
[INFO] [stdout]     --> /opt/rustwide/target/debug/build/celestia-proto-f9c10a7dc50ea72d/out/cosmos.staking.v1beta1.rs:222:28
[INFO] [stdout]      |
[INFO] [stdout] 222  | #[derive(Clone, PartialEq, ::prost::Message)]
[INFO] [stdout]      |                            ^^^^^^^^^^^^^^^^ the trait `prost::Message` is not implemented for `celestia_tendermint_proto::google::protobuf::Timestamp`
[INFO] [stdout]      |
[INFO] [stdout]      = help: the following other types implement trait `prost::Message`:
[INFO] [stdout]                ()
[INFO] [stdout]                AbciMessageLog
[INFO] [stdout]                Annotation
[INFO] [stdout]                Api
[INFO] [stdout]                Attribute
[INFO] [stdout]                AuthInfo
[INFO] [stdout]                AuxSignerData
[INFO] [stdout]                BadEncoding
[INFO] [stdout]              and 154 others
[INFO] [stdout] note: required by a bound in `prost::encoding::message::encoded_len`
[INFO] [stdout]     --> /opt/rustwide/cargo-home/registry/src/index.crates.io-6f17d22bba15001f/prost-0.12.6/src/encoding.rs:1121:12
[INFO] [stdout]      |
[INFO] [stdout] 1119 |     pub fn encoded_len<M>(tag: u32, msg: &M) -> usize
[INFO] [stdout]      |            ----------- required by a bound in this function
[INFO] [stdout] 1120 |     where
[INFO] [stdout] 1121 |         M: Message,
[INFO] [stdout]      |            ^^^^^^^ required by this bound in `encoded_len`
[INFO] [stdout]      = note: this error originates in the derive macro `::prost::Message` (in Nightly builds, run with -Z macro-backtrace for more info)
[INFO] [stdout] 
[INFO] [stdout] 
[INFO] [stdout] error[E0277]: the trait bound `celestia_tendermint_proto::google::protobuf::Duration: prost::Message` is not satisfied
[INFO] [stdout]     --> /opt/rustwide/target/debug/build/celestia-proto-f9c10a7dc50ea72d/out/cosmos.staking.v1beta1.rs:264:28
[INFO] [stdout]      |
[INFO] [stdout] 264  | #[derive(Clone, PartialEq, ::prost::Message)]
[INFO] [stdout]      |                            ^^^^^^^^^^^^^^^^ the trait `prost::Message` is not implemented for `celestia_tendermint_proto::google::protobuf::Duration`
[INFO] [stdout]      |
[INFO] [stdout]      = help: the following other types implement trait `prost::Message`:
[INFO] [stdout]                ()
[INFO] [stdout]                AbciMessageLog
[INFO] [stdout]                Annotation
[INFO] [stdout]                Api
[INFO] [stdout]                Attribute
[INFO] [stdout]                AuthInfo
[INFO] [stdout]                AuxSignerData
[INFO] [stdout]                BadEncoding
[INFO] [stdout]              and 154 others
[INFO] [stdout] note: required by a bound in `prost::encoding::message::encode`
[INFO] [stdout]     --> /opt/rustwide/cargo-home/registry/src/index.crates.io-6f17d22bba15001f/prost-0.12.6/src/encoding.rs:1060:12
[INFO] [stdout]      |
[INFO] [stdout] 1058 |     pub fn encode<M, B>(tag: u32, msg: &M, buf: &mut B)
[INFO] [stdout]      |            ------ required by a bound in this function
[INFO] [stdout] 1059 |     where
[INFO] [stdout] 1060 |         M: Message,
[INFO] [stdout]      |            ^^^^^^^ required by this bound in `encode`
[INFO] [stdout]      = note: this error originates in the derive macro `::prost::Message` (in Nightly builds, run with -Z macro-backtrace for more info)
[INFO] [stdout] 
[INFO] [stdout] 
[INFO] [stdout] error[E0277]: the trait bound `celestia_tendermint_proto::google::protobuf::Duration: prost::Message` is not satisfied
[INFO] [stdout]     --> /opt/rustwide/target/debug/build/celestia-proto-f9c10a7dc50ea72d/out/cosmos.staking.v1beta1.rs:264:28
[INFO] [stdout]      |
[INFO] [stdout] 264  | #[derive(Clone, PartialEq, ::prost::Message)]
[INFO] [stdout]      |                            ^^^^^^^^^^^^^^^^ the trait `prost::Message` is not implemented for `celestia_tendermint_proto::google::protobuf::Duration`
[INFO] [stdout]      |
[INFO] [stdout]      = help: the following other types implement trait `prost::Message`:
[INFO] [stdout]                ()
[INFO] [stdout]                AbciMessageLog
[INFO] [stdout]                Annotation
[INFO] [stdout]                Api
[INFO] [stdout]                Attribute
[INFO] [stdout]                AuthInfo
[INFO] [stdout]                AuxSignerData
[INFO] [stdout]                BadEncoding
[INFO] [stdout]              and 154 others
[INFO] [stdout] note: required by a bound in `prost::encoding::message::merge`
[INFO] [stdout]     --> /opt/rustwide/cargo-home/registry/src/index.crates.io-6f17d22bba15001f/prost-0.12.6/src/encoding.rs:1075:12
[INFO] [stdout]      |
[INFO] [stdout] 1068 |     pub fn merge<M, B>(
[INFO] [stdout]      |            ----- required by a bound in this function
[INFO] [stdout] ...
[INFO] [stdout] 1075 |         M: Message,
[INFO] [stdout]      |            ^^^^^^^ required by this bound in `merge`
[INFO] [stdout]      = note: this error originates in the derive macro `::prost::Message` (in Nightly builds, run with -Z macro-backtrace for more info)
[INFO] [stdout] 
[INFO] [stdout] 
[INFO] [stdout] error[E0277]: the trait bound `celestia_tendermint_proto::google::protobuf::Duration: prost::Message` is not satisfied
[INFO] [stdout]     --> /opt/rustwide/target/debug/build/celestia-proto-f9c10a7dc50ea72d/out/cosmos.staking.v1beta1.rs:264:28
[INFO] [stdout]      |
[INFO] [stdout] 264  | #[derive(Clone, PartialEq, ::prost::Message)]
[INFO] [stdout]      |                            ^^^^^^^^^^^^^^^^ the trait `prost::Message` is not implemented for `celestia_tendermint_proto::google::protobuf::Duration`
[INFO] [stdout]      |
[INFO] [stdout]      = help: the following other types implement trait `prost::Message`:
[INFO] [stdout]                ()
[INFO] [stdout]                AbciMessageLog
[INFO] [stdout]                Annotation
[INFO] [stdout]                Api
[INFO] [stdout]                Attribute
[INFO] [stdout]                AuthInfo
[INFO] [stdout]                AuxSignerData
[INFO] [stdout]                BadEncoding
[INFO] [stdout]              and 154 others
[INFO] [stdout] note: required by a bound in `prost::encoding::message::encoded_len`
[INFO] [stdout]     --> /opt/rustwide/cargo-home/registry/src/index.crates.io-6f17d22bba15001f/prost-0.12.6/src/encoding.rs:1121:12
[INFO] [stdout]      |
[INFO] [stdout] 1119 |     pub fn encoded_len<M>(tag: u32, msg: &M) -> usize
[INFO] [stdout]      |            ----------- required by a bound in this function
[INFO] [stdout] 1120 |     where
[INFO] [stdout] 1121 |         M: Message,
[INFO] [stdout]      |            ^^^^^^^ required by this bound in `encoded_len`
[INFO] [stdout]      = note: this error originates in the derive macro `::prost::Message` (in Nightly builds, run with -Z macro-backtrace for more info)
[INFO] [stdout] 
[INFO] [stdout] 
[INFO] [stdout] error[E0277]: the trait bound `celestia_tendermint_proto::v0_34::types::Header: prost::Message` is not satisfied
[INFO] [stdout]     --> /opt/rustwide/target/debug/build/celestia-proto-f9c10a7dc50ea72d/out/header.pb.rs:5:28
[INFO] [stdout]      |
[INFO] [stdout] 5    | #[derive(Clone, PartialEq, ::prost::Message)]
[INFO] [stdout]      |                            ^^^^^^^^^^^^^^^^ the trait `prost::Message` is not implemented for `celestia_tendermint_proto::v0_34::types::Header`
[INFO] [stdout]      |
[INFO] [stdout]      = help: the following other types implement trait `prost::Message`:
[INFO] [stdout]                ()
[INFO] [stdout]                AbciMessageLog
[INFO] [stdout]                Annotation
[INFO] [stdout]                Api
[INFO] [stdout]                Attribute
[INFO] [stdout]                AuthInfo
[INFO] [stdout]                AuxSignerData
[INFO] [stdout]                BadEncoding
[INFO] [stdout]              and 154 others
[INFO] [stdout] note: required by a bound in `prost::encoding::message::encode`
[INFO] [stdout]     --> /opt/rustwide/cargo-home/registry/src/index.crates.io-6f17d22bba15001f/prost-0.12.6/src/encoding.rs:1060:12
[INFO] [stdout]      |
[INFO] [stdout] 1058 |     pub fn encode<M, B>(tag: u32, msg: &M, buf: &mut B)
[INFO] [stdout]      |            ------ required by a bound in this function
[INFO] [stdout] 1059 |     where
[INFO] [stdout] 1060 |         M: Message,
[INFO] [stdout]      |            ^^^^^^^ required by this bound in `encode`
[INFO] [stdout]      = note: this error originates in the derive macro `::prost::Message` (in Nightly builds, run with -Z macro-backtrace for more info)
[INFO] [stdout] 
[INFO] [stdout] 
[INFO] [stdout] error[E0277]: the trait bound `celestia_tendermint_proto::v0_34::types::Commit: prost::Message` is not satisfied
[INFO] [stdout]     --> /opt/rustwide/target/debug/build/celestia-proto-f9c10a7dc50ea72d/out/header.pb.rs:5:28
[INFO] [stdout]      |
[INFO] [stdout] 5    | #[derive(Clone, PartialEq, ::prost::Message)]
[INFO] [stdout]      |                            ^^^^^^^^^^^^^^^^ the trait `prost::Message` is not implemented for `celestia_tendermint_proto::v0_34::types::Commit`
[INFO] [stdout]      |
[INFO] [stdout]      = help: the following other types implement trait `prost::Message`:
[INFO] [stdout]                ()
[INFO] [stdout]                AbciMessageLog
[INFO] [stdout]                Annotation
[INFO] [stdout]                Api
[INFO] [stdout]                Attribute
[INFO] [stdout]                AuthInfo
[INFO] [stdout]                AuxSignerData
[INFO] [stdout]                BadEncoding
[INFO] [stdout]              and 154 others
[INFO] [stdout] note: required by a bound in `prost::encoding::message::encode`
[INFO] [stdout]     --> /opt/rustwide/cargo-home/registry/src/index.crates.io-6f17d22bba15001f/prost-0.12.6/src/encoding.rs:1060:12
[INFO] [stdout]      |
[INFO] [stdout] 1058 |     pub fn encode<M, B>(tag: u32, msg: &M, buf: &mut B)
[INFO] [stdout]      |            ------ required by a bound in this function
[INFO] [stdout] 1059 |     where
[INFO] [stdout] 1060 |         M: Message,
[INFO] [stdout]      |            ^^^^^^^ required by this bound in `encode`
[INFO] [stdout]      = note: this error originates in the derive macro `::prost::Message` (in Nightly builds, run with -Z macro-backtrace for more info)
[INFO] [stdout] 
[INFO] [stdout] 
[INFO] [stdout] error[E0277]: the trait bound `celestia_tendermint_proto::v0_34::types::ValidatorSet: prost::Message` is not satisfied
[INFO] [stdout]     --> /opt/rustwide/target/debug/build/celestia-proto-f9c10a7dc50ea72d/out/header.pb.rs:5:28
[INFO] [stdout]      |
[INFO] [stdout] 5    | #[derive(Clone, PartialEq, ::prost::Message)]
[INFO] [stdout]      |                            ^^^^^^^^^^^^^^^^ the trait `prost::Message` is not implemented for `celestia_tendermint_proto::v0_34::types::ValidatorSet`
[INFO] [stdout]      |
[INFO] [stdout]      = help: the following other types implement trait `prost::Message`:
[INFO] [stdout]                ()
[INFO] [stdout]                AbciMessageLog
[INFO] [stdout]                Annotation
[INFO] [stdout]                Api
[INFO] [stdout]                Attribute
[INFO] [stdout]                AuthInfo
[INFO] [stdout]                AuxSignerData
[INFO] [stdout]                BadEncoding
[INFO] [stdout]              and 154 others
[INFO] [stdout] note: required by a bound in `prost::encoding::message::encode`
[INFO] [stdout]     --> /opt/rustwide/cargo-home/registry/src/index.crates.io-6f17d22bba15001f/prost-0.12.6/src/encoding.rs:1060:12
[INFO] [stdout]      |
[INFO] [stdout] 1058 |     pub fn encode<M, B>(tag: u32, msg: &M, buf: &mut B)
[INFO] [stdout]      |            ------ required by a bound in this function
[INFO] [stdout] 1059 |     where
[INFO] [stdout] 1060 |         M: Message,
[INFO] [stdout]      |            ^^^^^^^ required by this bound in `encode`
[INFO] [stdout]      = note: this error originates in the derive macro `::prost::Message` (in Nightly builds, run with -Z macro-backtrace for more info)
[INFO] [stdout] 
[INFO] [stdout] 
[INFO] [stdout] error[E0277]: the trait bound `celestia_tendermint_proto::v0_34::types::Header: prost::Message` is not satisfied
[INFO] [stdout]     --> /opt/rustwide/target/debug/build/celestia-proto-f9c10a7dc50ea72d/out/header.pb.rs:5:28
[INFO] [stdout]      |
[INFO] [stdout] 5    | #[derive(Clone, PartialEq, ::prost::Message)]
[INFO] [stdout]      |                            ^^^^^^^^^^^^^^^^ the trait `prost::Message` is not implemented for `celestia_tendermint_proto::v0_34::types::Header`
[INFO] [stdout]      |
[INFO] [stdout]      = help: the following other types implement trait `prost::Message`:
[INFO] [stdout]                ()
[INFO] [stdout]                AbciMessageLog
[INFO] [stdout]                Annotation
[INFO] [stdout]                Api
[INFO] [stdout]                Attribute
[INFO] [stdout]                AuthInfo
[INFO] [stdout]                AuxSignerData
[INFO] [stdout]                BadEncoding
[INFO] [stdout]              and 154 others
[INFO] [stdout] note: required by a bound in `prost::encoding::message::merge`
[INFO] [stdout]     --> /opt/rustwide/cargo-home/registry/src/index.crates.io-6f17d22bba15001f/prost-0.12.6/src/encoding.rs:1075:12
[INFO] [stdout]      |
[INFO] [stdout] 1068 |     pub fn merge<M, B>(
[INFO] [stdout]      |            ----- required by a bound in this function
[INFO] [stdout] ...
[INFO] [stdout] 1075 |         M: Message,
[INFO] [stdout]      |            ^^^^^^^ required by this bound in `merge`
[INFO] [stdout]      = note: this error originates in the derive macro `::prost::Message` (in Nightly builds, run with -Z macro-backtrace for more info)
[INFO] [stdout] 
[INFO] [stdout] 
[INFO] [stdout] error[E0277]: the trait bound `celestia_tendermint_proto::v0_34::types::Commit: prost::Message` is not satisfied
[INFO] [stdout]     --> /opt/rustwide/target/debug/build/celestia-proto-f9c10a7dc50ea72d/out/header.pb.rs:5:28
[INFO] [stdout]      |
[INFO] [stdout] 5    | #[derive(Clone, PartialEq, ::prost::Message)]
[INFO] [stdout]      |                            ^^^^^^^^^^^^^^^^ the trait `prost::Message` is not implemented for `celestia_tendermint_proto::v0_34::types::Commit`
[INFO] [stdout]      |
[INFO] [stdout]      = help: the following other types implement trait `prost::Message`:
[INFO] [stdout]                ()
[INFO] [stdout]                AbciMessageLog
[INFO] [stdout]                Annotation
[INFO] [stdout]                Api
[INFO] [stdout]                Attribute
[INFO] [stdout]                AuthInfo
[INFO] [stdout]                AuxSignerData
[INFO] [stdout]                BadEncoding
[INFO] [stdout]              and 154 others
[INFO] [stdout] note: required by a bound in `prost::encoding::message::merge`
[INFO] [stdout]     --> /opt/rustwide/cargo-home/registry/src/index.crates.io-6f17d22bba15001f/prost-0.12.6/src/encoding.rs:1075:12
[INFO] [stdout]      |
[INFO] [stdout] 1068 |     pub fn merge<M, B>(
[INFO] [stdout]      |            ----- required by a bound in this function
[INFO] [stdout] ...
[INFO] [stdout] 1075 |         M: Message,
[INFO] [stdout]      |            ^^^^^^^ required by this bound in `merge`
[INFO] [stdout]      = note: this error originates in the derive macro `::prost::Message` (in Nightly builds, run with -Z macro-backtrace for more info)
[INFO] [stdout] 
[INFO] [stdout] 
[INFO] [stdout] error[E0277]: the trait bound `celestia_tendermint_proto::v0_34::types::ValidatorSet: prost::Message` is not satisfied
[INFO] [stdout]     --> /opt/rustwide/target/debug/build/celestia-proto-f9c10a7dc50ea72d/out/header.pb.rs:5:28
[INFO] [stdout]      |
[INFO] [stdout] 5    | #[derive(Clone, PartialEq, ::prost::Message)]
[INFO] [stdout]      |                            ^^^^^^^^^^^^^^^^ the trait `prost::Message` is not implemented for `celestia_tendermint_proto::v0_34::types::ValidatorSet`
[INFO] [stdout]      |
[INFO] [stdout]      = help: the following other types implement trait `prost::Message`:
[INFO] [stdout]                ()
[INFO] [stdout]                AbciMessageLog
[INFO] [stdout]                Annotation
[INFO] [stdout]                Api
[INFO] [stdout]                Attribute
[INFO] [stdout]                AuthInfo
[INFO] [stdout]                AuxSignerData
[INFO] [stdout]                BadEncoding
[INFO] [stdout]              and 154 others
[INFO] [stdout] note: required by a bound in `prost::encoding::message::merge`
[INFO] [stdout]     --> /opt/rustwide/cargo-home/registry/src/index.crates.io-6f17d22bba15001f/prost-0.12.6/src/encoding.rs:1075:12
[INFO] [stdout]      |
[INFO] [stdout] 1068 |     pub fn merge<M, B>(
[INFO] [stdout]      |            ----- required by a bound in this function
[INFO] [stdout] ...
[INFO] [stdout] 1075 |         M: Message,
[INFO] [stdout]      |            ^^^^^^^ required by this bound in `merge`
[INFO] [stdout]      = note: this error originates in the derive macro `::prost::Message` (in Nightly builds, run with -Z macro-backtrace for more info)
[INFO] [stdout] 
[INFO] [stdout] 
[INFO] [stdout] error[E0277]: the trait bound `celestia_tendermint_proto::v0_34::types::Header: prost::Message` is not satisfied
[INFO] [stdout]     --> /opt/rustwide/target/debug/build/celestia-proto-f9c10a7dc50ea72d/out/header.pb.rs:5:28
[INFO] [stdout]      |
[INFO] [stdout] 5    | #[derive(Clone, PartialEq, ::prost::Message)]
[INFO] [stdout]      |                            ^^^^^^^^^^^^^^^^ the trait `prost::Message` is not implemented for `celestia_tendermint_proto::v0_34::types::Header`
[INFO] [stdout]      |
[INFO] [stdout]      = help: the following other types implement trait `prost::Message`:
[INFO] [stdout]                ()
[INFO] [stdout]                AbciMessageLog
[INFO] [stdout]                Annotation
[INFO] [stdout]                Api
[INFO] [stdout]                Attribute
[INFO] [stdout]                AuthInfo
[INFO] [stdout]                AuxSignerData
[INFO] [stdout]                BadEncoding
[INFO] [stdout]              and 154 others
[INFO] [stdout] note: required by a bound in `prost::encoding::message::encoded_len`
[INFO] [stdout]     --> /opt/rustwide/cargo-home/registry/src/index.crates.io-6f17d22bba15001f/prost-0.12.6/src/encoding.rs:1121:12
[INFO] [stdout]      |
[INFO] [stdout] 1119 |     pub fn encoded_len<M>(tag: u32, msg: &M) -> usize
[INFO] [stdout]      |            ----------- required by a bound in this function
[INFO] [stdout] 1120 |     where
[INFO] [stdout] 1121 |         M: Message,
[INFO] [stdout]      |            ^^^^^^^ required by this bound in `encoded_len`
[INFO] [stdout]      = note: this error originates in the derive macro `::prost::Message` (in Nightly builds, run with -Z macro-backtrace for more info)
[INFO] [stdout] 
[INFO] [stdout] 
[INFO] [stdout] error[E0277]: the trait bound `celestia_tendermint_proto::v0_34::types::Commit: prost::Message` is not satisfied
[INFO] [stdout]     --> /opt/rustwide/target/debug/build/celestia-proto-f9c10a7dc50ea72d/out/header.pb.rs:5:28
[INFO] [stdout]      |
[INFO] [stdout] 5    | #[derive(Clone, PartialEq, ::prost::Message)]
[INFO] [stdout]      |                            ^^^^^^^^^^^^^^^^ the trait `prost::Message` is not implemented for `celestia_tendermint_proto::v0_34::types::Commit`
[INFO] [stdout]      |
[INFO] [stdout]      = help: the following other types implement trait `prost::Message`:
[INFO] [stdout]                ()
[INFO] [stdout]                AbciMessageLog
[INFO] [stdout]                Annotation
[INFO] [stdout]                Api
[INFO] [stdout]                Attribute
[INFO] [stdout]                AuthInfo
[INFO] [stdout]                AuxSignerData
[INFO] [stdout]                BadEncoding
[INFO] [stdout]              and 154 others
[INFO] [stdout] note: required by a bound in `prost::encoding::message::encoded_len`
[INFO] [stdout]     --> /opt/rustwide/cargo-home/registry/src/index.crates.io-6f17d22bba15001f/prost-0.12.6/src/encoding.rs:1121:12
[INFO] [stdout]      |
[INFO] [stdout] 1119 |     pub fn encoded_len<M>(tag: u32, msg: &M) -> usize
[INFO] [stdout]      |            ----------- required by a bound in this function
[INFO] [stdout] 1120 |     where
[INFO] [stdout] 1121 |         M: Message,
[INFO] [stdout]      |            ^^^^^^^ required by this bound in `encoded_len`
[INFO] [stdout]      = note: this error originates in the derive macro `::prost::Message` (in Nightly builds, run with -Z macro-backtrace for more info)
[INFO] [stdout] 
[INFO] [stdout] 
[INFO] [stdout] error[E0277]: the trait bound `celestia_tendermint_proto::v0_34::types::ValidatorSet: prost::Message` is not satisfied
[INFO] [stdout]     --> /opt/rustwide/target/debug/build/celestia-proto-f9c10a7dc50ea72d/out/header.pb.rs:5:28
[INFO] [stdout]      |
[INFO] [stdout] 5    | #[derive(Clone, PartialEq, ::prost::Message)]
[INFO] [stdout]      |                            ^^^^^^^^^^^^^^^^ the trait `prost::Message` is not implemented for `celestia_tendermint_proto::v0_34::types::ValidatorSet`
[INFO] [stdout]      |
[INFO] [stdout]      = help: the following other types implement trait `prost::Message`:
[INFO] [stdout]                ()
[INFO] [stdout]                AbciMessageLog
[INFO] [stdout]                Annotation
[INFO] [stdout]                Api
[INFO] [stdout]                Attribute
[INFO] [stdout]                AuthInfo
[INFO] [stdout]                AuxSignerData
[INFO] [stdout]                BadEncoding
[INFO] [stdout]              and 154 others
[INFO] [stdout] note: required by a bound in `prost::encoding::message::encoded_len`
[INFO] [stdout]     --> /opt/rustwide/cargo-home/registry/src/index.crates.io-6f17d22bba15001f/prost-0.12.6/src/encoding.rs:1121:12
[INFO] [stdout]      |
[INFO] [stdout] 1119 |     pub fn encoded_len<M>(tag: u32, msg: &M) -> usize
[INFO] [stdout]      |            ----------- required by a bound in this function
[INFO] [stdout] 1120 |     where
[INFO] [stdout] 1121 |         M: Message,
[INFO] [stdout]      |            ^^^^^^^ required by this bound in `encoded_len`
[INFO] [stdout]      = note: this error originates in the derive macro `::prost::Message` (in Nightly builds, run with -Z macro-backtrace for more info)
[INFO] [stdout] 
[INFO] [stdout] 
[INFO] [stdout] For more information about this error, try `rustc --explain E0277`.
[INFO] [stdout] 
[INFO] [stderr] error: could not compile `celestia-proto` (lib) due to 33 previous errors
[INFO] [stderr] warning: build failed, waiting for other jobs to finish...
[INFO] running `Command { std: "docker" "inspect" "1d119f1bfd60d8296b4ada24604df2cc0547ca67754bb2fbf80ba9ea1fd25bb0", kill_on_drop: false }`
[INFO] running `Command { std: "docker" "rm" "-f" "1d119f1bfd60d8296b4ada24604df2cc0547ca67754bb2fbf80ba9ea1fd25bb0", kill_on_drop: false }`
[INFO] [stdout] 1d119f1bfd60d8296b4ada24604df2cc0547ca67754bb2fbf80ba9ea1fd25bb0
