[INFO] fetching crate celestia-proto 0.4.1...
[INFO] testing celestia-proto-0.4.1 against nightly-2024-10-28+rustflags=-Zrandomize-layout for randomize-layout
[INFO] extracting crate celestia-proto 0.4.1 into /workspace/builds/worker-4-tc2/source
[INFO] validating manifest of crates.io crate celestia-proto 0.4.1 on toolchain nightly-2024-10-28
[INFO] running `Command { std: CARGO_HOME="/workspace/cargo-home" RUSTUP_HOME="/workspace/rustup-home" "/workspace/cargo-home/bin/cargo" "+nightly-2024-10-28" "metadata" "--manifest-path" "Cargo.toml" "--no-deps", kill_on_drop: false }`
[INFO] started tweaking crates.io crate celestia-proto 0.4.1
[INFO] finished tweaking crates.io crate celestia-proto 0.4.1
[INFO] tweaked toml for crates.io crate celestia-proto 0.4.1 written to /workspace/builds/worker-4-tc2/source/Cargo.toml
[INFO] running `Command { std: CARGO_HOME="/workspace/cargo-home" RUSTUP_HOME="/workspace/rustup-home" "/workspace/cargo-home/bin/cargo" "+nightly-2024-10-28" "generate-lockfile" "--manifest-path" "Cargo.toml", kill_on_drop: false }`
[INFO] [stderr]     Updating crates.io index
[INFO] [stderr]      Locking 104 packages to latest compatible versions
[INFO] [stderr]       Adding prost v0.12.6 (available: v0.13.3)
[INFO] [stderr]       Adding prost-build v0.12.6 (available: v0.13.3)
[INFO] [stderr]       Adding prost-types v0.12.6 (available: v0.13.3)
[INFO] [stderr]       Adding protox v0.6.1 (available: v0.7.1)
[INFO] running `Command { std: CARGO_HOME="/workspace/cargo-home" RUSTUP_HOME="/workspace/rustup-home" "/workspace/cargo-home/bin/cargo" "+nightly-2024-10-28" "fetch" "--manifest-path" "Cargo.toml", kill_on_drop: false }`
[INFO] running `Command { std: "docker" "create" "-v" "/var/lib/crater-agent-workspace/builds/worker-4-tc2/target:/opt/rustwide/target:rw,Z" "-v" "/var/lib/crater-agent-workspace/builds/worker-4-tc2/source:/opt/rustwide/workdir:ro,Z" "-v" "/var/lib/crater-agent-workspace/cargo-home:/opt/rustwide/cargo-home:ro,Z" "-v" "/var/lib/crater-agent-workspace/rustup-home:/opt/rustwide/rustup-home:ro,Z" "-e" "SOURCE_DIR=/opt/rustwide/workdir" "-e" "CARGO_TARGET_DIR=/opt/rustwide/target" "-e" "CARGO_HOME=/opt/rustwide/cargo-home" "-e" "RUSTUP_HOME=/opt/rustwide/rustup-home" "-w" "/opt/rustwide/workdir" "-m" "1610612736" "--user" "0:0" "--network" "none" "ghcr.io/rust-lang/crates-build-env/linux@sha256:4a844ea9eb2546a2d2c7022eacef16ef2e8229c7fbb2c7d4d55a9ceca922f72d" "/opt/rustwide/cargo-home/bin/cargo" "+nightly-2024-10-28" "metadata" "--no-deps" "--format-version=1", kill_on_drop: false }`
[INFO] [stdout] 1ad2b8352328d7db825a6f091279ccb1aac1ee376c9b3a667e139f8d4b3f6ecd
[INFO] running `Command { std: "docker" "start" "-a" "1ad2b8352328d7db825a6f091279ccb1aac1ee376c9b3a667e139f8d4b3f6ecd", kill_on_drop: false }`
[INFO] running `Command { std: "docker" "inspect" "1ad2b8352328d7db825a6f091279ccb1aac1ee376c9b3a667e139f8d4b3f6ecd", kill_on_drop: false }`
[INFO] running `Command { std: "docker" "rm" "-f" "1ad2b8352328d7db825a6f091279ccb1aac1ee376c9b3a667e139f8d4b3f6ecd", kill_on_drop: false }`
[INFO] [stdout] 1ad2b8352328d7db825a6f091279ccb1aac1ee376c9b3a667e139f8d4b3f6ecd
[INFO] running `Command { std: "docker" "create" "-v" "/var/lib/crater-agent-workspace/builds/worker-4-tc2/target:/opt/rustwide/target:rw,Z" "-v" "/var/lib/crater-agent-workspace/builds/worker-4-tc2/source:/opt/rustwide/workdir:ro,Z" "-v" "/var/lib/crater-agent-workspace/cargo-home:/opt/rustwide/cargo-home:ro,Z" "-v" "/var/lib/crater-agent-workspace/rustup-home:/opt/rustwide/rustup-home:ro,Z" "-e" "SOURCE_DIR=/opt/rustwide/workdir" "-e" "CARGO_TARGET_DIR=/opt/rustwide/target" "-e" "CARGO_INCREMENTAL=0" "-e" "RUST_BACKTRACE=full" "-e" "RUSTFLAGS=--cap-lints=forbid -Zrandomize-layout" "-e" "RUSTDOCFLAGS=--cap-lints=forbid" "-e" "CARGO_HOME=/opt/rustwide/cargo-home" "-e" "RUSTUP_HOME=/opt/rustwide/rustup-home" "-w" "/opt/rustwide/workdir" "-m" "1610612736" "--user" "0:0" "--network" "none" "ghcr.io/rust-lang/crates-build-env/linux@sha256:4a844ea9eb2546a2d2c7022eacef16ef2e8229c7fbb2c7d4d55a9ceca922f72d" "/opt/rustwide/cargo-home/bin/cargo" "+nightly-2024-10-28" "build" "--frozen" "--message-format=json", kill_on_drop: false }`
[INFO] [stdout] 19be05f582d6ec7819c2ca075d7e370748e3858458cce248f06660536b023788
[INFO] running `Command { std: "docker" "start" "-a" "19be05f582d6ec7819c2ca075d7e370748e3858458cce248f06660536b023788", kill_on_drop: false }`
[INFO] [stderr]    Compiling proc-macro2 v1.0.89
[INFO] [stderr]    Compiling anyhow v1.0.92
[INFO] [stderr]    Compiling either v1.13.0
[INFO] [stderr]    Compiling regex-syntax v0.8.5
[INFO] [stderr]    Compiling serde v1.0.214
[INFO] [stderr]    Compiling lazy_static v1.5.0
[INFO] [stderr]    Compiling fnv v1.0.7
[INFO] [stderr]    Compiling cfg-if v1.0.0
[INFO] [stderr]    Compiling thiserror v1.0.66
[INFO] [stderr]    Compiling beef v0.5.2
[INFO] [stderr]    Compiling bytes v1.8.0
[INFO] [stderr]    Compiling rustix v0.38.38
[INFO] [stderr]    Compiling itertools v0.12.1
[INFO] [stderr]    Compiling once_cell v1.20.2
[INFO] [stderr]    Compiling unicode-width v0.1.14
[INFO] [stderr]    Compiling bitflags v2.6.0
[INFO] [stderr]    Compiling prettyplease v0.2.25
[INFO] [stderr]    Compiling hashbrown v0.15.0
[INFO] [stderr]    Compiling linux-raw-sys v0.4.14
[INFO] [stderr]    Compiling quote v1.0.37
[INFO] [stderr]    Compiling itertools v0.13.0
[INFO] [stderr]    Compiling paste v1.0.15
[INFO] [stderr]    Compiling syn v2.0.86
[INFO] [stderr]    Compiling fixedbitset v0.4.2
[INFO] [stderr]    Compiling fastrand v2.1.1
[INFO] [stderr]    Compiling indexmap v2.6.0
[INFO] [stderr]    Compiling syn v1.0.109
[INFO] [stderr]    Compiling num-traits v0.2.19
[INFO] [stderr]    Compiling log v0.4.22
[INFO] [stderr]    Compiling multimap v0.10.0
[INFO] [stderr]    Compiling deranged v0.3.11
[INFO] [stderr]    Compiling time-macros v0.2.18
[INFO] [stderr]    Compiling petgraph v0.6.5
[INFO] [stderr]    Compiling regex-automata v0.4.8
[INFO] [stderr]    Compiling tempfile v3.13.0
[INFO] [stderr]    Compiling zeroize v1.8.1
[INFO] [stderr]    Compiling subtle-encoding v0.5.1
[INFO] [stderr]    Compiling flex-error v0.4.4
[INFO] [stderr]    Compiling time v0.3.36
[INFO] [stderr]    Compiling regex v1.11.1
[INFO] [stderr]    Compiling num-derive v0.3.3
[INFO] [stderr]    Compiling logos-codegen v0.14.2
[INFO] [stderr]    Compiling prost-derive v0.12.6
[INFO] [stderr]    Compiling serde_derive v1.0.214
[INFO] [stderr]    Compiling thiserror-impl v1.0.66
[INFO] [stderr]    Compiling miette-derive v7.2.0
[INFO] [stderr]    Compiling prost-derive v0.13.3
[INFO] [stderr]    Compiling logos-derive v0.14.2
[INFO] [stderr]    Compiling logos v0.14.2
[INFO] [stderr]    Compiling miette v7.2.0
[INFO] [stderr]    Compiling prost v0.12.6
[INFO] [stderr]    Compiling prost-types v0.12.6
[INFO] [stderr]    Compiling prost-reflect v0.13.1
[INFO] [stderr]    Compiling protox-parse v0.6.1
[INFO] [stderr]    Compiling prost-build v0.12.6
[INFO] [stderr]    Compiling protox v0.6.1
[INFO] [stderr]    Compiling serde_bytes v0.11.15
[INFO] [stderr]    Compiling celestia-proto v0.4.1 (/opt/rustwide/workdir)
[INFO] [stderr]    Compiling prost v0.13.3
[INFO] [stderr]    Compiling prost-types v0.13.3
[INFO] [stderr]    Compiling celestia-tendermint-proto v0.32.3
[INFO] [stdout] error[E0277]: the trait bound `celestia_tendermint_proto::v0_34::abci::Event: prost::Message` is not satisfied
[INFO] [stdout]     --> /opt/rustwide/target/debug/build/celestia-proto-6673512bb3f0a4d8/out/cosmos.base.abci.v1beta1.rs:7:28
[INFO] [stdout]      |
[INFO] [stdout] 7    | #[derive(Clone, PartialEq, ::prost::Message)]
[INFO] [stdout]      |                            ^^^^^^^^^^^^^^^^ the trait `prost::Message` is not implemented for `celestia_tendermint_proto::v0_34::abci::Event`
[INFO] [stdout]      |
[INFO] [stdout]      = help: the following other types implement trait `prost::Message`:
[INFO] [stdout]                ()
[INFO] [stdout]                AbciMessageLog
[INFO] [stdout]                Annotation
[INFO] [stdout]                Api
[INFO] [stdout]                Attribute
[INFO] [stdout]                AuthInfo
[INFO] [stdout]                AuxSignerData
[INFO] [stdout]                BadEncoding
[INFO] [stdout]              and 154 others
[INFO] [stdout] note: required by a bound in `prost::encoding::message::encode`
[INFO] [stdout]     --> /opt/rustwide/cargo-home/registry/src/index.crates.io-6f17d22bba15001f/prost-0.12.6/src/encoding.rs:1060:12
[INFO] [stdout]      |
[INFO] [stdout] 1058 |     pub fn encode<M, B>(tag: u32, msg: &M, buf: &mut B)
[INFO] [stdout]      |            ------ required by a bound in this function
[INFO] [stdout] 1059 |     where
[INFO] [stdout] 1060 |         M: Message,
[INFO] [stdout]      |            ^^^^^^^ required by this bound in `encode`
[INFO] [stdout]      = note: this error originates in the derive macro `::prost::Message` (in Nightly builds, run with -Z macro-backtrace for more info)
[INFO] [stdout] 
[INFO] [stdout] 
[INFO] [stdout] error[E0277]: the trait bound `celestia_tendermint_proto::v0_34::abci::Event: prost::Message` is not satisfied
[INFO] [stdout]     --> /opt/rustwide/target/debug/build/celestia-proto-6673512bb3f0a4d8/out/cosmos.base.abci.v1beta1.rs:7:28
[INFO] [stdout]      |
[INFO] [stdout] 7    | #[derive(Clone, PartialEq, ::prost::Message)]
[INFO] [stdout]      |                            ^^^^^^^^^^^^^^^^ the trait `prost::Message` is not implemented for `celestia_tendermint_proto::v0_34::abci::Event`
[INFO] [stdout]      |
[INFO] [stdout]      = help: the following other types implement trait `prost::Message`:
[INFO] [stdout]                ()
[INFO] [stdout]                AbciMessageLog
[INFO] [stdout]                Annotation
[INFO] [stdout]                Api
[INFO] [stdout]                Attribute
[INFO] [stdout]                AuthInfo
[INFO] [stdout]                AuxSignerData
[INFO] [stdout]                BadEncoding
[INFO] [stdout]              and 154 others
[INFO] [stdout] note: required by a bound in `prost::encoding::message::merge_repeated`
[INFO] [stdout]     --> /opt/rustwide/cargo-home/registry/src/index.crates.io-6f17d22bba15001f/prost-0.12.6/src/encoding.rs:1108:12
[INFO] [stdout]      |
[INFO] [stdout] 1101 |     pub fn merge_repeated<M, B>(
[INFO] [stdout]      |            -------------- required by a bound in this function
[INFO] [stdout] ...
[INFO] [stdout] 1108 |         M: Message + Default,
[INFO] [stdout]      |            ^^^^^^^ required by this bound in `merge_repeated`
[INFO] [stdout]      = note: this error originates in the derive macro `::prost::Message` (in Nightly builds, run with -Z macro-backtrace for more info)
[INFO] [stdout] 
[INFO] [stdout] 
[INFO] [stdout] error[E0277]: the trait bound `celestia_tendermint_proto::v0_34::abci::Event: prost::Message` is not satisfied
[INFO] [stdout]     --> /opt/rustwide/target/debug/build/celestia-proto-6673512bb3f0a4d8/out/cosmos.base.abci.v1beta1.rs:7:28
[INFO] [stdout]      |
[INFO] [stdout] 7    | #[derive(Clone, PartialEq, ::prost::Message)]
[INFO] [stdout]      |                            ^^^^^^^^^^^^^^^^ the trait `prost::Message` is not implemented for `celestia_tendermint_proto::v0_34::abci::Event`
[INFO] [stdout]      |
[INFO] [stdout]      = help: the following other types implement trait `prost::Message`:
[INFO] [stdout]                ()
[INFO] [stdout]                AbciMessageLog
[INFO] [stdout]                Annotation
[INFO] [stdout]                Api
[INFO] [stdout]                Attribute
[INFO] [stdout]                AuthInfo
[INFO] [stdout]                AuxSignerData
[INFO] [stdout]                BadEncoding
[INFO] [stdout]              and 154 others
[INFO] [stdout] note: required by a bound in `prost::encoding::message::encoded_len_repeated`
[INFO] [stdout]     --> /opt/rustwide/cargo-home/registry/src/index.crates.io-6f17d22bba15001f/prost-0.12.6/src/encoding.rs:1130:12
[INFO] [stdout]      |
[INFO] [stdout] 1128 |     pub fn encoded_len_repeated<M>(tag: u32, messages: &[M]) -> usize
[INFO] [stdout]      |            -------------------- required by a bound in this function
[INFO] [stdout] 1129 |     where
[INFO] [stdout] 1130 |         M: Message,
[INFO] [stdout]      |            ^^^^^^^ required by this bound in `encoded_len_repeated`
[INFO] [stdout]      = note: this error originates in the derive macro `::prost::Message` (in Nightly builds, run with -Z macro-backtrace for more info)
[INFO] [stdout] 
[INFO] [stdout] 
[INFO] [stdout] error[E0277]: the trait bound `celestia_tendermint_proto::v0_34::abci::Event: prost::Message` is not satisfied
[INFO] [stdout]     --> /opt/rustwide/target/debug/build/celestia-proto-6673512bb3f0a4d8/out/cosmos.base.abci.v1beta1.rs:114:28
[INFO] [stdout]      |
[INFO] [stdout] 114  | #[derive(Clone, PartialEq, ::prost::Message)]
[INFO] [stdout]      |                            ^^^^^^^^^^^^^^^^ the trait `prost::Message` is not implemented for `celestia_tendermint_proto::v0_34::abci::Event`
[INFO] [stdout]      |
[INFO] [stdout]      = help: the following other types implement trait `prost::Message`:
[INFO] [stdout]                ()
[INFO] [stdout]                AbciMessageLog
[INFO] [stdout]                Annotation
[INFO] [stdout]                Api
[INFO] [stdout]                Attribute
[INFO] [stdout]                AuthInfo
[INFO] [stdout]                AuxSignerData
[INFO] [stdout]                BadEncoding
[INFO] [stdout]              and 154 others
[INFO] [stdout] note: required by a bound in `prost::encoding::message::encode`
[INFO] [stdout]     --> /opt/rustwide/cargo-home/registry/src/index.crates.io-6f17d22bba15001f/prost-0.12.6/src/encoding.rs:1060:12
[INFO] [stdout]      |
[INFO] [stdout] 1058 |     pub fn encode<M, B>(tag: u32, msg: &M, buf: &mut B)
[INFO] [stdout]      |            ------ required by a bound in this function
[INFO] [stdout] 1059 |     where
[INFO] [stdout] 1060 |         M: Message,
[INFO] [stdout]      |            ^^^^^^^ required by this bound in `encode`
[INFO] [stdout]      = note: this error originates in the derive macro `::prost::Message` (in Nightly builds, run with -Z macro-backtrace for more info)
[INFO] [stdout] 
[INFO] [stdout] 
[INFO] [stdout] error[E0277]: the trait bound `celestia_tendermint_proto::v0_34::abci::Event: prost::Message` is not satisfied
[INFO] [stdout]     --> /opt/rustwide/target/debug/build/celestia-proto-6673512bb3f0a4d8/out/cosmos.base.abci.v1beta1.rs:114:28
[INFO] [stdout]      |
[INFO] [stdout] 114  | #[derive(Clone, PartialEq, ::prost::Message)]
[INFO] [stdout]      |                            ^^^^^^^^^^^^^^^^ the trait `prost::Message` is not implemented for `celestia_tendermint_proto::v0_34::abci::Event`
[INFO] [stdout]      |
[INFO] [stdout]      = help: the following other types implement trait `prost::Message`:
[INFO] [stdout]                ()
[INFO] [stdout]                AbciMessageLog
[INFO] [stdout]                Annotation
[INFO] [stdout]                Api
[INFO] [stdout]                Attribute
[INFO] [stdout]                AuthInfo
[INFO] [stdout]                AuxSignerData
[INFO] [stdout]                BadEncoding
[INFO] [stdout]              and 154 others
[INFO] [stdout] note: required by a bound in `prost::encoding::message::merge_repeated`
[INFO] [stdout]     --> /opt/rustwide/cargo-home/registry/src/index.crates.io-6f17d22bba15001f/prost-0.12.6/src/encoding.rs:1108:12
[INFO] [stdout]      |
[INFO] [stdout] 1101 |     pub fn merge_repeated<M, B>(
[INFO] [stdout]      |            -------------- required by a bound in this function
[INFO] [stdout] ...
[INFO] [stdout] 1108 |         M: Message + Default,
[INFO] [stdout]      |            ^^^^^^^ required by this bound in `merge_repeated`
[INFO] [stdout]      = note: this error originates in the derive macro `::prost::Message` (in Nightly builds, run with -Z macro-backtrace for more info)
[INFO] [stdout] 
[INFO] [stdout] 
[INFO] [stdout] error[E0277]: the trait bound `celestia_tendermint_proto::v0_34::abci::Event: prost::Message` is not satisfied
[INFO] [stdout]     --> /opt/rustwide/target/debug/build/celestia-proto-6673512bb3f0a4d8/out/cosmos.base.abci.v1beta1.rs:114:28
[INFO] [stdout]      |
[INFO] [stdout] 114  | #[derive(Clone, PartialEq, ::prost::Message)]
[INFO] [stdout]      |                            ^^^^^^^^^^^^^^^^ the trait `prost::Message` is not implemented for `celestia_tendermint_proto::v0_34::abci::Event`
[INFO] [stdout]      |
[INFO] [stdout]      = help: the following other types implement trait `prost::Message`:
[INFO] [stdout]                ()
[INFO] [stdout]                AbciMessageLog
[INFO] [stdout]                Annotation
[INFO] [stdout]                Api
[INFO] [stdout]                Attribute
[INFO] [stdout]                AuthInfo
[INFO] [stdout]                AuxSignerData
[INFO] [stdout]                BadEncoding
[INFO] [stdout]              and 154 others
[INFO] [stdout] note: required by a bound in `prost::encoding::message::encoded_len_repeated`
[INFO] [stdout]     --> /opt/rustwide/cargo-home/registry/src/index.crates.io-6f17d22bba15001f/prost-0.12.6/src/encoding.rs:1130:12
[INFO] [stdout]      |
[INFO] [stdout] 1128 |     pub fn encoded_len_repeated<M>(tag: u32, messages: &[M]) -> usize
[INFO] [stdout]      |            -------------------- required by a bound in this function
[INFO] [stdout] 1129 |     where
[INFO] [stdout] 1130 |         M: Message,
[INFO] [stdout]      |            ^^^^^^^ required by this bound in `encoded_len_repeated`
[INFO] [stdout]      = note: this error originates in the derive macro `::prost::Message` (in Nightly builds, run with -Z macro-backtrace for more info)
[INFO] [stdout] 
[INFO] [stdout] 
[INFO] [stdout] error[E0277]: the trait bound `celestia_tendermint_proto::v0_34::types::Header: prost::Message` is not satisfied
[INFO] [stdout]     --> /opt/rustwide/target/debug/build/celestia-proto-6673512bb3f0a4d8/out/cosmos.staking.v1beta1.rs:7:28
[INFO] [stdout]      |
[INFO] [stdout] 7    | #[derive(Clone, PartialEq, ::prost::Message)]
[INFO] [stdout]      |                            ^^^^^^^^^^^^^^^^ the trait `prost::Message` is not implemented for `celestia_tendermint_proto::v0_34::types::Header`
[INFO] [stdout]      |
[INFO] [stdout]      = help: the following other types implement trait `prost::Message`:
[INFO] [stdout]                ()
[INFO] [stdout]                AbciMessageLog
[INFO] [stdout]                Annotation
[INFO] [stdout]                Api
[INFO] [stdout]                Attribute
[INFO] [stdout]                AuthInfo
[INFO] [stdout]                AuxSignerData
[INFO] [stdout]                BadEncoding
[INFO] [stdout]              and 154 others
[INFO] [stdout] note: required by a bound in `prost::encoding::message::encode`
[INFO] [stdout]     --> /opt/rustwide/cargo-home/registry/src/index.crates.io-6f17d22bba15001f/prost-0.12.6/src/encoding.rs:1060:12
[INFO] [stdout]      |
[INFO] [stdout] 1058 |     pub fn encode<M, B>(tag: u32, msg: &M, buf: &mut B)
[INFO] [stdout]      |            ------ required by a bound in this function
[INFO] [stdout] 1059 |     where
[INFO] [stdout] 1060 |         M: Message,
[INFO] [stdout]      |            ^^^^^^^ required by this bound in `encode`
[INFO] [stdout]      = note: this error originates in the derive macro `::prost::Message` (in Nightly builds, run with -Z macro-backtrace for more info)
[INFO] [stdout] 
[INFO] [stdout] 
[INFO] [stdout] error[E0277]: the trait bound `celestia_tendermint_proto::v0_34::types::Header: prost::Message` is not satisfied
[INFO] [stdout]     --> /opt/rustwide/target/debug/build/celestia-proto-6673512bb3f0a4d8/out/cosmos.staking.v1beta1.rs:7:28
[INFO] [stdout]      |
[INFO] [stdout] 7    | #[derive(Clone, PartialEq, ::prost::Message)]
[INFO] [stdout]      |                            ^^^^^^^^^^^^^^^^ the trait `prost::Message` is not implemented for `celestia_tendermint_proto::v0_34::types::Header`
[INFO] [stdout]      |
[INFO] [stdout]      = help: the following other types implement trait `prost::Message`:
[INFO] [stdout]                ()
[INFO] [stdout]                AbciMessageLog
[INFO] [stdout]                Annotation
[INFO] [stdout]                Api
[INFO] [stdout]                Attribute
[INFO] [stdout]                AuthInfo
[INFO] [stdout]                AuxSignerData
[INFO] [stdout]                BadEncoding
[INFO] [stdout]              and 154 others
[INFO] [stdout] note: required by a bound in `prost::encoding::message::merge`
[INFO] [stdout]     --> /opt/rustwide/cargo-home/registry/src/index.crates.io-6f17d22bba15001f/prost-0.12.6/src/encoding.rs:1075:12
[INFO] [stdout]      |
[INFO] [stdout] 1068 |     pub fn merge<M, B>(
[INFO] [stdout]      |            ----- required by a bound in this function
[INFO] [stdout] ...
[INFO] [stdout] 1075 |         M: Message,
[INFO] [stdout]      |            ^^^^^^^ required by this bound in `merge`
[INFO] [stdout]      = note: this error originates in the derive macro `::prost::Message` (in Nightly builds, run with -Z macro-backtrace for more info)
[INFO] [stdout] 
[INFO] [stdout] 
[INFO] [stdout] error[E0277]: the trait bound `celestia_tendermint_proto::v0_34::types::Header: prost::Message` is not satisfied
[INFO] [stdout]     --> /opt/rustwide/target/debug/build/celestia-proto-6673512bb3f0a4d8/out/cosmos.staking.v1beta1.rs:7:28
[INFO] [stdout]      |
[INFO] [stdout] 7    | #[derive(Clone, PartialEq, ::prost::Message)]
[INFO] [stdout]      |                            ^^^^^^^^^^^^^^^^ the trait `prost::Message` is not implemented for `celestia_tendermint_proto::v0_34::types::Header`
[INFO] [stdout]      |
[INFO] [stdout]      = help: the following other types implement trait `prost::Message`:
[INFO] [stdout]                ()
[INFO] [stdout]                AbciMessageLog
[INFO] [stdout]                Annotation
[INFO] [stdout]                Api
[INFO] [stdout]                Attribute
[INFO] [stdout]                AuthInfo
[INFO] [stdout]                AuxSignerData
[INFO] [stdout]                BadEncoding
[INFO] [stdout]              and 154 others
[INFO] [stdout] note: required by a bound in `prost::encoding::message::encoded_len`
[INFO] [stdout]     --> /opt/rustwide/cargo-home/registry/src/index.crates.io-6f17d22bba15001f/prost-0.12.6/src/encoding.rs:1121:12
[INFO] [stdout]      |
[INFO] [stdout] 1119 |     pub fn encoded_len<M>(tag: u32, msg: &M) -> usize
[INFO] [stdout]      |            ----------- required by a bound in this function
[INFO] [stdout] 1120 |     where
[INFO] [stdout] 1121 |         M: Message,
[INFO] [stdout]      |            ^^^^^^^ required by this bound in `encoded_len`
[INFO] [stdout]      = note: this error originates in the derive macro `::prost::Message` (in Nightly builds, run with -Z macro-backtrace for more info)
[INFO] [stdout] 
[INFO] [stdout] 
[INFO] [stdout] error[E0277]: the trait bound `celestia_tendermint_proto::google::protobuf::Timestamp: prost::Message` is not satisfied
[INFO] [stdout]     --> /opt/rustwide/target/debug/build/celestia-proto-6673512bb3f0a4d8/out/cosmos.staking.v1beta1.rs:33:28
[INFO] [stdout]      |
[INFO] [stdout] 33   | #[derive(Clone, PartialEq, ::prost::Message)]
[INFO] [stdout]      |                            ^^^^^^^^^^^^^^^^ the trait `prost::Message` is not implemented for `celestia_tendermint_proto::google::protobuf::Timestamp`
[INFO] [stdout]      |
[INFO] [stdout]      = help: the following other types implement trait `prost::Message`:
[INFO] [stdout]                ()
[INFO] [stdout]                AbciMessageLog
[INFO] [stdout]                Annotation
[INFO] [stdout]                Api
[INFO] [stdout]                Attribute
[INFO] [stdout]                AuthInfo
[INFO] [stdout]                AuxSignerData
[INFO] [stdout]                BadEncoding
[INFO] [stdout]              and 154 others
[INFO] [stdout] note: required by a bound in `prost::encoding::message::encode`
[INFO] [stdout]     --> /opt/rustwide/cargo-home/registry/src/index.crates.io-6f17d22bba15001f/prost-0.12.6/src/encoding.rs:1060:12
[INFO] [stdout]      |
[INFO] [stdout] 1058 |     pub fn encode<M, B>(tag: u32, msg: &M, buf: &mut B)
[INFO] [stdout]      |            ------ required by a bound in this function
[INFO] [stdout] 1059 |     where
[INFO] [stdout] 1060 |         M: Message,
[INFO] [stdout]      |            ^^^^^^^ required by this bound in `encode`
[INFO] [stdout]      = note: this error originates in the derive macro `::prost::Message` (in Nightly builds, run with -Z macro-backtrace for more info)
[INFO] [stdout] 
[INFO] [stdout] 
[INFO] [stdout] error[E0277]: the trait bound `celestia_tendermint_proto::google::protobuf::Timestamp: prost::Message` is not satisfied
[INFO] [stdout]     --> /opt/rustwide/target/debug/build/celestia-proto-6673512bb3f0a4d8/out/cosmos.staking.v1beta1.rs:33:28
[INFO] [stdout]      |
[INFO] [stdout] 33   | #[derive(Clone, PartialEq, ::prost::Message)]
[INFO] [stdout]      |                            ^^^^^^^^^^^^^^^^ the trait `prost::Message` is not implemented for `celestia_tendermint_proto::google::protobuf::Timestamp`
[INFO] [stdout]      |
[INFO] [stdout]      = help: the following other types implement trait `prost::Message`:
[INFO] [stdout]                ()
[INFO] [stdout]                AbciMessageLog
[INFO] [stdout]                Annotation
[INFO] [stdout]                Api
[INFO] [stdout]                Attribute
[INFO] [stdout]                AuthInfo
[INFO] [stdout]                AuxSignerData
[INFO] [stdout]                BadEncoding
[INFO] [stdout]              and 154 others
[INFO] [stdout] note: required by a bound in `prost::encoding::message::merge`
[INFO] [stdout]     --> /opt/rustwide/cargo-home/registry/src/index.crates.io-6f17d22bba15001f/prost-0.12.6/src/encoding.rs:1075:12
[INFO] [stdout]      |
[INFO] [stdout] 1068 |     pub fn merge<M, B>(
[INFO] [stdout]      |            ----- required by a bound in this function
[INFO] [stdout] ...
[INFO] [stdout] 1075 |         M: Message,
[INFO] [stdout]      |            ^^^^^^^ required by this bound in `merge`
[INFO] [stdout]      = note: this error originates in the derive macro `::prost::Message` (in Nightly builds, run with -Z macro-backtrace for more info)
[INFO] [stdout] 
[INFO] [stdout] 
[INFO] [stdout] error[E0277]: the trait bound `celestia_tendermint_proto::google::protobuf::Timestamp: prost::Message` is not satisfied
[INFO] [stdout]     --> /opt/rustwide/target/debug/build/celestia-proto-6673512bb3f0a4d8/out/cosmos.staking.v1beta1.rs:33:28
[INFO] [stdout]      |
[INFO] [stdout] 33   | #[derive(Clone, PartialEq, ::prost::Message)]
[INFO] [stdout]      |                            ^^^^^^^^^^^^^^^^ the trait `prost::Message` is not implemented for `celestia_tendermint_proto::google::protobuf::Timestamp`
[INFO] [stdout]      |
[INFO] [stdout]      = help: the following other types implement trait `prost::Message`:
[INFO] [stdout]                ()
[INFO] [stdout]                AbciMessageLog
[INFO] [stdout]                Annotation
[INFO] [stdout]                Api
[INFO] [stdout]                Attribute
[INFO] [stdout]                AuthInfo
[INFO] [stdout]                AuxSignerData
[INFO] [stdout]                BadEncoding
[INFO] [stdout]              and 154 others
[INFO] [stdout] note: required by a bound in `prost::encoding::message::encoded_len`
[INFO] [stdout]     --> /opt/rustwide/cargo-home/registry/src/index.crates.io-6f17d22bba15001f/prost-0.12.6/src/encoding.rs:1121:12
[INFO] [stdout]      |
[INFO] [stdout] 1119 |     pub fn encoded_len<M>(tag: u32, msg: &M) -> usize
[INFO] [stdout]      |            ----------- required by a bound in this function
[INFO] [stdout] 1120 |     where
[INFO] [stdout] 1121 |         M: Message,
[INFO] [stdout]      |            ^^^^^^^ required by this bound in `encoded_len`
[INFO] [stdout]      = note: this error originates in the derive macro `::prost::Message` (in Nightly builds, run with -Z macro-backtrace for more info)
[INFO] [stdout] 
[INFO] [stdout] 
[INFO] [stdout] error[E0277]: the trait bound `celestia_tendermint_proto::google::protobuf::Timestamp: prost::Message` is not satisfied
[INFO] [stdout]     --> /opt/rustwide/target/debug/build/celestia-proto-6673512bb3f0a4d8/out/cosmos.staking.v1beta1.rs:73:28
[INFO] [stdout]      |
[INFO] [stdout] 73   | #[derive(Clone, PartialEq, ::prost::Message)]
[INFO] [stdout]      |                            ^^^^^^^^^^^^^^^^ the trait `prost::Message` is not implemented for `celestia_tendermint_proto::google::protobuf::Timestamp`
[INFO] [stdout]      |
[INFO] [stdout]      = help: the following other types implement trait `prost::Message`:
[INFO] [stdout]                ()
[INFO] [stdout]                AbciMessageLog
[INFO] [stdout]                Annotation
[INFO] [stdout]                Api
[INFO] [stdout]                Attribute
[INFO] [stdout]                AuthInfo
[INFO] [stdout]                AuxSignerData
[INFO] [stdout]                BadEncoding
[INFO] [stdout]              and 154 others
[INFO] [stdout] note: required by a bound in `prost::encoding::message::encode`
[INFO] [stdout]     --> /opt/rustwide/cargo-home/registry/src/index.crates.io-6f17d22bba15001f/prost-0.12.6/src/encoding.rs:1060:12
[INFO] [stdout]      |
[INFO] [stdout] 1058 |     pub fn encode<M, B>(tag: u32, msg: &M, buf: &mut B)
[INFO] [stdout]      |            ------ required by a bound in this function
[INFO] [stdout] 1059 |     where
[INFO] [stdout] 1060 |         M: Message,
[INFO] [stdout]      |            ^^^^^^^ required by this bound in `encode`
[INFO] [stdout]      = note: this error originates in the derive macro `::prost::Message` (in Nightly builds, run with -Z macro-backtrace for more info)
[INFO] [stdout] 
[INFO] [stdout] 
[INFO] [stdout] error[E0277]: the trait bound `celestia_tendermint_proto::google::protobuf::Timestamp: prost::Message` is not satisfied
[INFO] [stdout]     --> /opt/rustwide/target/debug/build/celestia-proto-6673512bb3f0a4d8/out/cosmos.staking.v1beta1.rs:73:28
[INFO] [stdout]      |
[INFO] [stdout] 73   | #[derive(Clone, PartialEq, ::prost::Message)]
[INFO] [stdout]      |                            ^^^^^^^^^^^^^^^^ the trait `prost::Message` is not implemented for `celestia_tendermint_proto::google::protobuf::Timestamp`
[INFO] [stdout]      |
[INFO] [stdout]      = help: the following other types implement trait `prost::Message`:
[INFO] [stdout]                ()
[INFO] [stdout]                AbciMessageLog
[INFO] [stdout]                Annotation
[INFO] [stdout]                Api
[INFO] [stdout]                Attribute
[INFO] [stdout]                AuthInfo
[INFO] [stdout]                AuxSignerData
[INFO] [stdout]                BadEncoding
[INFO] [stdout]              and 154 others
[INFO] [stdout] note: required by a bound in `prost::encoding::message::merge`
[INFO] [stdout]     --> /opt/rustwide/cargo-home/registry/src/index.crates.io-6f17d22bba15001f/prost-0.12.6/src/encoding.rs:1075:12
[INFO] [stdout]      |
[INFO] [stdout] 1068 |     pub fn merge<M, B>(
[INFO] [stdout]      |            ----- required by a bound in this function
[INFO] [stdout] ...
[INFO] [stdout] 1075 |         M: Message,
[INFO] [stdout]      |            ^^^^^^^ required by this bound in `merge`
[INFO] [stdout]      = note: this error originates in the derive macro `::prost::Message` (in Nightly builds, run with -Z macro-backtrace for more info)
[INFO] [stdout] 
[INFO] [stdout] 
[INFO] [stdout] error[E0277]: the trait bound `celestia_tendermint_proto::google::protobuf::Timestamp: prost::Message` is not satisfied
[INFO] [stdout]     --> /opt/rustwide/target/debug/build/celestia-proto-6673512bb3f0a4d8/out/cosmos.staking.v1beta1.rs:73:28
[INFO] [stdout]      |
[INFO] [stdout] 73   | #[derive(Clone, PartialEq, ::prost::Message)]
[INFO] [stdout]      |                            ^^^^^^^^^^^^^^^^ the trait `prost::Message` is not implemented for `celestia_tendermint_proto::google::protobuf::Timestamp`
[INFO] [stdout]      |
[INFO] [stdout]      = help: the following other types implement trait `prost::Message`:
[INFO] [stdout]                ()
[INFO] [stdout]                AbciMessageLog
[INFO] [stdout]                Annotation
[INFO] [stdout]                Api
[INFO] [stdout]                Attribute
[INFO] [stdout]                AuthInfo
[INFO] [stdout]                AuxSignerData
[INFO] [stdout]                BadEncoding
[INFO] [stdout]              and 154 others
[INFO] [stdout] note: required by a bound in `prost::encoding::message::encoded_len`
[INFO] [stdout]     --> /opt/rustwide/cargo-home/registry/src/index.crates.io-6f17d22bba15001f/prost-0.12.6/src/encoding.rs:1121:12
[INFO] [stdout]      |
[INFO] [stdout] 1119 |     pub fn encoded_len<M>(tag: u32, msg: &M) -> usize
[INFO] [stdout]      |            ----------- required by a bound in this function
[INFO] [stdout] 1120 |     where
[INFO] [stdout] 1121 |         M: Message,
[INFO] [stdout]      |            ^^^^^^^ required by this bound in `encoded_len`
[INFO] [stdout]      = note: this error originates in the derive macro `::prost::Message` (in Nightly builds, run with -Z macro-backtrace for more info)
[INFO] [stdout] 
[INFO] [stdout] 
[INFO] [stdout] error[E0277]: the trait bound `celestia_tendermint_proto::google::protobuf::Timestamp: prost::Message` is not satisfied
[INFO] [stdout]     --> /opt/rustwide/target/debug/build/celestia-proto-6673512bb3f0a4d8/out/cosmos.staking.v1beta1.rs:200:28
[INFO] [stdout]      |
[INFO] [stdout] 200  | #[derive(Clone, PartialEq, ::prost::Message)]
[INFO] [stdout]      |                            ^^^^^^^^^^^^^^^^ the trait `prost::Message` is not implemented for `celestia_tendermint_proto::google::protobuf::Timestamp`
[INFO] [stdout]      |
[INFO] [stdout]      = help: the following other types implement trait `prost::Message`:
[INFO] [stdout]                ()
[INFO] [stdout]                AbciMessageLog
[INFO] [stdout]                Annotation
[INFO] [stdout]                Api
[INFO] [stdout]                Attribute
[INFO] [stdout]                AuthInfo
[INFO] [stdout]                AuxSignerData
[INFO] [stdout]                BadEncoding
[INFO] [stdout]              and 154 others
[INFO] [stdout] note: required by a bound in `prost::encoding::message::encode`
[INFO] [stdout]     --> /opt/rustwide/cargo-home/registry/src/index.crates.io-6f17d22bba15001f/prost-0.12.6/src/encoding.rs:1060:12
[INFO] [stdout]      |
[INFO] [stdout] 1058 |     pub fn encode<M, B>(tag: u32, msg: &M, buf: &mut B)
[INFO] [stdout]      |            ------ required by a bound in this function
[INFO] [stdout] 1059 |     where
[INFO] [stdout] 1060 |         M: Message,
[INFO] [stdout]      |            ^^^^^^^ required by this bound in `encode`
[INFO] [stdout]      = note: this error originates in the derive macro `::prost::Message` (in Nightly builds, run with -Z macro-backtrace for more info)
[INFO] [stdout] 
[INFO] [stdout] 
[INFO] [stdout] error[E0277]: the trait bound `celestia_tendermint_proto::google::protobuf::Timestamp: prost::Message` is not satisfied
[INFO] [stdout]     --> /opt/rustwide/target/debug/build/celestia-proto-6673512bb3f0a4d8/out/cosmos.staking.v1beta1.rs:200:28
[INFO] [stdout]      |
[INFO] [stdout] 200  | #[derive(Clone, PartialEq, ::prost::Message)]
[INFO] [stdout]      |                            ^^^^^^^^^^^^^^^^ the trait `prost::Message` is not implemented for `celestia_tendermint_proto::google::protobuf::Timestamp`
[INFO] [stdout]      |
[INFO] [stdout]      = help: the following other types implement trait `prost::Message`:
[INFO] [stdout]                ()
[INFO] [stdout]                AbciMessageLog
[INFO] [stdout]                Annotation
[INFO] [stdout]                Api
[INFO] [stdout]                Attribute
[INFO] [stdout]                AuthInfo
[INFO] [stdout]                AuxSignerData
[INFO] [stdout]                BadEncoding
[INFO] [stdout]              and 154 others
[INFO] [stdout] note: required by a bound in `prost::encoding::message::merge`
[INFO] [stdout]     --> /opt/rustwide/cargo-home/registry/src/index.crates.io-6f17d22bba15001f/prost-0.12.6/src/encoding.rs:1075:12
[INFO] [stdout]      |
[INFO] [stdout] 1068 |     pub fn merge<M, B>(
[INFO] [stdout]      |            ----- required by a bound in this function
[INFO] [stdout] ...
[INFO] [stdout] 1075 |         M: Message,
[INFO] [stdout]      |            ^^^^^^^ required by this bound in `merge`
[INFO] [stdout]      = note: this error originates in the derive macro `::prost::Message` (in Nightly builds, run with -Z macro-backtrace for more info)
[INFO] [stdout] 
[INFO] [stdout] 
[INFO] [stdout] error[E0277]: the trait bound `celestia_tendermint_proto::google::protobuf::Timestamp: prost::Message` is not satisfied
[INFO] [stdout]     --> /opt/rustwide/target/debug/build/celestia-proto-6673512bb3f0a4d8/out/cosmos.staking.v1beta1.rs:200:28
[INFO] [stdout]      |
[INFO] [stdout] 200  | #[derive(Clone, PartialEq, ::prost::Message)]
[INFO] [stdout]      |                            ^^^^^^^^^^^^^^^^ the trait `prost::Message` is not implemented for `celestia_tendermint_proto::google::protobuf::Timestamp`
[INFO] [stdout]      |
[INFO] [stdout]      = help: the following other types implement trait `prost::Message`:
[INFO] [stdout]                ()
[INFO] [stdout]                AbciMessageLog
[INFO] [stdout]                Annotation
[INFO] [stdout]                Api
[INFO] [stdout]                Attribute
[INFO] [stdout]                AuthInfo
[INFO] [stdout]                AuxSignerData
[INFO] [stdout]                BadEncoding
[INFO] [stdout]              and 154 others
[INFO] [stdout] note: required by a bound in `prost::encoding::message::encoded_len`
[INFO] [stdout]     --> /opt/rustwide/cargo-home/registry/src/index.crates.io-6f17d22bba15001f/prost-0.12.6/src/encoding.rs:1121:12
[INFO] [stdout]      |
[INFO] [stdout] 1119 |     pub fn encoded_len<M>(tag: u32, msg: &M) -> usize
[INFO] [stdout]      |            ----------- required by a bound in this function
[INFO] [stdout] 1120 |     where
[INFO] [stdout] 1121 |         M: Message,
[INFO] [stdout]      |            ^^^^^^^ required by this bound in `encoded_len`
[INFO] [stdout]      = note: this error originates in the derive macro `::prost::Message` (in Nightly builds, run with -Z macro-backtrace for more info)
[INFO] [stdout] 
[INFO] [stdout] 
[INFO] [stdout] error[E0277]: the trait bound `celestia_tendermint_proto::google::protobuf::Timestamp: prost::Message` is not satisfied
[INFO] [stdout]     --> /opt/rustwide/target/debug/build/celestia-proto-6673512bb3f0a4d8/out/cosmos.staking.v1beta1.rs:222:28
[INFO] [stdout]      |
[INFO] [stdout] 222  | #[derive(Clone, PartialEq, ::prost::Message)]
[INFO] [stdout]      |                            ^^^^^^^^^^^^^^^^ the trait `prost::Message` is not implemented for `celestia_tendermint_proto::google::protobuf::Timestamp`
[INFO] [stdout]      |
[INFO] [stdout]      = help: the following other types implement trait `prost::Message`:
[INFO] [stdout]                ()
[INFO] [stdout]                AbciMessageLog
[INFO] [stdout]                Annotation
[INFO] [stdout]                Api
[INFO] [stdout]                Attribute
[INFO] [stdout]                AuthInfo
[INFO] [stdout]                AuxSignerData
[INFO] [stdout]                BadEncoding
[INFO] [stdout]              and 154 others
[INFO] [stdout] note: required by a bound in `prost::encoding::message::encode`
[INFO] [stdout]     --> /opt/rustwide/cargo-home/registry/src/index.crates.io-6f17d22bba15001f/prost-0.12.6/src/encoding.rs:1060:12
[INFO] [stdout]      |
[INFO] [stdout] 1058 |     pub fn encode<M, B>(tag: u32, msg: &M, buf: &mut B)
[INFO] [stdout]      |            ------ required by a bound in this function
[INFO] [stdout] 1059 |     where
[INFO] [stdout] 1060 |         M: Message,
[INFO] [stdout]      |            ^^^^^^^ required by this bound in `encode`
[INFO] [stdout]      = note: this error originates in the derive macro `::prost::Message` (in Nightly builds, run with -Z macro-backtrace for more info)
[INFO] [stdout] 
[INFO] [stdout] 
[INFO] [stdout] error[E0277]: the trait bound `celestia_tendermint_proto::google::protobuf::Timestamp: prost::Message` is not satisfied
[INFO] [stdout]     --> /opt/rustwide/target/debug/build/celestia-proto-6673512bb3f0a4d8/out/cosmos.staking.v1beta1.rs:222:28
[INFO] [stdout]      |
[INFO] [stdout] 222  | #[derive(Clone, PartialEq, ::prost::Message)]
[INFO] [stdout]      |                            ^^^^^^^^^^^^^^^^ the trait `prost::Message` is not implemented for `celestia_tendermint_proto::google::protobuf::Timestamp`
[INFO] [stdout]      |
[INFO] [stdout]      = help: the following other types implement trait `prost::Message`:
[INFO] [stdout]                ()
[INFO] [stdout]                AbciMessageLog
[INFO] [stdout]                Annotation
[INFO] [stdout]                Api
[INFO] [stdout]                Attribute
[INFO] [stdout]                AuthInfo
[INFO] [stdout]                AuxSignerData
[INFO] [stdout]                BadEncoding
[INFO] [stdout]              and 154 others
[INFO] [stdout] note: required by a bound in `prost::encoding::message::merge`
[INFO] [stdout]     --> /opt/rustwide/cargo-home/registry/src/index.crates.io-6f17d22bba15001f/prost-0.12.6/src/encoding.rs:1075:12
[INFO] [stdout]      |
[INFO] [stdout] 1068 |     pub fn merge<M, B>(
[INFO] [stdout]      |            ----- required by a bound in this function
[INFO] [stdout] ...
[INFO] [stdout] 1075 |         M: Message,
[INFO] [stdout]      |            ^^^^^^^ required by this bound in `merge`
[INFO] [stdout]      = note: this error originates in the derive macro `::prost::Message` (in Nightly builds, run with -Z macro-backtrace for more info)
[INFO] [stdout] 
[INFO] [stdout] 
[INFO] [stdout] error[E0277]: the trait bound `celestia_tendermint_proto::google::protobuf::Timestamp: prost::Message` is not satisfied
[INFO] [stdout]     --> /opt/rustwide/target/debug/build/celestia-proto-6673512bb3f0a4d8/out/cosmos.staking.v1beta1.rs:222:28
[INFO] [stdout]      |
[INFO] [stdout] 222  | #[derive(Clone, PartialEq, ::prost::Message)]
[INFO] [stdout]      |                            ^^^^^^^^^^^^^^^^ the trait `prost::Message` is not implemented for `celestia_tendermint_proto::google::protobuf::Timestamp`
[INFO] [stdout]      |
[INFO] [stdout]      = help: the following other types implement trait `prost::Message`:
[INFO] [stdout]                ()
[INFO] [stdout]                AbciMessageLog
[INFO] [stdout]                Annotation
[INFO] [stdout]                Api
[INFO] [stdout]                Attribute
[INFO] [stdout]                AuthInfo
[INFO] [stdout]                AuxSignerData
[INFO] [stdout]                BadEncoding
[INFO] [stdout]              and 154 others
[INFO] [stdout] note: required by a bound in `prost::encoding::message::encoded_len`
[INFO] [stdout]     --> /opt/rustwide/cargo-home/registry/src/index.crates.io-6f17d22bba15001f/prost-0.12.6/src/encoding.rs:1121:12
[INFO] [stdout]      |
[INFO] [stdout] 1119 |     pub fn encoded_len<M>(tag: u32, msg: &M) -> usize
[INFO] [stdout]      |            ----------- required by a bound in this function
[INFO] [stdout] 1120 |     where
[INFO] [stdout] 1121 |         M: Message,
[INFO] [stdout]      |            ^^^^^^^ required by this bound in `encoded_len`
[INFO] [stdout]      = note: this error originates in the derive macro `::prost::Message` (in Nightly builds, run with -Z macro-backtrace for more info)
[INFO] [stdout] 
[INFO] [stdout] 
[INFO] [stdout] error[E0277]: the trait bound `celestia_tendermint_proto::google::protobuf::Duration: prost::Message` is not satisfied
[INFO] [stdout]     --> /opt/rustwide/target/debug/build/celestia-proto-6673512bb3f0a4d8/out/cosmos.staking.v1beta1.rs:264:28
[INFO] [stdout]      |
[INFO] [stdout] 264  | #[derive(Clone, PartialEq, ::prost::Message)]
[INFO] [stdout]      |                            ^^^^^^^^^^^^^^^^ the trait `prost::Message` is not implemented for `celestia_tendermint_proto::google::protobuf::Duration`
[INFO] [stdout]      |
[INFO] [stdout]      = help: the following other types implement trait `prost::Message`:
[INFO] [stdout]                ()
[INFO] [stdout]                AbciMessageLog
[INFO] [stdout]                Annotation
[INFO] [stdout]                Api
[INFO] [stdout]                Attribute
[INFO] [stdout]                AuthInfo
[INFO] [stdout]                AuxSignerData
[INFO] [stdout]                BadEncoding
[INFO] [stdout]              and 154 others
[INFO] [stdout] note: required by a bound in `prost::encoding::message::encode`
[INFO] [stdout]     --> /opt/rustwide/cargo-home/registry/src/index.crates.io-6f17d22bba15001f/prost-0.12.6/src/encoding.rs:1060:12
[INFO] [stdout]      |
[INFO] [stdout] 1058 |     pub fn encode<M, B>(tag: u32, msg: &M, buf: &mut B)
[INFO] [stdout]      |            ------ required by a bound in this function
[INFO] [stdout] 1059 |     where
[INFO] [stdout] 1060 |         M: Message,
[INFO] [stdout]      |            ^^^^^^^ required by this bound in `encode`
[INFO] [stdout]      = note: this error originates in the derive macro `::prost::Message` (in Nightly builds, run with -Z macro-backtrace for more info)
[INFO] [stdout] 
[INFO] [stdout] 
[INFO] [stdout] error[E0277]: the trait bound `celestia_tendermint_proto::google::protobuf::Duration: prost::Message` is not satisfied
[INFO] [stdout]     --> /opt/rustwide/target/debug/build/celestia-proto-6673512bb3f0a4d8/out/cosmos.staking.v1beta1.rs:264:28
[INFO] [stdout]      |
[INFO] [stdout] 264  | #[derive(Clone, PartialEq, ::prost::Message)]
[INFO] [stdout]      |                            ^^^^^^^^^^^^^^^^ the trait `prost::Message` is not implemented for `celestia_tendermint_proto::google::protobuf::Duration`
[INFO] [stdout]      |
[INFO] [stdout]      = help: the following other types implement trait `prost::Message`:
[INFO] [stdout]                ()
[INFO] [stdout]                AbciMessageLog
[INFO] [stdout]                Annotation
[INFO] [stdout]                Api
[INFO] [stdout]                Attribute
[INFO] [stdout]                AuthInfo
[INFO] [stdout]                AuxSignerData
[INFO] [stdout]                BadEncoding
[INFO] [stdout]              and 154 others
[INFO] [stdout] note: required by a bound in `prost::encoding::message::merge`
[INFO] [stdout]     --> /opt/rustwide/cargo-home/registry/src/index.crates.io-6f17d22bba15001f/prost-0.12.6/src/encoding.rs:1075:12
[INFO] [stdout]      |
[INFO] [stdout] 1068 |     pub fn merge<M, B>(
[INFO] [stdout]      |            ----- required by a bound in this function
[INFO] [stdout] ...
[INFO] [stdout] 1075 |         M: Message,
[INFO] [stdout]      |            ^^^^^^^ required by this bound in `merge`
[INFO] [stdout]      = note: this error originates in the derive macro `::prost::Message` (in Nightly builds, run with -Z macro-backtrace for more info)
[INFO] [stdout] 
[INFO] [stdout] 
[INFO] [stdout] error[E0277]: the trait bound `celestia_tendermint_proto::google::protobuf::Duration: prost::Message` is not satisfied
[INFO] [stdout]     --> /opt/rustwide/target/debug/build/celestia-proto-6673512bb3f0a4d8/out/cosmos.staking.v1beta1.rs:264:28
[INFO] [stdout]      |
[INFO] [stdout] 264  | #[derive(Clone, PartialEq, ::prost::Message)]
[INFO] [stdout]      |                            ^^^^^^^^^^^^^^^^ the trait `prost::Message` is not implemented for `celestia_tendermint_proto::google::protobuf::Duration`
[INFO] [stdout]      |
[INFO] [stdout]      = help: the following other types implement trait `prost::Message`:
[INFO] [stdout]                ()
[INFO] [stdout]                AbciMessageLog
[INFO] [stdout]                Annotation
[INFO] [stdout]                Api
[INFO] [stdout]                Attribute
[INFO] [stdout]                AuthInfo
[INFO] [stdout]                AuxSignerData
[INFO] [stdout]                BadEncoding
[INFO] [stdout]              and 154 others
[INFO] [stdout] note: required by a bound in `prost::encoding::message::encoded_len`
[INFO] [stdout]     --> /opt/rustwide/cargo-home/registry/src/index.crates.io-6f17d22bba15001f/prost-0.12.6/src/encoding.rs:1121:12
[INFO] [stdout]      |
[INFO] [stdout] 1119 |     pub fn encoded_len<M>(tag: u32, msg: &M) -> usize
[INFO] [stdout]      |            ----------- required by a bound in this function
[INFO] [stdout] 1120 |     where
[INFO] [stdout] 1121 |         M: Message,
[INFO] [stdout]      |            ^^^^^^^ required by this bound in `encoded_len`
[INFO] [stdout]      = note: this error originates in the derive macro `::prost::Message` (in Nightly builds, run with -Z macro-backtrace for more info)
[INFO] [stdout] 
[INFO] [stdout] 
[INFO] [stdout] error[E0277]: the trait bound `celestia_tendermint_proto::v0_34::types::Header: prost::Message` is not satisfied
[INFO] [stdout]     --> /opt/rustwide/target/debug/build/celestia-proto-6673512bb3f0a4d8/out/header.pb.rs:5:28
[INFO] [stdout]      |
[INFO] [stdout] 5    | #[derive(Clone, PartialEq, ::prost::Message)]
[INFO] [stdout]      |                            ^^^^^^^^^^^^^^^^ the trait `prost::Message` is not implemented for `celestia_tendermint_proto::v0_34::types::Header`
[INFO] [stdout]      |
[INFO] [stdout]      = help: the following other types implement trait `prost::Message`:
[INFO] [stdout]                ()
[INFO] [stdout]                AbciMessageLog
[INFO] [stdout]                Annotation
[INFO] [stdout]                Api
[INFO] [stdout]                Attribute
[INFO] [stdout]                AuthInfo
[INFO] [stdout]                AuxSignerData
[INFO] [stdout]                BadEncoding
[INFO] [stdout]              and 154 others
[INFO] [stdout] note: required by a bound in `prost::encoding::message::encode`
[INFO] [stdout]     --> /opt/rustwide/cargo-home/registry/src/index.crates.io-6f17d22bba15001f/prost-0.12.6/src/encoding.rs:1060:12
[INFO] [stdout]      |
[INFO] [stdout] 1058 |     pub fn encode<M, B>(tag: u32, msg: &M, buf: &mut B)
[INFO] [stdout]      |            ------ required by a bound in this function
[INFO] [stdout] 1059 |     where
[INFO] [stdout] 1060 |         M: Message,
[INFO] [stdout]      |            ^^^^^^^ required by this bound in `encode`
[INFO] [stdout]      = note: this error originates in the derive macro `::prost::Message` (in Nightly builds, run with -Z macro-backtrace for more info)
[INFO] [stdout] 
[INFO] [stdout] 
[INFO] [stdout] error[E0277]: the trait bound `celestia_tendermint_proto::v0_34::types::Commit: prost::Message` is not satisfied
[INFO] [stdout]     --> /opt/rustwide/target/debug/build/celestia-proto-6673512bb3f0a4d8/out/header.pb.rs:5:28
[INFO] [stdout]      |
[INFO] [stdout] 5    | #[derive(Clone, PartialEq, ::prost::Message)]
[INFO] [stdout]      |                            ^^^^^^^^^^^^^^^^ the trait `prost::Message` is not implemented for `celestia_tendermint_proto::v0_34::types::Commit`
[INFO] [stdout]      |
[INFO] [stdout]      = help: the following other types implement trait `prost::Message`:
[INFO] [stdout]                ()
[INFO] [stdout]                AbciMessageLog
[INFO] [stdout]                Annotation
[INFO] [stdout]                Api
[INFO] [stdout]                Attribute
[INFO] [stdout]                AuthInfo
[INFO] [stdout]                AuxSignerData
[INFO] [stdout]                BadEncoding
[INFO] [stdout]              and 154 others
[INFO] [stdout] note: required by a bound in `prost::encoding::message::encode`
[INFO] [stdout]     --> /opt/rustwide/cargo-home/registry/src/index.crates.io-6f17d22bba15001f/prost-0.12.6/src/encoding.rs:1060:12
[INFO] [stdout]      |
[INFO] [stdout] 1058 |     pub fn encode<M, B>(tag: u32, msg: &M, buf: &mut B)
[INFO] [stdout]      |            ------ required by a bound in this function
[INFO] [stdout] 1059 |     where
[INFO] [stdout] 1060 |         M: Message,
[INFO] [stdout]      |            ^^^^^^^ required by this bound in `encode`
[INFO] [stdout]      = note: this error originates in the derive macro `::prost::Message` (in Nightly builds, run with -Z macro-backtrace for more info)
[INFO] [stdout] 
[INFO] [stdout] 
[INFO] [stdout] error[E0277]: the trait bound `celestia_tendermint_proto::v0_34::types::ValidatorSet: prost::Message` is not satisfied
[INFO] [stdout]     --> /opt/rustwide/target/debug/build/celestia-proto-6673512bb3f0a4d8/out/header.pb.rs:5:28
[INFO] [stdout]      |
[INFO] [stdout] 5    | #[derive(Clone, PartialEq, ::prost::Message)]
[INFO] [stdout]      |                            ^^^^^^^^^^^^^^^^ the trait `prost::Message` is not implemented for `celestia_tendermint_proto::v0_34::types::ValidatorSet`
[INFO] [stdout]      |
[INFO] [stdout]      = help: the following other types implement trait `prost::Message`:
[INFO] [stdout]                ()
[INFO] [stdout]                AbciMessageLog
[INFO] [stdout]                Annotation
[INFO] [stdout]                Api
[INFO] [stdout]                Attribute
[INFO] [stdout]                AuthInfo
[INFO] [stdout]                AuxSignerData
[INFO] [stdout]                BadEncoding
[INFO] [stdout]              and 154 others
[INFO] [stdout] note: required by a bound in `prost::encoding::message::encode`
[INFO] [stdout]     --> /opt/rustwide/cargo-home/registry/src/index.crates.io-6f17d22bba15001f/prost-0.12.6/src/encoding.rs:1060:12
[INFO] [stdout]      |
[INFO] [stdout] 1058 |     pub fn encode<M, B>(tag: u32, msg: &M, buf: &mut B)
[INFO] [stdout]      |            ------ required by a bound in this function
[INFO] [stdout] 1059 |     where
[INFO] [stdout] 1060 |         M: Message,
[INFO] [stdout]      |            ^^^^^^^ required by this bound in `encode`
[INFO] [stdout]      = note: this error originates in the derive macro `::prost::Message` (in Nightly builds, run with -Z macro-backtrace for more info)
[INFO] [stdout] 
[INFO] [stdout] 
[INFO] [stdout] error[E0277]: the trait bound `celestia_tendermint_proto::v0_34::types::Header: prost::Message` is not satisfied
[INFO] [stdout]     --> /opt/rustwide/target/debug/build/celestia-proto-6673512bb3f0a4d8/out/header.pb.rs:5:28
[INFO] [stdout]      |
[INFO] [stdout] 5    | #[derive(Clone, PartialEq, ::prost::Message)]
[INFO] [stdout]      |                            ^^^^^^^^^^^^^^^^ the trait `prost::Message` is not implemented for `celestia_tendermint_proto::v0_34::types::Header`
[INFO] [stdout]      |
[INFO] [stdout]      = help: the following other types implement trait `prost::Message`:
[INFO] [stdout]                ()
[INFO] [stdout]                AbciMessageLog
[INFO] [stdout]                Annotation
[INFO] [stdout]                Api
[INFO] [stdout]                Attribute
[INFO] [stdout]                AuthInfo
[INFO] [stdout]                AuxSignerData
[INFO] [stdout]                BadEncoding
[INFO] [stdout]              and 154 others
[INFO] [stdout] note: required by a bound in `prost::encoding::message::merge`
[INFO] [stdout]     --> /opt/rustwide/cargo-home/registry/src/index.crates.io-6f17d22bba15001f/prost-0.12.6/src/encoding.rs:1075:12
[INFO] [stdout]      |
[INFO] [stdout] 1068 |     pub fn merge<M, B>(
[INFO] [stdout]      |            ----- required by a bound in this function
[INFO] [stdout] ...
[INFO] [stdout] 1075 |         M: Message,
[INFO] [stdout]      |            ^^^^^^^ required by this bound in `merge`
[INFO] [stdout]      = note: this error originates in the derive macro `::prost::Message` (in Nightly builds, run with -Z macro-backtrace for more info)
[INFO] [stdout] 
[INFO] [stdout] 
[INFO] [stdout] error[E0277]: the trait bound `celestia_tendermint_proto::v0_34::types::Commit: prost::Message` is not satisfied
[INFO] [stdout]     --> /opt/rustwide/target/debug/build/celestia-proto-6673512bb3f0a4d8/out/header.pb.rs:5:28
[INFO] [stdout]      |
[INFO] [stdout] 5    | #[derive(Clone, PartialEq, ::prost::Message)]
[INFO] [stdout]      |                            ^^^^^^^^^^^^^^^^ the trait `prost::Message` is not implemented for `celestia_tendermint_proto::v0_34::types::Commit`
[INFO] [stdout]      |
[INFO] [stdout]      = help: the following other types implement trait `prost::Message`:
[INFO] [stdout]                ()
[INFO] [stdout]                AbciMessageLog
[INFO] [stdout]                Annotation
[INFO] [stdout]                Api
[INFO] [stdout]                Attribute
[INFO] [stdout]                AuthInfo
[INFO] [stdout]                AuxSignerData
[INFO] [stdout]                BadEncoding
[INFO] [stdout]              and 154 others
[INFO] [stdout] note: required by a bound in `prost::encoding::message::merge`
[INFO] [stdout]     --> /opt/rustwide/cargo-home/registry/src/index.crates.io-6f17d22bba15001f/prost-0.12.6/src/encoding.rs:1075:12
[INFO] [stdout]      |
[INFO] [stdout] 1068 |     pub fn merge<M, B>(
[INFO] [stdout]      |            ----- required by a bound in this function
[INFO] [stdout] ...
[INFO] [stdout] 1075 |         M: Message,
[INFO] [stdout]      |            ^^^^^^^ required by this bound in `merge`
[INFO] [stdout]      = note: this error originates in the derive macro `::prost::Message` (in Nightly builds, run with -Z macro-backtrace for more info)
[INFO] [stdout] 
[INFO] [stdout] 
[INFO] [stdout] error[E0277]: the trait bound `celestia_tendermint_proto::v0_34::types::ValidatorSet: prost::Message` is not satisfied
[INFO] [stdout]     --> /opt/rustwide/target/debug/build/celestia-proto-6673512bb3f0a4d8/out/header.pb.rs:5:28
[INFO] [stdout]      |
[INFO] [stdout] 5    | #[derive(Clone, PartialEq, ::prost::Message)]
[INFO] [stdout]      |                            ^^^^^^^^^^^^^^^^ the trait `prost::Message` is not implemented for `celestia_tendermint_proto::v0_34::types::ValidatorSet`
[INFO] [stdout]      |
[INFO] [stdout]      = help: the following other types implement trait `prost::Message`:
[INFO] [stdout]                ()
[INFO] [stdout]                AbciMessageLog
[INFO] [stdout]                Annotation
[INFO] [stdout]                Api
[INFO] [stdout]                Attribute
[INFO] [stdout]                AuthInfo
[INFO] [stdout]                AuxSignerData
[INFO] [stdout]                BadEncoding
[INFO] [stdout]              and 154 others
[INFO] [stdout] note: required by a bound in `prost::encoding::message::merge`
[INFO] [stdout]     --> /opt/rustwide/cargo-home/registry/src/index.crates.io-6f17d22bba15001f/prost-0.12.6/src/encoding.rs:1075:12
[INFO] [stdout]      |
[INFO] [stdout] 1068 |     pub fn merge<M, B>(
[INFO] [stdout]      |            ----- required by a bound in this function
[INFO] [stdout] ...
[INFO] [stdout] 1075 |         M: Message,
[INFO] [stdout]      |            ^^^^^^^ required by this bound in `merge`
[INFO] [stdout]      = note: this error originates in the derive macro `::prost::Message` (in Nightly builds, run with -Z macro-backtrace for more info)
[INFO] [stdout] 
[INFO] [stdout] 
[INFO] [stdout] error[E0277]: the trait bound `celestia_tendermint_proto::v0_34::types::Header: prost::Message` is not satisfied
[INFO] [stdout]     --> /opt/rustwide/target/debug/build/celestia-proto-6673512bb3f0a4d8/out/header.pb.rs:5:28
[INFO] [stdout]      |
[INFO] [stdout] 5    | #[derive(Clone, PartialEq, ::prost::Message)]
[INFO] [stdout]      |                            ^^^^^^^^^^^^^^^^ the trait `prost::Message` is not implemented for `celestia_tendermint_proto::v0_34::types::Header`
[INFO] [stdout]      |
[INFO] [stdout]      = help: the following other types implement trait `prost::Message`:
[INFO] [stdout]                ()
[INFO] [stdout]                AbciMessageLog
[INFO] [stdout]                Annotation
[INFO] [stdout]                Api
[INFO] [stdout]                Attribute
[INFO] [stdout]                AuthInfo
[INFO] [stdout]                AuxSignerData
[INFO] [stdout]                BadEncoding
[INFO] [stdout]              and 154 others
[INFO] [stdout] note: required by a bound in `prost::encoding::message::encoded_len`
[INFO] [stdout]     --> /opt/rustwide/cargo-home/registry/src/index.crates.io-6f17d22bba15001f/prost-0.12.6/src/encoding.rs:1121:12
[INFO] [stdout]      |
[INFO] [stdout] 1119 |     pub fn encoded_len<M>(tag: u32, msg: &M) -> usize
[INFO] [stdout]      |            ----------- required by a bound in this function
[INFO] [stdout] 1120 |     where
[INFO] [stdout] 1121 |         M: Message,
[INFO] [stdout]      |            ^^^^^^^ required by this bound in `encoded_len`
[INFO] [stdout]      = note: this error originates in the derive macro `::prost::Message` (in Nightly builds, run with -Z macro-backtrace for more info)
[INFO] [stdout] 
[INFO] [stdout] 
[INFO] [stdout] error[E0277]: the trait bound `celestia_tendermint_proto::v0_34::types::Commit: prost::Message` is not satisfied
[INFO] [stdout]     --> /opt/rustwide/target/debug/build/celestia-proto-6673512bb3f0a4d8/out/header.pb.rs:5:28
[INFO] [stdout]      |
[INFO] [stdout] 5    | #[derive(Clone, PartialEq, ::prost::Message)]
[INFO] [stdout]      |                            ^^^^^^^^^^^^^^^^ the trait `prost::Message` is not implemented for `celestia_tendermint_proto::v0_34::types::Commit`
[INFO] [stdout]      |
[INFO] [stdout]      = help: the following other types implement trait `prost::Message`:
[INFO] [stdout]                ()
[INFO] [stdout]                AbciMessageLog
[INFO] [stdout]                Annotation
[INFO] [stdout]                Api
[INFO] [stdout]                Attribute
[INFO] [stdout]                AuthInfo
[INFO] [stdout]                AuxSignerData
[INFO] [stdout]                BadEncoding
[INFO] [stdout]              and 154 others
[INFO] [stdout] note: required by a bound in `prost::encoding::message::encoded_len`
[INFO] [stdout]     --> /opt/rustwide/cargo-home/registry/src/index.crates.io-6f17d22bba15001f/prost-0.12.6/src/encoding.rs:1121:12
[INFO] [stdout]      |
[INFO] [stdout] 1119 |     pub fn encoded_len<M>(tag: u32, msg: &M) -> usize
[INFO] [stdout]      |            ----------- required by a bound in this function
[INFO] [stdout] 1120 |     where
[INFO] [stdout] 1121 |         M: Message,
[INFO] [stdout]      |            ^^^^^^^ required by this bound in `encoded_len`
[INFO] [stdout]      = note: this error originates in the derive macro `::prost::Message` (in Nightly builds, run with -Z macro-backtrace for more info)
[INFO] [stdout] 
[INFO] [stdout] 
[INFO] [stdout] error[E0277]: the trait bound `celestia_tendermint_proto::v0_34::types::ValidatorSet: prost::Message` is not satisfied
[INFO] [stdout]     --> /opt/rustwide/target/debug/build/celestia-proto-6673512bb3f0a4d8/out/header.pb.rs:5:28
[INFO] [stdout]      |
[INFO] [stdout] 5    | #[derive(Clone, PartialEq, ::prost::Message)]
[INFO] [stdout]      |                            ^^^^^^^^^^^^^^^^ the trait `prost::Message` is not implemented for `celestia_tendermint_proto::v0_34::types::ValidatorSet`
[INFO] [stdout]      |
[INFO] [stdout]      = help: the following other types implement trait `prost::Message`:
[INFO] [stdout]                ()
[INFO] [stdout]                AbciMessageLog
[INFO] [stdout]                Annotation
[INFO] [stdout]                Api
[INFO] [stdout]                Attribute
[INFO] [stdout]                AuthInfo
[INFO] [stdout]                AuxSignerData
[INFO] [stdout]                BadEncoding
[INFO] [stdout]              and 154 others
[INFO] [stdout] note: required by a bound in `prost::encoding::message::encoded_len`
[INFO] [stdout]     --> /opt/rustwide/cargo-home/registry/src/index.crates.io-6f17d22bba15001f/prost-0.12.6/src/encoding.rs:1121:12
[INFO] [stdout]      |
[INFO] [stdout] 1119 |     pub fn encoded_len<M>(tag: u32, msg: &M) -> usize
[INFO] [stdout]      |            ----------- required by a bound in this function
[INFO] [stdout] 1120 |     where
[INFO] [stdout] 1121 |         M: Message,
[INFO] [stdout]      |            ^^^^^^^ required by this bound in `encoded_len`
[INFO] [stdout]      = note: this error originates in the derive macro `::prost::Message` (in Nightly builds, run with -Z macro-backtrace for more info)
[INFO] [stdout] 
[INFO] [stdout] 
[INFO] [stdout] For more information about this error, try `rustc --explain E0277`.
[INFO] [stdout] 
[INFO] [stderr] error: could not compile `celestia-proto` (lib) due to 33 previous errors
[INFO] running `Command { std: "docker" "inspect" "19be05f582d6ec7819c2ca075d7e370748e3858458cce248f06660536b023788", kill_on_drop: false }`
[INFO] running `Command { std: "docker" "rm" "-f" "19be05f582d6ec7819c2ca075d7e370748e3858458cce248f06660536b023788", kill_on_drop: false }`
[INFO] [stdout] 19be05f582d6ec7819c2ca075d7e370748e3858458cce248f06660536b023788
