[INFO] fetching crate cbor_enhanced 0.1.1...
[INFO] testing cbor_enhanced-0.1.1 against nightly-2024-10-28+rustflags=-Zrandomize-layout for randomize-layout
[INFO] extracting crate cbor_enhanced 0.1.1 into /workspace/builds/worker-1-tc2/source
[INFO] validating manifest of crates.io crate cbor_enhanced 0.1.1 on toolchain nightly-2024-10-28
[INFO] running `Command { std: CARGO_HOME="/workspace/cargo-home" RUSTUP_HOME="/workspace/rustup-home" "/workspace/cargo-home/bin/cargo" "+nightly-2024-10-28" "metadata" "--manifest-path" "Cargo.toml" "--no-deps", kill_on_drop: false }`
[INFO] started tweaking crates.io crate cbor_enhanced 0.1.1
[INFO] removed 0 missing tests
[INFO] finished tweaking crates.io crate cbor_enhanced 0.1.1
[INFO] tweaked toml for crates.io crate cbor_enhanced 0.1.1 written to /workspace/builds/worker-1-tc2/source/Cargo.toml
[INFO] crate crates.io crate cbor_enhanced 0.1.1 already has a lockfile, it will not be regenerated
[INFO] running `Command { std: CARGO_HOME="/workspace/cargo-home" RUSTUP_HOME="/workspace/rustup-home" "/workspace/cargo-home/bin/cargo" "+nightly-2024-10-28" "fetch" "--manifest-path" "Cargo.toml", kill_on_drop: false }`
[INFO] running `Command { std: "docker" "create" "-v" "/var/lib/crater-agent-workspace/builds/worker-1-tc2/target:/opt/rustwide/target:rw,Z" "-v" "/var/lib/crater-agent-workspace/builds/worker-1-tc2/source:/opt/rustwide/workdir:ro,Z" "-v" "/var/lib/crater-agent-workspace/cargo-home:/opt/rustwide/cargo-home:ro,Z" "-v" "/var/lib/crater-agent-workspace/rustup-home:/opt/rustwide/rustup-home:ro,Z" "-e" "SOURCE_DIR=/opt/rustwide/workdir" "-e" "CARGO_TARGET_DIR=/opt/rustwide/target" "-e" "CARGO_HOME=/opt/rustwide/cargo-home" "-e" "RUSTUP_HOME=/opt/rustwide/rustup-home" "-w" "/opt/rustwide/workdir" "-m" "1610612736" "--user" "0:0" "--network" "none" "ghcr.io/rust-lang/crates-build-env/linux@sha256:4a844ea9eb2546a2d2c7022eacef16ef2e8229c7fbb2c7d4d55a9ceca922f72d" "/opt/rustwide/cargo-home/bin/cargo" "+nightly-2024-10-28" "metadata" "--no-deps" "--format-version=1", kill_on_drop: false }`
[INFO] [stdout] 7db146cb730fb81a75c8edf4f6b07c554ddcb6c257eb0889305f620ad2d2cf8b
[INFO] running `Command { std: "docker" "start" "-a" "7db146cb730fb81a75c8edf4f6b07c554ddcb6c257eb0889305f620ad2d2cf8b", kill_on_drop: false }`
[INFO] running `Command { std: "docker" "inspect" "7db146cb730fb81a75c8edf4f6b07c554ddcb6c257eb0889305f620ad2d2cf8b", kill_on_drop: false }`
[INFO] running `Command { std: "docker" "rm" "-f" "7db146cb730fb81a75c8edf4f6b07c554ddcb6c257eb0889305f620ad2d2cf8b", kill_on_drop: false }`
[INFO] [stdout] 7db146cb730fb81a75c8edf4f6b07c554ddcb6c257eb0889305f620ad2d2cf8b
[INFO] running `Command { std: "docker" "create" "-v" "/var/lib/crater-agent-workspace/builds/worker-1-tc2/target:/opt/rustwide/target:rw,Z" "-v" "/var/lib/crater-agent-workspace/builds/worker-1-tc2/source:/opt/rustwide/workdir:ro,Z" "-v" "/var/lib/crater-agent-workspace/cargo-home:/opt/rustwide/cargo-home:ro,Z" "-v" "/var/lib/crater-agent-workspace/rustup-home:/opt/rustwide/rustup-home:ro,Z" "-e" "SOURCE_DIR=/opt/rustwide/workdir" "-e" "CARGO_TARGET_DIR=/opt/rustwide/target" "-e" "CARGO_INCREMENTAL=0" "-e" "RUST_BACKTRACE=full" "-e" "RUSTFLAGS=--cap-lints=forbid -Zrandomize-layout" "-e" "RUSTDOCFLAGS=--cap-lints=forbid" "-e" "CARGO_HOME=/opt/rustwide/cargo-home" "-e" "RUSTUP_HOME=/opt/rustwide/rustup-home" "-w" "/opt/rustwide/workdir" "-m" "1610612736" "--user" "0:0" "--network" "none" "ghcr.io/rust-lang/crates-build-env/linux@sha256:4a844ea9eb2546a2d2c7022eacef16ef2e8229c7fbb2c7d4d55a9ceca922f72d" "/opt/rustwide/cargo-home/bin/cargo" "+nightly-2024-10-28" "build" "--frozen" "--message-format=json", kill_on_drop: false }`
[INFO] [stdout] b93ab2cffd4cf8ad40c65049045aefe1b189423dab3a1e036a3f4306ccc8f875
[INFO] running `Command { std: "docker" "start" "-a" "b93ab2cffd4cf8ad40c65049045aefe1b189423dab3a1e036a3f4306ccc8f875", kill_on_drop: false }`
[INFO] [stderr]    Compiling proc-macro2 v1.0.24
[INFO] [stderr]    Compiling unicode-xid v0.2.1
[INFO] [stderr]    Compiling autocfg v1.0.1
[INFO] [stderr]    Compiling syn v1.0.55
[INFO] [stderr]    Compiling radium v0.5.3
[INFO] [stderr]    Compiling libc v0.2.81
[INFO] [stderr]    Compiling memchr v2.3.4
[INFO] [stderr]    Compiling adler v0.2.3
[INFO] [stderr]    Compiling version_check v0.9.2
[INFO] [stderr]    Compiling gimli v0.23.0
[INFO] [stderr]    Compiling failure_derive v0.1.8
[INFO] [stderr]    Compiling funty v1.1.0
[INFO] [stderr]    Compiling object v0.22.0
[INFO] [stderr]    Compiling rustc-demangle v0.1.18
[INFO] [stderr]    Compiling tap v1.0.0
[INFO] [stderr]    Compiling cfg-if v1.0.0
[INFO] [stderr]    Compiling wyz v0.2.0
[INFO] [stderr]    Compiling bytes v1.0.0
[INFO] [stderr]    Compiling nom v6.0.1
[INFO] [stderr]    Compiling miniz_oxide v0.4.3
[INFO] [stderr]    Compiling bitvec v0.19.4
[INFO] [stderr]    Compiling quote v1.0.8
[INFO] [stderr]    Compiling addr2line v0.14.0
[INFO] [stderr]    Compiling backtrace v0.3.55
[INFO] [stderr]    Compiling synstructure v0.12.4
[INFO] [stderr]    Compiling failure v0.1.8
[INFO] [stderr]    Compiling cbor_enhanced v0.1.1 (/opt/rustwide/workdir)
[INFO] [stdout] warning: non-local `impl` definition, `impl` blocks should be written at the same level as their item
[INFO] [stdout]  --> src/error.rs:5:17
[INFO] [stdout]   |
[INFO] [stdout] 5 | #[derive(Debug, failure::Fail, Clone)]
[INFO] [stdout]   |                 ^------------
[INFO] [stdout]   |                 |
[INFO] [stdout]   |                 `Fail` is not local
[INFO] [stdout]   |                 move the `impl` block outside of this constant `_DERIVE_failure_Fail_FOR_CborError`
[INFO] [stdout] 6 | pub enum CborError {
[INFO] [stdout]   |          --------- `CborError` is not local
[INFO] [stdout]   |
[INFO] [stdout]   = note: the derive macro `failure::Fail` defines the non-local `impl`, and may need to be changed
[INFO] [stdout]   = note: the derive macro `failure::Fail` may come from an old version of the `failure_derive` crate, try updating your dependency with `cargo update -p failure_derive`
[INFO] [stdout]   = note: an `impl` is never scoped, even when it is nested inside an item, as it may impact type checking outside of that item, which can be the case if neither the trait or the self type are at the same nesting level as the `impl`
[INFO] [stdout]   = note: items in an anonymous const item (`const _: () = { ... }`) are treated as in the same scope as the anonymous const's declaration for the purpose of this lint
[INFO] [stdout]   = note: `#[warn(non_local_definitions)]` on by default
[INFO] [stdout]   = note: this warning originates in the derive macro `failure::Fail` (in Nightly builds, run with -Z macro-backtrace for more info)
[INFO] [stdout] 
[INFO] [stdout] 
[INFO] [stdout] warning: non-local `impl` definition, `impl` blocks should be written at the same level as their item
[INFO] [stdout]  --> src/error.rs:5:17
[INFO] [stdout]   |
[INFO] [stdout] 5 | #[derive(Debug, failure::Fail, Clone)]
[INFO] [stdout]   |                 ^------------
[INFO] [stdout]   |                 |
[INFO] [stdout]   |                 `Display` is not local
[INFO] [stdout]   |                 move the `impl` block outside of this constant `_DERIVE_failure_core_fmt_Display_FOR_CborError`
[INFO] [stdout] 6 | pub enum CborError {
[INFO] [stdout]   |          --------- `CborError` is not local
[INFO] [stdout]   |
[INFO] [stdout]   = note: the derive macro `failure::Fail` defines the non-local `impl`, and may need to be changed
[INFO] [stdout]   = note: the derive macro `failure::Fail` may come from an old version of the `failure_derive` crate, try updating your dependency with `cargo update -p failure_derive`
[INFO] [stdout]   = note: an `impl` is never scoped, even when it is nested inside an item, as it may impact type checking outside of that item, which can be the case if neither the trait or the self type are at the same nesting level as the `impl`
[INFO] [stdout]   = note: items in an anonymous const item (`const _: () = { ... }`) are treated as in the same scope as the anonymous const's declaration for the purpose of this lint
[INFO] [stdout]   = note: this warning originates in the derive macro `failure::Fail` (in Nightly builds, run with -Z macro-backtrace for more info)
[INFO] [stdout] 
[INFO] [stdout] 
[INFO] [stderr]     Finished `dev` profile [unoptimized + debuginfo] target(s) in 4.99s
[INFO] [stderr] warning: the following packages contain code that will be rejected by a future version of Rust: nom v6.0.1
[INFO] [stderr] note: to see what the problems were, use the option `--future-incompat-report`, or run `cargo report future-incompatibilities --id 1`
[INFO] running `Command { std: "docker" "inspect" "b93ab2cffd4cf8ad40c65049045aefe1b189423dab3a1e036a3f4306ccc8f875", kill_on_drop: false }`
[INFO] running `Command { std: "docker" "rm" "-f" "b93ab2cffd4cf8ad40c65049045aefe1b189423dab3a1e036a3f4306ccc8f875", kill_on_drop: false }`
[INFO] [stdout] b93ab2cffd4cf8ad40c65049045aefe1b189423dab3a1e036a3f4306ccc8f875
[INFO] running `Command { std: "docker" "create" "-v" "/var/lib/crater-agent-workspace/builds/worker-1-tc2/target:/opt/rustwide/target:rw,Z" "-v" "/var/lib/crater-agent-workspace/builds/worker-1-tc2/source:/opt/rustwide/workdir:ro,Z" "-v" "/var/lib/crater-agent-workspace/cargo-home:/opt/rustwide/cargo-home:ro,Z" "-v" "/var/lib/crater-agent-workspace/rustup-home:/opt/rustwide/rustup-home:ro,Z" "-e" "SOURCE_DIR=/opt/rustwide/workdir" "-e" "CARGO_TARGET_DIR=/opt/rustwide/target" "-e" "CARGO_INCREMENTAL=0" "-e" "RUST_BACKTRACE=full" "-e" "RUSTFLAGS=--cap-lints=forbid -Zrandomize-layout" "-e" "RUSTDOCFLAGS=--cap-lints=forbid" "-e" "CARGO_HOME=/opt/rustwide/cargo-home" "-e" "RUSTUP_HOME=/opt/rustwide/rustup-home" "-w" "/opt/rustwide/workdir" "-m" "1610612736" "--user" "0:0" "--network" "none" "ghcr.io/rust-lang/crates-build-env/linux@sha256:4a844ea9eb2546a2d2c7022eacef16ef2e8229c7fbb2c7d4d55a9ceca922f72d" "/opt/rustwide/cargo-home/bin/cargo" "+nightly-2024-10-28" "test" "--frozen" "--no-run" "--message-format=json", kill_on_drop: false }`
[INFO] [stdout] b59afe20a25dd82e5ca93cadf44412f6de5e1b246849f6c0c4aa3a5326b29b50
[INFO] running `Command { std: "docker" "start" "-a" "b59afe20a25dd82e5ca93cadf44412f6de5e1b246849f6c0c4aa3a5326b29b50", kill_on_drop: false }`
[INFO] [stderr]    Compiling num-traits v0.2.14
[INFO] [stdout] warning: non-local `impl` definition, `impl` blocks should be written at the same level as their item
[INFO] [stdout]  --> src/error.rs:5:17
[INFO] [stdout]   |
[INFO] [stdout] 5 | #[derive(Debug, failure::Fail, Clone)]
[INFO] [stdout]   |                 ^------------
[INFO] [stdout]   |                 |
[INFO] [stdout]   |                 `Fail` is not local
[INFO] [stdout]   |                 move the `impl` block outside of this constant `_DERIVE_failure_Fail_FOR_CborError`
[INFO] [stdout] 6 | pub enum CborError {
[INFO] [stdout]   |          --------- `CborError` is not local
[INFO] [stdout]   |
[INFO] [stdout]   = note: the derive macro `failure::Fail` defines the non-local `impl`, and may need to be changed
[INFO] [stdout]   = note: the derive macro `failure::Fail` may come from an old version of the `failure_derive` crate, try updating your dependency with `cargo update -p failure_derive`
[INFO] [stdout]   = note: an `impl` is never scoped, even when it is nested inside an item, as it may impact type checking outside of that item, which can be the case if neither the trait or the self type are at the same nesting level as the `impl`
[INFO] [stdout]   = note: items in an anonymous const item (`const _: () = { ... }`) are treated as in the same scope as the anonymous const's declaration for the purpose of this lint
[INFO] [stdout]   = note: `#[warn(non_local_definitions)]` on by default
[INFO] [stdout]   = note: this warning originates in the derive macro `failure::Fail` (in Nightly builds, run with -Z macro-backtrace for more info)
[INFO] [stdout] 
[INFO] [stdout] 
[INFO] [stdout] warning: non-local `impl` definition, `impl` blocks should be written at the same level as their item
[INFO] [stdout]  --> src/error.rs:5:17
[INFO] [stdout]   |
[INFO] [stdout] 5 | #[derive(Debug, failure::Fail, Clone)]
[INFO] [stdout]   |                 ^------------
[INFO] [stdout]   |                 |
[INFO] [stdout]   |                 `Display` is not local
[INFO] [stdout]   |                 move the `impl` block outside of this constant `_DERIVE_failure_core_fmt_Display_FOR_CborError`
[INFO] [stdout] 6 | pub enum CborError {
[INFO] [stdout]   |          --------- `CborError` is not local
[INFO] [stdout]   |
[INFO] [stdout]   = note: the derive macro `failure::Fail` defines the non-local `impl`, and may need to be changed
[INFO] [stdout]   = note: the derive macro `failure::Fail` may come from an old version of the `failure_derive` crate, try updating your dependency with `cargo update -p failure_derive`
[INFO] [stdout]   = note: an `impl` is never scoped, even when it is nested inside an item, as it may impact type checking outside of that item, which can be the case if neither the trait or the self type are at the same nesting level as the `impl`
[INFO] [stdout]   = note: items in an anonymous const item (`const _: () = { ... }`) are treated as in the same scope as the anonymous const's declaration for the purpose of this lint
[INFO] [stdout]   = note: this warning originates in the derive macro `failure::Fail` (in Nightly builds, run with -Z macro-backtrace for more info)
[INFO] [stdout] 
[INFO] [stdout] 
[INFO] [stderr]    Compiling float-cmp v0.8.0
[INFO] [stderr]    Compiling cbor_enhanced v0.1.1 (/opt/rustwide/workdir)
[INFO] [stdout] error[E0432]: unresolved import `safe_transmute`
[INFO] [stdout]  --> tests/transmute.rs:2:5
[INFO] [stdout]   |
[INFO] [stdout] 2 | use safe_transmute::PedanticGuard;
[INFO] [stdout]   |     ^^^^^^^^^^^^^^ use of undeclared crate or module `safe_transmute`
[INFO] [stdout] 
[INFO] [stdout] 
[INFO] [stdout] warning: unused variable: `data_ref`
[INFO] [stdout]  --> examples/arrays.rs:5:9
[INFO] [stdout]   |
[INFO] [stdout] 5 |     let data_ref: &[u16] = &data;
[INFO] [stdout]   |         ^^^^^^^^ help: if this is intentional, prefix it with an underscore: `_data_ref`
[INFO] [stdout]   |
[INFO] [stdout]   = note: `#[warn(unused_variables)]` on by default
[INFO] [stdout] 
[INFO] [stdout] 
[INFO] [stdout] error[E0433]: failed to resolve: use of undeclared crate or module `safe_transmute`
[INFO] [stdout]   --> tests/transmute.rs:93:17
[INFO] [stdout]    |
[INFO] [stdout] 93 |     let bytes = safe_transmute::to_bytes::transmute_to_bytes(input);
[INFO] [stdout]    |                 ^^^^^^^^^^^^^^ use of undeclared crate or module `safe_transmute`
[INFO] [stdout] 
[INFO] [stdout] 
[INFO] [stdout] error[E0433]: failed to resolve: use of undeclared crate or module `safe_transmute`
[INFO] [stdout]    --> tests/transmute.rs:112:14
[INFO] [stdout]     |
[INFO] [stdout] 112 |     unsafe { safe_transmute::trivial::transmute_trivial_many::<T, PedanticGuard>(data) }.unwrap()
[INFO] [stdout]     |              ^^^^^^^^^^^^^^ use of undeclared crate or module `safe_transmute`
[INFO] [stdout] 
[INFO] [stdout] 
[INFO] [stdout] error[E0433]: failed to resolve: use of undeclared crate or module `safe_transmute`
[INFO] [stdout]   --> tests/transmute.rs:89:24
[INFO] [stdout]    |
[INFO] [stdout] 89 | fn test_transmution<T: safe_transmute::TriviallyTransmutable + PartialEq + Debug>(
[INFO] [stdout]    |                        ^^^^^^^^^^^^^^ use of undeclared crate or module `safe_transmute`
[INFO] [stdout] 
[INFO] [stdout] 
[INFO] [stdout] error[E0433]: failed to resolve: use of undeclared crate or module `safe_transmute`
[INFO] [stdout]    --> tests/transmute.rs:111:17
[INFO] [stdout]     |
[INFO] [stdout] 111 | fn transmute<T: safe_transmute::TriviallyTransmutable>(data: &[u8]) -> &[T] {
[INFO] [stdout]     |                 ^^^^^^^^^^^^^^ use of undeclared crate or module `safe_transmute`
[INFO] [stdout] 
[INFO] [stdout] 
[INFO] [stdout] Some errors have detailed explanations: E0432, E0433.
[INFO] [stdout] 
[INFO] [stdout] For more information about an error, try `rustc --explain E0432`.
[INFO] [stdout] 
[INFO] [stderr] error: could not compile `cbor_enhanced` (test "transmute") due to 5 previous errors
[INFO] [stderr] warning: build failed, waiting for other jobs to finish...
[INFO] [stdout] warning: non-local `impl` definition, `impl` blocks should be written at the same level as their item
[INFO] [stdout]  --> src/error.rs:5:17
[INFO] [stdout]   |
[INFO] [stdout] 5 | #[derive(Debug, failure::Fail, Clone)]
[INFO] [stdout]   |                 ^------------
[INFO] [stdout]   |                 |
[INFO] [stdout]   |                 `Fail` is not local
[INFO] [stdout]   |                 move the `impl` block outside of this constant `_DERIVE_failure_Fail_FOR_CborError`
[INFO] [stdout] 6 | pub enum CborError {
[INFO] [stdout]   |          --------- `CborError` is not local
[INFO] [stdout]   |
[INFO] [stdout]   = note: the derive macro `failure::Fail` defines the non-local `impl`, and may need to be changed
[INFO] [stdout]   = note: the derive macro `failure::Fail` may come from an old version of the `failure_derive` crate, try updating your dependency with `cargo update -p failure_derive`
[INFO] [stdout]   = note: an `impl` is never scoped, even when it is nested inside an item, as it may impact type checking outside of that item, which can be the case if neither the trait or the self type are at the same nesting level as the `impl`
[INFO] [stdout]   = note: items in an anonymous const item (`const _: () = { ... }`) are treated as in the same scope as the anonymous const's declaration for the purpose of this lint
[INFO] [stdout]   = note: `#[warn(non_local_definitions)]` on by default
[INFO] [stdout]   = note: this warning originates in the derive macro `failure::Fail` (in Nightly builds, run with -Z macro-backtrace for more info)
[INFO] [stdout] 
[INFO] [stdout] 
[INFO] [stdout] warning: non-local `impl` definition, `impl` blocks should be written at the same level as their item
[INFO] [stdout]  --> src/error.rs:5:17
[INFO] [stdout]   |
[INFO] [stdout] 5 | #[derive(Debug, failure::Fail, Clone)]
[INFO] [stdout]   |                 ^------------
[INFO] [stdout]   |                 |
[INFO] [stdout]   |                 `Display` is not local
[INFO] [stdout]   |                 move the `impl` block outside of this constant `_DERIVE_failure_core_fmt_Display_FOR_CborError`
[INFO] [stdout] 6 | pub enum CborError {
[INFO] [stdout]   |          --------- `CborError` is not local
[INFO] [stdout]   |
[INFO] [stdout]   = note: the derive macro `failure::Fail` defines the non-local `impl`, and may need to be changed
[INFO] [stdout]   = note: the derive macro `failure::Fail` may come from an old version of the `failure_derive` crate, try updating your dependency with `cargo update -p failure_derive`
[INFO] [stdout]   = note: an `impl` is never scoped, even when it is nested inside an item, as it may impact type checking outside of that item, which can be the case if neither the trait or the self type are at the same nesting level as the `impl`
[INFO] [stdout]   = note: items in an anonymous const item (`const _: () = { ... }`) are treated as in the same scope as the anonymous const's declaration for the purpose of this lint
[INFO] [stdout]   = note: this warning originates in the derive macro `failure::Fail` (in Nightly builds, run with -Z macro-backtrace for more info)
[INFO] [stdout] 
[INFO] [stdout] 
[INFO] running `Command { std: "docker" "inspect" "b59afe20a25dd82e5ca93cadf44412f6de5e1b246849f6c0c4aa3a5326b29b50", kill_on_drop: false }`
[INFO] running `Command { std: "docker" "rm" "-f" "b59afe20a25dd82e5ca93cadf44412f6de5e1b246849f6c0c4aa3a5326b29b50", kill_on_drop: false }`
[INFO] [stdout] b59afe20a25dd82e5ca93cadf44412f6de5e1b246849f6c0c4aa3a5326b29b50
