[INFO] fetching crate cave-fmt 0.1.3...
[INFO] testing cave-fmt-0.1.3 against nightly-2024-10-28+rustflags=-Zrandomize-layout for randomize-layout
[INFO] extracting crate cave-fmt 0.1.3 into /workspace/builds/worker-4-tc2/source
[INFO] validating manifest of crates.io crate cave-fmt 0.1.3 on toolchain nightly-2024-10-28
[INFO] running `Command { std: CARGO_HOME="/workspace/cargo-home" RUSTUP_HOME="/workspace/rustup-home" "/workspace/cargo-home/bin/cargo" "+nightly-2024-10-28" "metadata" "--manifest-path" "Cargo.toml" "--no-deps", kill_on_drop: false }`
[INFO] started tweaking crates.io crate cave-fmt 0.1.3
[INFO] finished tweaking crates.io crate cave-fmt 0.1.3
[INFO] tweaked toml for crates.io crate cave-fmt 0.1.3 written to /workspace/builds/worker-4-tc2/source/Cargo.toml
[INFO] running `Command { std: CARGO_HOME="/workspace/cargo-home" RUSTUP_HOME="/workspace/rustup-home" "/workspace/cargo-home/bin/cargo" "+nightly-2024-10-28" "generate-lockfile" "--manifest-path" "Cargo.toml", kill_on_drop: false }`
[INFO] [stderr]     Updating crates.io index
[INFO] [stderr]      Locking 32 packages to latest compatible versions
[INFO] [stderr]       Adding vek v0.15.10 (available: v0.17.1)
[INFO] running `Command { std: CARGO_HOME="/workspace/cargo-home" RUSTUP_HOME="/workspace/rustup-home" "/workspace/cargo-home/bin/cargo" "+nightly-2024-10-28" "fetch" "--manifest-path" "Cargo.toml", kill_on_drop: false }`
[INFO] running `Command { std: "docker" "create" "-v" "/var/lib/crater-agent-workspace/builds/worker-4-tc2/target:/opt/rustwide/target:rw,Z" "-v" "/var/lib/crater-agent-workspace/builds/worker-4-tc2/source:/opt/rustwide/workdir:ro,Z" "-v" "/var/lib/crater-agent-workspace/cargo-home:/opt/rustwide/cargo-home:ro,Z" "-v" "/var/lib/crater-agent-workspace/rustup-home:/opt/rustwide/rustup-home:ro,Z" "-e" "SOURCE_DIR=/opt/rustwide/workdir" "-e" "CARGO_TARGET_DIR=/opt/rustwide/target" "-e" "CARGO_HOME=/opt/rustwide/cargo-home" "-e" "RUSTUP_HOME=/opt/rustwide/rustup-home" "-w" "/opt/rustwide/workdir" "-m" "1610612736" "--user" "0:0" "--network" "none" "ghcr.io/rust-lang/crates-build-env/linux@sha256:4a844ea9eb2546a2d2c7022eacef16ef2e8229c7fbb2c7d4d55a9ceca922f72d" "/opt/rustwide/cargo-home/bin/cargo" "+nightly-2024-10-28" "metadata" "--no-deps" "--format-version=1", kill_on_drop: false }`
[INFO] [stdout] f479f879d154af04ed1792aab722fc937a479e1e0d4fc65d75cc0f09515054a7
[INFO] running `Command { std: "docker" "start" "-a" "f479f879d154af04ed1792aab722fc937a479e1e0d4fc65d75cc0f09515054a7", kill_on_drop: false }`
[INFO] running `Command { std: "docker" "inspect" "f479f879d154af04ed1792aab722fc937a479e1e0d4fc65d75cc0f09515054a7", kill_on_drop: false }`
[INFO] running `Command { std: "docker" "rm" "-f" "f479f879d154af04ed1792aab722fc937a479e1e0d4fc65d75cc0f09515054a7", kill_on_drop: false }`
[INFO] [stdout] f479f879d154af04ed1792aab722fc937a479e1e0d4fc65d75cc0f09515054a7
[INFO] running `Command { std: "docker" "create" "-v" "/var/lib/crater-agent-workspace/builds/worker-4-tc2/target:/opt/rustwide/target:rw,Z" "-v" "/var/lib/crater-agent-workspace/builds/worker-4-tc2/source:/opt/rustwide/workdir:ro,Z" "-v" "/var/lib/crater-agent-workspace/cargo-home:/opt/rustwide/cargo-home:ro,Z" "-v" "/var/lib/crater-agent-workspace/rustup-home:/opt/rustwide/rustup-home:ro,Z" "-e" "SOURCE_DIR=/opt/rustwide/workdir" "-e" "CARGO_TARGET_DIR=/opt/rustwide/target" "-e" "CARGO_INCREMENTAL=0" "-e" "RUST_BACKTRACE=full" "-e" "RUSTFLAGS=--cap-lints=forbid -Zrandomize-layout" "-e" "RUSTDOCFLAGS=--cap-lints=forbid" "-e" "CARGO_HOME=/opt/rustwide/cargo-home" "-e" "RUSTUP_HOME=/opt/rustwide/rustup-home" "-w" "/opt/rustwide/workdir" "-m" "1610612736" "--user" "0:0" "--network" "none" "ghcr.io/rust-lang/crates-build-env/linux@sha256:4a844ea9eb2546a2d2c7022eacef16ef2e8229c7fbb2c7d4d55a9ceca922f72d" "/opt/rustwide/cargo-home/bin/cargo" "+nightly-2024-10-28" "build" "--frozen" "--message-format=json", kill_on_drop: false }`
[INFO] [stdout] b07cb71812a2518681e505af7f95d6f8d03285a12f8ce6cb9687c156a3580a90
[INFO] running `Command { std: "docker" "start" "-a" "b07cb71812a2518681e505af7f95d6f8d03285a12f8ce6cb9687c156a3580a90", kill_on_drop: false }`
[INFO] [stderr]    Compiling semver v1.0.23
[INFO] [stderr]    Compiling num-traits v0.2.19
[INFO] [stderr]    Compiling serde v1.0.214
[INFO] [stderr]    Compiling serde_derive v1.0.214
[INFO] [stderr]    Compiling pest_generator v2.7.14
[INFO] [stderr]    Compiling rustc_version v0.4.1
[INFO] [stderr]    Compiling vek v0.15.10
[INFO] [stderr]    Compiling pest_derive v2.7.14
[INFO] [stderr]    Compiling approx v0.5.1
[INFO] [stderr]    Compiling num-integer v0.1.46
[INFO] [stdout] error[E0076]: SIMD vector's only field must be an array
[INFO] [stdout]     --> /opt/rustwide/cargo-home/registry/src/index.crates.io-6f17d22bba15001f/vek-0.15.10/src/vec.rs:3209:13
[INFO] [stdout]      |
[INFO] [stdout] 3209 |             pub struct Vec2<T> { pub x:T, pub y:T }
[INFO] [stdout]      |             ^^^^^^^^^^^^^^^^^^   ------- not an array
[INFO] [stdout] ...
[INFO] [stdout] 3709 |     vec_impl_all_vecs!{simd #[repr(simd)] c #[repr(C)] repr_simd}
[INFO] [stdout]      |     ------------------------------------------------------------- in this macro invocation
[INFO] [stdout]      |
[INFO] [stdout]      = note: this error originates in the macro `vec_impl_all_vecs` (in Nightly builds, run with -Z macro-backtrace for more info)
[INFO] [stdout] 
[INFO] [stdout] 
[INFO] [stdout] error[E0076]: SIMD vector's only field must be an array
[INFO] [stdout]     --> /opt/rustwide/cargo-home/registry/src/index.crates.io-6f17d22bba15001f/vek-0.15.10/src/vec.rs:3345:13
[INFO] [stdout]      |
[INFO] [stdout] 3345 |             pub struct Vec4<T> {
[INFO] [stdout]      |             ^^^^^^^^^^^^^^^^^^
[INFO] [stdout] 3346 |                 pub x:T, pub y:T, pub z:T,
[INFO] [stdout]      |                 ------- not an array
[INFO] [stdout] ...
[INFO] [stdout] 3709 |     vec_impl_all_vecs!{simd #[repr(simd)] c #[repr(C)] repr_simd}
[INFO] [stdout]      |     ------------------------------------------------------------- in this macro invocation
[INFO] [stdout]      |
[INFO] [stdout]      = note: this error originates in the macro `vec_impl_all_vecs` (in Nightly builds, run with -Z macro-backtrace for more info)
[INFO] [stdout] 
[INFO] [stdout] 
[INFO] [stdout] error[E0076]: SIMD vector's only field must be an array
[INFO] [stdout]     --> /opt/rustwide/cargo-home/registry/src/index.crates.io-6f17d22bba15001f/vek-0.15.10/src/vec.rs:3562:13
[INFO] [stdout]      |
[INFO] [stdout] 3562 |             pub struct Extent2<T> { pub w:T, pub h:T }
[INFO] [stdout]      |             ^^^^^^^^^^^^^^^^^^^^^   ------- not an array
[INFO] [stdout] ...
[INFO] [stdout] 3709 |     vec_impl_all_vecs!{simd #[repr(simd)] c #[repr(C)] repr_simd}
[INFO] [stdout]      |     ------------------------------------------------------------- in this macro invocation
[INFO] [stdout]      |
[INFO] [stdout]      = note: this error originates in the macro `vec_impl_all_vecs` (in Nightly builds, run with -Z macro-backtrace for more info)
[INFO] [stdout] 
[INFO] [stdout] 
[INFO] [stdout] error[E0076]: SIMD vector's only field must be an array
[INFO] [stdout]     --> /opt/rustwide/cargo-home/registry/src/index.crates.io-6f17d22bba15001f/vek-0.15.10/src/vec.rs:3586:13
[INFO] [stdout]      |
[INFO] [stdout] 3586 |             pub struct Rgba<T> { pub r:T, pub g:T, pub b:T, pub a:T }
[INFO] [stdout]      |             ^^^^^^^^^^^^^^^^^^   ------- not an array
[INFO] [stdout] ...
[INFO] [stdout] 3709 |     vec_impl_all_vecs!{simd #[repr(simd)] c #[repr(C)] repr_simd}
[INFO] [stdout]      |     ------------------------------------------------------------- in this macro invocation
[INFO] [stdout]      |
[INFO] [stdout]      = note: this error originates in the macro `vec_impl_all_vecs` (in Nightly builds, run with -Z macro-backtrace for more info)
[INFO] [stdout] 
[INFO] [stdout] 
[INFO] [stdout] error[E0076]: SIMD vector's only field must be an array
[INFO] [stdout]    --> /opt/rustwide/cargo-home/registry/src/index.crates.io-6f17d22bba15001f/vek-0.15.10/src/quaternion.rs:129:9
[INFO] [stdout]     |
[INFO] [stdout] 129 |         pub struct Quaternion<T> { pub x: T, pub y: T, pub z: T, pub w: T }
[INFO] [stdout]     |         ^^^^^^^^^^^^^^^^^^^^^^^^   -------- not an array
[INFO] [stdout] ...
[INFO] [stdout] 745 |     quaternion_complete_mod!(repr_simd #[repr(simd)]);
[INFO] [stdout]     |     ------------------------------------------------- in this macro invocation
[INFO] [stdout]     |
[INFO] [stdout]     = note: this error originates in the macro `quaternion_complete_mod` (in Nightly builds, run with -Z macro-backtrace for more info)
[INFO] [stdout] 
[INFO] [stdout] 
[INFO] [stdout] For more information about this error, try `rustc --explain E0076`.
[INFO] [stdout] 
[INFO] [stderr] error: could not compile `vek` (lib) due to 5 previous errors
[INFO] running `Command { std: "docker" "inspect" "b07cb71812a2518681e505af7f95d6f8d03285a12f8ce6cb9687c156a3580a90", kill_on_drop: false }`
[INFO] running `Command { std: "docker" "rm" "-f" "b07cb71812a2518681e505af7f95d6f8d03285a12f8ce6cb9687c156a3580a90", kill_on_drop: false }`
[INFO] [stdout] b07cb71812a2518681e505af7f95d6f8d03285a12f8ce6cb9687c156a3580a90
