[INFO] fetching crate cargo-shuttle 0.48.3...
[INFO] testing cargo-shuttle-0.48.3 against nightly-2024-10-28 for randomize-layout
[INFO] extracting crate cargo-shuttle 0.48.3 into /workspace/builds/worker-1-tc1/source
[INFO] validating manifest of crates.io crate cargo-shuttle 0.48.3 on toolchain nightly-2024-10-28
[INFO] running `Command { std: CARGO_HOME="/workspace/cargo-home" RUSTUP_HOME="/workspace/rustup-home" "/workspace/cargo-home/bin/cargo" "+nightly-2024-10-28" "metadata" "--manifest-path" "Cargo.toml" "--no-deps", kill_on_drop: false }`
[INFO] started tweaking crates.io crate cargo-shuttle 0.48.3
[INFO] finished tweaking crates.io crate cargo-shuttle 0.48.3
[INFO] tweaked toml for crates.io crate cargo-shuttle 0.48.3 written to /workspace/builds/worker-1-tc1/source/Cargo.toml
[INFO] crate crates.io crate cargo-shuttle 0.48.3 already has a lockfile, it will not be regenerated
[INFO] running `Command { std: CARGO_HOME="/workspace/cargo-home" RUSTUP_HOME="/workspace/rustup-home" "/workspace/cargo-home/bin/cargo" "+nightly-2024-10-28" "fetch" "--manifest-path" "Cargo.toml", kill_on_drop: false }`
[INFO] [stderr]     Updating crates.io index
[INFO] [stderr]  Downloading crates ...
[INFO] [stderr]   Downloaded wasm-bindgen-macro v0.2.94
[INFO] [stderr]   Downloaded shuttle-service v0.48.0
[INFO] [stderr]   Downloaded wasm-bindgen-macro-support v0.2.94
[INFO] [stderr]   Downloaded typeshare v1.0.3
[INFO] [stderr]   Downloaded typeshare-annotation v1.0.4
[INFO] [stderr]   Downloaded portpicker v0.1.1
[INFO] [stderr]   Downloaded comma v1.0.0
[INFO] [stderr]   Downloaded shuttle-api-client v0.48.0
[INFO] [stderr]   Downloaded clap_mangen v0.2.24
[INFO] [stderr]   Downloaded gix-worktree-state v0.13.0
[INFO] [stderr]   Downloaded wasm-bindgen-futures v0.4.44
[INFO] [stderr]   Downloaded roff v0.2.2
[INFO] [stderr]   Downloaded rustls-pki-types v1.9.0
[INFO] [stderr]   Downloaded bollard-stubs v1.43.0-rc.2
[INFO] [stderr]   Downloaded shuttle-common v0.48.2
[INFO] [stderr]   Downloaded bollard v0.15.0
[INFO] [stderr]   Downloaded js-sys v0.3.71
[INFO] [stderr]   Downloaded wasm-bindgen v0.2.94
[INFO] [stderr]   Downloaded wasm-bindgen-backend v0.2.94
[INFO] [stderr]   Downloaded opentelemetry_sdk v0.21.2
[INFO] [stderr]   Downloaded rexpect v0.5.0
[INFO] [stderr]   Downloaded ordered-float v4.3.0
[INFO] [stderr]   Downloaded shuttle-proto v0.48.0
[INFO] [stderr]   Downloaded wasm-bindgen-shared v0.2.94
[INFO] [stderr]   Downloaded rustls v0.23.14
[INFO] [stderr]   Downloaded web-sys v0.3.71
[INFO] running `Command { std: "docker" "create" "-v" "/var/lib/crater-agent-workspace/builds/worker-1-tc1/target:/opt/rustwide/target:rw,Z" "-v" "/var/lib/crater-agent-workspace/builds/worker-1-tc1/source:/opt/rustwide/workdir:ro,Z" "-v" "/var/lib/crater-agent-workspace/cargo-home:/opt/rustwide/cargo-home:ro,Z" "-v" "/var/lib/crater-agent-workspace/rustup-home:/opt/rustwide/rustup-home:ro,Z" "-e" "SOURCE_DIR=/opt/rustwide/workdir" "-e" "CARGO_TARGET_DIR=/opt/rustwide/target" "-e" "CARGO_HOME=/opt/rustwide/cargo-home" "-e" "RUSTUP_HOME=/opt/rustwide/rustup-home" "-w" "/opt/rustwide/workdir" "-m" "1610612736" "--user" "0:0" "--network" "none" "ghcr.io/rust-lang/crates-build-env/linux@sha256:4a844ea9eb2546a2d2c7022eacef16ef2e8229c7fbb2c7d4d55a9ceca922f72d" "/opt/rustwide/cargo-home/bin/cargo" "+nightly-2024-10-28" "metadata" "--no-deps" "--format-version=1", kill_on_drop: false }`
[INFO] [stdout] 8a0dc598be53bd1a79ff8a694cfdd862d7392533089260f034b83a1c0b8c4ad6
[INFO] running `Command { std: "docker" "start" "-a" "8a0dc598be53bd1a79ff8a694cfdd862d7392533089260f034b83a1c0b8c4ad6", kill_on_drop: false }`
[INFO] running `Command { std: "docker" "inspect" "8a0dc598be53bd1a79ff8a694cfdd862d7392533089260f034b83a1c0b8c4ad6", kill_on_drop: false }`
[INFO] running `Command { std: "docker" "rm" "-f" "8a0dc598be53bd1a79ff8a694cfdd862d7392533089260f034b83a1c0b8c4ad6", kill_on_drop: false }`
[INFO] [stdout] 8a0dc598be53bd1a79ff8a694cfdd862d7392533089260f034b83a1c0b8c4ad6
[INFO] running `Command { std: "docker" "create" "-v" "/var/lib/crater-agent-workspace/builds/worker-1-tc1/target:/opt/rustwide/target:rw,Z" "-v" "/var/lib/crater-agent-workspace/builds/worker-1-tc1/source:/opt/rustwide/workdir:ro,Z" "-v" "/var/lib/crater-agent-workspace/cargo-home:/opt/rustwide/cargo-home:ro,Z" "-v" "/var/lib/crater-agent-workspace/rustup-home:/opt/rustwide/rustup-home:ro,Z" "-e" "SOURCE_DIR=/opt/rustwide/workdir" "-e" "CARGO_TARGET_DIR=/opt/rustwide/target" "-e" "CARGO_INCREMENTAL=0" "-e" "RUST_BACKTRACE=full" "-e" "RUSTFLAGS=--cap-lints=forbid" "-e" "RUSTDOCFLAGS=--cap-lints=forbid" "-e" "CARGO_HOME=/opt/rustwide/cargo-home" "-e" "RUSTUP_HOME=/opt/rustwide/rustup-home" "-w" "/opt/rustwide/workdir" "-m" "1610612736" "--user" "0:0" "--network" "none" "ghcr.io/rust-lang/crates-build-env/linux@sha256:4a844ea9eb2546a2d2c7022eacef16ef2e8229c7fbb2c7d4d55a9ceca922f72d" "/opt/rustwide/cargo-home/bin/cargo" "+nightly-2024-10-28" "build" "--frozen" "--message-format=json", kill_on_drop: false }`
[INFO] [stdout] 15975d896e3e631dd44defa69c802c91cd67391bc13109aa5eecfd63158bc42e
[INFO] running `Command { std: "docker" "start" "-a" "15975d896e3e631dd44defa69c802c91cd67391bc13109aa5eecfd63158bc42e", kill_on_drop: false }`
[INFO] [stderr]    Compiling proc-macro2 v1.0.87
[INFO] [stderr]    Compiling libc v0.2.159
[INFO] [stderr]    Compiling cfg-if v1.0.0
[INFO] [stderr]    Compiling autocfg v1.4.0
[INFO] [stderr]    Compiling once_cell v1.20.2
[INFO] [stderr]    Compiling bytes v1.7.2
[INFO] [stderr]    Compiling thiserror v1.0.64
[INFO] [stderr]    Compiling itoa v1.0.11
[INFO] [stderr]    Compiling tinyvec_macros v0.1.1
[INFO] [stderr]    Compiling tinyvec v1.8.0
[INFO] [stderr]    Compiling aho-corasick v1.1.3
[INFO] [stderr]    Compiling regex-syntax v0.8.5
[INFO] [stderr]    Compiling shlex v1.3.0
[INFO] [stderr]    Compiling version_check v0.9.5
[INFO] [stderr]    Compiling serde v1.0.210
[INFO] [stderr]    Compiling pin-project-lite v0.2.14
[INFO] [stderr]    Compiling log v0.4.22
[INFO] [stderr]    Compiling smallvec v1.13.2
[INFO] [stderr]    Compiling quote v1.0.37
[INFO] [stderr]    Compiling futures-core v0.3.31
[INFO] [stderr]    Compiling gix-trace v0.1.10
[INFO] [stderr]    Compiling jobserver v0.1.32
[INFO] [stderr]    Compiling fnv v1.0.7
[INFO] [stderr]    Compiling syn v2.0.79
[INFO] [stderr]    Compiling signal-hook-registry v1.4.2
[INFO] [stderr]    Compiling unicode-normalization v0.1.24
[INFO] [stderr]    Compiling faster-hex v0.9.0
[INFO] [stderr]    Compiling cc v1.1.28
[INFO] [stderr]    Compiling futures-sink v0.3.31
[INFO] [stderr]    Compiling fastrand v2.1.1
[INFO] [stderr]    Compiling bitflags v2.6.0
[INFO] [stderr]    Compiling byteorder v1.5.0
[INFO] [stderr]    Compiling getrandom v0.2.15
[INFO] [stderr]    Compiling crc32fast v1.4.2
[INFO] [stderr]    Compiling adler2 v2.0.0
[INFO] [stderr]    Compiling gix-utils v0.1.12
[INFO] [stderr]    Compiling miniz_oxide v0.8.0
[INFO] [stderr]    Compiling slab v0.4.9
[INFO] [stderr]    Compiling same-file v1.0.6
[INFO] [stderr]    Compiling walkdir v2.5.0
[INFO] [stderr]    Compiling lock_api v0.4.12
[INFO] [stderr]    Compiling parking_lot_core v0.9.10
[INFO] [stderr]    Compiling regex-automata v0.4.8
[INFO] [stderr]    Compiling hashbrown v0.15.0
[INFO] [stderr]    Compiling flate2 v1.0.34
[INFO] [stderr]    Compiling sha1_smol v1.0.1
[INFO] [stderr]    Compiling equivalent v1.0.1
[INFO] [stderr]    Compiling prodash v28.0.0
[INFO] [stderr]    Compiling pin-utils v0.1.0
[INFO] [stderr]    Compiling scopeguard v1.2.0
[INFO] [stderr]    Compiling indexmap v2.6.0
[INFO] [stderr]    Compiling futures-channel v0.3.31
[INFO] [stderr]    Compiling socket2 v0.5.7
[INFO] [stderr]    Compiling mio v1.0.2
[INFO] [stderr]    Compiling futures-io v0.3.31
[INFO] [stderr]    Compiling futures-task v0.3.31
[INFO] [stderr]    Compiling parking_lot v0.12.3
[INFO] [stderr]    Compiling tracing-core v0.1.32
[INFO] [stderr]    Compiling ring v0.17.8
[INFO] [stderr]    Compiling percent-encoding v2.3.1
[INFO] [stderr]    Compiling httparse v1.9.5
[INFO] [stderr]    Compiling winnow v0.6.20
[INFO] [stderr]    Compiling home v0.5.9
[INFO] [stderr]    Compiling untrusted v0.9.0
[INFO] [stderr]    Compiling spin v0.9.8
[INFO] [stderr]    Compiling http v0.2.12
[INFO] [stderr]    Compiling tower-service v0.3.3
[INFO] [stderr]    Compiling jiff v0.1.13
[INFO] [stderr]    Compiling try-lock v0.2.5
[INFO] [stderr]    Compiling rustix v0.38.37
[INFO] [stderr]    Compiling want v0.3.1
[INFO] [stderr]    Compiling form_urlencoded v1.2.1
[INFO] [stderr]    Compiling linux-raw-sys v0.4.14
[INFO] [stderr]    Compiling typenum v1.17.0
[INFO] [stderr]    Compiling bstr v1.10.0
[INFO] [stderr]    Compiling ryu v1.0.18
[INFO] [stderr]    Compiling unicode-bidi v0.3.17
[INFO] [stderr]    Compiling generic-array v0.14.7
[INFO] [stderr]    Compiling subtle v2.6.1
[INFO] [stderr]    Compiling idna v0.5.0
[INFO] [stderr]    Compiling pkg-config v0.3.31
[INFO] [stderr]    Compiling num-traits v0.2.19
[INFO] [stderr]    Compiling rustversion v1.0.17
[INFO] [stderr]    Compiling memmap2 v0.9.5
[INFO] [stderr]    Compiling ahash v0.8.11
[INFO] [stderr]    Compiling serde_json v1.0.128
[INFO] [stderr]    Compiling rand_core v0.6.4
[INFO] [stderr]    Compiling mime v0.3.17
[INFO] [stderr]    Compiling thiserror-impl v1.0.64
[INFO] [stderr]    Compiling serde_derive v1.0.210
[INFO] [stderr]    Compiling zerocopy-derive v0.7.35
[INFO] [stderr]    Compiling futures-macro v0.3.31
[INFO] [stderr]    Compiling tokio-macros v2.4.0
[INFO] [stderr]    Compiling tracing-attributes v0.1.27
[INFO] [stderr]    Compiling zerocopy v0.7.35
[INFO] [stderr]    Compiling futures-util v0.3.31
[INFO] [stderr]    Compiling gix-hash v0.14.2
[INFO] [stderr]    Compiling tokio v1.40.0
[INFO] [stderr]    Compiling gix-features v0.38.2
[INFO] [stderr]    Compiling gix-path v0.10.11
[INFO] [stderr]    Compiling gix-date v0.9.0
[INFO] [stderr]    Compiling gix-validate v0.9.0
[INFO] [stderr]    Compiling tracing v0.1.40
[INFO] [stderr]    Compiling ppv-lite86 v0.2.20
[INFO] [stderr]    Compiling gix-actor v0.32.0
[INFO] [stderr]    Compiling zeroize_derive v1.4.2
[INFO] [stderr]    Compiling gix-object v0.44.0
[INFO] [stderr]    Compiling rand_chacha v0.3.1
[INFO] [stderr]    Compiling crypto-common v0.1.6
[INFO] [stderr]    Compiling http-body v0.4.6
[INFO] [stderr]    Compiling httpdate v1.0.3
[INFO] [stderr]    Compiling allocator-api2 v0.2.18
[INFO] [stderr]    Compiling rand v0.8.5
[INFO] [stderr]    Compiling zeroize v1.8.1
[INFO] [stderr]    Compiling gix-chunk v0.4.8
[INFO] [stderr]    Compiling hashbrown v0.14.5
[INFO] [stderr]    Compiling gix-fs v0.11.3
[INFO] [stderr]    Compiling tempfile v3.13.0
[INFO] [stderr]    Compiling block-buffer v0.10.4
[INFO] [stderr]    Compiling encoding_rs v0.8.34
[INFO] [stderr]    Compiling rustls v0.21.12
[INFO] [stderr]    Compiling crossbeam-utils v0.8.20
[INFO] [stderr]    Compiling gix-hashtable v0.5.2
[INFO] [stderr]    Compiling digest v0.10.7
[INFO] [stderr]    Compiling gix-tempfile v14.0.2
[INFO] [stderr]    Compiling rustls-webpki v0.101.7
[INFO] [stderr]    Compiling sct v0.7.1
[INFO] [stderr]    Compiling async-trait v0.1.83
[INFO] [stderr]    Compiling unicase v2.7.0
[INFO] [stderr]    Compiling anyhow v1.0.89
[INFO] [stderr]    Compiling base64 v0.21.7
[INFO] [stderr]    Compiling gix-commitgraph v0.24.3
[INFO] [stderr]    Compiling gix-quote v0.4.12
[INFO] [stderr]    Compiling pin-project-internal v1.1.6
[INFO] [stderr]    Compiling http v1.1.0
[INFO] [stderr]    Compiling tokio-util v0.7.12
[INFO] [stderr]    Compiling base64 v0.22.1
[INFO] [stderr]    Compiling lazy_static v1.5.0
[INFO] [stderr]    Compiling signal-hook v0.3.17
[INFO] [stderr]    Compiling ipnet v2.10.1
[INFO] [stderr]    Compiling rustls-pki-types v1.9.0
[INFO] [stderr]    Compiling url v2.5.2
[INFO] [stderr]    Compiling h2 v0.3.26
[INFO] [stderr]    Compiling serde_urlencoded v0.7.1
[INFO] [stderr]    Compiling cpufeatures v0.2.14
[INFO] [stderr]    Compiling heck v0.5.0
[INFO] [stderr]    Compiling pin-project v1.1.6
[INFO] [stderr]    Compiling gix-revwalk v0.15.0
[INFO] [stderr]    Compiling gix-glob v0.16.5
[INFO] [stderr]    Compiling indexmap v1.9.3
[INFO] [stderr]    Compiling powerfmt v0.2.0
[INFO] [stderr]    Compiling shell-words v1.1.0
[INFO] [stderr]    Compiling time-core v0.1.2
[INFO] [stderr]    Compiling unicode-bom v2.0.3
[INFO] [stderr]    Compiling num-conv v0.1.0
[INFO] [stderr]    Compiling deranged v0.3.11
[INFO] [stderr]    Compiling mime_guess v2.0.5
[INFO] [stderr]    Compiling time-macros v0.2.18
[INFO] [stderr]    Compiling sha1 v0.10.6
[INFO] [stderr]    Compiling tokio-rustls v0.24.1
[INFO] [stderr]    Compiling http-body v1.0.1
[INFO] [stderr]    Compiling gix-lock v14.0.0
[INFO] [stderr]    Compiling gix-config-value v0.14.8
[INFO] [stderr]    Compiling axum-core v0.3.4
[INFO] [stderr]    Compiling mio v0.8.11
[INFO] [stderr]    Compiling tower-layer v0.3.3
[INFO] [stderr]    Compiling urlencoding v2.1.3
[INFO] [stderr]    Compiling rustls v0.23.14
[INFO] [stderr]    Compiling atomic-waker v1.1.2
[INFO] [stderr]    Compiling syn v1.0.109
[INFO] [stderr]    Compiling sync_wrapper v0.1.2
[INFO] [stderr]    Compiling hashbrown v0.12.3
[INFO] [stderr]    Compiling unicode-width v0.1.14
[INFO] [stderr]    Compiling regex-syntax v0.6.29
[INFO] [stderr]    Compiling bitflags v1.3.2
[INFO] [stderr]    Compiling static_assertions v1.1.0
[INFO] [stderr]    Compiling kstring v2.0.2
[INFO] [stderr]    Compiling signal-hook-mio v0.2.4
[INFO] [stderr]    Compiling time v0.3.36
[INFO] [stderr]    Compiling h2 v0.4.6
[INFO] [stderr]    Compiling opentelemetry v0.21.0
[INFO] [stderr]    Compiling gix-command v0.3.9
[INFO] [stderr]    Compiling rustls-webpki v0.102.8
[INFO] [stderr]    Compiling futures-executor v0.3.31
[INFO] [stderr]    Compiling num-integer v0.1.46
[INFO] [stderr]    Compiling axum v0.6.20
[INFO] [stderr]    Compiling gix-sec v0.10.8
[INFO] [stderr]    Compiling either v1.13.0
[INFO] [stderr]    Compiling overload v0.1.1
[INFO] [stderr]    Compiling semver v1.0.23
[INFO] [stderr]    Compiling webpki-roots v0.25.4
[INFO] [stderr]    Compiling hyper v0.14.30
[INFO] [stderr]    Compiling regex-automata v0.1.10
[INFO] [stderr]    Compiling nu-ansi-term v0.46.0
[INFO] [stderr]    Compiling matchers v0.1.0
[INFO] [stderr]    Compiling itertools v0.12.1
[INFO] [stderr]    Compiling num-bigint v0.4.6
[INFO] [stderr]    Compiling tower v0.4.13
[INFO] [stderr]    Compiling hyper v1.4.1
[INFO] [stderr]    Compiling gix-attributes v0.22.5
[INFO] [stderr]    Compiling serde_path_to_error v0.1.16
[INFO] [stderr]    Compiling tracing-serde v0.1.3
[INFO] [stderr]    Compiling sharded-slab v0.1.7
[INFO] [stderr]    Compiling crossbeam-channel v0.5.13
[INFO] [stderr]    Compiling rustls-pemfile v1.0.4
[INFO] [stderr]    Compiling hyper-rustls v0.24.2
[INFO] [stderr]    Compiling ordered-float v4.3.0
[INFO] [stderr]    Compiling zstd-sys v2.0.13+zstd.1.5.6
[INFO] [stderr]    Compiling regex v1.11.0
[INFO] [stderr]    Compiling tracing-log v0.2.0
[INFO] [stderr]    Compiling thread_local v1.1.8
[INFO] [stderr]    Compiling iana-time-zone v0.1.61
[INFO] [stderr]    Compiling vcpkg v0.2.15
[INFO] [stderr]    Compiling utf8parse v0.2.2
[INFO] [stderr]    Compiling heck v0.4.1
[INFO] [stderr]    Compiling glob v0.3.1
[INFO] [stderr]    Compiling matchit v0.7.3
[INFO] [stderr]    Compiling anstyle-parse v0.2.5
[INFO] [stderr]    Compiling opentelemetry_sdk v0.21.2
[INFO] [stderr]    Compiling libz-sys v1.1.20
[INFO] [stderr]    Compiling tracing-subscriber v0.3.18
[INFO] [stderr]    Compiling chrono v0.4.38
[INFO] [stderr]    Compiling strum_macros v0.24.3
[INFO] [stderr]    Compiling reqwest v0.11.27
[INFO] [stderr]    Compiling hyper-util v0.1.9
[INFO] [stderr]    Compiling tokio-rustls v0.26.0
[INFO] [stderr]    Compiling prost-derive v0.12.6
[INFO] [stderr]    Compiling simple_asn1 v0.6.2
[INFO] [stderr]    Compiling crossterm v0.26.1
[INFO] [stderr]    Compiling strum_macros v0.26.4
[INFO] [stderr]    Compiling gix-url v0.27.5
[INFO] [stderr]    Compiling webpki-roots v0.26.6
[INFO] [stderr]    Compiling pem v3.0.4
[INFO] [stderr]    Compiling typeshare-annotation v1.0.4
[INFO] [stderr]    Compiling headers-core v0.2.0
[INFO] [stderr]    Compiling filetime v0.2.25
[INFO] [stderr]    Compiling paste v1.0.15
[INFO] [stderr]    Compiling is_terminal_polyfill v1.70.1
[INFO] [stderr]    Compiling anstyle-query v1.1.1
[INFO] [stderr]    Compiling anstyle v1.0.8
[INFO] [stderr]    Compiling colorchoice v1.0.2
[INFO] [stderr]    Compiling strum v0.24.1
[INFO] [stderr]    Compiling anstream v0.6.15
[INFO] [stderr]    Compiling comfy-table v6.2.0
[INFO] [stderr]    Compiling headers v0.3.9
[INFO] [stderr]    Compiling prost v0.12.6
[INFO] [stderr]    Compiling typeshare v1.0.3
[INFO] [stderr]    Compiling jsonwebtoken v9.3.0
[INFO] [stderr]    Compiling hyper-rustls v0.27.3
[INFO] [stderr]    Compiling strum v0.26.3
[INFO] [stderr]    Compiling tracing-opentelemetry v0.22.0
[INFO] [stderr]    Compiling opentelemetry-http v0.10.0
[INFO] [stderr]    Compiling gix-prompt v0.8.7
[INFO] [stderr]    Compiling crossterm v0.27.0
[INFO] [stderr]    Compiling gix-ref v0.47.0
[INFO] [stderr]    Compiling http-body-util v0.1.2
[INFO] [stderr]    Compiling gix-traverse v0.41.0
[INFO] [stderr]    Compiling rustls-pemfile v2.2.0
[INFO] [stderr]    Compiling uuid v1.10.0
[INFO] [stderr]    Compiling toml_datetime v0.6.8
[INFO] [stderr]    Compiling tokio-io-timeout v1.2.0
[INFO] [stderr]    Compiling gix-bitmap v0.2.11
[INFO] [stderr]    Compiling async-stream-impl v0.3.6
[INFO] [stderr]    Compiling bzip2-sys v0.1.11+1.0.8
[INFO] [stderr]    Compiling sync_wrapper v1.0.1
[INFO] [stderr]    Compiling clap_lex v0.7.2
[INFO] [stderr]    Compiling camino v1.1.9
[INFO] [stderr]    Compiling zstd-safe v7.2.1
[INFO] [stderr]    Compiling strsim v0.11.1
[INFO] [stderr]    Compiling reqwest v0.12.8
[INFO] [stderr]    Compiling gix-index v0.35.0
[INFO] [stderr]    Compiling async-stream v0.3.6
[INFO] [stderr]    Compiling clap_builder v4.5.20
[INFO] [stderr]    Compiling hyper-timeout v0.4.1
[INFO] [stderr]    Compiling shuttle-common v0.48.2
[INFO] [stderr]    Compiling gix-credentials v0.24.5
[INFO] [stderr]    Compiling gix-ignore v0.11.4
[INFO] [stderr]    Compiling gix-revision v0.29.0
[INFO] [stderr]    Compiling clap_derive v4.5.18
[INFO] [stderr]    Compiling serde_spanned v0.6.8
[INFO] [stderr]    Compiling tokio-stream v0.1.16
[INFO] [stderr]    Compiling gix-packetline-blocking v0.17.5
[INFO] [stderr]    Compiling gix-packetline v0.17.6
[INFO] [stderr]    Compiling inout v0.1.3
[INFO] [stderr]    Compiling libgit2-sys v0.17.0+1.8.1
[INFO] [stderr]    Compiling utf-8 v0.7.6
[INFO] [stderr]    Compiling portable-atomic v1.9.0
[INFO] [stderr]    Compiling data-encoding v2.6.0
[INFO] [stderr]    Compiling clru v0.6.2
[INFO] [stderr]    Compiling crc-catalog v2.4.0
[INFO] [stderr]    Compiling gix-pack v0.53.0
[INFO] [stderr]    Compiling crc v3.2.1
[INFO] [stderr]    Compiling tungstenite v0.20.1
[INFO] [stderr]    Compiling cipher v0.4.4
[INFO] [stderr]    Compiling gix-transport v0.42.3
[INFO] [stderr]    Compiling clap v4.5.20
[INFO] [stderr]    Compiling tonic v0.10.2
[INFO] [stderr]    Compiling gix-filter v0.13.0
[INFO] [stderr]    Compiling gix-refspec v0.25.0
[INFO] [stderr]    Compiling toml_edit v0.22.22
[INFO] [stderr]    Compiling rmp v0.8.14
[INFO] [stderr]    Compiling gix-worktree v0.36.0
[INFO] [stderr]    Compiling gix-config v0.40.0
[INFO] [stderr]    Compiling prost-types v0.12.6
[INFO] [stderr]    Compiling gix-pathspec v0.7.7
[INFO] [stderr]    Compiling console v0.15.8
[INFO] [stderr]    Compiling serde_with v3.11.0
[INFO] [stderr]    Compiling cargo-platform v0.1.8
[INFO] [stderr]    Compiling crossbeam-epoch v0.9.18
[INFO] [stderr]    Compiling hmac v0.12.1
[INFO] [stderr]    Compiling serde_repr v0.1.19
[INFO] [stderr]    Compiling maybe-async v0.2.10
[INFO] [stderr]    Compiling task-local-extensions v0.1.4
[INFO] [stderr]    Compiling io-close v0.3.7
[INFO] [stderr]    Compiling hex v0.4.3
[INFO] [stderr]    Compiling bumpalo v3.16.0
[INFO] [stderr]    Compiling option-ext v0.2.0
[INFO] [stderr]    Compiling lockfree-object-pool v0.1.6
[INFO] [stderr]    Compiling simd-adler32 v0.3.7
[INFO] [stderr]    Compiling zip v2.2.0
[INFO] [stderr]    Compiling arc-swap v1.7.1
[INFO] [stderr]    Compiling zopfli v0.8.1
[INFO] [stderr]    Compiling gix-odb v0.63.0
[INFO] [stderr]    Compiling hyperlocal v0.8.0
[INFO] [stderr]    Compiling dirs-sys v0.4.1
[INFO] [stderr]    Compiling gix-protocol v0.45.3
[INFO] [stderr]    Compiling reqwest-middleware v0.2.5
[INFO] [stderr]    Compiling bollard-stubs v1.43.0-rc.2
[INFO] [stderr]    Compiling gix-worktree-state v0.13.0
[INFO] [stderr]    Compiling pbkdf2 v0.12.2
[INFO] [stderr]    Compiling crossbeam-deque v0.8.5
[INFO] [stderr]    Compiling shuttle-proto v0.48.0
[INFO] [stderr]    Compiling cargo_metadata v0.18.1
[INFO] [stderr]    Compiling gix-submodule v0.14.0
[INFO] [stderr]    Compiling toml v0.8.19
[INFO] [stderr]    Compiling bzip2 v0.4.4
[INFO] [stderr]    Compiling rmp-serde v1.3.0
[INFO] [stderr]    Compiling aes v0.8.4
[INFO] [stderr]    Compiling tokio-tungstenite v0.20.1
[INFO] [stderr]    Compiling zstd v0.13.2
[INFO] [stderr]    Compiling lzma-rs v0.3.0
[INFO] [stderr]    Compiling gix-discover v0.35.0
[INFO] [stderr]    Compiling gix-negotiate v0.15.0
[INFO] [stderr]    Compiling gix-diff v0.46.0
[INFO] [stderr]    Compiling displaydoc v0.2.5
[INFO] [stderr]    Compiling xattr v1.3.1
[INFO] [stderr]    Compiling globset v0.4.15
[INFO] [stderr]    Compiling constant_time_eq v0.3.1
[INFO] [stderr]    Compiling number_prefix v0.4.0
[INFO] [stderr]    Compiling strfmt v0.2.4
[INFO] [stderr]    Compiling deflate64 v0.1.9
[INFO] [stderr]    Compiling dunce v1.0.5
[INFO] [stderr]    Compiling winnow v0.5.40
[INFO] [stderr]    Compiling roff v0.2.2
[INFO] [stderr]    Compiling shuttle-service v0.48.0
[INFO] [stderr]    Compiling clap_mangen v0.2.24
[INFO] [stderr]    Compiling indicatif v0.17.8
[INFO] [stderr]    Compiling ignore v0.4.23
[INFO] [stderr]    Compiling tar v0.4.42
[INFO] [stderr]    Compiling gix v0.66.0
[INFO] [stderr]    Compiling shuttle-api-client v0.48.0
[INFO] [stderr]    Compiling toml_edit v0.20.7
[INFO] [stderr]    Compiling dirs v5.0.1
[INFO] [stderr]    Compiling dialoguer v0.11.0
[INFO] [stderr]    Compiling clap_complete v4.5.33
[INFO] [stderr]    Compiling futures v0.3.31
[INFO] [stderr]    Compiling webbrowser v1.0.2
[INFO] [stderr]    Compiling portpicker v0.1.1
[INFO] [stderr]    Compiling indoc v2.0.5
[INFO] [stderr]    Compiling bollard v0.15.0
[INFO] [stderr]    Compiling git2 v0.19.0
[INFO] [stderr]    Compiling cargo-shuttle v0.48.3 (/opt/rustwide/workdir)
[INFO] [stderr]     Finished `dev` profile [unoptimized + debuginfo] target(s) in 4m 09s
[INFO] running `Command { std: "docker" "inspect" "15975d896e3e631dd44defa69c802c91cd67391bc13109aa5eecfd63158bc42e", kill_on_drop: false }`
[INFO] running `Command { std: "docker" "rm" "-f" "15975d896e3e631dd44defa69c802c91cd67391bc13109aa5eecfd63158bc42e", kill_on_drop: false }`
[INFO] [stdout] 15975d896e3e631dd44defa69c802c91cd67391bc13109aa5eecfd63158bc42e
[INFO] running `Command { std: "docker" "create" "-v" "/var/lib/crater-agent-workspace/builds/worker-1-tc1/target:/opt/rustwide/target:rw,Z" "-v" "/var/lib/crater-agent-workspace/builds/worker-1-tc1/source:/opt/rustwide/workdir:ro,Z" "-v" "/var/lib/crater-agent-workspace/cargo-home:/opt/rustwide/cargo-home:ro,Z" "-v" "/var/lib/crater-agent-workspace/rustup-home:/opt/rustwide/rustup-home:ro,Z" "-e" "SOURCE_DIR=/opt/rustwide/workdir" "-e" "CARGO_TARGET_DIR=/opt/rustwide/target" "-e" "CARGO_INCREMENTAL=0" "-e" "RUST_BACKTRACE=full" "-e" "RUSTFLAGS=--cap-lints=forbid" "-e" "RUSTDOCFLAGS=--cap-lints=forbid" "-e" "CARGO_HOME=/opt/rustwide/cargo-home" "-e" "RUSTUP_HOME=/opt/rustwide/rustup-home" "-w" "/opt/rustwide/workdir" "-m" "1610612736" "--user" "0:0" "--network" "none" "ghcr.io/rust-lang/crates-build-env/linux@sha256:4a844ea9eb2546a2d2c7022eacef16ef2e8229c7fbb2c7d4d55a9ceca922f72d" "/opt/rustwide/cargo-home/bin/cargo" "+nightly-2024-10-28" "test" "--frozen" "--no-run" "--message-format=json", kill_on_drop: false }`
[INFO] [stdout] 13c009ce4c9cbc5dc773e941225bc80cf0072a7b738caf5644f69c5ce1699e69
[INFO] running `Command { std: "docker" "start" "-a" "13c009ce4c9cbc5dc773e941225bc80cf0072a7b738caf5644f69c5ce1699e69", kill_on_drop: false }`
[INFO] [stderr]    Compiling libc v0.2.159
[INFO] [stderr]    Compiling bstr v1.10.0
[INFO] [stderr]    Compiling memoffset v0.6.5
[INFO] [stderr]    Compiling predicates-core v1.0.8
[INFO] [stderr]    Compiling doc-comment v0.3.3
[INFO] [stderr]    Compiling assert_cmd v2.0.16
[INFO] [stderr]    Compiling termtree v0.4.1
[INFO] [stderr]    Compiling difflib v0.4.0
[INFO] [stderr]    Compiling predicates-tree v1.0.11
[INFO] [stderr]    Compiling comma v1.0.0
[INFO] [stderr]    Compiling predicates v3.1.2
[INFO] [stderr]    Compiling gix-path v0.10.11
[INFO] [stderr]    Compiling gix-date v0.9.0
[INFO] [stderr]    Compiling jobserver v0.1.32
[INFO] [stderr]    Compiling gix-validate v0.9.0
[INFO] [stderr]    Compiling gix-quote v0.4.12
[INFO] [stderr]    Compiling gix-command v0.3.9
[INFO] [stderr]    Compiling gix-actor v0.32.0
[INFO] [stderr]    Compiling cc v1.1.28
[INFO] [stderr]    Compiling gix-packetline-blocking v0.17.5
[INFO] [stderr]    Compiling gix-packetline v0.17.6
[INFO] [stderr]    Compiling globset v0.4.15
[INFO] [stderr]    Compiling ignore v0.4.23
[INFO] [stderr]    Compiling signal-hook-registry v1.4.2
[INFO] [stderr]    Compiling getrandom v0.2.15
[INFO] [stderr]    Compiling socket2 v0.5.7
[INFO] [stderr]    Compiling mio v1.0.2
[INFO] [stderr]    Compiling parking_lot_core v0.9.10
[INFO] [stderr]    Compiling gix-features v0.38.2
[INFO] [stderr]    Compiling memmap2 v0.9.5
[INFO] [stderr]    Compiling tokio v1.40.0
[INFO] [stderr]    Compiling parking_lot v0.12.3
[INFO] [stderr]    Compiling gix-object v0.44.0
[INFO] [stderr]    Compiling rand_core v0.6.4
[INFO] [stderr]    Compiling gix-fs v0.11.3
[INFO] [stderr]    Compiling rand_chacha v0.3.1
[INFO] [stderr]    Compiling gix-hashtable v0.5.2
[INFO] [stderr]    Compiling gix-tempfile v14.0.2
[INFO] [stderr]    Compiling gix-commitgraph v0.24.3
[INFO] [stderr]    Compiling rand v0.8.5
[INFO] [stderr]    Compiling ring v0.17.8
[INFO] [stderr]    Compiling gix-glob v0.16.5
[INFO] [stderr]    Compiling gix-lock v14.0.0
[INFO] [stderr]    Compiling signal-hook v0.3.17
[INFO] [stderr]    Compiling gix-revwalk v0.15.0
[INFO] [stderr]    Compiling mio v0.8.11
[INFO] [stderr]    Compiling gix-config-value v0.14.8
[INFO] [stderr]    Compiling gix-sec v0.10.8
[INFO] [stderr]    Compiling gix-attributes v0.22.5
[INFO] [stderr]    Compiling zstd-sys v2.0.13+zstd.1.5.6
[INFO] [stderr]    Compiling opentelemetry_sdk v0.21.2
[INFO] [stderr]    Compiling signal-hook-mio v0.2.4
[INFO] [stderr]    Compiling crossterm v0.26.1
[INFO] [stderr]    Compiling libz-sys v1.1.20
[INFO] [stderr]    Compiling gix-url v0.27.5
[INFO] [stderr]    Compiling filetime v0.2.25
[INFO] [stderr]    Compiling comfy-table v6.2.0
[INFO] [stderr]    Compiling crossterm v0.27.0
[INFO] [stderr]    Compiling gix-prompt v0.8.7
[INFO] [stderr]    Compiling tracing-opentelemetry v0.22.0
[INFO] [stderr]    Compiling gix-traverse v0.41.0
[INFO] [stderr]    Compiling gix-ref v0.47.0
[INFO] [stderr]    Compiling bzip2-sys v0.1.11+1.0.8
[INFO] [stderr]    Compiling tokio-util v0.7.12
[INFO] [stderr]    Compiling tokio-io-timeout v1.2.0
[INFO] [stderr]    Compiling uuid v1.10.0
[INFO] [stderr]    Compiling h2 v0.3.26
[INFO] [stderr]    Compiling h2 v0.4.6
[INFO] [stderr]    Compiling rustls v0.21.12
[INFO] [stderr]    Compiling rustls v0.23.14
[INFO] [stderr]    Compiling tower v0.4.13
[INFO] [stderr]    Compiling tokio-stream v0.1.16
[INFO] [stderr]    Compiling sct v0.7.1
[INFO] [stderr]    Compiling rustls-webpki v0.101.7
[INFO] [stderr]    Compiling rustls-webpki v0.102.8
[INFO] [stderr]    Compiling jsonwebtoken v9.3.0
[INFO] [stderr]    Compiling gix-index v0.35.0
[INFO] [stderr]    Compiling gix-credentials v0.24.5
[INFO] [stderr]    Compiling hyper v0.14.30
[INFO] [stderr]    Compiling hyper v1.4.1
[INFO] [stderr]    Compiling tokio-rustls v0.24.1
[INFO] [stderr]    Compiling gix-revision v0.29.0
[INFO] [stderr]    Compiling hyper-util v0.1.9
[INFO] [stderr]    Compiling gix-ignore v0.11.4
[INFO] [stderr]    Compiling libgit2-sys v0.17.0+1.8.1
[INFO] [stderr]    Compiling gix-worktree v0.36.0
[INFO] [stderr]    Compiling tokio-rustls v0.26.0
[INFO] [stderr]    Compiling gix-refspec v0.25.0
[INFO] [stderr]    Compiling tungstenite v0.20.1
[INFO] [stderr]    Compiling hyper-rustls v0.27.3
[INFO] [stderr]    Compiling reqwest v0.12.8
[INFO] [stderr]    Compiling gix-config v0.40.0
[INFO] [stderr]    Compiling zstd-safe v7.2.1
[INFO] [stderr]    Compiling gix-pathspec v0.7.7
[INFO] [stderr]    Compiling hyper-rustls v0.24.2
[INFO] [stderr]    Compiling reqwest v0.11.27
[INFO] [stderr]    Compiling axum v0.6.20
[INFO] [stderr]    Compiling hyper-timeout v0.4.1
[INFO] [stderr]    Compiling gix-filter v0.13.0
[INFO] [stderr]    Compiling gix-transport v0.42.3
[INFO] [stderr]    Compiling gix-pack v0.53.0
[INFO] [stderr]    Compiling console v0.15.8
[INFO] [stderr]    Compiling io-close v0.3.7
[INFO] [stderr]    Compiling gix-worktree-state v0.13.0
[INFO] [stderr]    Compiling gix-protocol v0.45.3
[INFO] [stderr]    Compiling reqwest-middleware v0.2.5
[INFO] [stderr]    Compiling zstd v0.13.2
[INFO] [stderr]    Compiling gix-odb v0.63.0
[INFO] [stderr]    Compiling gix-submodule v0.14.0
[INFO] [stderr]    Compiling hyperlocal v0.8.0
[INFO] [stderr]    Compiling bzip2 v0.4.4
[INFO] [stderr]    Compiling tokio-tungstenite v0.20.1
[INFO] [stderr]    Compiling shuttle-common v0.48.2
[INFO] [stderr]    Compiling tonic v0.10.2
[INFO] [stderr]    Compiling gix-discover v0.35.0
[INFO] [stderr]    Compiling gix-negotiate v0.15.0
[INFO] [stderr]    Compiling gix-diff v0.46.0
[INFO] [stderr]    Compiling dirs-sys v0.4.1
[INFO] [stderr]    Compiling dirs v5.0.1
[INFO] [stderr]    Compiling gix v0.66.0
[INFO] [stderr]    Compiling zip v2.2.0
[INFO] [stderr]    Compiling bollard v0.15.0
[INFO] [stderr]    Compiling indicatif v0.17.8
[INFO] [stderr]    Compiling shuttle-proto v0.48.0
[INFO] [stderr]    Compiling shuttle-api-client v0.48.0
[INFO] [stderr]    Compiling dialoguer v0.11.0
[INFO] [stderr]    Compiling shuttle-service v0.48.0
[INFO] [stderr]    Compiling tar v0.4.42
[INFO] [stderr]    Compiling portpicker v0.1.1
[INFO] [stderr]    Compiling wait-timeout v0.2.0
[INFO] [stderr]    Compiling nix v0.25.1
[INFO] [stderr]    Compiling rexpect v0.5.0
[INFO] [stderr]    Compiling git2 v0.19.0
[INFO] [stderr]    Compiling cargo-shuttle v0.48.3 (/opt/rustwide/workdir)
[INFO] [stdout] error[E0433]: failed to resolve: use of undeclared crate or module `shuttle_common_tests`
[INFO] [stdout]  --> tests/integration/run.rs:2:5
[INFO] [stdout]   |
[INFO] [stdout] 2 | use shuttle_common_tests::cargo_shuttle::cargo_shuttle_run;
[INFO] [stdout]   |     ^^^^^^^^^^^^^^^^^^^^ use of undeclared crate or module `shuttle_common_tests`
[INFO] [stdout]   |
[INFO] [stdout] help: there is a crate or module with a similar name
[INFO] [stdout]   |
[INFO] [stdout] 2 | use shuttle_common::cargo_shuttle::cargo_shuttle_run;
[INFO] [stdout]   |     ~~~~~~~~~~~~~~
[INFO] [stdout] 
[INFO] [stdout] 
[INFO] [stdout] For more information about this error, try `rustc --explain E0433`.
[INFO] [stdout] 
[INFO] [stderr] error: could not compile `cargo-shuttle` (test "integration") due to 1 previous error
[INFO] [stderr] warning: build failed, waiting for other jobs to finish...
[INFO] [stderr] error: could not compile `cargo-shuttle` (lib test)
[INFO] [stderr] 
[INFO] [stderr] Caused by:
[INFO] [stderr]   process didn't exit successfully: `/opt/rustwide/rustup-home/toolchains/nightly-2024-10-28-x86_64-unknown-linux-gnu/bin/rustc --crate-name cargo_shuttle --edition=2021 src/lib.rs --error-format=json --json=diagnostic-rendered-ansi,artifacts,future-incompat --emit=dep-info,link -C embed-bitcode=no -C debuginfo=2 --test --check-cfg 'cfg(docsrs)' --check-cfg 'cfg(feature, values())' -C metadata=cf7e8ba95b6e870f -C extra-filename=-cf7e8ba95b6e870f --out-dir /opt/rustwide/target/debug/deps -L dependency=/opt/rustwide/target/debug/deps --extern anyhow=/opt/rustwide/target/debug/deps/libanyhow-4971d23ece65c47a.rlib --extern assert_cmd=/opt/rustwide/target/debug/deps/libassert_cmd-0c68c000074144f5.rlib --extern async_trait=/opt/rustwide/target/debug/deps/libasync_trait-96d574518d5d6bb6.so --extern bollard=/opt/rustwide/target/debug/deps/libbollard-54b9386da30ddcbd.rlib --extern cargo_metadata=/opt/rustwide/target/debug/deps/libcargo_metadata-c773c00c12bc9313.rlib --extern chrono=/opt/rustwide/target/debug/deps/libchrono-a7cee477eabebd7c.rlib --extern clap=/opt/rustwide/target/debug/deps/libclap-6259667624a8f4eb.rlib --extern clap_complete=/opt/rustwide/target/debug/deps/libclap_complete-6ca02900fd20c0c8.rlib --extern clap_mangen=/opt/rustwide/target/debug/deps/libclap_mangen-8cf638140e729efe.rlib --extern crossterm=/opt/rustwide/target/debug/deps/libcrossterm-81ee42758135050d.rlib --extern dialoguer=/opt/rustwide/target/debug/deps/libdialoguer-365c91d9d581dcb0.rlib --extern dirs=/opt/rustwide/target/debug/deps/libdirs-c98b9fcce978cb9e.rlib --extern dunce=/opt/rustwide/target/debug/deps/libdunce-30af679d0eeafc58.rlib --extern flate2=/opt/rustwide/target/debug/deps/libflate2-a35c4f2443aaaaf6.rlib --extern futures=/opt/rustwide/target/debug/deps/libfutures-63b5d6370ae48bed.rlib --extern git2=/opt/rustwide/target/debug/deps/libgit2-dd2e2d5e97c14c5c.rlib --extern gix=/opt/rustwide/target/debug/deps/libgix-7d87be3e692ce832.rlib --extern globset=/opt/rustwide/target/debug/deps/libglobset-b0fdc3090567153b.rlib --extern headers=/opt/rustwide/target/debug/deps/libheaders-93f83d4038622eda.rlib --extern home=/opt/rustwide/target/debug/deps/libhome-851362b92a3a2561.rlib --extern hyper=/opt/rustwide/target/debug/deps/libhyper-576d234c9afa6474.rlib --extern ignore=/opt/rustwide/target/debug/deps/libignore-eca0539a274b21c1.rlib --extern indicatif=/opt/rustwide/target/debug/deps/libindicatif-2d17627b1b8c1119.rlib --extern indoc=/opt/rustwide/target/debug/deps/libindoc-a88b92ff247f39e8.so --extern portpicker=/opt/rustwide/target/debug/deps/libportpicker-86af6ff6d333d5a8.rlib --extern regex=/opt/rustwide/target/debug/deps/libregex-5d03e44d9a5f290c.rlib --extern reqwest=/opt/rustwide/target/debug/deps/libreqwest-d1032e2c555e48de.rlib --extern rexpect=/opt/rustwide/target/debug/deps/librexpect-4211833e2736f78f.rlib --extern rmp_serde=/opt/rustwide/target/debug/deps/librmp_serde-ce36c75949b65ca3.rlib --extern semver=/opt/rustwide/target/debug/deps/libsemver-58a2be1b181e6c7b.rlib --extern serde=/opt/rustwide/target/debug/deps/libserde-46c32be48ebbb002.rlib --extern serde_json=/opt/rustwide/target/debug/deps/libserde_json-067de79b4f3312d8.rlib --extern shuttle_api_client=/opt/rustwide/target/debug/deps/libshuttle_api_client-50ef4ccf80469196.rlib --extern shuttle_common=/opt/rustwide/target/debug/deps/libshuttle_common-89c2d81acb286073.rlib --extern shuttle_proto=/opt/rustwide/target/debug/deps/libshuttle_proto-37f9f626c4003427.rlib --extern shuttle_service=/opt/rustwide/target/debug/deps/libshuttle_service-9e4d9b90fd355e09.rlib --extern strum=/opt/rustwide/target/debug/deps/libstrum-83f9963f9f97f7a8.rlib --extern tar=/opt/rustwide/target/debug/deps/libtar-0d65043615474d0d.rlib --extern tempfile=/opt/rustwide/target/debug/deps/libtempfile-77b053b0196cf47a.rlib --extern tokio=/opt/rustwide/target/debug/deps/libtokio-0e88e7925d79628c.rlib --extern tokio_tungstenite=/opt/rustwide/target/debug/deps/libtokio_tungstenite-411bc627ee2e52f4.rlib --extern toml=/opt/rustwide/target/debug/deps/libtoml-78c2dc19e390f5d0.rlib --extern toml_edit=/opt/rustwide/target/debug/deps/libtoml_edit-cbcb35d5af4bb1a4.rlib --extern tonic=/opt/rustwide/target/debug/deps/libtonic-0767d426e767f04d.rlib --extern tracing=/opt/rustwide/target/debug/deps/libtracing-fe340e6a7d5a0abe.rlib --extern tracing_subscriber=/opt/rustwide/target/debug/deps/libtracing_subscriber-623318285859bee5.rlib --extern url=/opt/rustwide/target/debug/deps/liburl-a71acf6b311c4ec3.rlib --extern uuid=/opt/rustwide/target/debug/deps/libuuid-53b0338440d87b6d.rlib --extern walkdir=/opt/rustwide/target/debug/deps/libwalkdir-099221edb7b94a9e.rlib --extern webbrowser=/opt/rustwide/target/debug/deps/libwebbrowser-50d0bd1db81adf91.rlib --extern zip=/opt/rustwide/target/debug/deps/libzip-530166a316da6c53.rlib --cap-lints=forbid -L native=/opt/rustwide/target/debug/build/libgit2-sys-615d78a3c275c46b/out/build -L native=/opt/rustwide/target/debug/build/ring-41db5bbb73602839/out -L native=/opt/rustwide/target/debug/build/bzip2-sys-e9b5872e995c688c/out/lib -L native=/opt/rustwide/target/debug/build/zstd-sys-50fdc4fa7eca7b57/out` (signal: 9, SIGKILL: kill)
[ERROR] error running command: no output for 300 seconds
[INFO] running `Command { std: "docker" "inspect" "13c009ce4c9cbc5dc773e941225bc80cf0072a7b738caf5644f69c5ce1699e69", kill_on_drop: false }`
[INFO] running `Command { std: "docker" "rm" "-f" "13c009ce4c9cbc5dc773e941225bc80cf0072a7b738caf5644f69c5ce1699e69", kill_on_drop: false }`
[INFO] [stderr] Error response from daemon: Could not kill running container 13c009ce4c9cbc5dc773e941225bc80cf0072a7b738caf5644f69c5ce1699e69, cannot remove - tried to kill container, but did not receive an exit event
[ERROR] failed to delete container 13c009ce4c9cbc5dc773e941225bc80cf0072a7b738caf5644f69c5ce1699e69
[ERROR] caused by: command failed: exit status: 1
