[INFO] fetching crate cargo-risczero 1.1.2...
[INFO] testing cargo-risczero-1.1.2 against nightly-2024-10-28 for randomize-layout
[INFO] extracting crate cargo-risczero 1.1.2 into /workspace/builds/worker-1-tc1/source
[INFO] validating manifest of crates.io crate cargo-risczero 1.1.2 on toolchain nightly-2024-10-28
[INFO] running `Command { std: CARGO_HOME="/workspace/cargo-home" RUSTUP_HOME="/workspace/rustup-home" "/workspace/cargo-home/bin/cargo" "+nightly-2024-10-28" "metadata" "--manifest-path" "Cargo.toml" "--no-deps", kill_on_drop: false }`
[INFO] started tweaking crates.io crate cargo-risczero 1.1.2
[INFO] finished tweaking crates.io crate cargo-risczero 1.1.2
[INFO] tweaked toml for crates.io crate cargo-risczero 1.1.2 written to /workspace/builds/worker-1-tc1/source/Cargo.toml
[INFO] crate crates.io crate cargo-risczero 1.1.2 already has a lockfile, it will not be regenerated
[INFO] running `Command { std: CARGO_HOME="/workspace/cargo-home" RUSTUP_HOME="/workspace/rustup-home" "/workspace/cargo-home/bin/cargo" "+nightly-2024-10-28" "fetch" "--manifest-path" "Cargo.toml", kill_on_drop: false }`
[INFO] [stderr]     Updating crates.io index
[INFO] [stderr]  Downloading crates ...
[INFO] [stderr]   Downloaded deflate64 v0.1.9
[INFO] [stderr]   Downloaded lzma-rs v0.3.0
[INFO] [stderr]   Downloaded xz v0.1.0
[INFO] [stderr]   Downloaded subtle v2.6.0
[INFO] [stderr]   Downloaded text_io v0.1.12
[INFO] [stderr]   Downloaded cust_derive v0.2.0
[INFO] [stderr]   Downloaded lazy-regex-proc_macros v3.2.0
[INFO] [stderr]   Downloaded docker-generate v0.1.3
[INFO] [stderr]   Downloaded ff_derive v0.13.0
[INFO] [stderr]   Downloaded tabled_derive v0.7.0
[INFO] [stderr]   Downloaded either v1.12.0
[INFO] [stderr]   Downloaded derive-debug v0.1.2
[INFO] [stderr]   Downloaded human-repr v1.1.0
[INFO] [stderr]   Downloaded risc0-build-kernel v1.1.2
[INFO] [stderr]   Downloaded reqwest-retry v0.6.1
[INFO] [stderr]   Downloaded risc0-build v1.1.2
[INFO] [stderr]   Downloaded reqwest-middleware v0.3.3
[INFO] [stderr]   Downloaded prost v0.13.1
[INFO] [stderr]   Downloaded camino v1.1.7
[INFO] [stderr]   Downloaded tar v0.4.41
[INFO] [stderr]   Downloaded clap v4.5.14
[INFO] [stderr]   Downloaded cust v0.3.2
[INFO] [stderr]   Downloaded risc0-circuit-recursion v1.1.2
[INFO] [stderr]   Downloaded risc0-sys v1.1.2
[INFO] [stderr]   Downloaded risc0-circuit-rv32im v1.1.2
[INFO] [stderr]   Downloaded portable-atomic v1.7.0
[INFO] [stderr]   Downloaded clap_builder v4.5.14
[INFO] [stderr]   Downloaded serde_json v1.0.124
[INFO] [stderr]   Downloaded tabled v0.15.0
[INFO] [stderr]   Downloaded zip v2.1.6
[INFO] [stderr]   Downloaded elf v0.7.4
[INFO] [stderr]   Downloaded sppark v0.1.8
[INFO] [stderr]   Downloaded risc0-zkp v1.1.2
[INFO] [stderr]   Downloaded papergrid v0.11.0
[INFO] [stderr]   Downloaded ndarray v0.16.0
[INFO] [stderr]   Downloaded object v0.36.0
[INFO] [stderr]   Downloaded ruzstd v0.6.0
[INFO] [stderr]   Downloaded cc v1.1.11
[INFO] [stderr]   Downloaded nvtx v1.3.0
[INFO] [stderr]   Downloaded downloader v0.2.8
[INFO] [stderr]   Downloaded ark-groth16 v0.4.0
[INFO] [stderr]   Downloaded risc0-groth16 v1.1.2
[INFO] [stderr]   Downloaded portable-atomic-util v0.2.2
[INFO] [stderr]   Downloaded puffin v0.19.1
[INFO] [stderr]   Downloaded typetag v0.2.17
[INFO] [stderr]   Downloaded retry-policies v0.4.0
[INFO] [stderr]   Downloaded risc0-r0vm v1.1.2
[INFO] [stderr]   Downloaded bonsai-sdk v1.1.2
[INFO] [stderr]   Downloaded cust_raw v0.11.3
[INFO] [stderr]   Downloaded which v6.0.2
[INFO] [stderr]   Downloaded rrs-lib v0.1.0
[INFO] [stderr]   Downloaded risc0-circuit-recursion-sys v1.1.2
[INFO] [stderr]   Downloaded zstd-sys v2.0.11+zstd.1.5.6
[INFO] [stderr]   Downloaded addchain v0.2.0
[INFO] [stderr]   Downloaded risc0-core v1.1.2
[INFO] [stderr]   Downloaded risc0-zkvm-platform v1.1.2
[INFO] [stderr]   Downloaded prost-derive v0.13.1
[INFO] [stderr]   Downloaded lazy-regex v3.2.0
[INFO] [stderr]   Downloaded risc0-binfmt v1.1.2
[INFO] [stderr]   Downloaded cust_core v0.1.1
[INFO] [stderr]   Downloaded find_cuda_helper v0.2.0
[INFO] [stderr]   Downloaded typetag-impl v0.2.17
[INFO] [stderr]   Downloaded risc0-circuit-rv32im-sys v1.1.2
[INFO] [stderr]   Downloaded risc0-zkvm v1.1.2
[INFO] running `Command { std: "docker" "create" "-v" "/var/lib/crater-agent-workspace/builds/worker-1-tc1/target:/opt/rustwide/target:rw,Z" "-v" "/var/lib/crater-agent-workspace/builds/worker-1-tc1/source:/opt/rustwide/workdir:ro,Z" "-v" "/var/lib/crater-agent-workspace/cargo-home:/opt/rustwide/cargo-home:ro,Z" "-v" "/var/lib/crater-agent-workspace/rustup-home:/opt/rustwide/rustup-home:ro,Z" "-e" "SOURCE_DIR=/opt/rustwide/workdir" "-e" "CARGO_TARGET_DIR=/opt/rustwide/target" "-e" "CARGO_HOME=/opt/rustwide/cargo-home" "-e" "RUSTUP_HOME=/opt/rustwide/rustup-home" "-w" "/opt/rustwide/workdir" "-m" "1610612736" "--user" "0:0" "--network" "none" "ghcr.io/rust-lang/crates-build-env/linux@sha256:4a844ea9eb2546a2d2c7022eacef16ef2e8229c7fbb2c7d4d55a9ceca922f72d" "/opt/rustwide/cargo-home/bin/cargo" "+nightly-2024-10-28" "metadata" "--no-deps" "--format-version=1", kill_on_drop: false }`
[INFO] [stdout] 149029d9cc4a1b10a4df837a0130f4e5b4235e3c8777e17c7ba1e0a521c2dcb8
[INFO] running `Command { std: "docker" "start" "-a" "149029d9cc4a1b10a4df837a0130f4e5b4235e3c8777e17c7ba1e0a521c2dcb8", kill_on_drop: false }`
[INFO] running `Command { std: "docker" "inspect" "149029d9cc4a1b10a4df837a0130f4e5b4235e3c8777e17c7ba1e0a521c2dcb8", kill_on_drop: false }`
[INFO] running `Command { std: "docker" "rm" "-f" "149029d9cc4a1b10a4df837a0130f4e5b4235e3c8777e17c7ba1e0a521c2dcb8", kill_on_drop: false }`
[INFO] [stdout] 149029d9cc4a1b10a4df837a0130f4e5b4235e3c8777e17c7ba1e0a521c2dcb8
[INFO] running `Command { std: "docker" "create" "-v" "/var/lib/crater-agent-workspace/builds/worker-1-tc1/target:/opt/rustwide/target:rw,Z" "-v" "/var/lib/crater-agent-workspace/builds/worker-1-tc1/source:/opt/rustwide/workdir:ro,Z" "-v" "/var/lib/crater-agent-workspace/cargo-home:/opt/rustwide/cargo-home:ro,Z" "-v" "/var/lib/crater-agent-workspace/rustup-home:/opt/rustwide/rustup-home:ro,Z" "-e" "SOURCE_DIR=/opt/rustwide/workdir" "-e" "CARGO_TARGET_DIR=/opt/rustwide/target" "-e" "CARGO_INCREMENTAL=0" "-e" "RUST_BACKTRACE=full" "-e" "RUSTFLAGS=--cap-lints=forbid" "-e" "RUSTDOCFLAGS=--cap-lints=forbid" "-e" "CARGO_HOME=/opt/rustwide/cargo-home" "-e" "RUSTUP_HOME=/opt/rustwide/rustup-home" "-w" "/opt/rustwide/workdir" "-m" "1610612736" "--user" "0:0" "--network" "none" "ghcr.io/rust-lang/crates-build-env/linux@sha256:4a844ea9eb2546a2d2c7022eacef16ef2e8229c7fbb2c7d4d55a9ceca922f72d" "/opt/rustwide/cargo-home/bin/cargo" "+nightly-2024-10-28" "build" "--frozen" "--message-format=json", kill_on_drop: false }`
[INFO] [stdout] 11537c782e54ee8dd4d4f82cfd54bef36378189b2e6e61c7a8e5e7d96eee4b34
[INFO] running `Command { std: "docker" "start" "-a" "11537c782e54ee8dd4d4f82cfd54bef36378189b2e6e61c7a8e5e7d96eee4b34", kill_on_drop: false }`
[INFO] [stderr]    Compiling unicode-ident v1.0.12
[INFO] [stderr]    Compiling proc-macro2 v1.0.86
[INFO] [stderr]    Compiling libc v0.2.155
[INFO] [stderr]    Compiling autocfg v1.3.0
[INFO] [stderr]    Compiling once_cell v1.19.0
[INFO] [stderr]    Compiling pin-project-lite v0.2.14
[INFO] [stderr]    Compiling serde v1.0.204
[INFO] [stderr]    Compiling syn v1.0.109
[INFO] [stderr]    Compiling smallvec v1.13.2
[INFO] [stderr]    Compiling generic-array v0.14.7
[INFO] [stderr]    Compiling futures-core v0.3.30
[INFO] [stderr]    Compiling subtle v2.6.0
[INFO] [stderr]    Compiling rustix v0.38.34
[INFO] [stderr]    Compiling futures-task v0.3.30
[INFO] [stderr]    Compiling futures-io v0.3.30
[INFO] [stderr]    Compiling ppv-lite86 v0.2.17
[INFO] [stderr]    Compiling bitflags v2.5.0
[INFO] [stderr]    Compiling cpufeatures v0.2.12
[INFO] [stderr]    Compiling either v1.12.0
[INFO] [stderr]    Compiling option-ext v0.2.0
[INFO] [stderr]    Compiling log v0.4.21
[INFO] [stderr]    Compiling tracing-core v0.1.32
[INFO] [stderr]    Compiling fastrand v2.1.0
[INFO] [stderr]    Compiling home v0.5.9
[INFO] [stderr]    Compiling rustls-pki-types v1.7.0
[INFO] [stderr]    Compiling miniz_oxide v0.7.4
[INFO] [stderr]    Compiling httparse v1.9.4
[INFO] [stderr]    Compiling const-oid v0.9.6
[INFO] [stderr]    Compiling itertools v0.10.5
[INFO] [stderr]    Compiling rayon v1.10.0
[INFO] [stderr]    Compiling slab v0.4.9
[INFO] [stderr]    Compiling num-traits v0.2.19
[INFO] [stderr]    Compiling twox-hash v1.6.3
[INFO] [stderr]    Compiling rustls v0.23.10
[INFO] [stderr]    Compiling cpp_demangle v0.4.3
[INFO] [stderr]    Compiling tower-service v0.3.2
[INFO] [stderr]    Compiling flate2 v1.0.31
[INFO] [stderr]    Compiling block-buffer v0.10.4
[INFO] [stderr]    Compiling crypto-common v0.1.6
[INFO] [stderr]    Compiling tower-layer v0.3.2
[INFO] [stderr]    Compiling stable_deref_trait v1.2.0
[INFO] [stderr]    Compiling digest v0.10.7
[INFO] [stderr]    Compiling gimli v0.29.0
[INFO] [stderr]    Compiling quote v1.0.36
[INFO] [stderr]    Compiling futures-sink v0.3.30
[INFO] [stderr]    Compiling jobserver v0.1.31
[INFO] [stderr]    Compiling getrandom v0.2.15
[INFO] [stderr]    Compiling mio v1.0.1
[INFO] [stderr]    Compiling socket2 v0.5.7
[INFO] [stderr]    Compiling dirs-sys v0.4.1
[INFO] [stderr]    Compiling syn v2.0.74
[INFO] [stderr]    Compiling cc v1.1.11
[INFO] [stderr]    Compiling rand_core v0.6.4
[INFO] [stderr]    Compiling sha2 v0.10.8
[INFO] [stderr]    Compiling num-integer v0.1.46
[INFO] [stderr]    Compiling rand_chacha v0.3.1
[INFO] [stderr]    Compiling directories v5.0.1
[INFO] [stderr]    Compiling memmap2 v0.9.4
[INFO] [stderr]    Compiling rand v0.8.5
[INFO] [stderr]    Compiling fallible-iterator v0.3.0
[INFO] [stderr]    Compiling proc-macro-error-attr v1.0.4
[INFO] [stderr]    Compiling object v0.36.0
[INFO] [stderr]    Compiling bytes v1.6.1
[INFO] [stderr]    Compiling anyhow v1.0.86
[INFO] [stderr]    Compiling futures-channel v0.3.30
[INFO] [stderr]    Compiling lock_api v0.4.12
[INFO] [stderr]    Compiling thiserror v1.0.63
[INFO] [stderr]    Compiling unicode-normalization v0.1.23
[INFO] [stderr]    Compiling webpki-roots v0.26.3
[INFO] [stderr]    Compiling which v6.0.2
[INFO] [stderr]    Compiling tempfile v3.12.0
[INFO] [stderr]    Compiling hashbrown v0.14.5
[INFO] [stderr]    Compiling unicode-bidi v0.3.15
[INFO] [stderr]    Compiling parking_lot_core v0.9.10
[INFO] [stderr]    Compiling num-bigint v0.3.3
[INFO] [stderr]    Compiling rustls-pemfile v2.1.2
[INFO] [stderr]    Compiling parking_lot v0.12.3
[INFO] [stderr]    Compiling idna v0.5.0
[INFO] [stderr]    Compiling ark-std v0.4.0
[INFO] [stderr]    Compiling http v1.1.0
[INFO] [stderr]    Compiling risc0-build-kernel v1.1.2
[INFO] [stderr]    Compiling indexmap v2.2.6
[INFO] [stderr]    Compiling tokio v1.39.2
[INFO] [stderr]    Compiling num-bigint v0.4.6
[INFO] [stderr]    Compiling sync_wrapper v1.0.1
[INFO] [stderr]    Compiling serde_json v1.0.124
[INFO] [stderr]    Compiling winnow v0.5.40
[INFO] [stderr]    Compiling ring v0.17.8
[INFO] [stderr]    Compiling backtrace v0.3.73
[INFO] [stderr]    Compiling nvtx v1.3.0
[INFO] [stderr]    Compiling url v2.5.2
[INFO] [stderr]    Compiling ipnet v2.9.0
[INFO] [stderr]    Compiling risc0-sys v1.1.2
[INFO] [stderr]    Compiling radium v0.7.0
[INFO] [stderr]    Compiling toml_datetime v0.6.7
[INFO] [stderr]    Compiling http-body v1.0.0
[INFO] [stderr]    Compiling matrixmultiply v0.3.8
[INFO] [stderr]    Compiling ahash v0.8.11
[INFO] [stderr]    Compiling cfg_aliases v0.2.1
[INFO] [stderr]    Compiling wyz v0.5.1
[INFO] [stderr]    Compiling borsh v1.5.1
[INFO] [stderr]    Compiling blake2 v0.10.6
[INFO] [stderr]    Compiling zerocopy v0.7.34
[INFO] [stderr]    Compiling funty v2.0.0
[INFO] [stderr]    Compiling zeroize v1.8.1
[INFO] [stderr]    Compiling proc-macro-error v1.0.4
[INFO] [stderr]    Compiling tracing v0.1.40
[INFO] [stderr]    Compiling toml_edit v0.21.1
[INFO] [stderr]    Compiling num-complex v0.4.6
[INFO] [stderr]    Compiling aho-corasick v1.1.3
[INFO] [stderr]    Compiling risc0-zkp v1.1.2
[INFO] [stderr]    Compiling regex-syntax v0.8.4
[INFO] [stderr]    Compiling hashbrown v0.13.2
[INFO] [stderr]    Compiling addchain v0.2.0
[INFO] [stderr]    Compiling bitvec v1.0.1
[INFO] [stderr]    Compiling hex-literal v0.4.1
[INFO] [stderr]    Compiling strsim v0.11.1
[INFO] [stderr]    Compiling linux-raw-sys v0.4.14
[INFO] [stderr]    Compiling tracing-subscriber v0.2.25
[INFO] [stderr]    Compiling risc0-circuit-recursion-sys v1.1.2
[INFO] [stderr]    Compiling risc0-circuit-rv32im-sys v1.1.2
[INFO] [stderr]    Compiling camino v1.1.7
[INFO] [stderr]    Compiling elf v0.7.4
[INFO] [stderr]    Compiling bumpalo v3.16.0
[INFO] [stderr] error: could not compile `syn` (lib)
[INFO] [stderr] 
[INFO] [stderr] Caused by:
[INFO] [stderr]   process didn't exit successfully: `/opt/rustwide/rustup-home/toolchains/nightly-2024-10-28-x86_64-unknown-linux-gnu/bin/rustc --crate-name syn --edition=2021 /opt/rustwide/cargo-home/registry/src/index.crates.io-6f17d22bba15001f/syn-2.0.74/src/lib.rs --error-format=json --json=diagnostic-rendered-ansi,artifacts,future-incompat --crate-type lib --emit=dep-info,metadata,link -C embed-bitcode=no --cfg 'feature="clone-impls"' --cfg 'feature="default"' --cfg 'feature="derive"' --cfg 'feature="extra-traits"' --cfg 'feature="fold"' --cfg 'feature="full"' --cfg 'feature="parsing"' --cfg 'feature="printing"' --cfg 'feature="proc-macro"' --cfg 'feature="visit"' --cfg 'feature="visit-mut"' --check-cfg 'cfg(docsrs)' --check-cfg 'cfg(feature, values("clone-impls", "default", "derive", "extra-traits", "fold", "full", "parsing", "printing", "proc-macro", "test", "visit", "visit-mut"))' -C metadata=1708275fc170a563 -C extra-filename=-1708275fc170a563 --out-dir /opt/rustwide/target/debug/deps -L dependency=/opt/rustwide/target/debug/deps --extern proc_macro2=/opt/rustwide/target/debug/deps/libproc_macro2-639d7d787c076587.rmeta --extern quote=/opt/rustwide/target/debug/deps/libquote-14cf91f4274b984e.rmeta --extern unicode_ident=/opt/rustwide/target/debug/deps/libunicode_ident-7be03bc765f2dbf8.rmeta --cap-lints allow --cap-lints=forbid` (signal: 9, SIGKILL: kill)
[INFO] [stderr] warning: build failed, waiting for other jobs to finish...
[INFO] [stderr] The following warnings were emitted during compilation:
[INFO] [stderr] 
[INFO] [stderr] warning: risc0-circuit-rv32im-sys@1.1.2: c++: fatal error: Killed signal terminated program cc1plus
[INFO] [stderr] warning: risc0-circuit-rv32im-sys@1.1.2: compilation terminated.
[INFO] [stderr] warning: risc0-circuit-rv32im-sys@1.1.2: ToolExecError: Command "c++" "-O0" "-ffunction-sections" "-fdata-sections" "-fPIC" "-m64" "-I" "/opt/rustwide/cargo-home/registry/src/index.crates.io-6f17d22bba15001f/risc0-sys-1.1.2/cxx" "-Wall" "-Wextra" "-std=c++17" "-fno-var-tracking" "-fno-var-tracking-assignments" "-g0" "-o" "/opt/rustwide/target/debug/build/risc0-circuit-rv32im-sys-14180bc35d82ede7/out/ac99b1a2ce51d9f8-ffi.o" "-c" "cxx/ffi.cpp" with args c++ did not execute successfully (status code exit status: 1).cargo:warning=c++: fatal error: Killed signal terminated program cc1plus
[INFO] [stderr] warning: risc0-circuit-rv32im-sys@1.1.2: compilation terminated.
[INFO] [stderr] warning: risc0-circuit-rv32im-sys@1.1.2: ToolExecError: Command "c++" "-O0" "-ffunction-sections" "-fdata-sections" "-fPIC" "-m64" "-I" "/opt/rustwide/cargo-home/registry/src/index.crates.io-6f17d22bba15001f/risc0-sys-1.1.2/cxx" "-Wall" "-Wextra" "-std=c++17" "-fno-var-tracking" "-fno-var-tracking-assignments" "-g0" "-o" "/opt/rustwide/target/debug/build/risc0-circuit-rv32im-sys-14180bc35d82ede7/out/ac99b1a2ce51d9f8-step_compute_accum.o" "-c" "cxx/step_compute_accum.cpp" with args c++ did not execute successfully (status code exit status: 1).cargo:warning=c++: fatal error: Killed signal terminated program cc1plus
[INFO] [stderr] warning: risc0-circuit-rv32im-sys@1.1.2: compilation terminated.
[INFO] [stderr] warning: risc0-circuit-rv32im-sys@1.1.2: ToolExecError: Command "c++" "-O0" "-ffunction-sections" "-fdata-sections" "-fPIC" "-m64" "-I" "/opt/rustwide/cargo-home/registry/src/index.crates.io-6f17d22bba15001f/risc0-sys-1.1.2/cxx" "-Wall" "-Wextra" "-std=c++17" "-fno-var-tracking" "-fno-var-tracking-assignments" "-g0" "-o" "/opt/rustwide/target/debug/build/risc0-circuit-rv32im-sys-14180bc35d82ede7/out/ac99b1a2ce51d9f8-step_verify_accum.o" "-c" "cxx/step_verify_accum.cpp" with args c++ did not execute successfully (status code exit status: 1).
[INFO] [stderr] 
[INFO] [stderr] error: failed to run custom build command for `risc0-circuit-rv32im-sys v1.1.2`
[INFO] [stderr] note: To improve backtraces for build dependencies, set the CARGO_PROFILE_DEV_BUILD_OVERRIDE_DEBUG=true environment variable to enable debug information generation.
[INFO] [stderr] 
[INFO] [stderr] Caused by:
[INFO] [stderr]   process didn't exit successfully: `/opt/rustwide/target/debug/build/risc0-circuit-rv32im-sys-6dd3700f6d2a14b1/build-script-build` (exit status: 1)
[INFO] [stderr]   --- stdout
[INFO] [stderr]   cargo:rerun-if-changed=cxx/bigint.cpp
[INFO] [stderr]   cargo:rerun-if-changed=cxx/extern.cpp
[INFO] [stderr]   cargo:rerun-if-changed=cxx/ffi.cpp
[INFO] [stderr]   cargo:rerun-if-changed=cxx/poly_fp.cpp
[INFO] [stderr]   cargo:rerun-if-changed=cxx/step_compute_accum.cpp
[INFO] [stderr]   cargo:rerun-if-changed=cxx/step_exec.cpp
[INFO] [stderr]   cargo:rerun-if-changed=cxx/step_verify_accum.cpp
[INFO] [stderr]   cargo:rerun-if-changed=cxx/step_verify_bytes.cpp
[INFO] [stderr]   cargo:rerun-if-changed=cxx/step_verify_mem.cpp
[INFO] [stderr]   cargo:rerun-if-changed=cxx/context.h
[INFO] [stderr]   cargo:rerun-if-changed=cxx/extern.h
[INFO] [stderr]   cargo:rerun-if-changed=cxx/ffi.h
[INFO] [stderr]   cargo:rerun-if-changed=cxx/fp.h
[INFO] [stderr]   cargo:rerun-if-changed=cxx/fpext.h
[INFO] [stderr]   OUT_DIR = Some(/opt/rustwide/target/debug/build/risc0-circuit-rv32im-sys-14180bc35d82ede7/out)
[INFO] [stderr]   TARGET = Some(x86_64-unknown-linux-gnu)
[INFO] [stderr]   OPT_LEVEL = Some(0)
[INFO] [stderr]   HOST = Some(x86_64-unknown-linux-gnu)
[INFO] [stderr]   cargo:rerun-if-env-changed=CXX_x86_64-unknown-linux-gnu
[INFO] [stderr]   CXX_x86_64-unknown-linux-gnu = None
[INFO] [stderr]   cargo:rerun-if-env-changed=CXX_x86_64_unknown_linux_gnu
[INFO] [stderr]   CXX_x86_64_unknown_linux_gnu = None
[INFO] [stderr]   cargo:rerun-if-env-changed=HOST_CXX
[INFO] [stderr]   HOST_CXX = None
[INFO] [stderr]   cargo:rerun-if-env-changed=CXX
[INFO] [stderr]   CXX = None
[INFO] [stderr]   cargo:rerun-if-env-changed=CC_ENABLE_DEBUG_OUTPUT
[INFO] [stderr]   RUSTC_WRAPPER = None
[INFO] [stderr]   cargo:rerun-if-env-changed=CRATE_CC_NO_DEFAULTS
[INFO] [stderr]   CRATE_CC_NO_DEFAULTS = None
[INFO] [stderr]   CARGO_CFG_TARGET_FEATURE = Some(fxsr,sse,sse2)
[INFO] [stderr]   cargo:rerun-if-env-changed=CXXFLAGS_x86_64-unknown-linux-gnu
[INFO] [stderr]   CXXFLAGS_x86_64-unknown-linux-gnu = None
[INFO] [stderr]   cargo:rerun-if-env-changed=CXXFLAGS_x86_64_unknown_linux_gnu
[INFO] [stderr]   CXXFLAGS_x86_64_unknown_linux_gnu = None
[INFO] [stderr]   cargo:rerun-if-env-changed=HOST_CXXFLAGS
[INFO] [stderr]   HOST_CXXFLAGS = None
[INFO] [stderr]   cargo:rerun-if-env-changed=CXXFLAGS
[INFO] [stderr]   CXXFLAGS = None
[INFO] [stderr]   OUT_DIR = Some(/opt/rustwide/target/debug/build/risc0-circuit-rv32im-sys-14180bc35d82ede7/out)
[INFO] [stderr]   cargo:rerun-if-env-changed=CC_ENABLE_DEBUG_OUTPUT
[INFO] [stderr]   cargo:rerun-if-env-changed=CRATE_CC_NO_DEFAULTS
[INFO] [stderr]   CRATE_CC_NO_DEFAULTS = None
[INFO] [stderr]   CARGO_CFG_TARGET_FEATURE = Some(fxsr,sse,sse2)
[INFO] [stderr]   cargo:rerun-if-env-changed=CXXFLAGS_x86_64-unknown-linux-gnu
[INFO] [stderr]   CXXFLAGS_x86_64-unknown-linux-gnu = None
[INFO] [stderr]   cargo:rerun-if-env-changed=CXXFLAGS_x86_64_unknown_linux_gnu
[INFO] [stderr]   CXXFLAGS_x86_64_unknown_linux_gnu = None
[INFO] [stderr]   cargo:rerun-if-env-changed=HOST_CXXFLAGS
[INFO] [stderr]   HOST_CXXFLAGS = None
[INFO] [stderr]   cargo:rerun-if-env-changed=CXXFLAGS
[INFO] [stderr]   CXXFLAGS = None
[INFO] [stderr]   OUT_DIR = Some(/opt/rustwide/target/debug/build/risc0-circuit-rv32im-sys-14180bc35d82ede7/out)
[INFO] [stderr]   cargo:rerun-if-env-changed=CC_ENABLE_DEBUG_OUTPUT
[INFO] [stderr]   cargo:rerun-if-env-changed=CRATE_CC_NO_DEFAULTS
[INFO] [stderr]   CRATE_CC_NO_DEFAULTS = None
[INFO] [stderr]   CARGO_CFG_TARGET_FEATURE = Some(fxsr,sse,sse2)
[INFO] [stderr]   cargo:rerun-if-env-changed=CXXFLAGS_x86_64-unknown-linux-gnu
[INFO] [stderr]   CXXFLAGS_x86_64-unknown-linux-gnu = None
[INFO] [stderr]   cargo:rerun-if-env-changed=CXXFLAGS_x86_64_unknown_linux_gnu
[INFO] [stderr]   CXXFLAGS_x86_64_unknown_linux_gnu = None
[INFO] [stderr]   cargo:rerun-if-env-changed=HOST_CXXFLAGS
[INFO] [stderr]   HOST_CXXFLAGS = None
[INFO] [stderr]   cargo:rerun-if-env-changed=CXXFLAGS
[INFO] [stderr]   CXXFLAGS = None
[INFO] [stderr]   OUT_DIR = Some(/opt/rustwide/target/debug/build/risc0-circuit-rv32im-sys-14180bc35d82ede7/out)
[INFO] [stderr]   cargo:rerun-if-env-changed=CC_ENABLE_DEBUG_OUTPUT
[INFO] [stderr]   cargo:rerun-if-env-changed=CRATE_CC_NO_DEFAULTS
[INFO] [stderr]   CRATE_CC_NO_DEFAULTS = None
[INFO] [stderr]   CARGO_CFG_TARGET_FEATURE = Some(fxsr,sse,sse2)
[INFO] [stderr]   cargo:rerun-if-env-changed=CXXFLAGS_x86_64-unknown-linux-gnu
[INFO] [stderr]   CXXFLAGS_x86_64-unknown-linux-gnu = None
[INFO] [stderr]   cargo:rerun-if-env-changed=CXXFLAGS_x86_64_unknown_linux_gnu
[INFO] [stderr]   CXXFLAGS_x86_64_unknown_linux_gnu = None
[INFO] [stderr]   cargo:rerun-if-env-changed=HOST_CXXFLAGS
[INFO] [stderr]   HOST_CXXFLAGS = None
[INFO] [stderr]   cargo:rerun-if-env-changed=CXXFLAGS
[INFO] [stderr]   CXXFLAGS = None
[INFO] [stderr]   OUT_DIR = Some(/opt/rustwide/target/debug/build/risc0-circuit-rv32im-sys-14180bc35d82ede7/out)
[INFO] [stderr]   cargo:rerun-if-env-changed=CC_ENABLE_DEBUG_OUTPUT
[INFO] [stderr]   cargo:rerun-if-env-changed=CRATE_CC_NO_DEFAULTS
[INFO] [stderr]   CRATE_CC_NO_DEFAULTS = None
[INFO] [stderr]   CARGO_CFG_TARGET_FEATURE = Some(fxsr,sse,sse2)
[INFO] [stderr]   cargo:rerun-if-env-changed=CXXFLAGS_x86_64-unknown-linux-gnu
[INFO] [stderr]   CXXFLAGS_x86_64-unknown-linux-gnu = None
[INFO] [stderr]   cargo:rerun-if-env-changed=CXXFLAGS_x86_64_unknown_linux_gnu
[INFO] [stderr]   CXXFLAGS_x86_64_unknown_linux_gnu = None
[INFO] [stderr]   cargo:rerun-if-env-changed=HOST_CXXFLAGS
[INFO] [stderr]   HOST_CXXFLAGS = None
[INFO] [stderr]   cargo:rerun-if-env-changed=CXXFLAGS
[INFO] [stderr]   CXXFLAGS = None
[INFO] [stderr]   OUT_DIR = Some(/opt/rustwide/target/debug/build/risc0-circuit-rv32im-sys-14180bc35d82ede7/out)
[INFO] [stderr]   cargo:rerun-if-env-changed=CC_ENABLE_DEBUG_OUTPUT
[INFO] [stderr]   cargo:rerun-if-env-changed=CRATE_CC_NO_DEFAULTS
[INFO] [stderr]   CRATE_CC_NO_DEFAULTS = None
[INFO] [stderr]   CARGO_CFG_TARGET_FEATURE = Some(fxsr,sse,sse2)
[INFO] [stderr]   cargo:rerun-if-env-changed=CXXFLAGS_x86_64-unknown-linux-gnu
[INFO] [stderr]   CXXFLAGS_x86_64-unknown-linux-gnu = None
[INFO] [stderr]   cargo:rerun-if-env-changed=CXXFLAGS_x86_64_unknown_linux_gnu
[INFO] [stderr]   CXXFLAGS_x86_64_unknown_linux_gnu = None
[INFO] [stderr]   cargo:rerun-if-env-changed=HOST_CXXFLAGS
[INFO] [stderr]   HOST_CXXFLAGS = None
[INFO] [stderr]   cargo:rerun-if-env-changed=CXXFLAGS
[INFO] [stderr]   CXXFLAGS = None
[INFO] [stderr]   cargo:warning=c++: fatal error: Killed signal terminated program cc1plus
[INFO] [stderr]   cargo:warning=compilation terminated.
[INFO] [stderr]   exit status: 0
[INFO] [stderr]   exit status: 0
[INFO] [stderr]   exit status: 0
[INFO] [stderr]   exit status: 1
[INFO] [stderr]   cargo:warning=ToolExecError: Command "c++" "-O0" "-ffunction-sections" "-fdata-sections" "-fPIC" "-m64" "-I" "/opt/rustwide/cargo-home/registry/src/index.crates.io-6f17d22bba15001f/risc0-sys-1.1.2/cxx" "-Wall" "-Wextra" "-std=c++17" "-fno-var-tracking" "-fno-var-tracking-assignments" "-g0" "-o" "/opt/rustwide/target/debug/build/risc0-circuit-rv32im-sys-14180bc35d82ede7/out/ac99b1a2ce51d9f8-ffi.o" "-c" "cxx/ffi.cpp" with args c++ did not execute successfully (status code exit status: 1).cargo:warning=c++: fatal error: Killed signal terminated program cc1plus
[INFO] [stderr]   cargo:warning=compilation terminated.
[INFO] [stderr] 
[INFO] [stderr]   exit status: 1
[INFO] [stderr]   cargo:warning=ToolExecError: Command "c++" "-O0" "-ffunction-sections" "-fdata-sections" "-fPIC" "-m64" "-I" "/opt/rustwide/cargo-home/registry/src/index.crates.io-6f17d22bba15001f/risc0-sys-1.1.2/cxx" "-Wall" "-Wextra" "-std=c++17" "-fno-var-tracking" "-fno-var-tracking-assignments" "-g0" "-o" "/opt/rustwide/target/debug/build/risc0-circuit-rv32im-sys-14180bc35d82ede7/out/ac99b1a2ce51d9f8-step_compute_accum.o" "-c" "cxx/step_compute_accum.cpp" with args c++ did not execute successfully (status code exit status: 1).cargo:warning=c++: fatal error: Killed signal terminated program cc1plus
[INFO] [stderr]   cargo:warning=compilation terminated.
[INFO] [stderr] 
[INFO] [stderr]   exit status: 1
[INFO] [stderr]   cargo:warning=ToolExecError: Command "c++" "-O0" "-ffunction-sections" "-fdata-sections" "-fPIC" "-m64" "-I" "/opt/rustwide/cargo-home/registry/src/index.crates.io-6f17d22bba15001f/risc0-sys-1.1.2/cxx" "-Wall" "-Wextra" "-std=c++17" "-fno-var-tracking" "-fno-var-tracking-assignments" "-g0" "-o" "/opt/rustwide/target/debug/build/risc0-circuit-rv32im-sys-14180bc35d82ede7/out/ac99b1a2ce51d9f8-step_verify_accum.o" "-c" "cxx/step_verify_accum.cpp" with args c++ did not execute successfully (status code exit status: 1).
[INFO] [stderr]   exit status: 0
[INFO] [stderr]   exit status: 0
[INFO] [stderr]   exit status: 0
[INFO] [stderr] 
[INFO] [stderr]   --- stderr
[INFO] [stderr] 
[INFO] [stderr] 
[INFO] [stderr]   error occurred: Command "c++" "-O0" "-ffunction-sections" "-fdata-sections" "-fPIC" "-m64" "-I" "/opt/rustwide/cargo-home/registry/src/index.crates.io-6f17d22bba15001f/risc0-sys-1.1.2/cxx" "-Wall" "-Wextra" "-std=c++17" "-fno-var-tracking" "-fno-var-tracking-assignments" "-g0" "-o" "/opt/rustwide/target/debug/build/risc0-circuit-rv32im-sys-14180bc35d82ede7/out/ac99b1a2ce51d9f8-step_verify_accum.o" "-c" "cxx/step_verify_accum.cpp" with args c++ did not execute successfully (status code exit status: 1).
[INFO] [stderr] 
[INFO] [stderr] 
[INFO] running `Command { std: "docker" "inspect" "11537c782e54ee8dd4d4f82cfd54bef36378189b2e6e61c7a8e5e7d96eee4b34", kill_on_drop: false }`
[INFO] running `Command { std: "docker" "rm" "-f" "11537c782e54ee8dd4d4f82cfd54bef36378189b2e6e61c7a8e5e7d96eee4b34", kill_on_drop: false }`
[INFO] [stdout] 11537c782e54ee8dd4d4f82cfd54bef36378189b2e6e61c7a8e5e7d96eee4b34
