[INFO] fetching crate cargo-fixture-lib 1.2.2...
[INFO] testing cargo-fixture-lib-1.2.2 against nightly-2024-10-28 for randomize-layout
[INFO] extracting crate cargo-fixture-lib 1.2.2 into /workspace/builds/worker-0-tc1/source
[INFO] validating manifest of crates.io crate cargo-fixture-lib 1.2.2 on toolchain nightly-2024-10-28
[INFO] running `Command { std: CARGO_HOME="/workspace/cargo-home" RUSTUP_HOME="/workspace/rustup-home" "/workspace/cargo-home/bin/cargo" "+nightly-2024-10-28" "metadata" "--manifest-path" "Cargo.toml" "--no-deps", kill_on_drop: false }`
[INFO] started tweaking crates.io crate cargo-fixture-lib 1.2.2
[INFO] finished tweaking crates.io crate cargo-fixture-lib 1.2.2
[INFO] tweaked toml for crates.io crate cargo-fixture-lib 1.2.2 written to /workspace/builds/worker-0-tc1/source/Cargo.toml
[INFO] running `Command { std: CARGO_HOME="/workspace/cargo-home" RUSTUP_HOME="/workspace/rustup-home" "/workspace/cargo-home/bin/cargo" "+nightly-2024-10-28" "generate-lockfile" "--manifest-path" "Cargo.toml", kill_on_drop: false }`
[INFO] [stderr]     Blocking waiting for file lock on package cache
[INFO] [stderr]     Updating crates.io index
[INFO] [stderr]      Locking 112 packages to latest compatible versions
[INFO] [stderr]       Adding smol v1.3.0 (available: v2.0.2)
[INFO] [stderr]       Adding strum v0.25.0 (available: v0.26.3)
[INFO] running `Command { std: CARGO_HOME="/workspace/cargo-home" RUSTUP_HOME="/workspace/rustup-home" "/workspace/cargo-home/bin/cargo" "+nightly-2024-10-28" "fetch" "--manifest-path" "Cargo.toml", kill_on_drop: false }`
[INFO] [stderr]  Downloading crates ...
[INFO] [stderr]   Downloaded cargo-fixture-macros v1.2.2
[INFO] running `Command { std: "docker" "create" "-v" "/var/lib/crater-agent-workspace/builds/worker-0-tc1/target:/opt/rustwide/target:rw,Z" "-v" "/var/lib/crater-agent-workspace/builds/worker-0-tc1/source:/opt/rustwide/workdir:ro,Z" "-v" "/var/lib/crater-agent-workspace/cargo-home:/opt/rustwide/cargo-home:ro,Z" "-v" "/var/lib/crater-agent-workspace/rustup-home:/opt/rustwide/rustup-home:ro,Z" "-e" "SOURCE_DIR=/opt/rustwide/workdir" "-e" "CARGO_TARGET_DIR=/opt/rustwide/target" "-e" "CARGO_HOME=/opt/rustwide/cargo-home" "-e" "RUSTUP_HOME=/opt/rustwide/rustup-home" "-w" "/opt/rustwide/workdir" "-m" "1610612736" "--user" "0:0" "--network" "none" "ghcr.io/rust-lang/crates-build-env/linux@sha256:4a844ea9eb2546a2d2c7022eacef16ef2e8229c7fbb2c7d4d55a9ceca922f72d" "/opt/rustwide/cargo-home/bin/cargo" "+nightly-2024-10-28" "metadata" "--no-deps" "--format-version=1", kill_on_drop: false }`
[INFO] [stdout] 6e4fa4b647d295309ec23de02f2323e1e59ccf8e8f8098882fac2bf2620bca5e
[INFO] running `Command { std: "docker" "start" "-a" "6e4fa4b647d295309ec23de02f2323e1e59ccf8e8f8098882fac2bf2620bca5e", kill_on_drop: false }`
[INFO] running `Command { std: "docker" "inspect" "6e4fa4b647d295309ec23de02f2323e1e59ccf8e8f8098882fac2bf2620bca5e", kill_on_drop: false }`
[INFO] running `Command { std: "docker" "rm" "-f" "6e4fa4b647d295309ec23de02f2323e1e59ccf8e8f8098882fac2bf2620bca5e", kill_on_drop: false }`
[INFO] [stdout] 6e4fa4b647d295309ec23de02f2323e1e59ccf8e8f8098882fac2bf2620bca5e
[INFO] running `Command { std: "docker" "create" "-v" "/var/lib/crater-agent-workspace/builds/worker-0-tc1/target:/opt/rustwide/target:rw,Z" "-v" "/var/lib/crater-agent-workspace/builds/worker-0-tc1/source:/opt/rustwide/workdir:ro,Z" "-v" "/var/lib/crater-agent-workspace/cargo-home:/opt/rustwide/cargo-home:ro,Z" "-v" "/var/lib/crater-agent-workspace/rustup-home:/opt/rustwide/rustup-home:ro,Z" "-e" "SOURCE_DIR=/opt/rustwide/workdir" "-e" "CARGO_TARGET_DIR=/opt/rustwide/target" "-e" "CARGO_INCREMENTAL=0" "-e" "RUST_BACKTRACE=full" "-e" "RUSTFLAGS=--cap-lints=forbid" "-e" "RUSTDOCFLAGS=--cap-lints=forbid" "-e" "CARGO_HOME=/opt/rustwide/cargo-home" "-e" "RUSTUP_HOME=/opt/rustwide/rustup-home" "-w" "/opt/rustwide/workdir" "-m" "1610612736" "--user" "0:0" "--network" "none" "ghcr.io/rust-lang/crates-build-env/linux@sha256:4a844ea9eb2546a2d2c7022eacef16ef2e8229c7fbb2c7d4d55a9ceca922f72d" "/opt/rustwide/cargo-home/bin/cargo" "+nightly-2024-10-28" "build" "--frozen" "--message-format=json", kill_on_drop: false }`
[INFO] [stdout] a7b02398d72d06df8b60f0effdc788aca8ad5fd4e2743cd1eb6e08a84088b525
[INFO] running `Command { std: "docker" "start" "-a" "a7b02398d72d06df8b60f0effdc788aca8ad5fd4e2743cd1eb6e08a84088b525", kill_on_drop: false }`
[INFO] [stderr]    Compiling proc-macro2 v1.0.89
[INFO] [stderr]    Compiling unicode-ident v1.0.13
[INFO] [stderr]    Compiling rustversion v1.0.18
[INFO] [stderr]    Compiling serde v1.0.214
[INFO] [stderr]    Compiling thiserror v1.0.66
[INFO] [stderr]    Compiling hashbrown v0.15.0
[INFO] [stderr]    Compiling serde_json v1.0.132
[INFO] [stderr]    Compiling heck v0.4.1
[INFO] [stderr]    Compiling equivalent v1.0.1
[INFO] [stderr]    Compiling memchr v2.7.4
[INFO] [stderr]    Compiling itoa v1.0.11
[INFO] [stderr]    Compiling ryu v1.0.18
[INFO] [stderr]    Compiling log v0.4.22
[INFO] [stderr]    Compiling indexmap v2.6.0
[INFO] [stderr]    Compiling quote v1.0.37
[INFO] [stderr]    Compiling syn v2.0.86
[INFO] [stderr]    Compiling serde_derive v1.0.214
[INFO] [stderr]    Compiling strum_macros v0.25.3
[INFO] [stderr]    Compiling thiserror-impl v1.0.66
[INFO] [stderr]    Compiling cargo-fixture-macros v1.2.2
[INFO] [stderr]    Compiling strum v0.25.0
[INFO] [stderr]    Compiling cargo-fixture-lib v1.2.2 (/opt/rustwide/workdir)
[INFO] [stdout] error[E0412]: cannot find type `BufReader` in this scope
[INFO] [stdout]    --> src/rpc_socket.rs:102:13
[INFO] [stdout]     |
[INFO] [stdout] 102 |     socket: BufReader<UnixStream>,
[INFO] [stdout]     |             ^^^^^^^^^ not found in this scope
[INFO] [stdout]     |
[INFO] [stdout] help: consider importing this struct
[INFO] [stdout]     |
[INFO] [stdout] 3   + use std::io::BufReader;
[INFO] [stdout]     |
[INFO] [stdout] 
[INFO] [stdout] 
[INFO] [stdout] error[E0412]: cannot find type `UnixStream` in this scope
[INFO] [stdout]    --> src/rpc_socket.rs:102:23
[INFO] [stdout]     |
[INFO] [stdout] 102 |     socket: BufReader<UnixStream>,
[INFO] [stdout]     |                       ^^^^^^^^^^ not found in this scope
[INFO] [stdout]     |
[INFO] [stdout] help: consider importing this struct
[INFO] [stdout]     |
[INFO] [stdout] 3   + use std::os::unix::net::UnixStream;
[INFO] [stdout]     |
[INFO] [stdout] 
[INFO] [stdout] 
[INFO] [stdout] error[E0433]: failed to resolve: use of undeclared type `UnixStream`
[INFO] [stdout]    --> src/rpc_socket.rs:109:22
[INFO] [stdout]     |
[INFO] [stdout] 109 |         let stream = UnixStream::connect(path).await.map_err(Error::RpcIo)?;
[INFO] [stdout]     |                      ^^^^^^^^^^ use of undeclared type `UnixStream`
[INFO] [stdout]     |
[INFO] [stdout] help: consider importing this struct
[INFO] [stdout]     |
[INFO] [stdout] 3   + use std::os::unix::net::UnixStream;
[INFO] [stdout]     |
[INFO] [stdout] 
[INFO] [stdout] 
[INFO] [stdout] error[E0412]: cannot find type `UnixStream` in this scope
[INFO] [stdout]    --> src/rpc_socket.rs:123:24
[INFO] [stdout]     |
[INFO] [stdout] 123 |     pub fn new(stream: UnixStream) -> Self {
[INFO] [stdout]     |                        ^^^^^^^^^^ not found in this scope
[INFO] [stdout]     |
[INFO] [stdout] help: consider importing this struct
[INFO] [stdout]     |
[INFO] [stdout] 3   + use std::os::unix::net::UnixStream;
[INFO] [stdout]     |
[INFO] [stdout] 
[INFO] [stdout] 
[INFO] [stdout] error[E0433]: failed to resolve: use of undeclared type `BufReader`
[INFO] [stdout]    --> src/rpc_socket.rs:124:22
[INFO] [stdout]     |
[INFO] [stdout] 124 |         let socket = BufReader::new(stream);
[INFO] [stdout]     |                      ^^^^^^^^^ use of undeclared type `BufReader`
[INFO] [stdout]     |
[INFO] [stdout] help: consider importing this struct
[INFO] [stdout]     |
[INFO] [stdout] 3   + use std::io::BufReader;
[INFO] [stdout]     |
[INFO] [stdout] 
[INFO] [stdout] 
[INFO] [stdout] warning: unused import: `platform::*`
[INFO] [stdout]   --> src/rpc_socket.rs:11:5
[INFO] [stdout]    |
[INFO] [stdout] 11 | use platform::*;
[INFO] [stdout]    |     ^^^^^^^^^^^
[INFO] [stdout]    |
[INFO] [stdout]    = note: `#[warn(unused_imports)]` on by default
[INFO] [stdout] 
[INFO] [stdout] 
[INFO] [stdout] Some errors have detailed explanations: E0412, E0433.
[INFO] [stdout] 
[INFO] [stdout] For more information about an error, try `rustc --explain E0412`.
[INFO] [stdout] 
[INFO] [stderr] error: could not compile `cargo-fixture-lib` (lib) due to 5 previous errors; 1 warning emitted
[INFO] running `Command { std: "docker" "inspect" "a7b02398d72d06df8b60f0effdc788aca8ad5fd4e2743cd1eb6e08a84088b525", kill_on_drop: false }`
[INFO] running `Command { std: "docker" "rm" "-f" "a7b02398d72d06df8b60f0effdc788aca8ad5fd4e2743cd1eb6e08a84088b525", kill_on_drop: false }`
[INFO] [stdout] a7b02398d72d06df8b60f0effdc788aca8ad5fd4e2743cd1eb6e08a84088b525
