[INFO] fetching crate cargo-bazel 0.15.0...
[INFO] testing cargo-bazel-0.15.0 against nightly-2024-10-28 for randomize-layout
[INFO] extracting crate cargo-bazel 0.15.0 into /workspace/builds/worker-0-tc1/source
[INFO] validating manifest of crates.io crate cargo-bazel 0.15.0 on toolchain nightly-2024-10-28
[INFO] running `Command { std: CARGO_HOME="/workspace/cargo-home" RUSTUP_HOME="/workspace/rustup-home" "/workspace/cargo-home/bin/cargo" "+nightly-2024-10-28" "metadata" "--manifest-path" "Cargo.toml" "--no-deps", kill_on_drop: false }`
[INFO] started tweaking crates.io crate cargo-bazel 0.15.0
[INFO] removed 0 missing tests
[INFO] finished tweaking crates.io crate cargo-bazel 0.15.0
[INFO] tweaked toml for crates.io crate cargo-bazel 0.15.0 written to /workspace/builds/worker-0-tc1/source/Cargo.toml
[INFO] crate crates.io crate cargo-bazel 0.15.0 already has a lockfile, it will not be regenerated
[INFO] running `Command { std: CARGO_HOME="/workspace/cargo-home" RUSTUP_HOME="/workspace/rustup-home" "/workspace/cargo-home/bin/cargo" "+nightly-2024-10-28" "fetch" "--manifest-path" "Cargo.toml", kill_on_drop: false }`
[INFO] [stderr]     Updating crates.io index
[INFO] [stderr]  Downloading crates ...
[INFO] [stderr]   Downloaded serde_spanned v0.6.5
[INFO] [stderr]   Downloaded unic-common v0.9.0
[INFO] [stderr]   Downloaded unic-char-property v0.9.0
[INFO] [stderr]   Downloaded toml_edit v0.22.4
[INFO] [stderr]   Downloaded camino v1.1.6
[INFO] [stderr]   Downloaded cfg-expr v0.15.5
[INFO] [stderr]   Downloaded gix-diff v0.36.0
[INFO] [stderr]   Downloaded gix-discover v0.25.0
[INFO] [stderr]   Downloaded cargo_metadata v0.18.1
[INFO] [stderr]   Downloaded cargo-platform v0.1.4
[INFO] [stderr]   Downloaded is-terminal v0.4.7
[INFO] [stderr]   Downloaded cargo-lock v9.0.0
[INFO] [stderr]   Downloaded clap_derive v4.3.2
[INFO] [stderr]   Downloaded clap v4.3.11
[INFO] [stderr]   Downloaded cargo_toml v0.19.2
[INFO] [stderr]   Downloaded toml_edit v0.19.13
[INFO] [stderr]   Downloaded syn v2.0.32
[INFO] [stderr]   Downloaded chrono v0.4.26
[INFO] [stderr]   Downloaded clap_builder v4.3.11
[INFO] [stderr]   Downloaded ryu v1.0.14
[INFO] [stderr]   Downloaded gix v0.54.1
[INFO] [stderr]   Downloaded toml v0.7.6
[INFO] [stderr]   Downloaded gix-odb v0.53.0
[INFO] [stderr]   Downloaded gix-pack v0.43.0
[INFO] [stderr]   Downloaded gix-config v0.30.0
[INFO] [stderr]   Downloaded libm v0.2.7
[INFO] [stderr]   Downloaded winnow v0.5.18
[INFO] [stderr]   Downloaded gix-negotiate v0.8.0
[INFO] [stderr]   Downloaded itertools v0.12.0
[INFO] [stderr]   Downloaded gix-ref v0.37.0
[INFO] [stderr]   Downloaded gix-pathspec v0.3.0
[INFO] [stderr]   Downloaded prodash v26.2.2
[INFO] [stderr]   Downloaded bumpalo v3.13.0
[INFO] [stderr]   Downloaded chrono-tz v0.8.4
[INFO] [stderr]   Downloaded deunicode v0.4.3
[INFO] [stderr]   Downloaded tera v1.19.1
[INFO] [stderr]   Downloaded gix-transport v0.37.0
[INFO] [stderr]   Downloaded gix-protocol v0.40.0
[INFO] [stderr]   Downloaded gix-index v0.25.0
[INFO] [stderr]   Downloaded gix-features v0.35.0
[INFO] [stderr]   Downloaded crates-index v2.2.0
[INFO] [stderr]   Downloaded pest v2.7.0
[INFO] [stderr]   Downloaded gix-submodule v0.4.0
[INFO] [stderr]   Downloaded parse-zoneinfo v0.3.0
[INFO] [stderr]   Downloaded arc-swap v1.6.0
[INFO] [stderr]   Downloaded gix-packetline v0.16.7
[INFO] [stderr]   Downloaded gix-sec v0.10.0
[INFO] [stderr]   Downloaded gix-config-value v0.14.0
[INFO] [stderr]   Downloaded gix-refspec v0.18.0
[INFO] [stderr]   Downloaded byteyarn v0.2.3
[INFO] [stderr]   Downloaded gix-glob v0.13.0
[INFO] [stderr]   Downloaded gix-date v0.8.0
[INFO] [stderr]   Downloaded gix-hash v0.13.1
[INFO] [stderr]   Downloaded gix-object v0.37.0
[INFO] [stderr]   Downloaded gix-path v0.10.0
[INFO] [stderr]   Downloaded ignore v0.4.18
[INFO] [stderr]   Downloaded ucd-trie v0.1.6
[INFO] [stderr]   Downloaded pest_meta v2.7.0
[INFO] [stderr]   Downloaded pest_derive v2.7.0
[INFO] [stderr]   Downloaded dunce v1.0.4
[INFO] [stderr]   Downloaded gix-filter v0.5.0
[INFO] [stderr]   Downloaded gix-credentials v0.20.0
[INFO] [stderr]   Downloaded maybe-async v0.2.7
[INFO] [stderr]   Downloaded spdx v0.10.3
[INFO] [stderr]   Downloaded gix-revision v0.22.0
[INFO] [stderr]   Downloaded gix-url v0.24.0
[INFO] [stderr]   Downloaded gix-attributes v0.19.0
[INFO] [stderr]   Downloaded unicode-bom v2.0.2
[INFO] [stderr]   Downloaded gix-fs v0.7.0
[INFO] [stderr]   Downloaded gix-hashtable v0.4.0
[INFO] [stderr]   Downloaded gix-actor v0.27.0
[INFO] [stderr]   Downloaded unic-segment v0.9.0
[INFO] [stderr]   Downloaded gix-packetline-blocking v0.16.6
[INFO] [stderr]   Downloaded gix-macros v0.1.0
[INFO] [stderr]   Downloaded clru v0.6.1
[INFO] [stderr]   Downloaded gix-command v0.2.10
[INFO] [stderr]   Downloaded gix-quote v0.4.7
[INFO] [stderr]   Downloaded gix-bitmap v0.2.7
[INFO] [stderr]   Downloaded gix-tempfile v10.0.0
[INFO] [stderr]   Downloaded gix-utils v0.1.5
[INFO] [stderr]   Downloaded gix-chunk v0.4.4
[INFO] [stderr]   Downloaded gix-commitgraph v0.21.0
[INFO] [stderr]   Downloaded gix-revwalk v0.8.0
[INFO] [stderr]   Downloaded gix-traverse v0.33.0
[INFO] [stderr]   Downloaded btoi v0.4.3
[INFO] [stderr]   Downloaded gix-validate v0.8.0
[INFO] [stderr]   Downloaded gix-trace v0.1.3
[INFO] [stderr]   Downloaded gix-worktree v0.26.0
[INFO] [stderr]   Downloaded indoc v2.0.4
[INFO] [stderr]   Downloaded normpath v1.1.1
[INFO] [stderr]   Downloaded pathdiff v0.2.1
[INFO] [stderr]   Downloaded semver v1.0.20
[INFO] [stderr]   Downloaded serde_starlark v0.1.14
[INFO] [stderr]   Downloaded num-iter v0.1.43
[INFO] [stderr]   Downloaded pest_generator v2.7.0
[INFO] [stderr]   Downloaded itoa v1.0.8
[INFO] [stderr]   Downloaded slug v0.1.4
[INFO] [stderr]   Downloaded unic-char-range v0.9.0
[INFO] [stderr]   Downloaded unic-ucd-version v0.9.0
[INFO] [stderr]   Downloaded unic-ucd-segment v0.9.0
[INFO] [stderr]   Downloaded smawk v0.3.1
[INFO] [stderr]   Downloaded toml v0.8.10
[INFO] [stderr]   Downloaded proc-macro2 v1.0.64
[INFO] [stderr]   Downloaded quote v1.0.29
[INFO] [stderr]   Downloaded unicode-ident v1.0.10
[INFO] [stderr]   Downloaded uluru v3.0.0
[INFO] [stderr]   Downloaded gix-prompt v0.7.0
[INFO] [stderr]   Downloaded gix-ignore v0.8.0
[INFO] [stderr]   Downloaded gix-lock v10.0.0
[INFO] [stderr]   Downloaded sha1_smol v1.0.0
[INFO] [stderr]   Downloaded faster-hex v0.8.1
[INFO] [stderr]   Downloaded home v0.5.5
[INFO] [stderr]   Downloaded globset v0.4.11
[INFO] [stderr]   Downloaded humansize v2.1.3
[INFO] running `Command { std: "docker" "create" "-v" "/var/lib/crater-agent-workspace/builds/worker-0-tc1/target:/opt/rustwide/target:rw,Z" "-v" "/var/lib/crater-agent-workspace/builds/worker-0-tc1/source:/opt/rustwide/workdir:ro,Z" "-v" "/var/lib/crater-agent-workspace/cargo-home:/opt/rustwide/cargo-home:ro,Z" "-v" "/var/lib/crater-agent-workspace/rustup-home:/opt/rustwide/rustup-home:ro,Z" "-e" "SOURCE_DIR=/opt/rustwide/workdir" "-e" "CARGO_TARGET_DIR=/opt/rustwide/target" "-e" "CARGO_HOME=/opt/rustwide/cargo-home" "-e" "RUSTUP_HOME=/opt/rustwide/rustup-home" "-w" "/opt/rustwide/workdir" "-m" "1610612736" "--user" "0:0" "--network" "none" "ghcr.io/rust-lang/crates-build-env/linux@sha256:4a844ea9eb2546a2d2c7022eacef16ef2e8229c7fbb2c7d4d55a9ceca922f72d" "/opt/rustwide/cargo-home/bin/cargo" "+nightly-2024-10-28" "metadata" "--no-deps" "--format-version=1", kill_on_drop: false }`
[INFO] [stdout] 6d6a52671149e2f2a4110092cd77b46f02efd608ef574995f9e106c893d938ce
[INFO] running `Command { std: "docker" "start" "-a" "6d6a52671149e2f2a4110092cd77b46f02efd608ef574995f9e106c893d938ce", kill_on_drop: false }`
[INFO] running `Command { std: "docker" "inspect" "6d6a52671149e2f2a4110092cd77b46f02efd608ef574995f9e106c893d938ce", kill_on_drop: false }`
[INFO] running `Command { std: "docker" "rm" "-f" "6d6a52671149e2f2a4110092cd77b46f02efd608ef574995f9e106c893d938ce", kill_on_drop: false }`
[INFO] [stdout] 6d6a52671149e2f2a4110092cd77b46f02efd608ef574995f9e106c893d938ce
[INFO] running `Command { std: "docker" "create" "-v" "/var/lib/crater-agent-workspace/builds/worker-0-tc1/target:/opt/rustwide/target:rw,Z" "-v" "/var/lib/crater-agent-workspace/builds/worker-0-tc1/source:/opt/rustwide/workdir:ro,Z" "-v" "/var/lib/crater-agent-workspace/cargo-home:/opt/rustwide/cargo-home:ro,Z" "-v" "/var/lib/crater-agent-workspace/rustup-home:/opt/rustwide/rustup-home:ro,Z" "-e" "SOURCE_DIR=/opt/rustwide/workdir" "-e" "CARGO_TARGET_DIR=/opt/rustwide/target" "-e" "CARGO_INCREMENTAL=0" "-e" "RUST_BACKTRACE=full" "-e" "RUSTFLAGS=--cap-lints=forbid" "-e" "RUSTDOCFLAGS=--cap-lints=forbid" "-e" "CARGO_HOME=/opt/rustwide/cargo-home" "-e" "RUSTUP_HOME=/opt/rustwide/rustup-home" "-w" "/opt/rustwide/workdir" "-m" "1610612736" "--user" "0:0" "--network" "none" "ghcr.io/rust-lang/crates-build-env/linux@sha256:4a844ea9eb2546a2d2c7022eacef16ef2e8229c7fbb2c7d4d55a9ceca922f72d" "/opt/rustwide/cargo-home/bin/cargo" "+nightly-2024-10-28" "build" "--frozen" "--message-format=json", kill_on_drop: false }`
[INFO] [stdout] d0cfd1c4bda1602c4f63ef0544589950fb1ff9e16dd75941f911d03b8dcd2f43
[INFO] running `Command { std: "docker" "start" "-a" "d0cfd1c4bda1602c4f63ef0544589950fb1ff9e16dd75941f911d03b8dcd2f43", kill_on_drop: false }`
[INFO] [stderr]    Compiling proc-macro2 v1.0.64
[INFO] [stderr]    Compiling unicode-ident v1.0.10
[INFO] [stderr]    Compiling quote v1.0.29
[INFO] [stderr]    Compiling autocfg v1.1.0
[INFO] [stderr]    Compiling serde v1.0.190
[INFO] [stderr]    Compiling libc v0.2.149
[INFO] [stderr]    Compiling thiserror v1.0.50
[INFO] [stderr]    Compiling memchr v2.6.4
[INFO] [stderr]    Compiling once_cell v1.19.0
[INFO] [stderr]    Compiling crossbeam-utils v0.8.16
[INFO] [stderr]    Compiling regex-automata v0.3.3
[INFO] [stderr]    Compiling smallvec v1.11.0
[INFO] [stderr]    Compiling parking_lot_core v0.9.9
[INFO] [stderr]    Compiling rayon-core v1.12.0
[INFO] [stderr]    Compiling crossbeam-queue v0.3.8
[INFO] [stderr]    Compiling same-file v1.0.6
[INFO] [stderr]    Compiling gix-trace v0.1.3
[INFO] [stderr]    Compiling walkdir v2.3.3
[INFO] [stderr]    Compiling either v1.9.0
[INFO] [stderr]    Compiling crc32fast v1.3.2
[INFO] [stderr]    Compiling miniz_oxide v0.7.1
[INFO] [stderr]    Compiling sha1_smol v1.0.0
[INFO] [stderr]    Compiling prodash v26.2.2
[INFO] [stderr]    Compiling bitflags v2.4.1
[INFO] [stderr]    Compiling itoa v1.0.8
[INFO] [stderr]    Compiling time-core v0.1.2
[INFO] [stderr]    Compiling num-conv v0.1.0
[INFO] [stderr]    Compiling powerfmt v0.2.0
[INFO] [stderr]    Compiling num_threads v0.1.6
[INFO] [stderr]    Compiling home v0.5.5
[INFO] [stderr]    Compiling memoffset v0.9.0
[INFO] [stderr]    Compiling crossbeam-epoch v0.9.15
[INFO] [stderr]    Compiling lock_api v0.4.11
[INFO] [stderr]    Compiling num-traits v0.2.15
[INFO] [stderr]    Compiling deranged v0.3.9
[INFO] [stderr]    Compiling time-macros v0.2.18
[INFO] [stderr]    Compiling hashbrown v0.14.3
[INFO] [stderr]    Compiling winnow v0.5.18
[INFO] [stderr]    Compiling crossbeam-channel v0.5.8
[INFO] [stderr]    Compiling flate2 v1.0.28
[INFO] [stderr]    Compiling rustix v0.38.21
[INFO] [stderr]    Compiling linux-raw-sys v0.4.10
[INFO] [stderr]    Compiling syn v2.0.32
[INFO] [stderr]    Compiling bstr v1.6.0
[INFO] [stderr]    Compiling crossbeam-deque v0.8.3
[INFO] [stderr]    Compiling fastrand v2.0.1
[INFO] [stderr]    Compiling tinyvec_macros v0.1.1
[INFO] [stderr]    Compiling tinyvec v1.6.0
[INFO] [stderr]    Compiling percent-encoding v2.3.1
[INFO] [stderr]    Compiling crossbeam v0.8.2
[INFO] [stderr]    Compiling siphasher v0.3.10
[INFO] [stderr]    Compiling unicode-bidi v0.3.13
[INFO] [stderr]    Compiling form_urlencoded v1.2.1
[INFO] [stderr]    Compiling gix-utils v0.1.5
[INFO] [stderr]    Compiling unicode-bom v2.0.2
[INFO] [stderr]    Compiling phf_shared v0.11.2
[INFO] [stderr]    Compiling rand_core v0.6.4
[INFO] [stderr]    Compiling regex-syntax v0.8.2
[INFO] [stderr]    Compiling indexmap v2.1.0
[INFO] [stderr]    Compiling byteyarn v0.2.3
[INFO] [stderr]    Compiling io-lifetimes v1.0.11
[INFO] [stderr]    Compiling typenum v1.16.0
[INFO] [stderr]    Compiling gix-command v0.2.10
[INFO] [stderr]    Compiling rayon v1.8.0
[INFO] [stderr]    Compiling memmap2 v0.7.1
[INFO] [stderr]    Compiling btoi v0.4.3
[INFO] [stderr]    Compiling gix-sec v0.10.0
[INFO] [stderr]    Compiling parking_lot v0.12.1
[INFO] [stderr]    Compiling rand v0.8.5
[INFO] [stderr]    Compiling aho-corasick v1.0.2
[INFO] [stderr]    Compiling unicode-normalization v0.1.22
[INFO] [stderr]    Compiling time v0.3.36
[INFO] [stderr]    Compiling syn v1.0.109
[INFO] [stderr]    Compiling log v0.4.19
[INFO] [stderr]    Compiling rustix v0.37.23
[INFO] [stderr]    Compiling phf v0.11.2
[INFO] [stderr]    Compiling serde_json v1.0.108
[INFO] [stderr]    Compiling linux-raw-sys v0.3.8
[INFO] [stderr]    Compiling idna v0.5.0
[INFO] [stderr]    Compiling semver v1.0.20
[INFO] [stderr]    Compiling lazy_static v1.4.0
[INFO] [stderr]    Compiling ucd-trie v0.1.6
[INFO] [stderr]    Compiling phf_generator v0.11.2
[INFO] [stderr]    Compiling uluru v3.0.0
[INFO] [stderr]    Compiling phf_codegen v0.11.2
[INFO] [stderr]    Compiling filetime v0.2.22
[INFO] [stderr]    Compiling getrandom v0.2.10
[INFO] [stderr]    Compiling regex-automata v0.4.3
[INFO] [stderr]    Compiling thread_local v1.1.4
[INFO] [stderr]    Compiling ryu v1.0.14
[INFO] [stderr]    Compiling url v2.5.2
[INFO] [stderr]    Compiling clru v0.6.1
[INFO] [stderr]    Compiling generic-array v0.14.7
[INFO] [stderr]    Compiling unic-common v0.9.0
[INFO] [stderr]    Compiling unic-char-range v0.9.0
[INFO] [stderr]    Compiling libm v0.2.7
[INFO] [stderr]    Compiling anstyle-parse v0.2.1
[INFO] [stderr]    Compiling unic-char-property v0.9.0
[INFO] [stderr]    Compiling unic-ucd-version v0.9.0
[INFO] [stderr]    Compiling tempfile v3.8.1
[INFO] [stderr]    Compiling tracing-core v0.1.32
[INFO] [stderr]    Compiling encoding_rs v0.8.33
[INFO] [stderr]    Compiling anstyle v1.0.1
[INFO] [stderr]    Compiling camino v1.1.6
[INFO] [stderr]    Compiling arc-swap v1.6.0
[INFO] [stderr]    Compiling iana-time-zone v0.1.57
[INFO] [stderr]    Compiling jwalk v0.8.1
[INFO] [stderr]    Compiling ppv-lite86 v0.2.17
[INFO] [stderr]    Compiling anstyle-query v1.0.0
[INFO] [stderr]    Compiling colorchoice v1.0.0
[INFO] [stderr]    Compiling chrono v0.4.26
[INFO] [stderr]    Compiling crypto-common v0.1.6
[INFO] [stderr]    Compiling block-buffer v0.10.4
[INFO] [stderr]    Compiling regex v1.10.2
[INFO] [stderr]    Compiling unic-ucd-segment v0.9.0
[INFO] [stderr]    Compiling rand_chacha v0.3.1
[INFO] [stderr]    Compiling is-terminal v0.4.7
[INFO] [stderr]    Compiling anyhow v1.0.75
[INFO] [stderr]    Compiling anstream v0.3.2
[INFO] [stderr]    Compiling clap_lex v0.5.0
[INFO] [stderr]    Compiling overload v0.1.1
[INFO] [stderr]    Compiling heck v0.4.1
[INFO] [stderr]    Compiling parse-zoneinfo v0.3.0
[INFO] [stderr]    Compiling deunicode v0.4.3
[INFO] [stderr]    Compiling strsim v0.10.0
[INFO] [stderr]    Compiling nu-ansi-term v0.46.0
[INFO] [stderr]    Compiling unic-segment v0.9.0
[INFO] [stderr]    Compiling slug v0.1.4
[INFO] [stderr]    Compiling clap_builder v4.3.11
[INFO] [stderr]    Compiling humansize v2.1.3
[INFO] [stderr]    Compiling digest v0.10.7
[INFO] [stderr]    Compiling chrono-tz-build v0.2.1
[INFO] [stderr]    Compiling tracing-log v0.1.4
[INFO] [stderr]    Compiling sharded-slab v0.1.7
[INFO] [stderr]    Compiling unicode-linebreak v0.1.5
[INFO] [stderr]    Compiling smawk v0.3.1
[INFO] [stderr]    Compiling unicode-width v0.1.10
[INFO] [stderr]    Compiling cpufeatures v0.2.9
[INFO] [stderr]    Compiling rustc-hash v1.1.0
[INFO] [stderr]    Compiling pin-project-lite v0.2.13
[INFO] [stderr]    Compiling sha2 v0.10.8
[INFO] [stderr]    Compiling textwrap v0.16.0
[INFO] [stderr]    Compiling itertools v0.12.0
[INFO] [stderr]    Compiling spdx v0.10.3
[INFO] [stderr]    Compiling cfg-expr v0.15.5
[INFO] [stderr]    Compiling chrono-tz v0.8.4
[INFO] [stderr]    Compiling normpath v1.1.1
[INFO] [stderr]    Compiling tracing-subscriber v0.3.17
[INFO] [stderr]    Compiling pathdiff v0.2.1
[INFO] [stderr]    Compiling indoc v2.0.4
[INFO] [stderr]    Compiling serde_derive v1.0.190
[INFO] [stderr]    Compiling thiserror-impl v1.0.50
[INFO] [stderr]    Compiling gix-macros v0.1.0
[INFO] [stderr]    Compiling clap_derive v4.3.2
[INFO] [stderr]    Compiling tracing-attributes v0.1.27
[INFO] [stderr]    Compiling maybe-async v0.2.7
[INFO] [stderr]    Compiling globset v0.4.11
[INFO] [stderr]    Compiling ignore v0.4.18
[INFO] [stderr]    Compiling gix-date v0.8.0
[INFO] [stderr]    Compiling gix-path v0.10.0
[INFO] [stderr]    Compiling gix-validate v0.8.0
[INFO] [stderr]    Compiling gix-chunk v0.4.4
[INFO] [stderr]    Compiling gix-quote v0.4.7
[INFO] [stderr]    Compiling gix-bitmap v0.2.7
[INFO] [stderr]    Compiling pest v2.7.0
[INFO] [stderr]    Compiling tracing v0.1.40
[INFO] [stderr]    Compiling gix-config-value v0.14.0
[INFO] [stderr]    Compiling gix-actor v0.27.0
[INFO] [stderr]    Compiling globwalk v0.8.1
[INFO] [stderr]    Compiling gix-prompt v0.7.0
[INFO] [stderr]    Compiling clap v4.3.11
[INFO] [stderr]    Compiling pest_meta v2.7.0
[INFO] [stderr]    Compiling pest_generator v2.7.0
[INFO] [stderr]    Compiling pest_derive v2.7.0
[INFO] [stderr]    Compiling faster-hex v0.8.1
[INFO] [stderr]    Compiling serde_spanned v0.6.5
[INFO] [stderr]    Compiling toml_datetime v0.6.5
[INFO] [stderr]    Compiling hex v0.4.3
[INFO] [stderr]    Compiling smol_str v0.2.0
[INFO] [stderr]    Compiling cargo-platform v0.1.4
[INFO] [stderr]    Compiling serde_starlark v0.1.14
[INFO] [stderr]    Compiling gix-hash v0.13.1
[INFO] [stderr]    Compiling gix-packetline v0.16.7
[INFO] [stderr]    Compiling gix-packetline-blocking v0.16.6
[INFO] [stderr]    Compiling toml_edit v0.22.4
[INFO] [stderr]    Compiling toml_edit v0.19.13
[INFO] [stderr]    Compiling gix-features v0.35.0
[INFO] [stderr]    Compiling gix-hashtable v0.4.0
[INFO] [stderr]    Compiling gix-object v0.37.0
[INFO] [stderr]    Compiling gix-fs v0.7.0
[INFO] [stderr]    Compiling gix-commitgraph v0.21.0
[INFO] [stderr]    Compiling gix-glob v0.13.0
[INFO] [stderr]    Compiling gix-url v0.24.0
[INFO] [stderr]    Compiling gix-tempfile v10.0.0
[INFO] [stderr]    Compiling gix-credentials v0.20.0
[INFO] [stderr]    Compiling gix-transport v0.37.0
[INFO] [stderr]    Compiling gix-attributes v0.19.0
[INFO] [stderr]    Compiling gix-ignore v0.8.0
[INFO] [stderr]    Compiling gix-lock v10.0.0
[INFO] [stderr]    Compiling tera v1.19.1
[INFO] [stderr]    Compiling cargo_metadata v0.18.1
[INFO] [stderr]    Compiling gix-protocol v0.40.0
[INFO] [stderr]    Compiling gix-pathspec v0.3.0
[INFO] [stderr]    Compiling gix-revwalk v0.8.0
[INFO] [stderr]    Compiling gix-ref v0.37.0
[INFO] [stderr]    Compiling gix-pack v0.43.0
[INFO] [stderr]    Compiling gix-diff v0.36.0
[INFO] [stderr]    Compiling gix-filter v0.5.0
[INFO] [stderr]    Compiling gix-revision v0.22.0
[INFO] [stderr]    Compiling gix-traverse v0.33.0
[INFO] [stderr]    Compiling gix-negotiate v0.8.0
[INFO] [stderr]    Compiling gix-index v0.25.0
[INFO] [stderr]    Compiling gix-refspec v0.18.0
[INFO] [stderr]    Compiling toml v0.7.6
[INFO] [stderr]    Compiling toml v0.8.10
[INFO] [stderr]    Compiling gix-config v0.30.0
[INFO] [stderr]    Compiling gix-discover v0.25.0
[INFO] [stderr]    Compiling cargo-lock v9.0.0
[INFO] [stderr]    Compiling cargo_toml v0.19.2
[INFO] [stderr]    Compiling gix-worktree v0.26.0
[INFO] [stderr]    Compiling gix-odb v0.53.0
[INFO] [stderr]    Compiling gix-submodule v0.4.0
[INFO] [stderr]    Compiling gix v0.54.1
[INFO] [stderr]    Compiling crates-index v2.2.0
[INFO] [stderr]    Compiling cargo-bazel v0.15.0 (/opt/rustwide/workdir)
[INFO] [stderr]     Finished `dev` profile [unoptimized + debuginfo] target(s) in 30.58s
[INFO] running `Command { std: "docker" "inspect" "d0cfd1c4bda1602c4f63ef0544589950fb1ff9e16dd75941f911d03b8dcd2f43", kill_on_drop: false }`
[INFO] running `Command { std: "docker" "rm" "-f" "d0cfd1c4bda1602c4f63ef0544589950fb1ff9e16dd75941f911d03b8dcd2f43", kill_on_drop: false }`
[INFO] [stdout] d0cfd1c4bda1602c4f63ef0544589950fb1ff9e16dd75941f911d03b8dcd2f43
[INFO] running `Command { std: "docker" "create" "-v" "/var/lib/crater-agent-workspace/builds/worker-0-tc1/target:/opt/rustwide/target:rw,Z" "-v" "/var/lib/crater-agent-workspace/builds/worker-0-tc1/source:/opt/rustwide/workdir:ro,Z" "-v" "/var/lib/crater-agent-workspace/cargo-home:/opt/rustwide/cargo-home:ro,Z" "-v" "/var/lib/crater-agent-workspace/rustup-home:/opt/rustwide/rustup-home:ro,Z" "-e" "SOURCE_DIR=/opt/rustwide/workdir" "-e" "CARGO_TARGET_DIR=/opt/rustwide/target" "-e" "CARGO_INCREMENTAL=0" "-e" "RUST_BACKTRACE=full" "-e" "RUSTFLAGS=--cap-lints=forbid" "-e" "RUSTDOCFLAGS=--cap-lints=forbid" "-e" "CARGO_HOME=/opt/rustwide/cargo-home" "-e" "RUSTUP_HOME=/opt/rustwide/rustup-home" "-w" "/opt/rustwide/workdir" "-m" "1610612736" "--user" "0:0" "--network" "none" "ghcr.io/rust-lang/crates-build-env/linux@sha256:4a844ea9eb2546a2d2c7022eacef16ef2e8229c7fbb2c7d4d55a9ceca922f72d" "/opt/rustwide/cargo-home/bin/cargo" "+nightly-2024-10-28" "test" "--frozen" "--no-run" "--message-format=json", kill_on_drop: false }`
[INFO] [stdout] 30e728c8abea3091861262c9e7d27d7af6afb029e2f46d74d826c1a7d54ffa5b
[INFO] running `Command { std: "docker" "start" "-a" "30e728c8abea3091861262c9e7d27d7af6afb029e2f46d74d826c1a7d54ffa5b", kill_on_drop: false }`
[INFO] [stderr]    Compiling num-traits v0.2.15
[INFO] [stderr]    Compiling num-integer v0.1.45
[INFO] [stderr]    Compiling rustc-serialize v0.3.25
[INFO] [stderr]    Compiling rand v0.4.6
[INFO] [stderr]    Compiling num-iter v0.1.43
[INFO] [stderr]    Compiling maplit v1.0.2
[INFO] [stderr]    Compiling btoi v0.4.3
[INFO] [stderr]    Compiling chrono v0.4.26
[INFO] [stderr]    Compiling gix-actor v0.27.0
[INFO] [stderr]    Compiling gix-quote v0.4.7
[INFO] [stderr]    Compiling gix-attributes v0.19.0
[INFO] [stderr]    Compiling gix-transport v0.37.0
[INFO] [stderr]    Compiling gix-object v0.37.0
[INFO] [stderr]    Compiling num-bigint v0.1.44
[INFO] [stderr]    Compiling num-complex v0.1.43
[INFO] [stderr]    Compiling gix-pathspec v0.3.0
[INFO] [stderr]    Compiling gix-protocol v0.40.0
[INFO] [stderr]    Compiling chrono-tz v0.8.4
[INFO] [stderr]    Compiling gix-revwalk v0.8.0
[INFO] [stderr]    Compiling gix-ref v0.37.0
[INFO] [stderr]    Compiling gix-pack v0.43.0
[INFO] [stderr]    Compiling gix-diff v0.36.0
[INFO] [stderr]    Compiling gix-filter v0.5.0
[INFO] [stderr]    Compiling num-rational v0.1.42
[INFO] [stderr]    Compiling gix-traverse v0.33.0
[INFO] [stderr]    Compiling gix-revision v0.22.0
[INFO] [stderr]    Compiling gix-negotiate v0.8.0
[INFO] [stderr]    Compiling num v0.1.42
[INFO] [stderr]    Compiling spectral v0.6.0
[INFO] [stderr]    Compiling gix-index v0.25.0
[INFO] [stderr]    Compiling gix-refspec v0.18.0
[INFO] [stderr]    Compiling gix-config v0.30.0
[INFO] [stderr]    Compiling gix-discover v0.25.0
[INFO] [stderr]    Compiling gix-worktree v0.26.0
[INFO] [stderr]    Compiling gix-odb v0.53.0
[INFO] [stderr]    Compiling gix-submodule v0.4.0
[INFO] [stderr]    Compiling gix v0.54.1
[INFO] [stderr]    Compiling tera v1.19.1
[INFO] [stderr]    Compiling crates-index v2.2.0
[INFO] [stderr]    Compiling cargo-bazel v0.15.0 (/opt/rustwide/workdir)
[INFO] [stdout] error: couldn't read `/opt/rustwide/workdir/test_data/metadata/aliases/metadata.json`: No such file or directory (os error 2)
[INFO] [stdout]   --> src/test.rs:65:30
[INFO] [stdout]    |
[INFO] [stdout] 65 |           serde_json::from_str(include_str!(concat!(
[INFO] [stdout]    |  ______________________________^
[INFO] [stdout] 66 | |             env!("CARGO_MANIFEST_DIR"),
[INFO] [stdout] 67 | |             "/test_data/metadata/aliases/metadata.json"
[INFO] [stdout] 68 | |         )))
[INFO] [stdout]    | |__________^
[INFO] [stdout]    |
[INFO] [stdout]    = note: this error originates in the macro `include_str` (in Nightly builds, run with -Z macro-backtrace for more info)
[INFO] [stdout] 
[INFO] [stdout] 
[INFO] [stdout] error: couldn't read `/opt/rustwide/workdir/test_data/metadata/build_scripts/metadata.json`: No such file or directory (os error 2)
[INFO] [stdout]   --> src/test.rs:73:30
[INFO] [stdout]    |
[INFO] [stdout] 73 |           serde_json::from_str(include_str!(concat!(
[INFO] [stdout]    |  ______________________________^
[INFO] [stdout] 74 | |             env!("CARGO_MANIFEST_DIR"),
[INFO] [stdout] 75 | |             "/test_data/metadata/build_scripts/metadata.json"
[INFO] [stdout] 76 | |         )))
[INFO] [stdout]    | |__________^
[INFO] [stdout]    |
[INFO] [stdout]    = note: this error originates in the macro `include_str` (in Nightly builds, run with -Z macro-backtrace for more info)
[INFO] [stdout] 
[INFO] [stdout] 
[INFO] [stdout] error: couldn't read `/opt/rustwide/workdir/test_data/metadata/crate_types/metadata.json`: No such file or directory (os error 2)
[INFO] [stdout]   --> src/test.rs:81:30
[INFO] [stdout]    |
[INFO] [stdout] 81 |           serde_json::from_str(include_str!(concat!(
[INFO] [stdout]    |  ______________________________^
[INFO] [stdout] 82 | |             env!("CARGO_MANIFEST_DIR"),
[INFO] [stdout] 83 | |             "/test_data/metadata/crate_types/metadata.json"
[INFO] [stdout] 84 | |         )))
[INFO] [stdout]    | |__________^
[INFO] [stdout]    |
[INFO] [stdout]    = note: this error originates in the macro `include_str` (in Nightly builds, run with -Z macro-backtrace for more info)
[INFO] [stdout] 
[INFO] [stdout] 
[INFO] [stdout] error: couldn't read `/opt/rustwide/workdir/test_data/metadata/multi_cfg_dep/metadata.json`: No such file or directory (os error 2)
[INFO] [stdout]   --> src/test.rs:89:30
[INFO] [stdout]    |
[INFO] [stdout] 89 |           serde_json::from_str(include_str!(concat!(
[INFO] [stdout]    |  ______________________________^
[INFO] [stdout] 90 | |             env!("CARGO_MANIFEST_DIR"),
[INFO] [stdout] 91 | |             "/test_data/metadata/multi_cfg_dep/metadata.json"
[INFO] [stdout] 92 | |         )))
[INFO] [stdout]    | |__________^
[INFO] [stdout]    |
[INFO] [stdout]    = note: this error originates in the macro `include_str` (in Nightly builds, run with -Z macro-backtrace for more info)
[INFO] [stdout] 
[INFO] [stdout] 
[INFO] [stdout] error: couldn't read `/opt/rustwide/workdir/test_data/metadata/multi_kind_proc_macro_dep/metadata.json`: No such file or directory (os error 2)
[INFO] [stdout]    --> src/test.rs:97:30
[INFO] [stdout]     |
[INFO] [stdout] 97  |           serde_json::from_str(include_str!(concat!(
[INFO] [stdout]     |  ______________________________^
[INFO] [stdout] 98  | |             env!("CARGO_MANIFEST_DIR"),
[INFO] [stdout] 99  | |             "/test_data/metadata/multi_kind_proc_macro_dep/metadata.json"
[INFO] [stdout] 100 | |         )))
[INFO] [stdout]     | |__________^
[INFO] [stdout]     |
[INFO] [stdout]     = note: this error originates in the macro `include_str` (in Nightly builds, run with -Z macro-backtrace for more info)
[INFO] [stdout] 
[INFO] [stdout] 
[INFO] [stdout] error: couldn't read `/opt/rustwide/workdir/test_data/metadata/no_deps/metadata.json`: No such file or directory (os error 2)
[INFO] [stdout]    --> src/test.rs:105:30
[INFO] [stdout]     |
[INFO] [stdout] 105 |           serde_json::from_str(include_str!(concat!(
[INFO] [stdout]     |  ______________________________^
[INFO] [stdout] 106 | |             env!("CARGO_MANIFEST_DIR"),
[INFO] [stdout] 107 | |             "/test_data/metadata/no_deps/metadata.json"
[INFO] [stdout] 108 | |         )))
[INFO] [stdout]     | |__________^
[INFO] [stdout]     |
[INFO] [stdout]     = note: this error originates in the macro `include_str` (in Nightly builds, run with -Z macro-backtrace for more info)
[INFO] [stdout] 
[INFO] [stdout] 
[INFO] [stdout] error: couldn't read `/opt/rustwide/workdir/test_data/metadata/crate_optional_deps_disabled/metadata.json`: No such file or directory (os error 2)
[INFO] [stdout]    --> src/test.rs:113:30
[INFO] [stdout]     |
[INFO] [stdout] 113 |           serde_json::from_str(include_str!(concat!(
[INFO] [stdout]     |  ______________________________^
[INFO] [stdout] 114 | |             env!("CARGO_MANIFEST_DIR"),
[INFO] [stdout] 115 | |             "/test_data/metadata/crate_optional_deps_disabled/metadata.json"
[INFO] [stdout] 116 | |         )))
[INFO] [stdout]     | |__________^
[INFO] [stdout]     |
[INFO] [stdout]     = note: this error originates in the macro `include_str` (in Nightly builds, run with -Z macro-backtrace for more info)
[INFO] [stdout] 
[INFO] [stdout] 
[INFO] [stdout] error: couldn't read `/opt/rustwide/workdir/test_data/metadata/crate_renamed_optional_deps_disabled/metadata.json`: No such file or directory (os error 2)
[INFO] [stdout]    --> src/test.rs:121:30
[INFO] [stdout]     |
[INFO] [stdout] 121 |           serde_json::from_str(include_str!(concat!(
[INFO] [stdout]     |  ______________________________^
[INFO] [stdout] 122 | |             env!("CARGO_MANIFEST_DIR"),
[INFO] [stdout] 123 | |             "/test_data/metadata/crate_renamed_optional_deps_disabled/metadata.json"
[INFO] [stdout] 124 | |         )))
[INFO] [stdout]     | |__________^
[INFO] [stdout]     |
[INFO] [stdout]     = note: this error originates in the macro `include_str` (in Nightly builds, run with -Z macro-backtrace for more info)
[INFO] [stdout] 
[INFO] [stdout] 
[INFO] [stdout] error: couldn't read `/opt/rustwide/workdir/test_data/metadata/crate_optional_deps_disabled_build_dep_enabled/metadata.json`: No such file or directory (os error 2)
[INFO] [stdout]    --> src/test.rs:129:30
[INFO] [stdout]     |
[INFO] [stdout] 129 |           serde_json::from_str(include_str!(concat!(
[INFO] [stdout]     |  ______________________________^
[INFO] [stdout] 130 | |             env!("CARGO_MANIFEST_DIR"),
[INFO] [stdout] 131 | |             "/test_data/metadata/crate_optional_deps_disabled_build_dep_enabled/metadata.json"
[INFO] [stdout] 132 | |         )))
[INFO] [stdout]     | |__________^
[INFO] [stdout]     |
[INFO] [stdout]     = note: this error originates in the macro `include_str` (in Nightly builds, run with -Z macro-backtrace for more info)
[INFO] [stdout] 
[INFO] [stdout] 
[INFO] [stdout] error: couldn't read `/opt/rustwide/workdir/test_data/metadata/crate_optional_deps_enabled/metadata.json`: No such file or directory (os error 2)
[INFO] [stdout]    --> src/test.rs:137:30
[INFO] [stdout]     |
[INFO] [stdout] 137 |           serde_json::from_str(include_str!(concat!(
[INFO] [stdout]     |  ______________________________^
[INFO] [stdout] 138 | |             env!("CARGO_MANIFEST_DIR"),
[INFO] [stdout] 139 | |             "/test_data/metadata/crate_optional_deps_enabled/metadata.json"
[INFO] [stdout] 140 | |         )))
[INFO] [stdout]     | |__________^
[INFO] [stdout]     |
[INFO] [stdout]     = note: this error originates in the macro `include_str` (in Nightly builds, run with -Z macro-backtrace for more info)
[INFO] [stdout] 
[INFO] [stdout] 
[INFO] [stdout] error: couldn't read `/opt/rustwide/workdir/test_data/metadata/crate_renamed_optional_deps_enabled/metadata.json`: No such file or directory (os error 2)
[INFO] [stdout]    --> src/test.rs:145:30
[INFO] [stdout]     |
[INFO] [stdout] 145 |           serde_json::from_str(include_str!(concat!(
[INFO] [stdout]     |  ______________________________^
[INFO] [stdout] 146 | |             env!("CARGO_MANIFEST_DIR"),
[INFO] [stdout] 147 | |             "/test_data/metadata/crate_renamed_optional_deps_enabled/metadata.json"
[INFO] [stdout] 148 | |         )))
[INFO] [stdout]     | |__________^
[INFO] [stdout]     |
[INFO] [stdout]     = note: this error originates in the macro `include_str` (in Nightly builds, run with -Z macro-backtrace for more info)
[INFO] [stdout] 
[INFO] [stdout] 
[INFO] [stdout] error: couldn't read `/opt/rustwide/workdir/test_data/metadata/common/metadata.json`: No such file or directory (os error 2)
[INFO] [stdout]    --> src/test.rs:153:30
[INFO] [stdout]     |
[INFO] [stdout] 153 |           serde_json::from_str(include_str!(concat!(
[INFO] [stdout]     |  ______________________________^
[INFO] [stdout] 154 | |             env!("CARGO_MANIFEST_DIR"),
[INFO] [stdout] 155 | |             "/test_data/metadata/common/metadata.json"
[INFO] [stdout] 156 | |         )))
[INFO] [stdout]     | |__________^
[INFO] [stdout]     |
[INFO] [stdout]     = note: this error originates in the macro `include_str` (in Nightly builds, run with -Z macro-backtrace for more info)
[INFO] [stdout] 
[INFO] [stdout] 
[INFO] [stdout] error: couldn't read `/opt/rustwide/workdir/test_data/metadata/example_proc_macro_dep/metadata.json`: No such file or directory (os error 2)
[INFO] [stdout]    --> src/test.rs:161:30
[INFO] [stdout]     |
[INFO] [stdout] 161 |           serde_json::from_str(include_str!(concat!(
[INFO] [stdout]     |  ______________________________^
[INFO] [stdout] 162 | |             env!("CARGO_MANIFEST_DIR"),
[INFO] [stdout] 163 | |             "/test_data/metadata/example_proc_macro_dep/metadata.json"
[INFO] [stdout] 164 | |         )))
[INFO] [stdout]     | |__________^
[INFO] [stdout]     |
[INFO] [stdout]     = note: this error originates in the macro `include_str` (in Nightly builds, run with -Z macro-backtrace for more info)
[INFO] [stdout] 
[INFO] [stdout] 
[INFO] [stdout] error: couldn't read `/opt/rustwide/workdir/test_data/metadata/git_repos/metadata.json`: No such file or directory (os error 2)
[INFO] [stdout]    --> src/test.rs:169:30
[INFO] [stdout]     |
[INFO] [stdout] 169 |           serde_json::from_str(include_str!(concat!(
[INFO] [stdout]     |  ______________________________^
[INFO] [stdout] 170 | |             env!("CARGO_MANIFEST_DIR"),
[INFO] [stdout] 171 | |             "/test_data/metadata/git_repos/metadata.json"
[INFO] [stdout] 172 | |         )))
[INFO] [stdout]     | |__________^
[INFO] [stdout]     |
[INFO] [stdout]     = note: this error originates in the macro `include_str` (in Nightly builds, run with -Z macro-backtrace for more info)
[INFO] [stdout] 
[INFO] [stdout] 
[INFO] [stdout] error: couldn't read `/opt/rustwide/workdir/test_data/metadata/has_package_metadata/metadata.json`: No such file or directory (os error 2)
[INFO] [stdout]    --> src/test.rs:177:30
[INFO] [stdout]     |
[INFO] [stdout] 177 |           serde_json::from_str(include_str!(concat!(
[INFO] [stdout]     |  ______________________________^
[INFO] [stdout] 178 | |             env!("CARGO_MANIFEST_DIR"),
[INFO] [stdout] 179 | |             "/test_data/metadata/has_package_metadata/metadata.json"
[INFO] [stdout] 180 | |         )))
[INFO] [stdout]     | |__________^
[INFO] [stdout]     |
[INFO] [stdout]     = note: this error originates in the macro `include_str` (in Nightly builds, run with -Z macro-backtrace for more info)
[INFO] [stdout] 
[INFO] [stdout] 
[INFO] [stdout] error: couldn't read `/opt/rustwide/workdir/test_data/metadata/resolver_2_deps/metadata.json`: No such file or directory (os error 2)
[INFO] [stdout]    --> src/test.rs:185:30
[INFO] [stdout]     |
[INFO] [stdout] 185 |           serde_json::from_str(include_str!(concat!(
[INFO] [stdout]     |  ______________________________^
[INFO] [stdout] 186 | |             env!("CARGO_MANIFEST_DIR"),
[INFO] [stdout] 187 | |             "/test_data/metadata/resolver_2_deps/metadata.json"
[INFO] [stdout] 188 | |         )))
[INFO] [stdout]     | |__________^
[INFO] [stdout]     |
[INFO] [stdout]     = note: this error originates in the macro `include_str` (in Nightly builds, run with -Z macro-backtrace for more info)
[INFO] [stdout] 
[INFO] [stdout] 
[INFO] [stdout] error: couldn't read `/opt/rustwide/workdir/test_data/metadata/abspath/metadata.json`: No such file or directory (os error 2)
[INFO] [stdout]    --> src/test.rs:193:30
[INFO] [stdout]     |
[INFO] [stdout] 193 |           serde_json::from_str(include_str!(concat!(
[INFO] [stdout]     |  ______________________________^
[INFO] [stdout] 194 | |             env!("CARGO_MANIFEST_DIR"),
[INFO] [stdout] 195 | |             "/test_data/metadata/abspath/metadata.json"
[INFO] [stdout] 196 | |         )))
[INFO] [stdout]     | |__________^
[INFO] [stdout]     |
[INFO] [stdout]     = note: this error originates in the macro `include_str` (in Nightly builds, run with -Z macro-backtrace for more info)
[INFO] [stdout] 
[INFO] [stdout] 
[INFO] [stdout] error: couldn't read `/opt/rustwide/workdir/test_data/metadata/aliases/Cargo.lock`: No such file or directory (os error 2)
[INFO] [stdout]    --> src/test.rs:205:40
[INFO] [stdout]     |
[INFO] [stdout] 205 |           cargo_lock::Lockfile::from_str(include_str!(concat!(
[INFO] [stdout]     |  ________________________________________^
[INFO] [stdout] 206 | |             env!("CARGO_MANIFEST_DIR"),
[INFO] [stdout] 207 | |             "/test_data/metadata/aliases/Cargo.lock"
[INFO] [stdout] 208 | |         )))
[INFO] [stdout]     | |__________^
[INFO] [stdout]     |
[INFO] [stdout]     = note: this error originates in the macro `include_str` (in Nightly builds, run with -Z macro-backtrace for more info)
[INFO] [stdout] 
[INFO] [stdout] 
[INFO] [stdout] error: couldn't read `/opt/rustwide/workdir/test_data/metadata/build_scripts/Cargo.lock`: No such file or directory (os error 2)
[INFO] [stdout]    --> src/test.rs:213:40
[INFO] [stdout]     |
[INFO] [stdout] 213 |           cargo_lock::Lockfile::from_str(include_str!(concat!(
[INFO] [stdout]     |  ________________________________________^
[INFO] [stdout] 214 | |             env!("CARGO_MANIFEST_DIR"),
[INFO] [stdout] 215 | |             "/test_data/metadata/build_scripts/Cargo.lock"
[INFO] [stdout] 216 | |         )))
[INFO] [stdout]     | |__________^
[INFO] [stdout]     |
[INFO] [stdout]     = note: this error originates in the macro `include_str` (in Nightly builds, run with -Z macro-backtrace for more info)
[INFO] [stdout] 
[INFO] [stdout] 
[INFO] [stdout] error: couldn't read `/opt/rustwide/workdir/test_data/metadata/crate_types/Cargo.lock`: No such file or directory (os error 2)
[INFO] [stdout]    --> src/test.rs:221:40
[INFO] [stdout]     |
[INFO] [stdout] 221 |           cargo_lock::Lockfile::from_str(include_str!(concat!(
[INFO] [stdout]     |  ________________________________________^
[INFO] [stdout] 222 | |             env!("CARGO_MANIFEST_DIR"),
[INFO] [stdout] 223 | |             "/test_data/metadata/crate_types/Cargo.lock"
[INFO] [stdout] 224 | |         )))
[INFO] [stdout]     | |__________^
[INFO] [stdout]     |
[INFO] [stdout]     = note: this error originates in the macro `include_str` (in Nightly builds, run with -Z macro-backtrace for more info)
[INFO] [stdout] 
[INFO] [stdout] 
[INFO] [stdout] error: couldn't read `/opt/rustwide/workdir/test_data/metadata/multi_cfg_dep/Cargo.lock`: No such file or directory (os error 2)
[INFO] [stdout]    --> src/test.rs:229:40
[INFO] [stdout]     |
[INFO] [stdout] 229 |           cargo_lock::Lockfile::from_str(include_str!(concat!(
[INFO] [stdout]     |  ________________________________________^
[INFO] [stdout] 230 | |             env!("CARGO_MANIFEST_DIR"),
[INFO] [stdout] 231 | |             "/test_data/metadata/multi_cfg_dep/Cargo.lock"
[INFO] [stdout] 232 | |         )))
[INFO] [stdout]     | |__________^
[INFO] [stdout]     |
[INFO] [stdout]     = note: this error originates in the macro `include_str` (in Nightly builds, run with -Z macro-backtrace for more info)
[INFO] [stdout] 
[INFO] [stdout] 
[INFO] [stdout] error: couldn't read `/opt/rustwide/workdir/test_data/metadata/no_deps/Cargo.lock`: No such file or directory (os error 2)
[INFO] [stdout]    --> src/test.rs:237:40
[INFO] [stdout]     |
[INFO] [stdout] 237 |           cargo_lock::Lockfile::from_str(include_str!(concat!(
[INFO] [stdout]     |  ________________________________________^
[INFO] [stdout] 238 | |             env!("CARGO_MANIFEST_DIR"),
[INFO] [stdout] 239 | |             "/test_data/metadata/no_deps/Cargo.lock"
[INFO] [stdout] 240 | |         )))
[INFO] [stdout]     | |__________^
[INFO] [stdout]     |
[INFO] [stdout]     = note: this error originates in the macro `include_str` (in Nightly builds, run with -Z macro-backtrace for more info)
[INFO] [stdout] 
[INFO] [stdout] 
[INFO] [stdout] error: couldn't read `/opt/rustwide/workdir/test_data/metadata/common/Cargo.lock`: No such file or directory (os error 2)
[INFO] [stdout]    --> src/test.rs:245:40
[INFO] [stdout]     |
[INFO] [stdout] 245 |           cargo_lock::Lockfile::from_str(include_str!(concat!(
[INFO] [stdout]     |  ________________________________________^
[INFO] [stdout] 246 | |             env!("CARGO_MANIFEST_DIR"),
[INFO] [stdout] 247 | |             "/test_data/metadata/common/Cargo.lock"
[INFO] [stdout] 248 | |         )))
[INFO] [stdout]     | |__________^
[INFO] [stdout]     |
[INFO] [stdout]     = note: this error originates in the macro `include_str` (in Nightly builds, run with -Z macro-backtrace for more info)
[INFO] [stdout] 
[INFO] [stdout] 
[INFO] [stdout] error: couldn't read `/opt/rustwide/workdir/test_data/metadata/git_repos/Cargo.lock`: No such file or directory (os error 2)
[INFO] [stdout]    --> src/test.rs:253:40
[INFO] [stdout]     |
[INFO] [stdout] 253 |           cargo_lock::Lockfile::from_str(include_str!(concat!(
[INFO] [stdout]     |  ________________________________________^
[INFO] [stdout] 254 | |             env!("CARGO_MANIFEST_DIR"),
[INFO] [stdout] 255 | |             "/test_data/metadata/git_repos/Cargo.lock"
[INFO] [stdout] 256 | |         )))
[INFO] [stdout]     | |__________^
[INFO] [stdout]     |
[INFO] [stdout]     = note: this error originates in the macro `include_str` (in Nightly builds, run with -Z macro-backtrace for more info)
[INFO] [stdout] 
[INFO] [stdout] 
[INFO] [stdout] error: couldn't read `/opt/rustwide/workdir/test_data/metadata/has_package_metadata/Cargo.lock`: No such file or directory (os error 2)
[INFO] [stdout]    --> src/test.rs:261:40
[INFO] [stdout]     |
[INFO] [stdout] 261 |           cargo_lock::Lockfile::from_str(include_str!(concat!(
[INFO] [stdout]     |  ________________________________________^
[INFO] [stdout] 262 | |             env!("CARGO_MANIFEST_DIR"),
[INFO] [stdout] 263 | |             "/test_data/metadata/has_package_metadata/Cargo.lock"
[INFO] [stdout] 264 | |         )))
[INFO] [stdout]     | |__________^
[INFO] [stdout]     |
[INFO] [stdout]     = note: this error originates in the macro `include_str` (in Nightly builds, run with -Z macro-backtrace for more info)
[INFO] [stdout] 
[INFO] [stdout] 
[INFO] [stdout] error: couldn't read `/opt/rustwide/workdir/test_data/metadata/abspath/Cargo.lock`: No such file or directory (os error 2)
[INFO] [stdout]    --> src/test.rs:269:40
[INFO] [stdout]     |
[INFO] [stdout] 269 |           cargo_lock::Lockfile::from_str(include_str!(concat!(
[INFO] [stdout]     |  ________________________________________^
[INFO] [stdout] 270 | |             env!("CARGO_MANIFEST_DIR"),
[INFO] [stdout] 271 | |             "/test_data/metadata/abspath/Cargo.lock"
[INFO] [stdout] 272 | |         )))
[INFO] [stdout]     | |__________^
[INFO] [stdout]     |
[INFO] [stdout]     = note: this error originates in the macro `include_str` (in Nightly builds, run with -Z macro-backtrace for more info)
[INFO] [stdout] 
[INFO] [stdout] 
[INFO] [stdout] error[E0433]: failed to resolve: use of undeclared crate or module `runfiles`
[INFO] [stdout]    --> src/splicing.rs:629:37
[INFO] [stdout]     |
[INFO] [stdout] 629 |         let child_b_manifest_path = runfiles::rlocation!(
[INFO] [stdout]     |                                     ^^^^^^^^ use of undeclared crate or module `runfiles`
[INFO] [stdout] 
[INFO] [stdout] 
[INFO] [stdout] error[E0433]: failed to resolve: use of undeclared crate or module `runfiles`
[INFO] [stdout]    --> src/splicing.rs:624:37
[INFO] [stdout]     |
[INFO] [stdout] 624 |         let child_a_manifest_path = runfiles::rlocation!(
[INFO] [stdout]     |                                     ^^^^^^^^ use of undeclared crate or module `runfiles`
[INFO] [stdout] 
[INFO] [stdout] 
[INFO] [stdout] error[E0433]: failed to resolve: use of undeclared crate or module `runfiles`
[INFO] [stdout]    --> src/splicing.rs:618:39
[INFO] [stdout]     |
[INFO] [stdout] 618 |         let workspace_manifest_path = runfiles::rlocation!(
[INFO] [stdout]     |                                       ^^^^^^^^ use of undeclared crate or module `runfiles`
[INFO] [stdout] 
[INFO] [stdout] 
[INFO] [stdout] error[E0433]: failed to resolve: use of undeclared crate or module `runfiles`
[INFO] [stdout]    --> src/splicing.rs:572:20
[INFO] [stdout]     |
[INFO] [stdout] 572 |         let path = runfiles::rlocation!(
[INFO] [stdout]     |                    ^^^^^^^^ use of undeclared crate or module `runfiles`
[INFO] [stdout] 
[INFO] [stdout] 
[INFO] [stdout] error[E0433]: failed to resolve: use of undeclared crate or module `runfiles`
[INFO] [stdout]    --> src/splicing.rs:487:20
[INFO] [stdout]     |
[INFO] [stdout] 487 |         let path = runfiles::rlocation!(
[INFO] [stdout]     |                    ^^^^^^^^ use of undeclared crate or module `runfiles`
[INFO] [stdout] 
[INFO] [stdout] 
[INFO] [stdout] error[E0433]: failed to resolve: use of undeclared crate or module `runfiles`
[INFO] [stdout]    --> src/splicing/crate_index_lookup.rs:101:17
[INFO] [stdout]     |
[INFO] [stdout] 101 | ...   runfiles::rlocation!(runfiles, "rules_rust/crate_universe/test_data/crate_indexes/rewritten_lazy_static/cargo_home").unwrap());
[INFO] [stdout]     |       ^^^^^^^^ use of undeclared crate or module `runfiles`
[INFO] [stdout] 
[INFO] [stdout] 
[INFO] [stdout] error[E0433]: failed to resolve: use of undeclared crate or module `runfiles`
[INFO] [stdout]   --> src/splicing/crate_index_lookup.rs:69:17
[INFO] [stdout]    |
[INFO] [stdout] 69 |                 runfiles::rlocation!(
[INFO] [stdout]    |                 ^^^^^^^^ use of undeclared crate or module `runfiles`
[INFO] [stdout] 
[INFO] [stdout] 
[INFO] [stdout] error[E0433]: failed to resolve: use of undeclared crate or module `runfiles`
[INFO] [stdout]    --> src/config.rs:927:20
[INFO] [stdout]     |
[INFO] [stdout] 927 |         let path = runfiles::rlocation!(
[INFO] [stdout]     |                    ^^^^^^^^ use of undeclared crate or module `runfiles`
[INFO] [stdout] 
[INFO] [stdout] 
[INFO] [stdout] error[E0433]: failed to resolve: use of undeclared crate or module `runfiles`
[INFO] [stdout]    --> src/api/lockfile.rs:147:20
[INFO] [stdout]     |
[INFO] [stdout] 147 |         let path = runfiles::rlocation!(
[INFO] [stdout]     |                    ^^^^^^^^ use of undeclared crate or module `runfiles`
[INFO] [stdout] 
[INFO] [stdout] 
[INFO] [stdout] error[E0433]: failed to resolve: use of undeclared crate or module `runfiles`
[INFO] [stdout]    --> src/api/lockfile.rs:146:24
[INFO] [stdout]     |
[INFO] [stdout] 146 |         let runfiles = runfiles::Runfiles::create().unwrap();
[INFO] [stdout]     |                        ^^^^^^^^ use of undeclared crate or module `runfiles`
[INFO] [stdout] 
[INFO] [stdout] 
[INFO] [stdout] error[E0433]: failed to resolve: use of undeclared crate or module `runfiles`
[INFO] [stdout]    --> src/config.rs:926:24
[INFO] [stdout]     |
[INFO] [stdout] 926 |         let runfiles = runfiles::Runfiles::create().unwrap();
[INFO] [stdout]     |                        ^^^^^^^^ use of undeclared crate or module `runfiles`
[INFO] [stdout] 
[INFO] [stdout] 
[INFO] [stdout] error[E0433]: failed to resolve: use of undeclared crate or module `runfiles`
[INFO] [stdout]   --> src/splicing/crate_index_lookup.rs:65:24
[INFO] [stdout]    |
[INFO] [stdout] 65 |         let runfiles = runfiles::Runfiles::create().unwrap();
[INFO] [stdout]    |                        ^^^^^^^^ use of undeclared crate or module `runfiles`
[INFO] [stdout] 
[INFO] [stdout] 
[INFO] [stdout] error[E0433]: failed to resolve: use of undeclared crate or module `runfiles`
[INFO] [stdout]    --> src/splicing.rs:486:24
[INFO] [stdout]     |
[INFO] [stdout] 486 |         let runfiles = runfiles::Runfiles::create().unwrap();
[INFO] [stdout]     |                        ^^^^^^^^ use of undeclared crate or module `runfiles`
[INFO] [stdout] 
[INFO] [stdout] 
[INFO] [stdout] error[E0433]: failed to resolve: use of undeclared crate or module `runfiles`
[INFO] [stdout]    --> src/splicing.rs:571:24
[INFO] [stdout]     |
[INFO] [stdout] 571 |         let runfiles = runfiles::Runfiles::create().unwrap();
[INFO] [stdout]     |                        ^^^^^^^^ use of undeclared crate or module `runfiles`
[INFO] [stdout] 
[INFO] [stdout] 
[INFO] [stdout] error[E0433]: failed to resolve: use of undeclared crate or module `runfiles`
[INFO] [stdout]    --> src/splicing.rs:617:24
[INFO] [stdout]     |
[INFO] [stdout] 617 |         let runfiles = runfiles::Runfiles::create().unwrap();
[INFO] [stdout]     |                        ^^^^^^^^ use of undeclared crate or module `runfiles`
[INFO] [stdout] 
[INFO] [stdout] 
[INFO] [stdout] For more information about this error, try `rustc --explain E0433`.
[INFO] [stdout] 
[INFO] [stderr] error: could not compile `cargo-bazel` (lib test) due to 41 previous errors
[INFO] [stderr] warning: build failed, waiting for other jobs to finish...
[INFO] running `Command { std: "docker" "inspect" "30e728c8abea3091861262c9e7d27d7af6afb029e2f46d74d826c1a7d54ffa5b", kill_on_drop: false }`
[INFO] running `Command { std: "docker" "rm" "-f" "30e728c8abea3091861262c9e7d27d7af6afb029e2f46d74d826c1a7d54ffa5b", kill_on_drop: false }`
[INFO] [stdout] 30e728c8abea3091861262c9e7d27d7af6afb029e2f46d74d826c1a7d54ffa5b
