[INFO] fetching crate carbond-lib 0.1.0...
[INFO] testing carbond-lib-0.1.0 against nightly-2024-10-28 for randomize-layout
[INFO] extracting crate carbond-lib 0.1.0 into /workspace/builds/worker-7-tc1/source
[INFO] validating manifest of crates.io crate carbond-lib 0.1.0 on toolchain nightly-2024-10-28
[INFO] running `Command { std: CARGO_HOME="/workspace/cargo-home" RUSTUP_HOME="/workspace/rustup-home" "/workspace/cargo-home/bin/cargo" "+nightly-2024-10-28" "metadata" "--manifest-path" "Cargo.toml" "--no-deps", kill_on_drop: false }`
[INFO] started tweaking crates.io crate carbond-lib 0.1.0
[INFO] removed 0 missing examples
[INFO] finished tweaking crates.io crate carbond-lib 0.1.0
[INFO] tweaked toml for crates.io crate carbond-lib 0.1.0 written to /workspace/builds/worker-7-tc1/source/Cargo.toml
[INFO] crate crates.io crate carbond-lib 0.1.0 already has a lockfile, it will not be regenerated
[INFO] running `Command { std: CARGO_HOME="/workspace/cargo-home" RUSTUP_HOME="/workspace/rustup-home" "/workspace/cargo-home/bin/cargo" "+nightly-2024-10-28" "fetch" "--manifest-path" "Cargo.toml", kill_on_drop: false }`
[INFO] [stderr]     Blocking waiting for file lock on package cache
[INFO] [stderr]     Updating crates.io index
[INFO] [stderr]  Downloading crates ...
[INFO] [stderr]   Downloaded unicode-xid v0.2.5
[INFO] [stderr]   Downloaded core_affinity v0.8.1
[INFO] [stderr]   Downloaded const_format_proc_macros v0.2.32
[INFO] [stderr]   Downloaded assert-tokenstreams-eq v0.1.0
[INFO] [stderr]   Downloaded const_format v0.2.32
[INFO] [stderr]   Downloaded uom v0.36.0
[INFO] [stderr]   Downloaded procfs v0.11.1
[INFO] [stderr]   Downloaded color-spantrace v0.2.1
[INFO] [stderr]   Downloaded color-eyre v0.6.3
[INFO] [stderr]   Downloaded powercap v0.3.5
[INFO] running `Command { std: "docker" "create" "-v" "/var/lib/crater-agent-workspace/builds/worker-7-tc1/target:/opt/rustwide/target:rw,Z" "-v" "/var/lib/crater-agent-workspace/builds/worker-7-tc1/source:/opt/rustwide/workdir:ro,Z" "-v" "/var/lib/crater-agent-workspace/cargo-home:/opt/rustwide/cargo-home:ro,Z" "-v" "/var/lib/crater-agent-workspace/rustup-home:/opt/rustwide/rustup-home:ro,Z" "-e" "SOURCE_DIR=/opt/rustwide/workdir" "-e" "CARGO_TARGET_DIR=/opt/rustwide/target" "-e" "CARGO_HOME=/opt/rustwide/cargo-home" "-e" "RUSTUP_HOME=/opt/rustwide/rustup-home" "-w" "/opt/rustwide/workdir" "-m" "1610612736" "--user" "0:0" "--network" "none" "ghcr.io/rust-lang/crates-build-env/linux@sha256:4a844ea9eb2546a2d2c7022eacef16ef2e8229c7fbb2c7d4d55a9ceca922f72d" "/opt/rustwide/cargo-home/bin/cargo" "+nightly-2024-10-28" "metadata" "--no-deps" "--format-version=1", kill_on_drop: false }`
[INFO] [stdout] f1f6c859bf70ae3740c06bb06d46a5b7feb871a4fd360929b11d5d027313a1d1
[INFO] running `Command { std: "docker" "start" "-a" "f1f6c859bf70ae3740c06bb06d46a5b7feb871a4fd360929b11d5d027313a1d1", kill_on_drop: false }`
[INFO] running `Command { std: "docker" "inspect" "f1f6c859bf70ae3740c06bb06d46a5b7feb871a4fd360929b11d5d027313a1d1", kill_on_drop: false }`
[INFO] running `Command { std: "docker" "rm" "-f" "f1f6c859bf70ae3740c06bb06d46a5b7feb871a4fd360929b11d5d027313a1d1", kill_on_drop: false }`
[INFO] [stdout] f1f6c859bf70ae3740c06bb06d46a5b7feb871a4fd360929b11d5d027313a1d1
[INFO] running `Command { std: "docker" "create" "-v" "/var/lib/crater-agent-workspace/builds/worker-7-tc1/target:/opt/rustwide/target:rw,Z" "-v" "/var/lib/crater-agent-workspace/builds/worker-7-tc1/source:/opt/rustwide/workdir:ro,Z" "-v" "/var/lib/crater-agent-workspace/cargo-home:/opt/rustwide/cargo-home:ro,Z" "-v" "/var/lib/crater-agent-workspace/rustup-home:/opt/rustwide/rustup-home:ro,Z" "-e" "SOURCE_DIR=/opt/rustwide/workdir" "-e" "CARGO_TARGET_DIR=/opt/rustwide/target" "-e" "CARGO_INCREMENTAL=0" "-e" "RUST_BACKTRACE=full" "-e" "RUSTFLAGS=--cap-lints=forbid" "-e" "RUSTDOCFLAGS=--cap-lints=forbid" "-e" "CARGO_HOME=/opt/rustwide/cargo-home" "-e" "RUSTUP_HOME=/opt/rustwide/rustup-home" "-w" "/opt/rustwide/workdir" "-m" "1610612736" "--user" "0:0" "--network" "none" "ghcr.io/rust-lang/crates-build-env/linux@sha256:4a844ea9eb2546a2d2c7022eacef16ef2e8229c7fbb2c7d4d55a9ceca922f72d" "/opt/rustwide/cargo-home/bin/cargo" "+nightly-2024-10-28" "build" "--frozen" "--message-format=json", kill_on_drop: false }`
[INFO] [stdout] db42db0cb413303ceaf28a68c70a2d0c572b13f094556006c42c5684655d6bb1
[INFO] running `Command { std: "docker" "start" "-a" "db42db0cb413303ceaf28a68c70a2d0c572b13f094556006c42c5684655d6bb1", kill_on_drop: false }`
[INFO] [stderr]    Compiling proc-macro2 v1.0.86
[INFO] [stderr]    Compiling unicode-ident v1.0.12
[INFO] [stderr]    Compiling libc v0.2.158
[INFO] [stderr]    Compiling autocfg v1.3.0
[INFO] [stderr]    Compiling version_check v0.9.5
[INFO] [stderr]    Compiling parking_lot_core v0.9.10
[INFO] [stderr]    Compiling byteorder v1.5.0
[INFO] [stderr]    Compiling typenum v1.17.0
[INFO] [stderr]    Compiling scopeguard v1.2.0
[INFO] [stderr]    Compiling syn v1.0.109
[INFO] [stderr]    Compiling thiserror v1.0.63
[INFO] [stderr]    Compiling unicode-xid v0.2.5
[INFO] [stderr]    Compiling pin-project-lite v0.2.14
[INFO] [stderr]    Compiling bytes v1.7.1
[INFO] [stderr]    Compiling proc-macro-error-attr v1.0.4
[INFO] [stderr]    Compiling proc-macro-error v1.0.4
[INFO] [stderr]    Compiling lock_api v0.4.12
[INFO] [stderr]    Compiling num-traits v0.2.19
[INFO] [stderr]    Compiling quote v1.0.37
[INFO] [stderr]    Compiling syn v2.0.77
[INFO] [stderr]    Compiling const_format_proc_macros v0.2.32
[INFO] [stderr]    Compiling getrandom v0.2.15
[INFO] [stderr]    Compiling mio v1.0.2
[INFO] [stderr]    Compiling num_cpus v1.16.0
[INFO] [stderr]    Compiling socket2 v0.5.7
[INFO] [stderr]    Compiling signal-hook-registry v1.4.2
[INFO] [stderr]    Compiling parking_lot v0.12.3
[INFO] [stderr]    Compiling rand_core v0.6.4
[INFO] [stderr]    Compiling core_affinity v0.8.1
[INFO] [stderr]    Compiling const_format v0.2.32
[INFO] [stderr]    Compiling uom v0.36.0
[INFO] [stderr]    Compiling zerocopy-derive v0.7.35
[INFO] [stderr]    Compiling tokio-macros v2.4.0
[INFO] [stderr]    Compiling thiserror-impl v1.0.63
[INFO] [stderr]    Compiling async-trait v0.1.82
[INFO] [stderr]    Compiling tokio v1.40.0
[INFO] [stderr]    Compiling zerocopy v0.7.35
[INFO] [stderr]    Compiling ppv-lite86 v0.2.20
[INFO] [stderr]    Compiling rand_chacha v0.3.1
[INFO] [stderr]    Compiling rand v0.8.5
[INFO] [stderr]    Compiling carbond-lib v0.1.0 (/opt/rustwide/workdir)
[INFO] [stderr]     Finished `dev` profile [unoptimized + debuginfo] target(s) in 29.00s
[INFO] running `Command { std: "docker" "inspect" "db42db0cb413303ceaf28a68c70a2d0c572b13f094556006c42c5684655d6bb1", kill_on_drop: false }`
[INFO] running `Command { std: "docker" "rm" "-f" "db42db0cb413303ceaf28a68c70a2d0c572b13f094556006c42c5684655d6bb1", kill_on_drop: false }`
[INFO] [stdout] db42db0cb413303ceaf28a68c70a2d0c572b13f094556006c42c5684655d6bb1
[INFO] running `Command { std: "docker" "create" "-v" "/var/lib/crater-agent-workspace/builds/worker-7-tc1/target:/opt/rustwide/target:rw,Z" "-v" "/var/lib/crater-agent-workspace/builds/worker-7-tc1/source:/opt/rustwide/workdir:ro,Z" "-v" "/var/lib/crater-agent-workspace/cargo-home:/opt/rustwide/cargo-home:ro,Z" "-v" "/var/lib/crater-agent-workspace/rustup-home:/opt/rustwide/rustup-home:ro,Z" "-e" "SOURCE_DIR=/opt/rustwide/workdir" "-e" "CARGO_TARGET_DIR=/opt/rustwide/target" "-e" "CARGO_INCREMENTAL=0" "-e" "RUST_BACKTRACE=full" "-e" "RUSTFLAGS=--cap-lints=forbid" "-e" "RUSTDOCFLAGS=--cap-lints=forbid" "-e" "CARGO_HOME=/opt/rustwide/cargo-home" "-e" "RUSTUP_HOME=/opt/rustwide/rustup-home" "-w" "/opt/rustwide/workdir" "-m" "1610612736" "--user" "0:0" "--network" "none" "ghcr.io/rust-lang/crates-build-env/linux@sha256:4a844ea9eb2546a2d2c7022eacef16ef2e8229c7fbb2c7d4d55a9ceca922f72d" "/opt/rustwide/cargo-home/bin/cargo" "+nightly-2024-10-28" "test" "--frozen" "--no-run" "--message-format=json", kill_on_drop: false }`
[INFO] [stdout] 7f277ce72830072e0bd1ef28b34b23113ab8b1a50d390deeb2903c395dcc98e0
[INFO] running `Command { std: "docker" "start" "-a" "7f277ce72830072e0bd1ef28b34b23113ab8b1a50d390deeb2903c395dcc98e0", kill_on_drop: false }`
[INFO] [stderr]    Compiling once_cell v1.19.0
[INFO] [stderr]    Compiling lazy_static v1.5.0
[INFO] [stderr]    Compiling byteorder v1.5.0
[INFO] [stderr]    Compiling cc v1.1.16
[INFO] [stderr]    Compiling miniz_oxide v0.8.0
[INFO] [stderr]    Compiling gimli v0.28.1
[INFO] [stderr]    Compiling regex-syntax v0.8.4
[INFO] [stderr]    Compiling rustix v0.38.35
[INFO] [stderr]    Compiling memchr v2.7.4
[INFO] [stderr]    Compiling eyre v0.6.12
[INFO] [stderr]    Compiling miniz_oxide v0.7.4
[INFO] [stderr]    Compiling rustc-demangle v0.1.24
[INFO] [stderr]    Compiling diff v0.1.13
[INFO] [stderr]    Compiling owo-colors v3.5.0
[INFO] [stderr]    Compiling hex v0.4.3
[INFO] [stderr]    Compiling indenter v0.3.3
[INFO] [stderr]    Compiling sharded-slab v0.1.7
[INFO] [stderr]    Compiling linux-raw-sys v0.4.14
[INFO] [stderr]    Compiling tracing-core v0.1.32
[INFO] [stderr]    Compiling zerocopy v0.7.35
[INFO] [stderr]    Compiling thread_local v1.1.8
[INFO] [stderr]    Compiling yansi v0.5.1
[INFO] [stderr]    Compiling tracing v0.1.40
[INFO] [stderr]    Compiling fastrand v2.1.1
[INFO] [stderr]    Compiling tracing-subscriber v0.3.18
[INFO] [stderr]    Compiling object v0.32.2
[INFO] [stderr]    Compiling flate2 v1.0.33
[INFO] [stderr]    Compiling pretty_assertions v1.4.0
[INFO] [stderr]    Compiling ppv-lite86 v0.2.20
[INFO] [stderr]    Compiling assert-tokenstreams-eq v0.1.0
[INFO] [stderr]    Compiling regex-automata v0.4.7
[INFO] [stderr]    Compiling procfs v0.11.1
[INFO] [stderr]    Compiling backtrace v0.3.71
[INFO] [stderr]    Compiling tracing-error v0.2.0
[INFO] [stderr]    Compiling rand_chacha v0.3.1
[INFO] [stderr]    Compiling color-spantrace v0.2.1
[INFO] [stderr]    Compiling rand v0.8.5
[INFO] [stderr]    Compiling addr2line v0.21.0
[INFO] [stderr]    Compiling carbond-lib v0.1.0 (/opt/rustwide/workdir)
[INFO] [stderr]    Compiling regex v1.10.6
[INFO] [stderr]    Compiling tempfile v3.12.0
[INFO] [stderr]    Compiling powercap v0.3.5
[INFO] [stderr]    Compiling color-eyre v0.6.3
[INFO] [stdout] error[E0432]: unresolved import `carbond_macros`
[INFO] [stdout]  --> examples/carbond_track.rs:5:5
[INFO] [stdout]   |
[INFO] [stdout] 5 | use carbond_macros::carbond_track;
[INFO] [stdout]   |     ^^^^^^^^^^^^^^ use of undeclared crate or module `carbond_macros`
[INFO] [stdout] 
[INFO] [stdout] 
[INFO] [stdout] error[E0432]: unresolved import `carbond_macros`
[INFO] [stdout]  --> examples/carbond_track_benchmark.rs:5:5
[INFO] [stdout]   |
[INFO] [stdout] 5 | use carbond_macros::carbond_track;
[INFO] [stdout]   |     ^^^^^^^^^^^^^^ use of undeclared crate or module `carbond_macros`
[INFO] [stdout] 
[INFO] [stdout] 
[INFO] [stdout] error[E0610]: `i64` is a primitive type and therefore doesn't have fields
[INFO] [stdout]   --> examples/carbond_track_benchmark.rs:17:39
[INFO] [stdout]    |
[INFO] [stdout] 17 |     let sum = (0..runs).map(|_| foo().cpu_track.cycles).sum::<u64>();
[INFO] [stdout]    |                                       ^^^^^^^^^
[INFO] [stdout] 
[INFO] [stdout] 
[INFO] [stdout] For more information about this error, try `rustc --explain E0432`.
[INFO] [stdout] 
[INFO] [stderr] error: could not compile `carbond-lib` (example "carbond_track") due to 1 previous error
[INFO] [stderr] warning: build failed, waiting for other jobs to finish...
[INFO] [stdout] Some errors have detailed explanations: E0432, E0610.
[INFO] [stdout] 
[INFO] [stdout] For more information about an error, try `rustc --explain E0432`.
[INFO] [stdout] 
[INFO] [stderr] error: could not compile `carbond-lib` (example "carbond_track_benchmark") due to 2 previous errors
[INFO] running `Command { std: "docker" "inspect" "7f277ce72830072e0bd1ef28b34b23113ab8b1a50d390deeb2903c395dcc98e0", kill_on_drop: false }`
[INFO] running `Command { std: "docker" "rm" "-f" "7f277ce72830072e0bd1ef28b34b23113ab8b1a50d390deeb2903c395dcc98e0", kill_on_drop: false }`
[INFO] [stdout] 7f277ce72830072e0bd1ef28b34b23113ab8b1a50d390deeb2903c395dcc98e0
