[INFO] fetching crate car-mirror 0.1.0...
[INFO] testing car-mirror-0.1.0 against nightly-2024-10-28 for randomize-layout
[INFO] extracting crate car-mirror 0.1.0 into /workspace/builds/worker-7-tc1/source
[INFO] validating manifest of crates.io crate car-mirror 0.1.0 on toolchain nightly-2024-10-28
[INFO] running `Command { std: CARGO_HOME="/workspace/cargo-home" RUSTUP_HOME="/workspace/rustup-home" "/workspace/cargo-home/bin/cargo" "+nightly-2024-10-28" "metadata" "--manifest-path" "Cargo.toml" "--no-deps", kill_on_drop: false }`
[INFO] started tweaking crates.io crate car-mirror 0.1.0
[INFO] finished tweaking crates.io crate car-mirror 0.1.0
[INFO] tweaked toml for crates.io crate car-mirror 0.1.0 written to /workspace/builds/worker-7-tc1/source/Cargo.toml
[INFO] running `Command { std: CARGO_HOME="/workspace/cargo-home" RUSTUP_HOME="/workspace/rustup-home" "/workspace/cargo-home/bin/cargo" "+nightly-2024-10-28" "generate-lockfile" "--manifest-path" "Cargo.toml", kill_on_drop: false }`
[INFO] [stderr]     Updating crates.io index
[INFO] [stderr]      Locking 230 packages to latest compatible versions
[INFO] [stderr]       Adding iroh-car v0.4.0 (available: v0.5.1)
[INFO] [stderr]       Adding proc-macro-crate v1.1.3 (available: v1.3.1)
[INFO] [stderr]       Adding quick_cache v0.4.3 (available: v0.6.9)
[INFO] [stderr]       Adding serde_ipld_dagcbor v0.4.2 (available: v0.6.1)
[INFO] [stderr]       Adding test-strategy v0.3.1 (available: v0.4.0)
[INFO] [stderr]       Adding testresult v0.3.0 (available: v0.4.1)
[INFO] running `Command { std: CARGO_HOME="/workspace/cargo-home" RUSTUP_HOME="/workspace/rustup-home" "/workspace/cargo-home/bin/cargo" "+nightly-2024-10-28" "fetch" "--manifest-path" "Cargo.toml", kill_on_drop: false }`
[INFO] [stderr]  Downloading crates ...
[INFO] [stderr]   Downloaded multihash v0.18.1
[INFO] [stderr]   Downloaded wnfs-common v0.2.0
[INFO] [stderr]   Downloaded libipld v0.16.0
[INFO] [stderr]   Downloaded libipld-pb v0.16.0
[INFO] [stderr]   Downloaded serde-big-array v0.3.3
[INFO] [stderr]   Downloaded wnfs-unixfs-file v0.2.0
[INFO] [stderr]   Downloaded cid v0.10.1
[INFO] [stderr]   Downloaded libipld-macro v0.16.0
[INFO] [stderr]   Downloaded serde_ipld_dagcbor v0.4.2
[INFO] [stderr]   Downloaded testresult v0.3.0
[INFO] [stderr]   Downloaded libipld-json v0.16.0
[INFO] [stderr]   Downloaded roaring-graphs v0.12.0
[INFO] [stderr]   Downloaded deterministic-bloom v0.1.0
[INFO] [stderr]   Downloaded test-strategy v0.3.1
[INFO] [stderr]   Downloaded libipld-cbor-derive v0.16.0
[INFO] [stderr]   Downloaded libipld-core v0.16.0
[INFO] [stderr]   Downloaded roaring v0.10.6
[INFO] [stderr]   Downloaded iroh-car v0.4.0
[INFO] [stderr]   Downloaded quick_cache v0.4.3
[INFO] [stderr]   Downloaded cov-mark v1.1.0
[INFO] [stderr]   Downloaded test-log-macros v0.2.16
[INFO] [stderr]   Downloaded structmeta-derive v0.2.0
[INFO] [stderr]   Downloaded structmeta v0.2.0
[INFO] [stderr]   Downloaded async-once-cell v0.5.4
[INFO] [stderr]   Downloaded libipld-cbor v0.16.0
[INFO] [stderr]   Downloaded test-log v0.2.16
[INFO] running `Command { std: "docker" "create" "-v" "/var/lib/crater-agent-workspace/builds/worker-7-tc1/target:/opt/rustwide/target:rw,Z" "-v" "/var/lib/crater-agent-workspace/builds/worker-7-tc1/source:/opt/rustwide/workdir:ro,Z" "-v" "/var/lib/crater-agent-workspace/cargo-home:/opt/rustwide/cargo-home:ro,Z" "-v" "/var/lib/crater-agent-workspace/rustup-home:/opt/rustwide/rustup-home:ro,Z" "-e" "SOURCE_DIR=/opt/rustwide/workdir" "-e" "CARGO_TARGET_DIR=/opt/rustwide/target" "-e" "CARGO_HOME=/opt/rustwide/cargo-home" "-e" "RUSTUP_HOME=/opt/rustwide/rustup-home" "-w" "/opt/rustwide/workdir" "-m" "1610612736" "--user" "0:0" "--network" "none" "ghcr.io/rust-lang/crates-build-env/linux@sha256:4a844ea9eb2546a2d2c7022eacef16ef2e8229c7fbb2c7d4d55a9ceca922f72d" "/opt/rustwide/cargo-home/bin/cargo" "+nightly-2024-10-28" "metadata" "--no-deps" "--format-version=1", kill_on_drop: false }`
[INFO] [stdout] 95add6b21b033a271538860a3dfe7b062765867ef2b96b1bc0e70cac1943b80e
[INFO] running `Command { std: "docker" "start" "-a" "95add6b21b033a271538860a3dfe7b062765867ef2b96b1bc0e70cac1943b80e", kill_on_drop: false }`
[INFO] running `Command { std: "docker" "inspect" "95add6b21b033a271538860a3dfe7b062765867ef2b96b1bc0e70cac1943b80e", kill_on_drop: false }`
[INFO] running `Command { std: "docker" "rm" "-f" "95add6b21b033a271538860a3dfe7b062765867ef2b96b1bc0e70cac1943b80e", kill_on_drop: false }`
[INFO] [stdout] 95add6b21b033a271538860a3dfe7b062765867ef2b96b1bc0e70cac1943b80e
[INFO] running `Command { std: "docker" "create" "-v" "/var/lib/crater-agent-workspace/builds/worker-7-tc1/target:/opt/rustwide/target:rw,Z" "-v" "/var/lib/crater-agent-workspace/builds/worker-7-tc1/source:/opt/rustwide/workdir:ro,Z" "-v" "/var/lib/crater-agent-workspace/cargo-home:/opt/rustwide/cargo-home:ro,Z" "-v" "/var/lib/crater-agent-workspace/rustup-home:/opt/rustwide/rustup-home:ro,Z" "-e" "SOURCE_DIR=/opt/rustwide/workdir" "-e" "CARGO_TARGET_DIR=/opt/rustwide/target" "-e" "CARGO_INCREMENTAL=0" "-e" "RUST_BACKTRACE=full" "-e" "RUSTFLAGS=--cap-lints=forbid" "-e" "RUSTDOCFLAGS=--cap-lints=forbid" "-e" "CARGO_HOME=/opt/rustwide/cargo-home" "-e" "RUSTUP_HOME=/opt/rustwide/rustup-home" "-w" "/opt/rustwide/workdir" "-m" "1610612736" "--user" "0:0" "--network" "none" "ghcr.io/rust-lang/crates-build-env/linux@sha256:4a844ea9eb2546a2d2c7022eacef16ef2e8229c7fbb2c7d4d55a9ceca922f72d" "/opt/rustwide/cargo-home/bin/cargo" "+nightly-2024-10-28" "build" "--frozen" "--message-format=json", kill_on_drop: false }`
[INFO] [stdout] 2b786d139742e540517ebd76bdfc099ae1d80f0d50b7f85ddb1bc1c4abeb72bf
[INFO] running `Command { std: "docker" "start" "-a" "2b786d139742e540517ebd76bdfc099ae1d80f0d50b7f85ddb1bc1c4abeb72bf", kill_on_drop: false }`
[INFO] [stderr]    Compiling proc-macro2 v1.0.89
[INFO] [stderr]    Compiling serde v1.0.214
[INFO] [stderr]    Compiling syn v1.0.109
[INFO] [stderr]    Compiling unicode-xid v0.2.6
[INFO] [stderr]    Compiling arrayref v0.3.9
[INFO] [stderr]    Compiling constant_time_eq v0.3.1
[INFO] [stderr]    Compiling arrayvec v0.7.6
[INFO] [stderr]    Compiling data-encoding v2.6.0
[INFO] [stderr]    Compiling keccak v0.1.5
[INFO] [stderr]    Compiling blake3 v1.5.4
[INFO] [stderr]    Compiling core2 v0.4.0
[INFO] [stderr]    Compiling unsigned-varint v0.7.2
[INFO] [stderr]    Compiling base-x v0.2.11
[INFO] [stderr]    Compiling libc v0.2.161
[INFO] [stderr]    Compiling crypto-common v0.1.6
[INFO] [stderr]    Compiling serde_json v1.0.132
[INFO] [stderr]    Compiling futures-sink v0.3.31
[INFO] [stderr]    Compiling scopeguard v1.2.0
[INFO] [stderr]    Compiling futures-io v0.3.31
[INFO] [stderr]    Compiling digest v0.10.7
[INFO] [stderr]    Compiling futures-channel v0.3.31
[INFO] [stderr]    Compiling quick-protobuf v0.8.1
[INFO] [stderr]    Compiling num-traits v0.2.19
[INFO] [stderr]    Compiling blake2b_simd v1.0.2
[INFO] [stderr]    Compiling blake2s_simd v1.0.2
[INFO] [stderr]    Compiling radium v0.7.0
[INFO] [stderr]    Compiling value-bag v1.10.0
[INFO] [stderr]    Compiling lock_api v0.4.12
[INFO] [stderr]    Compiling tap v1.0.1
[INFO] [stderr]    Compiling sha2 v0.10.8
[INFO] [stderr]    Compiling sha3 v0.10.8
[INFO] [stderr]    Compiling wyz v0.5.1
[INFO] [stderr]    Compiling tracing-core v0.1.32
[INFO] [stderr]    Compiling funty v2.0.0
[INFO] [stderr]    Compiling log v0.4.22
[INFO] [stderr]    Compiling hashbrown v0.14.5
[INFO] [stderr]    Compiling async-once-cell v0.5.4
[INFO] [stderr]    Compiling quote v1.0.37
[INFO] [stderr]    Compiling syn v2.0.86
[INFO] [stderr]    Compiling proc-macro-error-attr v1.0.4
[INFO] [stderr]    Compiling chrono v0.4.38
[INFO] [stderr]    Compiling getrandom v0.2.15
[INFO] [stderr]    Compiling parking_lot_core v0.9.10
[INFO] [stderr]    Compiling rand_core v0.6.4
[INFO] [stderr]    Compiling dashmap v5.5.3
[INFO] [stderr]    Compiling parking_lot v0.12.3
[INFO] [stderr]    Compiling synstructure v0.12.6
[INFO] [stderr]    Compiling proc-macro-error v1.0.4
[INFO] [stderr]    Compiling data-encoding-macro-internal v0.1.13
[INFO] [stderr]    Compiling data-encoding-macro v0.1.15
[INFO] [stderr]    Compiling multibase v0.9.1
[INFO] [stderr]    Compiling serde_derive v1.0.214
[INFO] [stderr]    Compiling thiserror-impl v1.0.66
[INFO] [stderr]    Compiling futures-macro v0.3.31
[INFO] [stderr]    Compiling miette-derive v5.10.0
[INFO] [stderr]    Compiling tracing-attributes v0.1.27
[INFO] [stderr]    Compiling async-stream-impl v0.3.6
[INFO] [stderr]    Compiling async-stream v0.3.6
[INFO] [stderr]    Compiling futures-util v0.3.31
[INFO] [stderr]    Compiling thiserror v1.0.66
[INFO] [stderr]    Compiling miette v5.10.0
[INFO] [stderr]    Compiling tracing v0.1.40
[INFO] [stderr]    Compiling futures-executor v0.3.31
[INFO] [stderr]    Compiling futures v0.3.31
[INFO] [stderr]    Compiling toml v0.5.11
[INFO] [stderr]    Compiling serde-big-array v0.3.3
[INFO] [stderr]    Compiling serde_bytes v0.11.15
[INFO] [stderr]    Compiling bytes v1.8.0
[INFO] [stderr]    Compiling cbor4ii v0.2.14
[INFO] [stderr]    Compiling bitvec v1.0.1
[INFO] [stderr]    Compiling tokio v1.41.0
[INFO] [stderr]    Compiling proc-macro-crate v1.1.3
[INFO] [stderr]    Compiling multihash-derive v0.8.1
[INFO] [stderr]    Compiling libipld-cbor-derive v0.16.0
[INFO] [stderr]    Compiling multihash v0.18.1
[INFO] [stderr]    Compiling cid v0.10.1
[INFO] [stderr]    Compiling libipld-core v0.16.0
[INFO] [stderr]    Compiling serde_ipld_dagcbor v0.4.2
[INFO] [stderr]    Compiling libipld-json v0.16.0
[INFO] [stderr]    Compiling libipld-macro v0.16.0
[INFO] [stderr]    Compiling libipld-pb v0.16.0
[INFO] [stderr]    Compiling libipld-cbor v0.16.0
[INFO] [stderr]    Compiling libipld v0.16.0
[INFO] [stderr]    Compiling iroh-car v0.4.0
[INFO] [stderr]    Compiling wnfs-common v0.2.0
[INFO] [stderr]    Compiling deterministic-bloom v0.1.0
[INFO] [stderr]    Compiling car-mirror v0.1.0 (/opt/rustwide/workdir)
[INFO] [stderr]     Finished `dev` profile [unoptimized + debuginfo] target(s) in 11.25s
[INFO] running `Command { std: "docker" "inspect" "2b786d139742e540517ebd76bdfc099ae1d80f0d50b7f85ddb1bc1c4abeb72bf", kill_on_drop: false }`
[INFO] running `Command { std: "docker" "rm" "-f" "2b786d139742e540517ebd76bdfc099ae1d80f0d50b7f85ddb1bc1c4abeb72bf", kill_on_drop: false }`
[INFO] [stdout] 2b786d139742e540517ebd76bdfc099ae1d80f0d50b7f85ddb1bc1c4abeb72bf
[INFO] running `Command { std: "docker" "create" "-v" "/var/lib/crater-agent-workspace/builds/worker-7-tc1/target:/opt/rustwide/target:rw,Z" "-v" "/var/lib/crater-agent-workspace/builds/worker-7-tc1/source:/opt/rustwide/workdir:ro,Z" "-v" "/var/lib/crater-agent-workspace/cargo-home:/opt/rustwide/cargo-home:ro,Z" "-v" "/var/lib/crater-agent-workspace/rustup-home:/opt/rustwide/rustup-home:ro,Z" "-e" "SOURCE_DIR=/opt/rustwide/workdir" "-e" "CARGO_TARGET_DIR=/opt/rustwide/target" "-e" "CARGO_INCREMENTAL=0" "-e" "RUST_BACKTRACE=full" "-e" "RUSTFLAGS=--cap-lints=forbid" "-e" "RUSTDOCFLAGS=--cap-lints=forbid" "-e" "CARGO_HOME=/opt/rustwide/cargo-home" "-e" "RUSTUP_HOME=/opt/rustwide/rustup-home" "-w" "/opt/rustwide/workdir" "-m" "1610612736" "--user" "0:0" "--network" "none" "ghcr.io/rust-lang/crates-build-env/linux@sha256:4a844ea9eb2546a2d2c7022eacef16ef2e8229c7fbb2c7d4d55a9ceca922f72d" "/opt/rustwide/cargo-home/bin/cargo" "+nightly-2024-10-28" "test" "--frozen" "--no-run" "--message-format=json", kill_on_drop: false }`
[INFO] [stdout] 888536f3415866c53876fa88ca68d44809ee9d819bb24e966c68d57b47def510
[INFO] running `Command { std: "docker" "start" "-a" "888536f3415866c53876fa88ca68d44809ee9d819bb24e966c68d57b47def510", kill_on_drop: false }`
[INFO] [stderr]    Compiling rustix v0.38.38
[INFO] [stderr]    Compiling parking v2.2.1
[INFO] [stderr]    Compiling concurrent-queue v2.5.0
[INFO] [stderr]    Compiling linux-raw-sys v0.4.14
[INFO] [stderr]    Compiling zerocopy-derive v0.7.35
[INFO] [stderr]    Compiling regex-syntax v0.8.5
[INFO] [stderr]    Compiling async-task v4.7.1
[INFO] [stderr]    Compiling atomic-waker v1.1.2
[INFO] [stderr]    Compiling itertools v0.12.1
[INFO] [stderr]    Compiling wait-timeout v0.2.0
[INFO] [stderr]    Compiling bit-vec v0.6.3
[INFO] [stderr]    Compiling quick-error v1.2.3
[INFO] [stderr]    Compiling sharded-slab v0.1.7
[INFO] [stderr]    Compiling num_enum_derive v0.5.11
[INFO] [stderr]    Compiling tracing-serde v0.1.3
[INFO] [stderr]    Compiling rand_xorshift v0.3.0
[INFO] [stderr]    Compiling futures-lite v2.4.0
[INFO] [stderr]    Compiling piper v0.2.4
[INFO] [stderr]    Compiling tracing-log v0.2.0
[INFO] [stderr]    Compiling structmeta-derive v0.2.0
[INFO] [stderr]    Compiling thread_local v1.1.8
[INFO] [stderr]    Compiling event-listener v5.3.1
[INFO] [stderr]    Compiling bit-set v0.5.3
[INFO] [stderr]    Compiling unarray v0.1.4
[INFO] [stderr]    Compiling event-listener v2.5.3
[INFO] [stderr]    Compiling roaring v0.10.6
[INFO] [stderr]    Compiling kv-log-macro v1.0.7
[INFO] [stderr]    Compiling test-log-macros v0.2.16
[INFO] [stderr]    Compiling async-attributes v1.1.2
[INFO] [stderr]    Compiling async-channel v1.9.0
[INFO] [stderr]    Compiling cov-mark v1.1.0
[INFO] [stderr]    Compiling event-listener-strategy v0.5.2
[INFO] [stderr]    Compiling testresult v0.3.0
[INFO] [stderr]    Compiling tokio-util v0.7.12
[INFO] [stderr]    Compiling async-lock v3.4.0
[INFO] [stderr]    Compiling async-channel v2.3.1
[INFO] [stderr]    Compiling assert_matches v1.5.0
[INFO] [stderr]    Compiling zerocopy v0.7.35
[INFO] [stderr]    Compiling num_enum v0.5.11
[INFO] [stderr]    Compiling structmeta v0.2.0
[INFO] [stderr]    Compiling async-executor v1.13.1
[INFO] [stderr]    Compiling blocking v1.6.1
[INFO] [stderr]    Compiling test-strategy v0.3.1
[INFO] [stderr]    Compiling ppv-lite86 v0.2.20
[INFO] [stderr]    Compiling prost-derive v0.12.6
[INFO] [stderr]    Compiling rand_chacha v0.3.1
[INFO] [stderr]    Compiling rand v0.8.5
[INFO] [stderr]    Compiling regex-automata v0.4.8
[INFO] [stderr]    Compiling prost v0.12.6
[INFO] [stderr]    Compiling wnfs-unixfs-file v0.2.0
[INFO] [stderr]    Compiling regex v1.11.1
[INFO] [stderr]    Compiling tracing-subscriber v0.3.18
[INFO] [stderr]    Compiling tempfile v3.13.0
[INFO] [stderr]    Compiling polling v3.7.3
[INFO] [stderr]    Compiling rusty-fork v0.3.0
[INFO] [stderr]    Compiling async-io v2.3.4
[INFO] [stderr]    Compiling proptest v1.5.0
[INFO] [stderr]    Compiling async-global-executor v2.4.1
[INFO] [stderr]    Compiling test-log v0.2.16
[INFO] [stderr]    Compiling async-std v1.13.0
[INFO] [stderr]    Compiling roaring-graphs v0.12.0
[INFO] [stderr]    Compiling car-mirror v0.1.0 (/opt/rustwide/workdir)
[INFO] [stdout] error[E0432]: unresolved imports `super::arb_ipld_dag`, `super::links_to_padded_ipld`, `super::setup_blockstore`, `super::Rvg`
[INFO] [stdout]  --> src/test_utils/local_utils.rs:2:13
[INFO] [stdout]   |
[INFO] [stdout] 2 | use super::{arb_ipld_dag, links_to_padded_ipld, setup_blockstore, Rvg};
[INFO] [stdout]   |             ^^^^^^^^^^^^  ^^^^^^^^^^^^^^^^^^^^  ^^^^^^^^^^^^^^^^  ^^^ no `Rvg` in `test_utils`
[INFO] [stdout]   |             |             |                     |
[INFO] [stdout]   |             |             |                     no `setup_blockstore` in `test_utils`
[INFO] [stdout]   |             |             no `links_to_padded_ipld` in `test_utils`
[INFO] [stdout]   |             no `arb_ipld_dag` in `test_utils`
[INFO] [stdout] 
[INFO] [stdout] 
[INFO] [stdout] error[E0432]: unresolved import `crate::test_utils::arb_ipld_dag`
[INFO] [stdout]    --> src/dag_walk.rs:269:33
[INFO] [stdout]     |
[INFO] [stdout] 269 |     use crate::{cache::NoCache, test_utils::arb_ipld_dag};
[INFO] [stdout]     |                                 ^^^^^^^^^^^^^^^^^^^^^^^^ no `arb_ipld_dag` in `test_utils`
[INFO] [stdout] 
[INFO] [stdout] 
[INFO] [stdout] error[E0432]: unresolved import `crate::cache::InMemoryCache`
[INFO] [stdout]   --> src/pull.rs:83:17
[INFO] [stdout]    |
[INFO] [stdout] 83 |         cache::{InMemoryCache, NoCache},
[INFO] [stdout]    |                 ^^^^^^^^^^^^^ no `InMemoryCache` in `cache`
[INFO] [stdout] 
[INFO] [stdout] 
[INFO] [stdout] error[E0432]: unresolved import `crate::test_utils::setup_blockstore`
[INFO] [stdout]    --> src/pull.rs:190:22
[INFO] [stdout]     |
[INFO] [stdout] 190 |         test_utils::{setup_blockstore, variable_blocksize_dag},
[INFO] [stdout]     |                      ^^^^^^^^^^^^^^^^ no `setup_blockstore` in `test_utils`
[INFO] [stdout] 
[INFO] [stdout] 
[INFO] [stdout] error[E0432]: unresolved imports `crate::cache::InMemoryCache`, `crate::test_utils::Rvg`
[INFO] [stdout]    --> src/push.rs:94:17
[INFO] [stdout]     |
[INFO] [stdout] 94  |         cache::{InMemoryCache, NoCache},
[INFO] [stdout]     |                 ^^^^^^^^^^^^^ no `InMemoryCache` in `cache`
[INFO] [stdout] ...
[INFO] [stdout] 100 |             total_dag_bytes, Metrics, Rvg,
[INFO] [stdout]     |                                       ^^^ no `Rvg` in `test_utils`
[INFO] [stdout] 
[INFO] [stdout] 
[INFO] [stdout] error[E0432]: unresolved import `crate::test_utils::setup_blockstore`
[INFO] [stdout]    --> src/push.rs:271:22
[INFO] [stdout]     |
[INFO] [stdout] 271 |         test_utils::{setup_blockstore, variable_blocksize_dag},
[INFO] [stdout]     |                      ^^^^^^^^^^^^^^^^ no `setup_blockstore` in `test_utils`
[INFO] [stdout] 
[INFO] [stdout] 
[INFO] [stdout] For more information about this error, try `rustc --explain E0432`.
[INFO] [stdout] 
[INFO] [stderr] error: could not compile `car-mirror` (lib test) due to 6 previous errors
[INFO] running `Command { std: "docker" "inspect" "888536f3415866c53876fa88ca68d44809ee9d819bb24e966c68d57b47def510", kill_on_drop: false }`
[INFO] running `Command { std: "docker" "rm" "-f" "888536f3415866c53876fa88ca68d44809ee9d819bb24e966c68d57b47def510", kill_on_drop: false }`
[INFO] [stdout] 888536f3415866c53876fa88ca68d44809ee9d819bb24e966c68d57b47def510
