[INFO] fetching crate canyon_sql 0.5.0...
[INFO] testing canyon_sql-0.5.0 against nightly-2024-10-28 for randomize-layout
[INFO] extracting crate canyon_sql 0.5.0 into /workspace/builds/worker-1-tc1/source
[INFO] validating manifest of crates.io crate canyon_sql 0.5.0 on toolchain nightly-2024-10-28
[INFO] running `Command { std: CARGO_HOME="/workspace/cargo-home" RUSTUP_HOME="/workspace/rustup-home" "/workspace/cargo-home/bin/cargo" "+nightly-2024-10-28" "metadata" "--manifest-path" "Cargo.toml" "--no-deps", kill_on_drop: false }`
[INFO] started tweaking crates.io crate canyon_sql 0.5.0
[INFO] finished tweaking crates.io crate canyon_sql 0.5.0
[INFO] tweaked toml for crates.io crate canyon_sql 0.5.0 written to /workspace/builds/worker-1-tc1/source/Cargo.toml
[INFO] running `Command { std: CARGO_HOME="/workspace/cargo-home" RUSTUP_HOME="/workspace/rustup-home" "/workspace/cargo-home/bin/cargo" "+nightly-2024-10-28" "generate-lockfile" "--manifest-path" "Cargo.toml", kill_on_drop: false }`
[INFO] [stderr]     Updating crates.io index
[INFO] [stderr]     Blocking waiting for file lock on package cache
[INFO] [stderr]      Locking 336 packages to latest compatible versions
[INFO] [stderr]       Adding mysql_async v0.32.2 (available: v0.34.2)
[INFO] [stderr]       Adding mysql_common v0.30.6 (available: v0.32.4)
[INFO] running `Command { std: CARGO_HOME="/workspace/cargo-home" RUSTUP_HOME="/workspace/rustup-home" "/workspace/cargo-home/bin/cargo" "+nightly-2024-10-28" "fetch" "--manifest-path" "Cargo.toml", kill_on_drop: false }`
[INFO] [stderr]     Blocking waiting for file lock on package cache
[INFO] [stderr]  Downloading crates ...
[INFO] [stderr]   Downloaded libgssapi-sys v0.2.4
[INFO] [stderr]   Downloaded winauth v0.0.4
[INFO] [stderr]   Downloaded md5 v0.6.1
[INFO] [stderr]   Downloaded enumflags2_derive v0.7.10
[INFO] [stderr]   Downloaded libgssapi v0.4.6
[INFO] [stderr]   Downloaded pretty-hex v0.3.0
[INFO] [stderr]   Downloaded frunk_proc_macros v0.1.3
[INFO] [stderr]   Downloaded tiberius v0.12.3
[INFO] [stderr]   Downloaded canyon_connection v0.5.0
[INFO] [stderr]   Downloaded pem v2.0.1
[INFO] [stderr]   Downloaded lexical v6.1.1
[INFO] [stderr]   Downloaded connection-string v0.2.0
[INFO] [stderr]   Downloaded enumflags2 v0.7.10
[INFO] [stderr]   Downloaded partialdebug-derive v0.2.0
[INFO] [stderr]   Downloaded lru v0.10.1
[INFO] [stderr]   Downloaded frunk_derives v0.4.3
[INFO] [stderr]   Downloaded canyon_macros v0.5.0
[INFO] [stderr]   Downloaded frunk v0.4.3
[INFO] [stderr]   Downloaded toml v0.7.8
[INFO] [stderr]   Downloaded subprocess v0.2.9
[INFO] [stderr]   Downloaded mysql_async v0.32.2
[INFO] [stderr]   Downloaded mysql-common-derive v0.30.2
[INFO] [stderr]   Downloaded async-native-tls v0.4.0
[INFO] [stderr]   Downloaded mysql_common v0.30.6
[INFO] [stderr]   Downloaded canyon_crud v0.5.0
[INFO] [stderr]   Downloaded canyon_entities v0.5.0
[INFO] [stderr]   Downloaded partialdebug v0.2.0
[INFO] [stderr]   Downloaded canyon_migrations v0.5.0
[INFO] [stderr]   Downloaded bigdecimal v0.3.1
[INFO] [stderr]   Downloaded frunk_core v0.4.3
[INFO] [stderr]   Downloaded frunk_proc_macro_helpers v0.1.3
[INFO] [stderr]   Downloaded saturating v0.1.0
[INFO] running `Command { std: "docker" "create" "-v" "/var/lib/crater-agent-workspace/builds/worker-1-tc1/target:/opt/rustwide/target:rw,Z" "-v" "/var/lib/crater-agent-workspace/builds/worker-1-tc1/source:/opt/rustwide/workdir:ro,Z" "-v" "/var/lib/crater-agent-workspace/cargo-home:/opt/rustwide/cargo-home:ro,Z" "-v" "/var/lib/crater-agent-workspace/rustup-home:/opt/rustwide/rustup-home:ro,Z" "-e" "SOURCE_DIR=/opt/rustwide/workdir" "-e" "CARGO_TARGET_DIR=/opt/rustwide/target" "-e" "CARGO_HOME=/opt/rustwide/cargo-home" "-e" "RUSTUP_HOME=/opt/rustwide/rustup-home" "-w" "/opt/rustwide/workdir" "-m" "1610612736" "--user" "0:0" "--network" "none" "ghcr.io/rust-lang/crates-build-env/linux@sha256:4a844ea9eb2546a2d2c7022eacef16ef2e8229c7fbb2c7d4d55a9ceca922f72d" "/opt/rustwide/cargo-home/bin/cargo" "+nightly-2024-10-28" "metadata" "--no-deps" "--format-version=1", kill_on_drop: false }`
[INFO] [stdout] be1193f6899c7e608df6c51ea064ebe569b81ca149026d0e8e05a73b111dd15b
[INFO] running `Command { std: "docker" "start" "-a" "be1193f6899c7e608df6c51ea064ebe569b81ca149026d0e8e05a73b111dd15b", kill_on_drop: false }`
[INFO] running `Command { std: "docker" "inspect" "be1193f6899c7e608df6c51ea064ebe569b81ca149026d0e8e05a73b111dd15b", kill_on_drop: false }`
[INFO] running `Command { std: "docker" "rm" "-f" "be1193f6899c7e608df6c51ea064ebe569b81ca149026d0e8e05a73b111dd15b", kill_on_drop: false }`
[INFO] [stdout] be1193f6899c7e608df6c51ea064ebe569b81ca149026d0e8e05a73b111dd15b
[INFO] running `Command { std: "docker" "create" "-v" "/var/lib/crater-agent-workspace/builds/worker-1-tc1/target:/opt/rustwide/target:rw,Z" "-v" "/var/lib/crater-agent-workspace/builds/worker-1-tc1/source:/opt/rustwide/workdir:ro,Z" "-v" "/var/lib/crater-agent-workspace/cargo-home:/opt/rustwide/cargo-home:ro,Z" "-v" "/var/lib/crater-agent-workspace/rustup-home:/opt/rustwide/rustup-home:ro,Z" "-e" "SOURCE_DIR=/opt/rustwide/workdir" "-e" "CARGO_TARGET_DIR=/opt/rustwide/target" "-e" "CARGO_INCREMENTAL=0" "-e" "RUST_BACKTRACE=full" "-e" "RUSTFLAGS=--cap-lints=forbid" "-e" "RUSTDOCFLAGS=--cap-lints=forbid" "-e" "CARGO_HOME=/opt/rustwide/cargo-home" "-e" "RUSTUP_HOME=/opt/rustwide/rustup-home" "-w" "/opt/rustwide/workdir" "-m" "1610612736" "--user" "0:0" "--network" "none" "ghcr.io/rust-lang/crates-build-env/linux@sha256:4a844ea9eb2546a2d2c7022eacef16ef2e8229c7fbb2c7d4d55a9ceca922f72d" "/opt/rustwide/cargo-home/bin/cargo" "+nightly-2024-10-28" "build" "--frozen" "--message-format=json", kill_on_drop: false }`
[INFO] [stdout] bdf05378f198df7065598e24777dd6d121e00e5dc37eaca1d68ba3e637387ebe
[INFO] running `Command { std: "docker" "start" "-a" "bdf05378f198df7065598e24777dd6d121e00e5dc37eaca1d68ba3e637387ebe", kill_on_drop: false }`
[INFO] [stderr]    Compiling proc-macro2 v1.0.89
[INFO] [stderr]    Compiling unicode-ident v1.0.13
[INFO] [stderr]    Compiling autocfg v1.4.0
[INFO] [stderr]    Compiling libc v0.2.161
[INFO] [stderr]    Compiling memchr v2.7.4
[INFO] [stderr]    Compiling serde v1.0.214
[INFO] [stderr]    Compiling parking_lot_core v0.9.10
[INFO] [stderr]    Compiling futures-core v0.3.31
[INFO] [stderr]    Compiling pin-project-lite v0.2.15
[INFO] [stderr]    Compiling futures-sink v0.3.31
[INFO] [stderr]    Compiling futures-io v0.3.31
[INFO] [stderr]    Compiling smallvec v1.13.2
[INFO] [stderr]    Compiling scopeguard v1.2.0
[INFO] [stderr]    Compiling cfg-if v1.0.0
[INFO] [stderr]    Compiling futures-task v0.3.31
[INFO] [stderr]    Compiling hashbrown v0.15.0
[INFO] [stderr]    Compiling pin-utils v0.1.0
[INFO] [stderr]    Compiling equivalent v1.0.1
[INFO] [stderr]    Compiling syn v1.0.109
[INFO] [stderr]    Compiling regex-syntax v0.8.5
[INFO] [stderr]    Compiling futures-channel v0.3.31
[INFO] [stderr]    Compiling bytes v1.8.0
[INFO] [stderr]    Compiling winnow v0.5.40
[INFO] [stderr]    Compiling same-file v1.0.6
[INFO] [stderr]    Compiling hashbrown v0.12.3
[INFO] [stderr]    Compiling iana-time-zone v0.1.61
[INFO] [stderr]    Compiling lazy_static v1.5.0
[INFO] [stderr]    Compiling walkdir v2.5.0
[INFO] [stderr]    Compiling lock_api v0.4.12
[INFO] [stderr]    Compiling slab v0.4.9
[INFO] [stderr]    Compiling indexmap v1.9.3
[INFO] [stderr]    Compiling num-traits v0.2.19
[INFO] [stderr]    Compiling quote v1.0.37
[INFO] [stderr]    Compiling aho-corasick v1.1.3
[INFO] [stderr]    Compiling indexmap v2.6.0
[INFO] [stderr]    Compiling syn v2.0.86
[INFO] [stderr]    Compiling mio v1.0.2
[INFO] [stderr]    Compiling socket2 v0.5.7
[INFO] [stderr]    Compiling signal-hook-registry v1.4.2
[INFO] [stderr]    Compiling parking_lot v0.12.3
[INFO] [stderr]    Compiling regex-automata v0.4.8
[INFO] [stderr]    Compiling serde_derive v1.0.214
[INFO] [stderr]    Compiling futures-macro v0.3.31
[INFO] [stderr]    Compiling tokio-macros v2.4.0
[INFO] [stderr]    Compiling async-trait v0.1.83
[INFO] [stderr]    Compiling partialdebug-derive v0.2.0
[INFO] [stderr]    Compiling tokio v1.41.0
[INFO] [stderr]    Compiling futures-util v0.3.31
[INFO] [stderr]    Compiling regex v1.11.1
[INFO] [stderr]    Compiling partialdebug v0.2.0
[INFO] [stderr]    Compiling canyon_entities v0.5.0
[INFO] [stderr]    Compiling futures-executor v0.3.31
[INFO] [stderr]    Compiling futures v0.3.31
[INFO] [stderr]    Compiling tokio-util v0.7.12
[INFO] [stderr]    Compiling toml_datetime v0.6.8
[INFO] [stderr]    Compiling serde_spanned v0.6.8
[INFO] [stderr]    Compiling chrono v0.4.38
[INFO] [stderr]    Compiling toml_edit v0.19.15
[INFO] [stderr]    Compiling toml v0.7.8
[INFO] [stderr]    Compiling canyon_connection v0.5.0
[INFO] [stdout] error[E0599]: no variant or associated item named `Postgres` found for enum `Auth` in the current scope
[INFO] [stdout]    --> /opt/rustwide/cargo-home/registry/src/index.crates.io-6f17d22bba15001f/canyon_connection-0.5.0/src/canyon_database_connector.rs:31:39
[INFO] [stdout]     |
[INFO] [stdout] 31  |             crate::datasources::Auth::Postgres(_) => DatabaseType::PostgreSql,
[INFO] [stdout]     |                                       ^^^^^^^^ variant or associated item not found in `Auth`
[INFO] [stdout]     |
[INFO] [stdout]    ::: /opt/rustwide/cargo-home/registry/src/index.crates.io-6f17d22bba15001f/canyon_connection-0.5.0/src/datasources.rs:127:1
[INFO] [stdout]     |
[INFO] [stdout] 127 | pub enum Auth {
[INFO] [stdout]     | ------------- variant or associated item `Postgres` not found for this enum
[INFO] [stdout] 
[INFO] [stdout] 
[INFO] [stdout] error[E0599]: no variant or associated item named `SqlServer` found for enum `Auth` in the current scope
[INFO] [stdout]    --> /opt/rustwide/cargo-home/registry/src/index.crates.io-6f17d22bba15001f/canyon_connection-0.5.0/src/canyon_database_connector.rs:32:39
[INFO] [stdout]     |
[INFO] [stdout] 32  |             crate::datasources::Auth::SqlServer(_) => DatabaseType::SqlServer,
[INFO] [stdout]     |                                       ^^^^^^^^^ variant or associated item not found in `Auth`
[INFO] [stdout]     |
[INFO] [stdout]    ::: /opt/rustwide/cargo-home/registry/src/index.crates.io-6f17d22bba15001f/canyon_connection-0.5.0/src/datasources.rs:127:1
[INFO] [stdout]     |
[INFO] [stdout] 127 | pub enum Auth {
[INFO] [stdout]     | ------------- variant or associated item `SqlServer` not found for this enum
[INFO] [stdout] 
[INFO] [stdout] 
[INFO] [stdout] error[E0599]: no variant or associated item named `MySQL` found for enum `Auth` in the current scope
[INFO] [stdout]    --> /opt/rustwide/cargo-home/registry/src/index.crates.io-6f17d22bba15001f/canyon_connection-0.5.0/src/canyon_database_connector.rs:33:39
[INFO] [stdout]     |
[INFO] [stdout] 33  |             crate::datasources::Auth::MySQL(_) => DatabaseType::MySQL,
[INFO] [stdout]     |                                       ^^^^^ variant or associated item not found in `Auth`
[INFO] [stdout]     |
[INFO] [stdout]    ::: /opt/rustwide/cargo-home/registry/src/index.crates.io-6f17d22bba15001f/canyon_connection-0.5.0/src/datasources.rs:127:1
[INFO] [stdout]     |
[INFO] [stdout] 127 | pub enum Auth {
[INFO] [stdout]     | ------------- variant or associated item `MySQL` not found for this enum
[INFO] [stdout] 
[INFO] [stdout] 
[INFO] [stdout] error[E0599]: no variant or associated item named `PostgreSql` found for enum `DatabaseType` in the current scope
[INFO] [stdout]   --> /opt/rustwide/cargo-home/registry/src/index.crates.io-6f17d22bba15001f/canyon_connection-0.5.0/src/canyon_database_connector.rs:31:68
[INFO] [stdout]    |
[INFO] [stdout] 16 | pub enum DatabaseType {
[INFO] [stdout]    | --------------------- variant or associated item `PostgreSql` not found for this enum
[INFO] [stdout] ...
[INFO] [stdout] 31 |             crate::datasources::Auth::Postgres(_) => DatabaseType::PostgreSql,
[INFO] [stdout]    |                                                                    ^^^^^^^^^^ variant or associated item not found in `DatabaseType`
[INFO] [stdout] 
[INFO] [stdout] 
[INFO] [stdout] error[E0599]: no variant or associated item named `SqlServer` found for enum `DatabaseType` in the current scope
[INFO] [stdout]   --> /opt/rustwide/cargo-home/registry/src/index.crates.io-6f17d22bba15001f/canyon_connection-0.5.0/src/canyon_database_connector.rs:32:69
[INFO] [stdout]    |
[INFO] [stdout] 16 | pub enum DatabaseType {
[INFO] [stdout]    | --------------------- variant or associated item `SqlServer` not found for this enum
[INFO] [stdout] ...
[INFO] [stdout] 32 |             crate::datasources::Auth::SqlServer(_) => DatabaseType::SqlServer,
[INFO] [stdout]    |                                                                     ^^^^^^^^^ variant or associated item not found in `DatabaseType`
[INFO] [stdout] 
[INFO] [stdout] 
[INFO] [stdout] error[E0599]: no variant or associated item named `MySQL` found for enum `DatabaseType` in the current scope
[INFO] [stdout]   --> /opt/rustwide/cargo-home/registry/src/index.crates.io-6f17d22bba15001f/canyon_connection-0.5.0/src/canyon_database_connector.rs:33:65
[INFO] [stdout]    |
[INFO] [stdout] 16 | pub enum DatabaseType {
[INFO] [stdout]    | --------------------- variant or associated item `MySQL` not found for this enum
[INFO] [stdout] ...
[INFO] [stdout] 33 |             crate::datasources::Auth::MySQL(_) => DatabaseType::MySQL,
[INFO] [stdout]    |                                                                 ^^^^^ variant or associated item not found in `DatabaseType`
[INFO] [stdout] 
[INFO] [stdout] 
[INFO] [stdout] For more information about this error, try `rustc --explain E0599`.
[INFO] [stdout] 
[INFO] [stderr] error: could not compile `canyon_connection` (lib) due to 6 previous errors
[INFO] [stderr] warning: build failed, waiting for other jobs to finish...
[INFO] running `Command { std: "docker" "inspect" "bdf05378f198df7065598e24777dd6d121e00e5dc37eaca1d68ba3e637387ebe", kill_on_drop: false }`
[INFO] running `Command { std: "docker" "rm" "-f" "bdf05378f198df7065598e24777dd6d121e00e5dc37eaca1d68ba3e637387ebe", kill_on_drop: false }`
[INFO] [stdout] bdf05378f198df7065598e24777dd6d121e00e5dc37eaca1d68ba3e637387ebe
